Results for 4.4.0 20080310 (experimental) [trunk revision 133072] (GCC) testsuite on i686-pc-linux-gnu
Weidong Cui
mason.cui@gmail.com
Mon Mar 10 15:32:00 GMT 2008
LAST_UPDATED: Mon Mar 10 08:43:46 UTC 2008 (revision 133072)
Native configuration is i686-pc-linux-gnu
=== gcc tests ===
Running target unix
=== gcc Summary ===
# of expected passes 49076
# of expected failures 168
# of untested testcases 35
# of unsupported tests 261
/home/cuiwd/gcc4/build/gcc/xgcc version 4.4.0 20080310 (experimental) [trunk revision 133072] (GCC)
=== gfortran tests ===
Running target unix
FAIL: gfortran.fortran-torture/execute/forall_3.f90, -O3 -g (internal compiler error)
=== gfortran Summary ===
# of expected passes 23893
# of unexpected failures 1
# of expected failures 3
# of unsupported tests 16
/home/cuiwd/gcc4/build/gcc/testsuite/gfortran/../../gfortran version 4.4.0 20080310 (experimental) [trunk revision 133072] (GCC)
=== g++ tests ===
Running target unix
=== g++ Summary ===
# of expected passes 17532
# of expected failures 82
# of unsupported tests 90
/home/cuiwd/gcc4/build/gcc/testsuite/g++/../../g++ version 4.4.0 20080310 (experimental) [trunk revision 133072] (GCC)
=== objc tests ===
Running target unix
=== objc Summary ===
# of expected passes 1812
# of expected failures 7
# of unsupported tests 24
/home/cuiwd/gcc4/build/gcc/xgcc version 4.4.0 20080310 (experimental) [trunk revision 133072] (GCC)
=== libffi tests ===
Running target unix
=== libffi Summary ===
# of expected passes 1389
# of unsupported tests 10
=== libgomp tests ===
Running target unix
=== libgomp Summary ===
# of expected passes 1701
=== libjava tests ===
Running target unix
=== libjava Summary ===
# of expected passes 2550
=== libmudflap tests ===
Running target unix
=== libmudflap Summary ===
# of expected passes 1849
=== libstdc++ tests ===
Running target unix
XPASS: 26_numerics/headers/cmath/c99_classification_macros_c.cc (test for excess errors)
=== libstdc++ Summary ===
# of expected passes 4970
# of unexpected successes 1
# of expected failures 64
# of unsupported tests 326
Compiler version: 4.4.0 20080310 (experimental) [trunk revision 133072] (GCC)
Platform: i686-pc-linux-gnu
configure flags: --prefix=/home/cuiwd/gcc4/ins --with-gnu-as --with-as=/home/cuiwd/gcc4/binutils/bin/as --with-gnu-ld --with-ld=/home/cuiwd/gcc4/binutils/bin/ld --with-mpfr=/home/cuiwd/gcc4/mpfr --with-gmp=/home/cuiwd/gcc4/gmp --enable-clocale=gnu --with-system-zlib --enable-shared --enable-threads=posix --enable-decimal-float=bid --with-demangler-in-ld --enable-haifa --enable-checking=assert
More information about the Gcc-testresults
mailing list