Results for 4.4.0 20080306 (experimental) [trunk revision 132963] (GCC) testsuite on x86_64-unknown-linux-gnu
Serge Belyshev
belyshev@depni.sinp.msu.ru
Thu Mar 6 14:47:00 GMT 2008
LAST_UPDATED: Thu Mar 6 00:47:50 UTC 2008 (revision 132963)
=== acats tests ===
=== acats Summary ===
# of expected passes 2315
# of unexpected failures 0
Native configuration is x86_64-unknown-linux-gnu
=== g++ tests ===
Running target unix
=== g++ Summary for unix ===
# of expected passes 17446
# of expected failures 82
# of unsupported tests 119
Running target unix/-fPIC
=== g++ Summary for unix/-fPIC ===
# of expected passes 17444
# of expected failures 82
# of unsupported tests 120
Running target unix/-m32
=== g++ Summary for unix/-m32 ===
# of expected passes 17530
# of expected failures 82
# of unsupported tests 90
Running target unix/-m32/-fPIC
=== g++ Summary for unix/-m32/-fPIC ===
# of expected passes 17526
# of expected failures 82
# of unsupported tests 93
=== g++ Summary ===
# of expected passes 69946
# of expected failures 328
# of unsupported tests 422
/home/ssb/b/gcc/testsuite/g++/../../g++ version 4.4.0 20080306 (experimental) [trunk revision 132963] (GCC)
=== gcc tests ===
Running target unix
XPASS: gcc.dg/cpp/cmdlne-dI-M.c scan-file (^|\\\\n)cmdlne-dI-M.*:[^\\\\n]*cmdlne-dI-M.c
XPASS: gcc.dg/cpp/cmdlne-dM-M.c scan-file (^|\\\\n)cmdlne-dM-M[^\\\\n]*:[^\\\\n]*cmdlne-dM-M.c
FAIL: gcc.dg/tree-ssa/ldist-4.c scan-tree-dump-times ldist "distributed: split to 2 loops" 0
=== gcc Summary for unix ===
# of expected passes 48747
# of unexpected failures 1
# of unexpected successes 2
# of expected failures 165
# of untested testcases 35
# of unsupported tests 465
Running target unix/-fPIC
XPASS: gcc.dg/cpp/cmdlne-dI-M.c scan-file (^|\\\\n)cmdlne-dI-M.*:[^\\\\n]*cmdlne-dI-M.c
XPASS: gcc.dg/cpp/cmdlne-dM-M.c scan-file (^|\\\\n)cmdlne-dM-M[^\\\\n]*:[^\\\\n]*cmdlne-dM-M.c
FAIL: gcc.dg/tree-ssa/ldist-4.c scan-tree-dump-times ldist "distributed: split to 2 loops" 0
=== gcc Summary for unix/-fPIC ===
# of expected passes 48673
# of unexpected failures 1
# of unexpected successes 2
# of expected failures 165
# of untested testcases 35
# of unsupported tests 487
Running target unix/-m32
XPASS: gcc.dg/cpp/cmdlne-dI-M.c scan-file (^|\\\\n)cmdlne-dI-M.*:[^\\\\n]*cmdlne-dI-M.c
XPASS: gcc.dg/cpp/cmdlne-dM-M.c scan-file (^|\\\\n)cmdlne-dM-M[^\\\\n]*:[^\\\\n]*cmdlne-dM-M.c
=== gcc Summary for unix/-m32 ===
# of expected passes 48894
# of unexpected successes 2
# of expected failures 166
# of untested testcases 35
# of unsupported tests 348
Running target unix/-m32/-fPIC
FAIL: gcc.c-torture/compile/pr11832.c -O0 (internal compiler error)
FAIL: gcc.c-torture/compile/pr11832.c -O0 (test for excess errors)
FAIL: gcc.c-torture/compile/pr11832.c -O1 (internal compiler error)
FAIL: gcc.c-torture/compile/pr11832.c -O1 (test for excess errors)
FAIL: gcc.c-torture/compile/pr11832.c -O2 (internal compiler error)
FAIL: gcc.c-torture/compile/pr11832.c -O2 (test for excess errors)
FAIL: gcc.c-torture/compile/pr11832.c -O3 -fomit-frame-pointer (internal compiler error)
FAIL: gcc.c-torture/compile/pr11832.c -O3 -fomit-frame-pointer (test for excess errors)
FAIL: gcc.c-torture/compile/pr11832.c -O3 -g (internal compiler error)
FAIL: gcc.c-torture/compile/pr11832.c -O3 -g (test for excess errors)
FAIL: gcc.c-torture/compile/pr11832.c -Os (internal compiler error)
FAIL: gcc.c-torture/compile/pr11832.c -Os (test for excess errors)
FAIL: gcc.c-torture/compile/pr33009.c -O0 (internal compiler error)
FAIL: gcc.c-torture/compile/pr33009.c -O0 (test for excess errors)
FAIL: gcc.c-torture/compile/pr33009.c -O1 (internal compiler error)
FAIL: gcc.c-torture/compile/pr33009.c -O1 (test for excess errors)
FAIL: gcc.c-torture/compile/pr33009.c -O2 (internal compiler error)
FAIL: gcc.c-torture/compile/pr33009.c -O2 (test for excess errors)
FAIL: gcc.c-torture/compile/pr33009.c -O3 -fomit-frame-pointer (internal compiler error)
FAIL: gcc.c-torture/compile/pr33009.c -O3 -fomit-frame-pointer (test for excess errors)
FAIL: gcc.c-torture/compile/pr33009.c -O3 -fomit-frame-pointer -funroll-loops (internal compiler error)
FAIL: gcc.c-torture/compile/pr33009.c -O3 -fomit-frame-pointer -funroll-loops (test for excess errors)
FAIL: gcc.c-torture/compile/pr33009.c -O3 -fomit-frame-pointer -funroll-all-loops -finline-functions (internal compiler error)
FAIL: gcc.c-torture/compile/pr33009.c -O3 -fomit-frame-pointer -funroll-all-loops -finline-functions (test for excess errors)
FAIL: gcc.c-torture/compile/pr33009.c -O3 -g (internal compiler error)
FAIL: gcc.c-torture/compile/pr33009.c -O3 -g (test for excess errors)
FAIL: gcc.c-torture/compile/pr33009.c -Os (internal compiler error)
FAIL: gcc.c-torture/compile/pr33009.c -Os (test for excess errors)
XPASS: gcc.dg/cpp/cmdlne-dI-M.c scan-file (^|\\\\n)cmdlne-dI-M.*:[^\\\\n]*cmdlne-dI-M.c
XPASS: gcc.dg/cpp/cmdlne-dM-M.c scan-file (^|\\\\n)cmdlne-dM-M[^\\\\n]*:[^\\\\n]*cmdlne-dM-M.c
=== gcc Summary for unix/-m32/-fPIC ===
# of expected passes 48779
# of unexpected failures 28
# of unexpected successes 2
# of expected failures 166
# of untested testcases 35
# of unsupported tests 387
=== gcc Summary ===
# of expected passes 195093
# of unexpected failures 30
# of unexpected successes 8
# of expected failures 662
# of untested testcases 140
# of unsupported tests 1687
/home/ssb/b/gcc/xgcc version 4.4.0 20080306 (experimental) [trunk revision 132963] (GCC)
=== gfortran tests ===
Running target unix
FAIL: gfortran.dg/ldist-1.f90 -O scan-tree-dump-times ldist "distributed: split to 4 loops" 1
=== gfortran Summary for unix ===
# of expected passes 23891
# of unexpected failures 1
# of expected failures 3
# of unsupported tests 18
Running target unix/-fPIC
FAIL: gfortran.dg/ldist-1.f90 -O scan-tree-dump-times ldist "distributed: split to 4 loops" 1
=== gfortran Summary for unix/-fPIC ===
# of expected passes 23891
# of unexpected failures 1
# of expected failures 3
# of unsupported tests 18
Running target unix/-m32
=== gfortran Summary for unix/-m32 ===
# of expected passes 23894
# of expected failures 3
# of unsupported tests 16
Running target unix/-m32/-fPIC
=== gfortran Summary for unix/-m32/-fPIC ===
# of expected passes 23894
# of expected failures 3
# of unsupported tests 16
=== gfortran Summary ===
# of expected passes 95570
# of unexpected failures 2
# of expected failures 12
# of unsupported tests 68
/home/ssb/b/gcc/testsuite/gfortran/../../gfortran version 4.4.0 20080306 (experimental) [trunk revision 132963] (GCC)
=== gnat tests ===
Running target unix
FAIL: gnat.dg/frame_overflow.adb (test for errors, line 12)
FAIL: gnat.dg/frame_overflow.adb (test for errors, line 21)
=== gnat Summary for unix ===
# of expected passes 350
# of unexpected failures 2
Running target unix/-fPIC
FAIL: gnat.dg/frame_overflow.adb (test for errors, line 12)
FAIL: gnat.dg/frame_overflow.adb (test for errors, line 21)
=== gnat Summary for unix/-fPIC ===
# of expected passes 350
# of unexpected failures 2
Running target unix/-m32
FAIL: many failures
=== gnat Summary for unix/-m32 ===
# of expected passes 145
# of unexpected failures 199
# of unresolved testcases 8
Running target unix/-m32/-fPIC
FAIL: many failures
=== gnat Summary for unix/-m32/-fPIC ===
# of expected passes 145
# of unexpected failures 199
# of unresolved testcases 8
=== gnat Summary ===
# of expected passes 990
# of unexpected failures 402
# of unresolved testcases 16
=== objc tests ===
Running target unix
=== objc Summary for unix ===
# of expected passes 1812
# of expected failures 7
# of unsupported tests 24
Running target unix/-fPIC
=== objc Summary for unix/-fPIC ===
# of expected passes 1812
# of expected failures 7
# of unsupported tests 24
Running target unix/-m32
=== objc Summary for unix/-m32 ===
# of expected passes 1812
# of expected failures 7
# of unsupported tests 24
Running target unix/-m32/-fPIC
=== objc Summary for unix/-m32/-fPIC ===
# of expected passes 1812
# of expected failures 7
# of unsupported tests 24
=== objc Summary ===
# of expected passes 7248
# of expected failures 28
# of unsupported tests 96
/home/ssb/b/gcc/xgcc version 4.4.0 20080306 (experimental) [trunk revision 132963] (GCC)
=== libffi tests ===
Running target unix
=== libffi Summary for unix ===
# of expected passes 1389
# of unsupported tests 10
Running target unix/-fPIC
=== libffi Summary for unix/-fPIC ===
# of expected passes 1389
# of unsupported tests 10
Running target unix/-m32
=== libffi Summary for unix/-m32 ===
# of expected passes 1389
# of unsupported tests 10
Running target unix/-m32/-fPIC
=== libffi Summary for unix/-m32/-fPIC ===
# of expected passes 1389
# of unsupported tests 10
=== libffi Summary ===
# of expected passes 5556
# of unsupported tests 40
=== libgomp tests ===
Running target unix
=== libgomp Summary for unix ===
# of expected passes 1699
Running target unix/-fPIC
=== libgomp Summary for unix/-fPIC ===
# of expected passes 1699
Running target unix/-m32
=== libgomp Summary for unix/-m32 ===
# of expected passes 1699
Running target unix/-m32/-fPIC
=== libgomp Summary for unix/-m32/-fPIC ===
# of expected passes 1699
=== libgomp Summary ===
# of expected passes 6796
=== libjava tests ===
Running target unix
=== libjava Summary for unix ===
# of expected passes 2550
Running target unix/-fPIC
=== libjava Summary for unix/-fPIC ===
# of expected passes 2550
Running target unix/-m32
=== libjava Summary for unix/-m32 ===
# of expected passes 2550
Running target unix/-m32/-fPIC
=== libjava Summary for unix/-m32/-fPIC ===
# of expected passes 2550
=== libjava Summary ===
# of expected passes 10200
=== libmudflap tests ===
Running target unix
=== libmudflap Summary for unix ===
# of expected passes 1849
Running target unix/-fPIC
=== libmudflap Summary for unix/-fPIC ===
# of expected passes 1849
Running target unix/-m32
FAIL: many failures
=== libmudflap Summary for unix/-m32 ===
# of expected passes 1765
# of unexpected failures 84
Running target unix/-m32/-fPIC
FAIL: many failures
=== libmudflap Summary for unix/-m32/-fPIC ===
# of expected passes 1765
# of unexpected failures 84
=== libmudflap Summary ===
# of expected passes 7228
# of unexpected failures 168
=== libstdc++ tests ===
Running target unix
XPASS: 26_numerics/headers/cmath/c99_classification_macros_c.cc (test for excess errors)
=== libstdc++ Summary for unix ===
# of expected passes 4966
# of unexpected successes 1
# of expected failures 62
# of unsupported tests 326
Running target unix/-fPIC
XPASS: 26_numerics/headers/cmath/c99_classification_macros_c.cc (test for excess errors)
=== libstdc++ Summary for unix/-fPIC ===
# of expected passes 4966
# of unexpected successes 1
# of expected failures 62
# of unsupported tests 326
Running target unix/-m32
XPASS: 26_numerics/headers/cmath/c99_classification_macros_c.cc (test for excess errors)
=== libstdc++ Summary for unix/-m32 ===
# of expected passes 4966
# of unexpected successes 1
# of expected failures 62
# of unsupported tests 326
Running target unix/-m32/-fPIC
XPASS: 26_numerics/headers/cmath/c99_classification_macros_c.cc (test for excess errors)
=== libstdc++ Summary for unix/-m32/-fPIC ===
# of expected passes 4966
# of unexpected successes 1
# of expected failures 62
# of unsupported tests 326
=== libstdc++ Summary ===
# of expected passes 19864
# of unexpected successes 4
# of expected failures 248
# of unsupported tests 1304
Compiler version: 4.4.0 20080306 (experimental) [trunk revision 132963] (GCC)
Platform: x86_64-unknown-linux-gnu
configure flags: --enable-clocale=gnu --enable-languages=c,ada,c++,fortran,java,objc --no-create --no-recursion
More information about the Gcc-testresults
mailing list