Results for 4.3.0 20080304 (prerelease) (GCC) testsuite on powerpc-ibm-aix5.3.0.0
David Edelsohn
dje@watson.ibm.com
Wed Mar 5 13:50:00 GMT 2008
Native configuration is powerpc-ibm-aix5.3.0.0
=== g++ tests ===
Running target unix
FAIL: tmpdir-g++.dg-struct-layout-1/t024 cp_compat_x_tst.o-cp_compat_y_tst.o execute
FAIL: tmpdir-g++.dg-struct-layout-1/t027 cp_compat_x_tst.o-cp_compat_y_tst.o execute
FAIL: tmpdir-g++.dg-struct-layout-1/t028 cp_compat_x_tst.o-cp_compat_y_tst.o execute
FAIL: tmpdir-g++.dg-struct-layout-1/t029 cp_compat_x_tst.o-cp_compat_y_tst.o execute
FAIL: tmpdir-g++.dg-struct-layout-1/t030 cp_compat_x_tst.o-cp_compat_y_tst.o execute
FAIL: g++.dg/abi/local1.C execution test
FAIL: g++.dg/conversion/simd1.C (test for excess errors)
XPASS: g++.dg/eh/simd-2.C (test for excess errors)
FAIL: g++.dg/ext/alignof2.C execution test
FAIL: g++.dg/ext/attribute-test-1.C (test for excess errors)
FAIL: g++.dg/ext/attribute-test-2.C (test for excess errors)
FAIL: g++.dg/ext/attribute-test-3.C (test for excess errors)
FAIL: g++.dg/ext/attribute-test-4.C (test for excess errors)
FAIL: g++.dg/ext/java-2.C (test for excess errors)
FAIL: g++.dg/ext/visibility/anon1.C scan-assembler-not globl.*_ZN.*1fEv
FAIL: g++.dg/ext/visibility/anon2.C scan-assembler-not globl.*_Z1fv
FAIL: g++.dg/other/anon5.C (test for errors, line 19)
FAIL: g++.dg/other/anon5.C (test for excess errors)
WARNING: g++.dg/other/ucnid-1.C compilation failed to produce executable
FAIL: g++.dg/other/unused1.C scan-assembler (string|ascii?)z?[\\t ]"printer("|\\\\\\\\0)
FAIL: g++.dg/template/repo3.C (test for excess errors)
XPASS: g++.old-deja/g++.other/init19.C execution test
FAIL: g++.old-deja/g++.pt/instantiate4.C (test for excess errors)
FAIL: g++.old-deja/g++.pt/instantiate6.C (test for excess errors)
FAIL: g++.old-deja/g++.pt/repo2.C (test for excess errors)
FAIL: g++.old-deja/g++.pt/repo4.C (test for excess errors)
=== g++ Summary ===
# of expected passes 16334
# of unexpected failures 23
# of unexpected successes 2
# of expected failures 87
# of unsupported tests 219
/tmp/43cc/gcc/testsuite/g++/../../g++ version 4.3.0 20080304 (prerelease) (GCC)
=== gcc tests ===
Running target unix
XPASS: gcc.dg/20020103-1.c scan-assembler-not LC[0-9]
FAIL: gcc.dg/alias-7.c execution test
FAIL: gcc.dg/asm-names.c scan-assembler-not ____frob14
FAIL: gcc.dg/memcpy-1.c scan-tree-dump-times optimized "nasty_local" 0
FAIL: gcc.dg/pr34856.c (test for excess errors)
FAIL: gcc.dg/pthread-init-1.c (test for excess errors)
FAIL: gcc.dg/pthread-init-2.c (test for excess errors)
WARNING: gcc.dg/ucnid-2.c compilation failed to produce executable
WARNING: gcc.dg/ucnid-3.c compilation failed to produce executable
WARNING: gcc.dg/ucnid-4.c compilation failed to produce executable
WARNING: gcc.dg/ucnid-5.c compilation failed to produce executable
XPASS: gcc.dg/ucnid-6.c (test for excess errors)
FAIL: gcc.dg/var-expand3.c execution test
FAIL: gcc.dg/pch/save-temps-1.c -O0 -g assembly comparison
FAIL: gcc.dg/pch/static-1.c -O0 -g assembly comparison
FAIL: gcc.dg/pch/static-2.c -O0 -g assembly comparison
FAIL: gcc.dg/pch/static-3.c -O0 -g assembly comparison
FAIL: gcc.dg/pch/system-1.c -O0 -g assembly comparison
FAIL: largefile.c -O0 -g (test for excess errors)
FAIL: gcc.dg/pch/largefile.c -O0 -g assembly comparison
FAIL: largefile.c -O0 (test for excess errors)
FAIL: gcc.dg/pch/largefile.c -O0 assembly comparison
FAIL: largefile.c -O1 (test for excess errors)
FAIL: gcc.dg/pch/largefile.c -O1 assembly comparison
FAIL: largefile.c -O2 (test for excess errors)
FAIL: gcc.dg/pch/largefile.c -O2 assembly comparison
FAIL: largefile.c -O3 -fomit-frame-pointer (test for excess errors)
FAIL: gcc.dg/pch/largefile.c -O3 -fomit-frame-pointer assembly comparison
FAIL: largefile.c -O3 -g (test for excess errors)
FAIL: gcc.dg/pch/largefile.c -O3 -g assembly comparison
FAIL: largefile.c -Os (test for excess errors)
FAIL: gcc.dg/pch/largefile.c -Os assembly comparison
FAIL: gcc.dg/torture/builtin-math-4.c -O0 (test for excess errors)
FAIL: gcc.dg/torture/builtin-math-4.c -O1 (test for excess errors)
FAIL: gcc.dg/torture/builtin-math-4.c -O2 (test for excess errors)
FAIL: gcc.dg/torture/builtin-math-4.c -O3 -fomit-frame-pointer (test for excess errors)
FAIL: gcc.dg/torture/builtin-math-4.c -O3 -fomit-frame-pointer -funroll-loops (test for excess errors)
FAIL: gcc.dg/torture/builtin-math-4.c -O3 -fomit-frame-pointer -funroll-all-loops -finline-functions (test for excess errors)
FAIL: gcc.dg/torture/builtin-math-4.c -O3 -g (test for excess errors)
FAIL: gcc.dg/torture/builtin-math-4.c -Os (test for excess errors)
FAIL: gcc.dg/vect/costmodel/ppc/costmodel-vect-31d.c scan-tree-dump-times vect "vectorization not profitable" 1
FAIL: gcc.dg/vect/costmodel/ppc/costmodel-vect-31d.c scan-tree-dump-times vect "vectorized 1 loops" 0
FAIL: gcc.dg/vect/costmodel/ppc/costmodel-vect-68d.c scan-tree-dump-times vect "vectorization not profitable" 1
FAIL: gcc.dg/vect/costmodel/ppc/costmodel-vect-68d.c scan-tree-dump-times vect "vectorized 1 loops" 0
FAIL: gcc.dg/vect/pr33953.c scan-tree-dump-times vect "vectorized 1 loops" 1
FAIL: gcc.dg/vect/pr33953.c scan-tree-dump-times vect "vectorizing stmts using SLP" 1
FAIL: gcc.dg/vect/vect-44.c scan-tree-dump-times vect "Alignment of access forced using peeling" 1
FAIL: gcc.dg/vect/vect-50.c scan-tree-dump-times vect "Alignment of access forced using peeling" 1
FAIL: gcc.dg/vect/vect-82_64.c (test for excess errors)
ERROR: gcc.dg/vect/vect-82_64.c: error executing dg-final: no files matched glob pattern "vect-82_64.c.[0-9][0-9][0-9]t.vect"
UNRESOLVED: gcc.dg/vect/vect-82_64.c: error executing dg-final: no files matched glob pattern "vect-82_64.c.[0-9][0-9][0-9]t.vect"
FAIL: gcc.dg/vect/vect-83_64.c (test for excess errors)
ERROR: gcc.dg/vect/vect-83_64.c: error executing dg-final: no files matched glob pattern "vect-83_64.c.[0-9][0-9][0-9]t.vect"
UNRESOLVED: gcc.dg/vect/vect-83_64.c: error executing dg-final: no files matched glob pattern "vect-83_64.c.[0-9][0-9][0-9]t.vect"
XPASS: gcc.target/powerpc/darwin-longlong.c (test for excess errors)
=== gcc Summary ===
# of expected passes 46474
# of unexpected failures 44
# of unexpected successes 3
# of expected failures 179
# of unresolved testcases 2
# of untested testcases 35
# of unsupported tests 503
/tmp/43cc/gcc/xgcc version 4.3.0 20080304 (prerelease) (GCC)
=== libgomp tests ===
Running target unix
WARNING: program timed out.
FAIL: libgomp.c/appendix-a/a.15.1.c execution test
FAIL: libgomp.c/appendix-a/a.16.1.c execution test
WARNING: program timed out.
FAIL: libgomp.c/appendix-a/a.18.1.c execution test
FAIL: libgomp.c/appendix-a/a.2.1.c execution test
FAIL: libgomp.c/appendix-a/a.21.1.c execution test
FAIL: libgomp.c/appendix-a/a.26.1.c execution test
FAIL: libgomp.c/appendix-a/a.29.1.c execution test
FAIL: libgomp.c/appendix-a/a.36.1.c execution test
FAIL: libgomp.c/appendix-a/a.39.1.c execution test
FAIL: libgomp.c/appendix-a/a.4.1.c execution test
FAIL: libgomp.c/barrier-1.c execution test
FAIL: libgomp.c/copyin-1.c execution test
FAIL: libgomp.c/copyin-2.c execution test
FAIL: libgomp.c/copyin-3.c execution test
FAIL: libgomp.c/critical-1.c execution test
FAIL: libgomp.c/critical-2.c execution test
FAIL: libgomp.c/lib-1.c execution test
FAIL: libgomp.c/loop-1.c execution test
FAIL: libgomp.c/loop-2.c execution test
FAIL: libgomp.c/nested-1.c execution test
FAIL: libgomp.c/nested-2.c execution test
FAIL: libgomp.c/nestedfn-1.c execution test
FAIL: libgomp.c/nestedfn-3.c execution test
FAIL: libgomp.c/nestedfn-4.c execution test
FAIL: libgomp.c/omp-loop01.c execution test
FAIL: libgomp.c/omp-loop02.c execution test
FAIL: libgomp.c/omp-loop03.c execution test
FAIL: libgomp.c/omp-nested-1.c execution test
FAIL: libgomp.c/omp-parallel-if.c execution test
FAIL: libgomp.c/omp-single-1.c execution test
FAIL: libgomp.c/omp-single-2.c execution test
FAIL: libgomp.c/omp-single-3.c execution test
FAIL: libgomp.c/omp_hello.c execution test
FAIL: libgomp.c/omp_matvec.c execution test
FAIL: libgomp.c/omp_orphan.c execution test
FAIL: libgomp.c/omp_reduction.c execution test
FAIL: libgomp.c/omp_workshare1.c execution test
FAIL: libgomp.c/omp_workshare2.c execution test
FAIL: libgomp.c/omp_workshare4.c execution test
FAIL: libgomp.c/ordered-1.c execution test
WARNING: program timed out.
FAIL: libgomp.c/ordered-2.c execution test
WARNING: program timed out.
FAIL: libgomp.c/ordered-3.c execution test
FAIL: libgomp.c/parallel-1.c execution test
FAIL: libgomp.c/pr24455.c execution test
FAIL: libgomp.c/pr26943-1.c execution test
FAIL: libgomp.c/pr26943-2.c execution test
FAIL: libgomp.c/pr29947-1.c execution test
FAIL: libgomp.c/pr29947-2.c execution test
FAIL: libgomp.c/pr30494.c execution test
WARNING: program timed out.
FAIL: libgomp.c/pr32362-1.c execution test
WARNING: program timed out.
FAIL: libgomp.c/pr32362-2.c execution test
FAIL: libgomp.c/pr32362-3.c execution test
FAIL: libgomp.c/pr32468.c execution test
FAIL: libgomp.c/pr33880.c execution test
FAIL: libgomp.c/pr34513.c execution test
FAIL: libgomp.c/pr35130.c execution test
FAIL: libgomp.c/pr35196.c execution test
FAIL: libgomp.c/reduction-1.c execution test
FAIL: libgomp.c/reduction-2.c execution test
FAIL: libgomp.c/reduction-3.c execution test
FAIL: libgomp.c/reduction-4.c execution test
FAIL: libgomp.c/sections-1.c execution test
FAIL: libgomp.c/shared-1.c execution test
FAIL: libgomp.c/shared-2.c execution test
FAIL: libgomp.c/shared-3.c execution test
FAIL: libgomp.c/single-1.c execution test
FAIL: libgomp.c/vla-1.c execution test
FAIL: libgomp.c++/copyin-1.C -O0 execution test
FAIL: libgomp.c++/copyin-1.C -O1 execution test
FAIL: libgomp.c++/copyin-1.C -O2 execution test
FAIL: libgomp.c++/copyin-1.C -O3 -fomit-frame-pointer execution test
FAIL: libgomp.c++/copyin-1.C -O3 -fomit-frame-pointer -funroll-loops execution test
FAIL: libgomp.c++/copyin-1.C -O3 -fomit-frame-pointer -funroll-all-loops -finline-functions execution test
FAIL: libgomp.c++/copyin-1.C -O3 -g execution test
FAIL: libgomp.c++/copyin-1.C -Os execution test
FAIL: libgomp.c++/copyin-2.C -O0 execution test
FAIL: libgomp.c++/copyin-2.C -O1 execution test
FAIL: libgomp.c++/copyin-2.C -O2 execution test
FAIL: libgomp.c++/copyin-2.C -O3 -fomit-frame-pointer execution test
FAIL: libgomp.c++/copyin-2.C -O3 -fomit-frame-pointer -funroll-loops execution test
FAIL: libgomp.c++/copyin-2.C -O3 -fomit-frame-pointer -funroll-all-loops -finline-functions execution test
FAIL: libgomp.c++/copyin-2.C -O3 -g execution test
FAIL: libgomp.c++/copyin-2.C -Os execution test
FAIL: libgomp.c++/ctor-1.C -O0 execution test
FAIL: libgomp.c++/ctor-1.C -O1 execution test
FAIL: libgomp.c++/ctor-1.C -O2 execution test
FAIL: libgomp.c++/ctor-1.C -O3 -fomit-frame-pointer execution test
FAIL: libgomp.c++/ctor-1.C -O3 -fomit-frame-pointer -funroll-loops execution test
FAIL: libgomp.c++/ctor-1.C -O3 -fomit-frame-pointer -funroll-all-loops -finline-functions execution test
FAIL: libgomp.c++/ctor-1.C -O3 -g execution test
FAIL: libgomp.c++/ctor-1.C -Os execution test
FAIL: libgomp.c++/ctor-2.C -O0 execution test
FAIL: libgomp.c++/ctor-2.C -O1 execution test
FAIL: libgomp.c++/ctor-2.C -O2 execution test
FAIL: libgomp.c++/ctor-2.C -O3 -fomit-frame-pointer execution test
FAIL: libgomp.c++/ctor-2.C -O3 -fomit-frame-pointer -funroll-loops execution test
FAIL: libgomp.c++/ctor-2.C -O3 -fomit-frame-pointer -funroll-all-loops -finline-functions execution test
FAIL: libgomp.c++/ctor-2.C -O3 -g execution test
FAIL: libgomp.c++/ctor-2.C -Os execution test
FAIL: libgomp.c++/ctor-3.C -O0 execution test
FAIL: libgomp.c++/ctor-3.C -O1 execution test
FAIL: libgomp.c++/ctor-3.C -O2 execution test
FAIL: libgomp.c++/ctor-3.C -O3 -fomit-frame-pointer execution test
FAIL: libgomp.c++/ctor-3.C -O3 -fomit-frame-pointer -funroll-loops execution test
FAIL: libgomp.c++/ctor-3.C -O3 -fomit-frame-pointer -funroll-all-loops -finline-functions execution test
FAIL: libgomp.c++/ctor-3.C -O3 -g execution test
FAIL: libgomp.c++/ctor-3.C -Os execution test
FAIL: libgomp.c++/ctor-4.C -O0 execution test
FAIL: libgomp.c++/ctor-4.C -O1 execution test
FAIL: libgomp.c++/ctor-4.C -O2 execution test
FAIL: libgomp.c++/ctor-4.C -O3 -fomit-frame-pointer execution test
FAIL: libgomp.c++/ctor-4.C -O3 -fomit-frame-pointer -funroll-loops execution test
FAIL: libgomp.c++/ctor-4.C -O3 -fomit-frame-pointer -funroll-all-loops -finline-functions execution test
FAIL: libgomp.c++/ctor-4.C -O3 -g execution test
FAIL: libgomp.c++/ctor-4.C -Os execution test
FAIL: libgomp.c++/ctor-5.C -O0 execution test
FAIL: libgomp.c++/ctor-5.C -O1 execution test
FAIL: libgomp.c++/ctor-5.C -O2 execution test
FAIL: libgomp.c++/ctor-5.C -O3 -fomit-frame-pointer execution test
FAIL: libgomp.c++/ctor-5.C -O3 -fomit-frame-pointer -funroll-loops execution test
FAIL: libgomp.c++/ctor-5.C -O3 -fomit-frame-pointer -funroll-all-loops -finline-functions execution test
FAIL: libgomp.c++/ctor-5.C -O3 -g execution test
FAIL: libgomp.c++/ctor-5.C -Os execution test
FAIL: libgomp.c++/ctor-6.C -O0 execution test
FAIL: libgomp.c++/ctor-6.C -O1 execution test
FAIL: libgomp.c++/ctor-6.C -O2 execution test
FAIL: libgomp.c++/ctor-6.C -O3 -fomit-frame-pointer execution test
FAIL: libgomp.c++/ctor-6.C -O3 -fomit-frame-pointer -funroll-loops execution test
FAIL: libgomp.c++/ctor-6.C -O3 -fomit-frame-pointer -funroll-all-loops -finline-functions execution test
FAIL: libgomp.c++/ctor-6.C -O3 -g execution test
FAIL: libgomp.c++/ctor-6.C -Os execution test
FAIL: libgomp.c++/ctor-7.C -O0 execution test
FAIL: libgomp.c++/ctor-7.C -O1 execution test
FAIL: libgomp.c++/ctor-7.C -O2 execution test
FAIL: libgomp.c++/ctor-7.C -O3 -fomit-frame-pointer execution test
FAIL: libgomp.c++/ctor-7.C -O3 -fomit-frame-pointer -funroll-loops execution test
FAIL: libgomp.c++/ctor-7.C -O3 -fomit-frame-pointer -funroll-all-loops -finline-functions execution test
FAIL: libgomp.c++/ctor-7.C -O3 -g execution test
FAIL: libgomp.c++/ctor-7.C -Os execution test
FAIL: libgomp.c++/ctor-8.C -O0 execution test
FAIL: libgomp.c++/ctor-8.C -O1 execution test
FAIL: libgomp.c++/ctor-8.C -O2 execution test
FAIL: libgomp.c++/ctor-8.C -O3 -fomit-frame-pointer execution test
FAIL: libgomp.c++/ctor-8.C -O3 -fomit-frame-pointer -funroll-loops execution test
FAIL: libgomp.c++/ctor-8.C -O3 -fomit-frame-pointer -funroll-all-loops -finline-functions execution test
FAIL: libgomp.c++/ctor-8.C -O3 -g execution test
FAIL: libgomp.c++/ctor-8.C -Os execution test
FAIL: libgomp.c++/ctor-9.C -O0 execution test
FAIL: libgomp.c++/ctor-9.C -O1 execution test
FAIL: libgomp.c++/ctor-9.C -O2 execution test
FAIL: libgomp.c++/ctor-9.C -O3 -fomit-frame-pointer execution test
FAIL: libgomp.c++/ctor-9.C -O3 -fomit-frame-pointer -funroll-loops execution test
FAIL: libgomp.c++/ctor-9.C -O3 -fomit-frame-pointer -funroll-all-loops -finline-functions execution test
FAIL: libgomp.c++/ctor-9.C -O3 -g execution test
FAIL: libgomp.c++/ctor-9.C -Os execution test
FAIL: libgomp.c++/loop-1.C -O execution test
FAIL: libgomp.c++/loop-2.C -O execution test
FAIL: libgomp.c++/loop-3.C -O execution test
FAIL: libgomp.c++/master-1.C -O0 execution test
FAIL: libgomp.c++/master-1.C -O1 execution test
FAIL: libgomp.c++/master-1.C -O2 execution test
FAIL: libgomp.c++/master-1.C -O3 -fomit-frame-pointer execution test
FAIL: libgomp.c++/master-1.C -O3 -fomit-frame-pointer -funroll-loops execution test
FAIL: libgomp.c++/master-1.C -O3 -fomit-frame-pointer -funroll-all-loops -finline-functions execution test
FAIL: libgomp.c++/master-1.C -O3 -g execution test
FAIL: libgomp.c++/master-1.C -Os execution test
FAIL: libgomp.c++/nested-1.C -O0 execution test
FAIL: libgomp.c++/nested-1.C -O1 execution test
FAIL: libgomp.c++/nested-1.C -O2 execution test
FAIL: libgomp.c++/nested-1.C -O3 -fomit-frame-pointer execution test
FAIL: libgomp.c++/nested-1.C -O3 -fomit-frame-pointer -funroll-loops execution test
FAIL: libgomp.c++/nested-1.C -O3 -fomit-frame-pointer -funroll-all-loops -finline-functions execution test
FAIL: libgomp.c++/nested-1.C -O3 -g execution test
FAIL: libgomp.c++/nested-1.C -Os execution test
FAIL: libgomp.c++/parallel-1.C -O execution test
FAIL: libgomp.c++/pr24455.C -O0 execution test
FAIL: libgomp.c++/pr24455.C -O1 execution test
FAIL: libgomp.c++/pr24455.C -O2 execution test
FAIL: libgomp.c++/pr24455.C -O3 -fomit-frame-pointer execution test
FAIL: libgomp.c++/pr24455.C -O3 -fomit-frame-pointer -funroll-loops execution test
FAIL: libgomp.c++/pr24455.C -O3 -fomit-frame-pointer -funroll-all-loops -finline-functions execution test
FAIL: libgomp.c++/pr24455.C -O3 -g execution test
FAIL: libgomp.c++/pr24455.C -Os execution test
FAIL: libgomp.c++/pr26691.C -O execution test
FAIL: libgomp.c++/pr26943.C -O1 execution test
FAIL: libgomp.c++/pr27337.C -O0 execution test
FAIL: libgomp.c++/pr27337.C -O1 execution test
FAIL: libgomp.c++/pr27337.C -O2 execution test
FAIL: libgomp.c++/pr27337.C -O3 -fomit-frame-pointer execution test
FAIL: libgomp.c++/pr27337.C -O3 -fomit-frame-pointer -funroll-loops execution test
FAIL: libgomp.c++/pr27337.C -O3 -fomit-frame-pointer -funroll-all-loops -finline-functions execution test
FAIL: libgomp.c++/pr27337.C -O3 -g execution test
FAIL: libgomp.c++/pr27337.C -Os execution test
FAIL: libgomp.c++/pr30703.C -O0 execution test
FAIL: libgomp.c++/pr30703.C -O1 execution test
FAIL: libgomp.c++/pr30703.C -O2 execution test
FAIL: libgomp.c++/pr30703.C -O3 -fomit-frame-pointer execution test
FAIL: libgomp.c++/pr30703.C -O3 -fomit-frame-pointer -funroll-loops execution test
FAIL: libgomp.c++/pr30703.C -O3 -fomit-frame-pointer -funroll-all-loops -finline-functions execution test
FAIL: libgomp.c++/pr30703.C -O3 -g execution test
FAIL: libgomp.c++/pr30703.C -Os execution test
FAIL: libgomp.c++/pr34513.C -O0 execution test
FAIL: libgomp.c++/pr34513.C -O1 execution test
FAIL: libgomp.c++/pr34513.C -O2 execution test
FAIL: libgomp.c++/pr34513.C -O3 -fomit-frame-pointer execution test
FAIL: libgomp.c++/pr34513.C -O3 -fomit-frame-pointer -funroll-loops execution test
FAIL: libgomp.c++/pr34513.C -O3 -fomit-frame-pointer -funroll-all-loops -finline-functions execution test
FAIL: libgomp.c++/pr34513.C -O3 -g execution test
FAIL: libgomp.c++/pr34513.C -Os execution test
FAIL: libgomp.c++/reduction-1.C -O execution test
FAIL: libgomp.c++/reduction-2.C -O execution test
FAIL: libgomp.c++/reduction-3.C -O execution test
FAIL: libgomp.c++/sections-1.C -O execution test
FAIL: libgomp.c++/shared-1.C -O execution test
FAIL: libgomp.c++/shared-2.C -O execution test
FAIL: libgomp.c++/single-1.C -O execution test
FAIL: libgomp.c++/single-2.C -O execution test
FAIL: libgomp.c++/single-3.C -O execution test
=== libgomp Summary ===
# of expected passes 320
# of unexpected failures 218
=== libstdc++ tests ===
Running target unix
FAIL: 22_locale/ctype/is/char/3.cc execution test
FAIL: 27_io/ios_base/storage/11584.cc execution test
FAIL: 27_io/objects/char/6.cc execution test
FAIL: 27_io/objects/wchar_t/6.cc execution test
FAIL: ext/mt_allocator/check_new.cc execution test
WARNING: program timed out.
FAIL: ext/pb_ds/regression/tree_data_map_rand.cc (test for excess errors)
WARNING: ext/pb_ds/regression/tree_data_map_rand.cc compilation failed to produce executable
WARNING: program timed out.
FAIL: ext/pb_ds/regression/tree_no_data_map_rand.cc (test for excess errors)
WARNING: ext/pb_ds/regression/tree_no_data_map_rand.cc compilation failed to produce executable
FAIL: ext/pool_allocator/check_new.cc execution test
=== libstdc++ Summary ===
# of expected passes 4867
# of unexpected failures 8
# of expected failures 55
# of unsupported tests 324
Compiler version: 4.3.0 20080304 (prerelease) (GCC)
Platform: powerpc-ibm-aix5.3.0.0
configure flags: --with-gmp=/usr/gnu --with-mpfr=/usr/gnu --enable-languages=c,c++
More information about the Gcc-testresults
mailing list