Results for 4.4.0 20080302 (experimental) [trunk revision 132817] (GCC) testsuite on i686-pc-linux-gnu

Joey Ye jye2@shgcc-1.sh.intel.com
Tue Mar 4 20:47:00 GMT 2008


LAST_UPDATED: Sun Mar  2 17:02:44 UTC 2008 (revision 132817)

Native configuration is i686-pc-linux-gnu

		=== g++ tests ===


Running target unix

		=== g++ Summary ===

# of expected passes		17532
# of expected failures		82
# of unsupported tests		89
/home/jye2/gcc/build-daily/gcc/testsuite/g++/../../g++  version 4.4.0 20080302 (experimental) [trunk revision 132817] (GCC) 

		=== gcc tests ===


Running target unix

		=== gcc Summary ===

# of expected passes		49008
# of expected failures		168
# of untested testcases		35
# of unsupported tests		269
/home/jye2/gcc/build-daily/gcc/xgcc  version 4.4.0 20080302 (experimental) [trunk revision 132817] (GCC) 

		=== gfortran tests ===


Running target unix

		=== gfortran Summary ===

# of expected passes		23846
# of expected failures		3
# of unsupported tests		16
/home/jye2/gcc/build-daily/gcc/testsuite/gfortran/../../gfortran  version 4.4.0 20080302 (experimental) [trunk revision 132817] (GCC) 

		=== objc tests ===


Running target unix

		=== objc Summary ===

# of expected passes		1812
# of expected failures		7
# of unsupported tests		24
/home/jye2/gcc/build-daily/gcc/xgcc  version 4.4.0 20080302 (experimental) [trunk revision 132817] (GCC) 

		=== libffi tests ===


Running target unix

		=== libffi Summary ===

# of expected passes		1389
# of unsupported tests		10
		=== libgomp tests ===


Running target unix

		=== libgomp Summary ===

# of expected passes		1699
		=== libjava tests ===


Running target unix

		=== libjava Summary ===

# of expected passes		2550
		=== libmudflap tests ===


Running target unix

		=== libmudflap Summary ===

# of expected passes		1849
		=== libstdc++ tests ===


Running target unix
FAIL: abi_check
XPASS: 26_numerics/headers/cmath/c99_classification_macros_c.cc (test for excess errors)

		=== libstdc++ Summary ===

# of expected passes		5597
# of unexpected failures	1
# of unexpected successes	1
# of expected failures		62
# of unsupported tests		10

Compiler version: 4.4.0 20080302 (experimental) [trunk revision 132817] (GCC) 
Platform: i686-pc-linux-gnu
configure flags: --enable-clocale=gnu --with-system-zlib --enable-decimal-float=bid --with-demangler-in-ld --enable-shared --enable-threads=posix --enable-haifa --enable-checking=assert



More information about the Gcc-testresults mailing list