Results for 4.3.0 20080301 (prerelease) (GCC) testsuite on x86_64-unknown-linux-gnu

Greg Schafer gschafer@zip.com.au
Tue Mar 4 01:15:00 GMT 2008


This is using the GCC 4.3.0-RC-20080301 tarball and is based on the
DIY Linux Reference Build recipe from:

  http://www.diy-linux.org/

Using these packages:

FSF binutils-2.18
glibc-2.7

Running under a 2.6.24 kernel.

NOTE: This build is the third GCC iteration in the context of a full
      Linux system bootstrap, hence the `--disable-bootstrap' used here.

LAST_UPDATED: Obtained from SVN: branches/gcc-4_3-branch revision 132799

Native configuration is x86_64-unknown-linux-gnu

		=== g++ tests ===


Running target unix
WARNING: Could not compile g++.dg/compat/struct-layout-1 generator

		=== g++ Summary ===

# of expected passes		17265
# of expected failures		82
# of unsupported tests		118
/home/pkgmgr/src/gcc-build/gcc/testsuite/g++/../../g++  version 4.3.0 20080301 (prerelease) (GCC) 

		=== gcc tests ===


Running target unix
WARNING: Could not compile gcc.dg/compat/struct-layout-1 generator
ERROR: tcl error sourcing /home/pkgmgr/src/gcc-4.3.0-RC-20080301/gcc/testsuite/gcc.misc-tests/linkage.exp.
ERROR: couldn't execute "file": no such file or directory

		=== gcc Summary ===

# of expected passes		48588
# of expected failures		166
# of untested testcases		35
# of unsupported tests		379
/home/pkgmgr/src/gcc-build/gcc/xgcc  version 4.3.0 20080301 (prerelease) (GCC) 

		=== libgomp tests ===


Running target unix

		=== libgomp Summary ===

# of expected passes		538
		=== libmudflap tests ===


Running target unix
FAIL: libmudflap.c++/pass41-frag.cxx execution test
FAIL: libmudflap.c++/pass41-frag.cxx (-static) execution test
FAIL: libmudflap.c++/pass41-frag.cxx ( -O) execution test
FAIL: libmudflap.c++/pass41-frag.cxx (-O2) execution test
FAIL: libmudflap.c++/pass41-frag.cxx (-O3) execution test

		=== libmudflap Summary ===

# of expected passes		1844
# of unexpected failures	5
		=== libstdc++ tests ===


Running target unix
XPASS: 26_numerics/headers/cmath/c99_classification_macros_c.cc (test for excess errors)

		=== libstdc++ Summary ===

# of expected passes		4927
# of unexpected successes	1
# of expected failures		57
# of unsupported tests		326

Compiler version: 4.3.0 20080301 (prerelease) (GCC) 
Platform: x86_64-unknown-linux-gnu
configure flags: --libexecdir=/usr/lib --enable-shared --disable-bootstrap --enable-languages=c,c++ --enable-clocale=gnu --enable-threads=posix --enable-__cxa_atexit --disable-multilib



More information about the Gcc-testresults mailing list