Results for 4.3.0 20080301 (prerelease) (GCC) testsuite on x86_64-unknown-linux-gnu
Serge Belyshev
belyshev@depni.sinp.msu.ru
Mon Mar 3 19:21:00 GMT 2008
LAST_UPDATED: Obtained from SVN: branches/gcc-4_3-branch revision 132799
=== acats tests ===
=== acats Summary ===
# of expected passes 2315
# of unexpected failures 0
Native configuration is x86_64-unknown-linux-gnu
=== g++ tests ===
Running target unix/-m32/-fPIC
WARNING: program timed out.
FAIL: g++.dg/torture/pr31863.C -O0 (test for excess errors)
WARNING: program timed out.
FAIL: g++.dg/torture/pr31863.C -O1 (test for excess errors)
WARNING: program timed out.
FAIL: g++.dg/torture/pr31863.C -O2 (test for excess errors)
WARNING: program timed out.
FAIL: g++.dg/torture/pr31863.C -O3 -fomit-frame-pointer (test for excess errors)
WARNING: program timed out.
FAIL: g++.dg/torture/pr31863.C -O3 -g (test for excess errors)
WARNING: program timed out.
FAIL: g++.dg/torture/pr31863.C -Os (test for excess errors)
=== g++ Summary for unix/-m32/-fPIC ===
# of expected passes 17490
# of unexpected failures 6
# of expected failures 82
# of unsupported tests 92
Running target unix/-m32
WARNING: program timed out.
FAIL: g++.dg/torture/pr31863.C -O0 (test for excess errors)
WARNING: program timed out.
FAIL: g++.dg/torture/pr31863.C -O1 (test for excess errors)
WARNING: program timed out.
FAIL: g++.dg/torture/pr31863.C -O2 (test for excess errors)
WARNING: program timed out.
FAIL: g++.dg/torture/pr31863.C -O3 -fomit-frame-pointer (test for excess errors)
WARNING: program timed out.
FAIL: g++.dg/torture/pr31863.C -O3 -g (test for excess errors)
WARNING: program timed out.
FAIL: g++.dg/torture/pr31863.C -Os (test for excess errors)
=== g++ Summary for unix/-m32 ===
# of expected passes 17494
# of unexpected failures 6
# of expected failures 82
# of unsupported tests 89
Running target unix/-fPIC
WARNING: program timed out.
FAIL: g++.dg/torture/pr31863.C -O0 (test for excess errors)
WARNING: program timed out.
FAIL: g++.dg/torture/pr31863.C -O1 (test for excess errors)
WARNING: program timed out.
FAIL: g++.dg/torture/pr31863.C -O2 (test for excess errors)
WARNING: program timed out.
FAIL: g++.dg/torture/pr31863.C -O3 -fomit-frame-pointer (test for excess errors)
WARNING: program timed out.
FAIL: g++.dg/torture/pr31863.C -O3 -g (test for excess errors)
WARNING: program timed out.
FAIL: g++.dg/torture/pr31863.C -Os (test for excess errors)
=== g++ Summary for unix/-fPIC ===
# of expected passes 17407
# of unexpected failures 6
# of expected failures 82
# of unsupported tests 119
Running target unix
WARNING: program timed out.
FAIL: g++.dg/torture/pr31863.C -O0 (test for excess errors)
WARNING: program timed out.
FAIL: g++.dg/torture/pr31863.C -O1 (test for excess errors)
WARNING: program timed out.
FAIL: g++.dg/torture/pr31863.C -O2 (test for excess errors)
WARNING: program timed out.
FAIL: g++.dg/torture/pr31863.C -O3 -fomit-frame-pointer (test for excess errors)
WARNING: program timed out.
FAIL: g++.dg/torture/pr31863.C -O3 -g (test for excess errors)
WARNING: program timed out.
FAIL: g++.dg/torture/pr31863.C -Os (test for excess errors)
=== g++ Summary for unix ===
# of expected passes 17409
# of unexpected failures 6
# of expected failures 82
# of unsupported tests 118
=== g++ Summary ===
# of expected passes 69800
# of unexpected failures 24
# of expected failures 328
# of unsupported tests 418
/home/ssb/b/gcc/testsuite/g++/../../g++ version 4.3.0 20080301 (prerelease) (GCC)
=== gcc tests ===
Running target unix/-m32/-fPIC
=== gcc Summary for unix/-m32/-fPIC ===
# of expected passes 48604
# of expected failures 167
# of untested testcases 35
# of unsupported tests 386
Running target unix/-m32
=== gcc Summary for unix/-m32 ===
# of expected passes 48705
# of expected failures 167
# of untested testcases 35
# of unsupported tests 347
Running target unix/-fPIC
=== gcc Summary for unix/-fPIC ===
# of expected passes 48484
# of expected failures 166
# of untested testcases 35
# of unsupported tests 487
Running target unix
=== gcc Summary for unix ===
# of expected passes 48558
# of expected failures 166
# of untested testcases 35
# of unsupported tests 465
=== gcc Summary ===
# of expected passes 194351
# of expected failures 666
# of untested testcases 140
# of unsupported tests 1685
/home/ssb/b/gcc/xgcc version 4.3.0 20080301 (prerelease) (GCC)
=== gfortran tests ===
Running target unix/-m32/-fPIC
=== gfortran Summary for unix/-m32/-fPIC ===
# of expected passes 23731
# of expected failures 3
# of unsupported tests 16
Running target unix/-m32
=== gfortran Summary for unix/-m32 ===
# of expected passes 23731
# of expected failures 3
# of unsupported tests 16
Running target unix/-fPIC
=== gfortran Summary for unix/-fPIC ===
# of expected passes 23729
# of expected failures 3
# of unsupported tests 18
Running target unix
=== gfortran Summary for unix ===
# of expected passes 23729
# of expected failures 3
# of unsupported tests 18
=== gfortran Summary ===
# of expected passes 94920
# of expected failures 12
# of unsupported tests 68
/home/ssb/b/gcc/testsuite/gfortran/../../gfortran version 4.3.0 20080301 (prerelease) (GCC)
=== gnat tests ===
Running target unix/-m32/-fPIC
FAIL: [many failures snipped]
=== gnat Summary for unix/-m32/-fPIC ===
# of expected passes 143
# of unexpected failures 197
# of unresolved testcases 8
Running target unix/-m32
FAIL: [many failures snipped]
=== gnat Summary for unix/-m32 ===
# of expected passes 143
# of unexpected failures 197
# of unresolved testcases 8
Running target unix/-fPIC
FAIL: gnat.dg/frame_overflow.adb (test for errors, line 12)
FAIL: gnat.dg/frame_overflow.adb (test for errors, line 21)
=== gnat Summary for unix/-fPIC ===
# of expected passes 346
# of unexpected failures 2
Running target unix
FAIL: gnat.dg/frame_overflow.adb (test for errors, line 12)
FAIL: gnat.dg/frame_overflow.adb (test for errors, line 21)
=== gnat Summary for unix ===
# of expected passes 346
# of unexpected failures 2
=== gnat Summary ===
# of expected passes 978
# of unexpected failures 398
# of unresolved testcases 16
=== objc tests ===
Running target unix/-m32/-fPIC
=== objc Summary for unix/-m32/-fPIC ===
# of expected passes 1812
# of expected failures 7
# of unsupported tests 24
Running target unix/-m32
=== objc Summary for unix/-m32 ===
# of expected passes 1812
# of expected failures 7
# of unsupported tests 24
Running target unix/-fPIC
=== objc Summary for unix/-fPIC ===
# of expected passes 1812
# of expected failures 7
# of unsupported tests 24
Running target unix
=== objc Summary for unix ===
# of expected passes 1812
# of expected failures 7
# of unsupported tests 24
=== objc Summary ===
# of expected passes 7248
# of expected failures 28
# of unsupported tests 96
/home/ssb/b/gcc/xgcc version 4.3.0 20080301 (prerelease) (GCC)
=== libffi tests ===
Running target unix/-m32/-fPIC
=== libffi Summary for unix/-m32/-fPIC ===
# of expected passes 1389
# of unsupported tests 10
Running target unix/-m32
=== libffi Summary for unix/-m32 ===
# of expected passes 1389
# of unsupported tests 10
Running target unix/-fPIC
=== libffi Summary for unix/-fPIC ===
# of expected passes 1389
# of unsupported tests 10
Running target unix
=== libffi Summary for unix ===
# of expected passes 1389
# of unsupported tests 10
=== libffi Summary ===
# of expected passes 5556
# of unsupported tests 40
=== libgomp tests ===
Running target unix/-m32/-fPIC
=== libgomp Summary for unix/-m32/-fPIC ===
# of expected passes 1699
Running target unix/-m32
=== libgomp Summary for unix/-m32 ===
# of expected passes 1699
Running target unix/-fPIC
=== libgomp Summary for unix/-fPIC ===
# of expected passes 1699
Running target unix
=== libgomp Summary for unix ===
# of expected passes 1699
=== libgomp Summary ===
# of expected passes 6796
=== libjava tests ===
Running target unix/-m32/-fPIC
=== libjava Summary for unix/-m32/-fPIC ===
# of expected passes 2550
Running target unix/-m32
=== libjava Summary for unix/-m32 ===
# of expected passes 2550
Running target unix/-fPIC
=== libjava Summary for unix/-fPIC ===
# of expected passes 2550
Running target unix
=== libjava Summary for unix ===
# of expected passes 2550
=== libjava Summary ===
# of expected passes 10200
=== libmudflap tests ===
Running target unix/-m32/-fPIC
FAIL: [many failures snipped]
=== libmudflap Summary for unix/-m32/-fPIC ===
# of expected passes 1760
# of unexpected failures 89
Running target unix/-m32
FAIL: [many failures snipped]
=== libmudflap Summary for unix/-m32 ===
# of expected passes 1760
# of unexpected failures 89
Running target unix/-fPIC
FAIL: libmudflap.c++/pass41-frag.cxx execution test
FAIL: libmudflap.c++/pass41-frag.cxx (-static) execution test
FAIL: libmudflap.c++/pass41-frag.cxx ( -O) execution test
FAIL: libmudflap.c++/pass41-frag.cxx (-O2) execution test
FAIL: libmudflap.c++/pass41-frag.cxx (-O3) execution test
=== libmudflap Summary for unix/-fPIC ===
# of expected passes 1844
# of unexpected failures 5
Running target unix
FAIL: libmudflap.c++/pass41-frag.cxx execution test
FAIL: libmudflap.c++/pass41-frag.cxx (-static) execution test
FAIL: libmudflap.c++/pass41-frag.cxx ( -O) execution test
FAIL: libmudflap.c++/pass41-frag.cxx (-O2) execution test
FAIL: libmudflap.c++/pass41-frag.cxx (-O3) execution test
=== libmudflap Summary for unix ===
# of expected passes 1844
# of unexpected failures 5
=== libmudflap Summary ===
# of expected passes 7208
# of unexpected failures 188
=== libstdc++ tests ===
Running target unix/-m32/-fPIC
XPASS: 26_numerics/headers/cmath/c99_classification_macros_c.cc (test for excess errors)
=== libstdc++ Summary for unix/-m32/-fPIC ===
# of expected passes 4927
# of unexpected successes 1
# of expected failures 57
# of unsupported tests 326
Running target unix/-m32
XPASS: 26_numerics/headers/cmath/c99_classification_macros_c.cc (test for excess errors)
=== libstdc++ Summary for unix/-m32 ===
# of expected passes 4927
# of unexpected successes 1
# of expected failures 57
# of unsupported tests 326
Running target unix/-fPIC
XPASS: 26_numerics/headers/cmath/c99_classification_macros_c.cc (test for excess errors)
=== libstdc++ Summary for unix/-fPIC ===
# of expected passes 4927
# of unexpected successes 1
# of expected failures 57
# of unsupported tests 326
Running target unix
XPASS: 26_numerics/headers/cmath/c99_classification_macros_c.cc (test for excess errors)
=== libstdc++ Summary for unix ===
# of expected passes 4927
# of unexpected successes 1
# of expected failures 57
# of unsupported tests 326
=== libstdc++ Summary ===
# of expected passes 19708
# of unexpected successes 4
# of expected failures 228
# of unsupported tests 1304
Compiler version: 4.3.0 20080301 (prerelease) (GCC)
Platform: x86_64-unknown-linux-gnu
configure flags: --enable-checking=yes,rtl,fold --enable-languages=all,ada --enable-clocale=gnu
More information about the Gcc-testresults
mailing list