Results for 4.3.0 20080301 (prerelease) [gcc-4_3-branch revision 132801] (Debian 4.3.0~rc2-1) testsuite on s390-ibm-linux-gnu
Matthias Klose
doko@debian.org
Sun Mar 2 13:56:00 GMT 2008
LAST_UPDATED:
Target: s390-linux-gnu
gcc version 4.3.0 20080301 (prerelease) [gcc-4_3-branch revision 132801] (Debian 4.3.0~rc2-1)
Native configuration is s390-ibm-linux-gnu
=== g++ tests ===
Running target unix
WARNING: Could not compile g++.dg/compat/struct-layout-1 generator
FAIL: g++.dg/other/anon5.C (test for errors, line 19)
FAIL: g++.dg/other/anon5.C (test for excess errors)
=== g++ Summary for unix ===
# of expected passes 17247
# of unexpected failures 2
# of expected failures 82
# of unsupported tests 134
Running target unix/-fstack-protector
WARNING: Could not compile g++.dg/compat/struct-layout-1 generator
FAIL: g++.dg/other/anon5.C (test for errors, line 19)
FAIL: g++.dg/other/anon5.C (test for excess errors)
=== g++ Summary for unix/-fstack-protector ===
# of expected passes 17247
# of unexpected failures 2
# of expected failures 82
# of unsupported tests 134
Running target unix/-m64
WARNING: Could not compile g++.dg/compat/struct-layout-1 generator
=== g++ Summary for unix/-m64 ===
# of expected passes 17217
# of expected failures 82
# of unsupported tests 136
=== g++ Summary ===
# of expected passes 51711
# of unexpected failures 4
# of expected failures 246
# of unsupported tests 404
/home/doko/gcc/4.3/gcc-4.3-4.3.0~rc2/build/gcc/testsuite/g++/../../g++ version 4.3.0 20080301 (prerelease) [gcc-4_3-branch revision 132801] (Debian 4.3.0~rc2-1)
=== gcc tests ===
Running target unix
WARNING: Could not compile gcc.dg/compat/struct-layout-1 generator
FAIL: gcc.dg/uninit-13.c unconditional (test for warnings, line 8)
FAIL: gcc.dg/uninit-13.c (test for excess errors)
XPASS: gcc.dg/tree-ssa/20040204-1.c scan-tree-dump-times optimized "link_error" 0
=== gcc Summary for unix ===
# of expected passes 45471
# of unexpected failures 2
# of unexpected successes 1
# of expected failures 90
# of untested testcases 35
# of unsupported tests 327
Running target unix/-fstack-protector
FAIL: gcc.c-torture/compile/20001121-1.c -Os (test for excess errors)
FAIL: gcc.c-torture/compile/20001226-1.c -O3 -fomit-frame-pointer (test for excess errors)
FAIL: gcc.c-torture/compile/20001226-1.c -O3 -g (test for excess errors)
FAIL: gcc.c-torture/compile/20001226-1.c -Os (test for excess errors)
FAIL: gcc.c-torture/compile/20010320-1.c -Os (test for excess errors)
WARNING: program timed out.
FAIL: gcc.c-torture/compile/limits-blockid.c -O0 (test for excess errors)
WARNING: Could not compile gcc.dg/compat/struct-layout-1 generator
FAIL: gcc.dg/uninit-13.c unconditional (test for warnings, line 8)
FAIL: gcc.dg/uninit-13.c (test for excess errors)
XPASS: gcc.dg/tree-ssa/20040204-1.c scan-tree-dump-times optimized "link_error" 0
=== gcc Summary for unix/-fstack-protector ===
# of expected passes 45465
# of unexpected failures 8
# of unexpected successes 1
# of expected failures 90
# of untested testcases 35
# of unsupported tests 327
Running target unix/-m64
WARNING: Could not compile gcc.dg/compat/struct-layout-1 generator
FAIL: gcc.dg/uninit-13.c unconditional (test for warnings, line 8)
FAIL: gcc.dg/uninit-13.c (test for excess errors)
XPASS: gcc.dg/tree-ssa/20040204-1.c scan-tree-dump-times optimized "link_error" 0
XPASS: gcc.dg/tree-ssa/sra-2.c scan-tree-dump-times optimized "link_error" 0
FAIL: gcc.target/s390/20020926-1.c (test for excess errors)
ERROR: gcc.target/s390/20020926-1.c: error executing dg-final: couldn't open "20020926-1.s": no such file or directory
UNRESOLVED: gcc.target/s390/20020926-1.c: error executing dg-final: couldn't open "20020926-1.s": no such file or directory
=== gcc Summary for unix/-m64 ===
# of expected passes 45463
# of unexpected failures 3
# of unexpected successes 2
# of expected failures 89
# of unresolved testcases 1
# of untested testcases 35
# of unsupported tests 328
=== gcc Summary ===
# of expected passes 136399
# of unexpected failures 13
# of unexpected successes 4
# of expected failures 269
# of unresolved testcases 1
# of untested testcases 105
# of unsupported tests 982
/home/doko/gcc/4.3/gcc-4.3-4.3.0~rc2/build/gcc/xgcc version 4.3.0 20080301 (prerelease) [gcc-4_3-branch revision 132801] (Debian 4.3.0~rc2-1)
=== gfortran tests ===
Running target unix
=== gfortran Summary for unix ===
# of expected passes 23658
# of expected failures 3
# of unsupported tests 36
Running target unix/-fstack-protector
FAIL: gfortran.dg/maxloc_bounds_5.f90 -Os output pattern test, is remote_spawn failed, should match Fortran runtime error: Incorrect extent in return value of MAXLOC intrnisic: is 3, should be 2
ERROR: gfortran.dg/maxloc_bounds_5.f90 -Os : error executing dg-final: couldn't fork child process: not enough memory
UNRESOLVED: gfortran.dg/maxloc_bounds_5.f90 -Os : error executing dg-final: couldn't fork child process: not enough memory
FAIL: gfortran.dg/maxloc_bounds_6.f90 -O0 (test for excess errors)
UNRESOLVED: gfortran.dg/maxloc_bounds_6.f90 -O0 compilation failed to produce executable
ERROR: gfortran.dg/maxloc_bounds_6.f90 -O0 : error executing dg-final: couldn't fork child process: not enough memory
UNRESOLVED: gfortran.dg/maxloc_bounds_6.f90 -O0 : error executing dg-final: couldn't fork child process: not enough memory
FAIL: gfortran.dg/maxloc_bounds_6.f90 -O1 (test for excess errors)
UNRESOLVED: gfortran.dg/maxloc_bounds_6.f90 -O1 compilation failed to produce executable
ERROR: gfortran.dg/maxloc_bounds_6.f90 -O1 : error executing dg-final: couldn't fork child process: not enough memory
UNRESOLVED: gfortran.dg/maxloc_bounds_6.f90 -O1 : error executing dg-final: couldn't fork child process: not enough memory
FAIL: gfortran.dg/maxloc_bounds_6.f90 -O2 (test for excess errors)
UNRESOLVED: gfortran.dg/maxloc_bounds_6.f90 -O2 compilation failed to produce executable
ERROR: gfortran.dg/maxloc_bounds_6.f90 -O2 : error executing dg-final: couldn't fork child process: not enough memory
UNRESOLVED: gfortran.dg/maxloc_bounds_6.f90 -O2 : error executing dg-final: couldn't fork child process: not enough memory
FAIL: gfortran.dg/maxloc_bounds_6.f90 -O3 -fomit-frame-pointer (test for excess errors)
UNRESOLVED: gfortran.dg/maxloc_bounds_6.f90 -O3 -fomit-frame-pointer compilation failed to produce executable
ERROR: gfortran.dg/maxloc_bounds_6.f90 -O3 -fomit-frame-pointer : error executing dg-final: couldn't fork child process: not enough memory
UNRESOLVED: gfortran.dg/maxloc_bounds_6.f90 -O3 -fomit-frame-pointer : error executing dg-final: couldn't fork child process: not enough memory
FAIL: gfortran.dg/maxloc_bounds_6.f90 -O3 -fomit-frame-pointer -funroll-loops (test for excess errors)
UNRESOLVED: gfortran.dg/maxloc_bounds_6.f90 -O3 -fomit-frame-pointer -funroll-loops compilation failed to produce executable
ERROR: gfortran.dg/maxloc_bounds_6.f90 -O3 -fomit-frame-pointer -funroll-loops : error executing dg-final: couldn't fork child process: not enough memory
UNRESOLVED: gfortran.dg/maxloc_bounds_6.f90 -O3 -fomit-frame-pointer -funroll-loops : error executing dg-final: couldn't fork child process: not enough memory
FAIL: gfortran.dg/maxloc_bounds_6.f90 -O3 -fomit-frame-pointer -funroll-all-loops -finline-functions (test for excess errors)
UNRESOLVED: gfortran.dg/maxloc_bounds_6.f90 -O3 -fomit-frame-pointer -funroll-all-loops -finline-functions compilation failed to produce executable
ERROR: gfortran.dg/maxloc_bounds_6.f90 -O3 -fomit-frame-pointer -funroll-all-loops -finline-functions : error executing dg-final: couldn't fork child process: not enough memory
UNRESOLVED: gfortran.dg/maxloc_bounds_6.f90 -O3 -fomit-frame-pointer -funroll-all-loops -finline-functions : error executing dg-final: couldn't fork child process: not enough memory
FAIL: gfortran.dg/maxloc_bounds_6.f90 -O3 -g (test for excess errors)
UNRESOLVED: gfortran.dg/maxloc_bounds_6.f90 -O3 -g compilation failed to produce executable
ERROR: gfortran.dg/maxloc_bounds_6.f90 -O3 -g : error executing dg-final: couldn't fork child process: not enough memory
UNRESOLVED: gfortran.dg/maxloc_bounds_6.f90 -O3 -g : error executing dg-final: couldn't fork child process: not enough memory
FAIL: gfortran.dg/maxloc_bounds_6.f90 -Os (test for excess errors)
UNRESOLVED: gfortran.dg/maxloc_bounds_6.f90 -Os compilation failed to produce executable
ERROR: gfortran.dg/maxloc_bounds_6.f90 -Os : error executing dg-final: couldn't fork child process: not enough memory
UNRESOLVED: gfortran.dg/maxloc_bounds_6.f90 -Os : error executing dg-final: couldn't fork child process: not enough memory
=== gfortran Summary for unix/-fstack-protector ===
# of expected passes 23633
# of unexpected failures 9
# of expected failures 3
# of unresolved testcases 17
# of unsupported tests 36
Running target unix/-m64
=== gfortran Summary for unix/-m64 ===
# of expected passes 23690
# of expected failures 3
# of unsupported tests 20
=== gfortran Summary ===
# of expected passes 70981
# of unexpected failures 9
# of expected failures 9
# of unresolved testcases 17
# of unsupported tests 92
/home/doko/gcc/4.3/gcc-4.3-4.3.0~rc2/build/gcc/testsuite/gfortran/../../gfortran version 4.3.0 20080301 (prerelease) [gcc-4_3-branch revision 132801] (Debian 4.3.0~rc2-1)
=== obj-c++ tests ===
Running target unix
UNRESOLVED: obj-c++.dg/lookup-2.mm compilation failed to produce executable
UNRESOLVED: obj-c++.dg/try-catch-2.mm compilation failed to produce executable
UNRESOLVED: obj-c++.dg/try-catch-9.mm compilation failed to produce executable
=== obj-c++ Summary for unix ===
# of expected passes 437
# of expected failures 9
# of unresolved testcases 3
# of unsupported tests 13
Running target unix/-fstack-protector
UNRESOLVED: obj-c++.dg/lookup-2.mm compilation failed to produce executable
UNRESOLVED: obj-c++.dg/try-catch-2.mm compilation failed to produce executable
UNRESOLVED: obj-c++.dg/try-catch-9.mm compilation failed to produce executable
=== obj-c++ Summary for unix/-fstack-protector ===
# of expected passes 437
# of expected failures 9
# of unresolved testcases 3
# of unsupported tests 13
Running target unix/-m64
UNRESOLVED: obj-c++.dg/lookup-2.mm compilation failed to produce executable
UNRESOLVED: obj-c++.dg/try-catch-2.mm compilation failed to produce executable
UNRESOLVED: obj-c++.dg/try-catch-9.mm compilation failed to produce executable
=== obj-c++ Summary for unix/-m64 ===
# of expected passes 423
# of expected failures 23
# of unresolved testcases 3
# of unsupported tests 13
=== obj-c++ Summary ===
# of expected passes 1297
# of expected failures 41
# of unresolved testcases 9
# of unsupported tests 39
/home/doko/gcc/4.3/gcc-4.3-4.3.0~rc2/build/gcc/testsuite/obj-c++/../../g++ version 4.3.0 20080301 (prerelease) [gcc-4_3-branch revision 132801] (Debian 4.3.0~rc2-1)
=== objc tests ===
Running target unix
WARNING: Could not compile objc.dg/gnu-encoding/struct-layout-encoding-1 generator
=== objc Summary for unix ===
# of expected passes 1757
# of unsupported tests 24
Running target unix/-fstack-protector
WARNING: Could not compile objc.dg/gnu-encoding/struct-layout-encoding-1 generator
=== objc Summary for unix/-fstack-protector ===
# of expected passes 1757
# of unsupported tests 24
Running target unix/-m64
WARNING: Could not compile objc.dg/gnu-encoding/struct-layout-encoding-1 generator
=== objc Summary for unix/-m64 ===
# of expected passes 1757
# of unsupported tests 24
=== objc Summary ===
# of expected passes 5271
# of unsupported tests 72
/home/doko/gcc/4.3/gcc-4.3-4.3.0~rc2/build/gcc/xgcc version 4.3.0 20080301 (prerelease) [gcc-4_3-branch revision 132801] (Debian 4.3.0~rc2-1)
=== treelang tests ===
Running target unix
=== treelang Summary for unix ===
# of expected passes 52
Running target unix/-fstack-protector
=== treelang Summary for unix/-fstack-protector ===
# of expected passes 52
Running target unix/-m64
=== treelang Summary for unix/-m64 ===
# of expected passes 52
=== treelang Summary ===
# of expected passes 156
=== libffi tests ===
Running target unix
=== libffi Summary for unix ===
# of expected passes 1389
# of unsupported tests 10
Running target unix/-fstack-protector
=== libffi Summary for unix/-fstack-protector ===
# of expected passes 1389
# of unsupported tests 10
Running target unix/-m64
=== libffi Summary for unix/-m64 ===
# of expected passes 1389
# of unsupported tests 10
=== libffi Summary ===
# of expected passes 4167
# of unsupported tests 30
=== libgomp tests ===
Running target unix
=== libgomp Summary for unix ===
# of expected passes 1699
Running target unix/-fstack-protector
=== libgomp Summary for unix/-fstack-protector ===
# of expected passes 1699
Running target unix/-m64
=== libgomp Summary for unix/-m64 ===
# of expected passes 1699
=== libgomp Summary ===
# of expected passes 5097
=== libmudflap tests ===
Running target unix
FAIL: libmudflap.c++/pass41-frag.cxx execution test
FAIL: libmudflap.c++/pass41-frag.cxx (-static) execution test
FAIL: libmudflap.c++/pass41-frag.cxx ( -O) execution test
FAIL: libmudflap.c++/pass41-frag.cxx (-O2) execution test
FAIL: libmudflap.c++/pass41-frag.cxx (-O3) execution test
=== libmudflap Summary for unix ===
# of expected passes 1844
# of unexpected failures 5
Running target unix/-fstack-protector
FAIL: libmudflap.c++/pass41-frag.cxx execution test
FAIL: libmudflap.c++/pass41-frag.cxx (-static) execution test
FAIL: libmudflap.c++/pass41-frag.cxx ( -O) execution test
FAIL: libmudflap.c++/pass41-frag.cxx (-O2) execution test
FAIL: libmudflap.c++/pass41-frag.cxx (-O3) execution test
=== libmudflap Summary for unix/-fstack-protector ===
# of expected passes 1844
# of unexpected failures 5
Running target unix/-m64
FAIL: libmudflap.c++/pass41-frag.cxx execution test
FAIL: libmudflap.c++/pass41-frag.cxx (-static) execution test
FAIL: libmudflap.c++/pass41-frag.cxx ( -O) execution test
FAIL: libmudflap.c++/pass41-frag.cxx (-O2) execution test
FAIL: libmudflap.c++/pass41-frag.cxx (-O3) execution test
=== libmudflap Summary for unix/-m64 ===
# of expected passes 1844
# of unexpected failures 5
=== libmudflap Summary ===
# of expected passes 5532
# of unexpected failures 15
=== libstdc++ tests ===
Running target unix
FAIL: 22_locale/num_put/put/char/4.cc (test for excess errors)
UNRESOLVED: 22_locale/num_put/put/char/4.cc compilation failed to produce executable
FAIL: 22_locale/num_put/put/char/8.cc (test for excess errors)
UNRESOLVED: 22_locale/num_put/put/char/8.cc compilation failed to produce executable
FAIL: 22_locale/num_put/put/char/9.cc (test for excess errors)
UNRESOLVED: 22_locale/num_put/put/char/9.cc compilation failed to produce executable
FAIL: 22_locale/num_put/put/wchar_t/10.cc (test for excess errors)
UNRESOLVED: 22_locale/num_put/put/wchar_t/10.cc compilation failed to produce executable
FAIL: 22_locale/num_put/put/wchar_t/11.cc (test for excess errors)
UNRESOLVED: 22_locale/num_put/put/wchar_t/11.cc compilation failed to produce executable
FAIL: 22_locale/num_put/put/wchar_t/12.cc (test for excess errors)
UNRESOLVED: 22_locale/num_put/put/wchar_t/12.cc compilation failed to produce executable
FAIL: 22_locale/num_put/put/wchar_t/14220.cc (test for excess errors)
UNRESOLVED: 22_locale/num_put/put/wchar_t/14220.cc compilation failed to produce executable
FAIL: 22_locale/num_put/put/wchar_t/15565.cc (test for excess errors)
UNRESOLVED: 22_locale/num_put/put/wchar_t/15565.cc compilation failed to produce executable
FAIL: 22_locale/num_put/put/wchar_t/2.cc (test for excess errors)
UNRESOLVED: 22_locale/num_put/put/wchar_t/2.cc compilation failed to produce executable
FAIL: 22_locale/num_put/put/wchar_t/23953.cc (test for excess errors)
UNRESOLVED: 22_locale/num_put/put/wchar_t/23953.cc compilation failed to produce executable
FAIL: 22_locale/num_put/put/wchar_t/4.cc (test for excess errors)
UNRESOLVED: 22_locale/num_put/put/wchar_t/4.cc compilation failed to produce executable
FAIL: 22_locale/num_put/put/wchar_t/6.cc (test for excess errors)
UNRESOLVED: 22_locale/num_put/put/wchar_t/6.cc compilation failed to produce executable
FAIL: 22_locale/num_put/put/wchar_t/7.cc (test for excess errors)
UNRESOLVED: 22_locale/num_put/put/wchar_t/7.cc compilation failed to produce executable
FAIL: 22_locale/num_put/put/wchar_t/8.cc (test for excess errors)
UNRESOLVED: 22_locale/num_put/put/wchar_t/8.cc compilation failed to produce executable
FAIL: 22_locale/num_put/put/wchar_t/9.cc (test for excess errors)
UNRESOLVED: 22_locale/num_put/put/wchar_t/9.cc compilation failed to produce executable
FAIL: 22_locale/num_put/requirements/base_classes.cc (test for excess errors)
FAIL: 22_locale/num_put/requirements/explicit_instantiation.cc (test for excess errors)
FAIL: 22_locale/num_put/requirements/typedefs.cc (test for excess errors)
FAIL: 22_locale/numpunct/members/char/1.cc (test for excess errors)
UNRESOLVED: 22_locale/numpunct/members/char/1.cc compilation failed to produce executable
FAIL: 22_locale/numpunct/members/char/cache_1.cc (test for excess errors)
UNRESOLVED: 22_locale/numpunct/members/char/cache_1.cc compilation failed to produce executable
FAIL: 22_locale/numpunct/members/char/cache_2.cc (test for excess errors)
UNRESOLVED: 22_locale/numpunct/members/char/cache_2.cc compilation failed to produce executable
FAIL: 22_locale/numpunct/members/pod/1.cc (test for excess errors)
UNRESOLVED: 22_locale/numpunct/members/pod/1.cc compilation failed to produce executable
WARNING: program timed out.
FAIL: 23_containers/vector/bool/modifiers/insert/31370.cc execution test
XPASS: 26_numerics/headers/cmath/c99_classification_macros_c.cc (test for excess errors)
FAIL: 27_io/ios_base/storage/2.cc execution test
FAIL: tr1/2_general_utilities/shared_ptr/thread/default_weaktoshared.cc execution test
=== libstdc++ Summary for unix ===
# of expected passes 4883
# of unexpected failures 25
# of unexpected successes 1
# of expected failures 57
# of unresolved testcases 19
# of unsupported tests 326
Running target unix/-fstack-protector
WARNING: program timed out.
FAIL: 23_containers/vector/bool/modifiers/insert/31370.cc execution test
XPASS: 26_numerics/headers/cmath/c99_classification_macros_c.cc (test for excess errors)
FAIL: 27_io/ios_base/storage/2.cc execution test
=== libstdc++ Summary for unix/-fstack-protector ===
# of expected passes 4925
# of unexpected failures 2
# of unexpected successes 1
# of expected failures 57
# of unsupported tests 326
Running target unix/-m64
FAIL: 20_util/shared_ptr/thread/default_weaktoshared.cc execution test
XPASS: 26_numerics/headers/cmath/c99_classification_macros_c.cc (test for excess errors)
FAIL: 27_io/ios_base/storage/2.cc execution test
FAIL: tr1/2_general_utilities/shared_ptr/thread/default_weaktoshared.cc execution test
=== libstdc++ Summary for unix/-m64 ===
# of expected passes 4924
# of unexpected failures 3
# of unexpected successes 1
# of expected failures 57
# of unsupported tests 326
=== libstdc++ Summary ===
# of expected passes 14732
# of unexpected failures 30
# of unexpected successes 3
# of expected failures 171
# of unresolved testcases 19
# of unsupported tests 978
Compiler version: 4.3.0 20080301 (prerelease) [gcc-4_3-branch revision 132801] (Debian 4.3.0~rc2-1)
Platform: s390-ibm-linux-gnu
configure flags: linux gnu,g
BOOT_CFLAGS=
Build Dependencies:
Desired=Unknown/Install/Remove/Purge/Hold
| Status=Not/Installed/Config-files/Unpacked/Failed-config/Half-installed
|/ Err?=(none)/Hold/Reinst-required/X=both-problems (Status,Err: uppercase=bad)
||/ Name Version Description
+++-============================================-==========================-==============================================
ii binutils 2.18.1~cvs20080103-1 The GNU assembler, linker and binary utilities
ii libc6 2.7-8 GNU C Library: Shared libraries
Patches that Debian applied in this version:
rename-info-files:
Allow transformations on info file names. Reference the
transformed info file names in the texinfo files.
gcc-textdomain:
Set gettext's domain and textdomain to the versioned package name.
gcc-driver-extra-langs:
Add options and specs for languages that are not built from a source
(but built from separate sources).
gcc-hash-style-both:
Link using --hash-style=both (alpha, amd64, ia64, i386, powerpc, ppc64, s390, sparc)
libstdc++-pic:
Build and install libstdc++_pic.a library.
libstdc++-doclink:
adjust hrefs to point to the local documentation
libobjc-gc-link:
Link libobjc_gc with libgcjgc_convenience.la.
libjava-stacktrace:
libgcj: Lookup source file name and line number in separated
debug files found in /usr/lib/debug
libjava-subdir:
- Set the libjava sublibdir to /usr/lib/gcj-4.3
- Set the default libgcj database dir to /var/lib/gcj-4.3
libjava-jnipath:
- Add /usr/lib/jni to java.library.path.
- When running the i386 binaries on amd64, look in
- /usr/lib32/gcj-x.y and /usr/lib32/jni instead.
libjava-sjlj:
Don't try to use _Unwind_Backtrace on SJLJ targets.
See bug #387875, #388505, GCC PR 29206.
libjava-rpath:
- Link ecjx with -rpath \$(dbexecdir)
libjava-jar:
gjar: support @ arguments.
libjava-soname:
Bump the libgcj soversion.
libjava-xulrunner1.9:
Add configure check for xulrunner-1.9.
libffi-configure:
Add --enable-libffi option to toplevel configure script
pr28102:
Apply proposed fix for PR target/28102.
alpha-no-ev4-directive:
boehm-gc-getnprocs:
boehm-gc/pthread_support.c (GC_get_nprocs): Use sysconf as fallback.
note-gnu-stack:
Add .note.GNU-stack sections for gcc's crt files, libffi and boehm-gc
Taken from FC.
arm-unbreak-eabi-armv4t:
Fix armv4t build on ARM
libjava-armel-ldflags:
Adjust libjava extra_ldflags for armel.
pr24170:
Fix PR libgcj/24170.
pr28322:
Fix PR other/28322, GCC new warnings and compatibility.
deb-protoize:
build protoize/unprotoize binaries
cpu-default-i486:
set default 32bit ix86 architecture to i486
multiarch-include:
biarch-include.dpatch
Adds biarch include directories
/usr/local/include/<arch>-linux-gnu
/usr/include/<arch>-linux-gnu
to the system include paths, depending on 32/64 bit mode.
gcc-ice-hack:
Retry the build on an ice, save the calling options and preprocessed
source when the ice is reproducible.
libjava-disable-static:
Disable building the static libjava.
gcc-ice-apport:
Report an ICE to apport (if apport is available
and the environment variable GCC_NOAPPORT is not set)
libjava-nobiarch-check:
For biarch builds, disable the testsuite for the non-default architecture
for runtime libraries, which are not built by default (libjava).
config-ml:
disable some biarch libraries for biarch builds
s390-biarch:
enable biarch for 31 bit compiler
Counting all warnings,
there are 0 warnings in stage3 of this bootstrap.
Number of warnings per file:
Number of warning types:
More information about the Gcc-testresults
mailing list