Results for 4.3.0 20080202 (experimental) [trunk revision 132072] (Debian 4.3-20080202-1) testsuite on alpha-unknown-linux-gnu

Matthias Klose doko@debian.org
Sun Mar 2 13:56:00 GMT 2008


LAST_UPDATED: Sat Feb  2 18:53:24 UTC 2008 (revision 132072)

Native configuration is alpha-unknown-linux-gnu

		=== libffi tests ===


Running target unix

		=== libffi Summary ===

# of expected passes		1389
# of unsupported tests		10
		=== libgomp tests ===


Running target unix
FAIL: libgomp.fortran/threadprivate3.f90  -O3 -fomit-frame-pointer  (internal compiler error)
FAIL: libgomp.fortran/threadprivate3.f90  -O3 -fomit-frame-pointer  (test for excess errors)
UNRESOLVED: libgomp.fortran/threadprivate3.f90  -O3 -fomit-frame-pointer  compilation failed to produce executable
FAIL: libgomp.fortran/threadprivate3.f90  -O3 -fomit-frame-pointer -funroll-loops  (internal compiler error)
FAIL: libgomp.fortran/threadprivate3.f90  -O3 -fomit-frame-pointer -funroll-loops  (test for excess errors)
UNRESOLVED: libgomp.fortran/threadprivate3.f90  -O3 -fomit-frame-pointer -funroll-loops  compilation failed to produce executable
FAIL: libgomp.fortran/threadprivate3.f90  -O3 -fomit-frame-pointer -funroll-all-loops -finline-functions  (internal compiler error)
FAIL: libgomp.fortran/threadprivate3.f90  -O3 -fomit-frame-pointer -funroll-all-loops -finline-functions  (test for excess errors)
UNRESOLVED: libgomp.fortran/threadprivate3.f90  -O3 -fomit-frame-pointer -funroll-all-loops -finline-functions  compilation failed to produce executable
FAIL: libgomp.fortran/threadprivate3.f90  -O3 -g  (internal compiler error)
FAIL: libgomp.fortran/threadprivate3.f90  -O3 -g  (test for excess errors)
UNRESOLVED: libgomp.fortran/threadprivate3.f90  -O3 -g  compilation failed to produce executable

		=== libgomp Summary ===

# of expected passes		1685
# of unexpected failures	8
# of unresolved testcases	4
		=== libstdc++ tests ===


Running target unix
FAIL: abi_check
XPASS: 26_numerics/headers/cmath/c99_classification_macros_c.cc (test for excess errors)
XPASS: 27_io/fpos/14320-1.cc execution test

		=== libstdc++ Summary ===

# of expected passes		4962
# of unexpected failures	1
# of unexpected successes	2
# of expected failures		60
# of unsupported tests		326
Target: alpha-linux-gnu
gcc version 4.3.0 20080202 (experimental) [trunk revision 132072] (Debian 4.3-20080202-1) 

		=== g++ tests ===


Running target unix
FAIL: g++.dg/ext/cleanup-10.C execution test
FAIL: g++.dg/ext/cleanup-11.C execution test
FAIL: g++.dg/ext/cleanup-8.C execution test
FAIL: g++.dg/ext/cleanup-9.C execution test

		=== g++ Summary ===

# of expected passes		17298
# of unexpected failures	4
# of expected failures		82
# of unsupported tests		137
/build/buildd/gcc-4.3-4.3-20080202/build/gcc/testsuite/g++/../../g++  version 4.3.0 20080202 (experimental) [trunk revision 132072] (Debian 4.3-20080202-1) 

		=== gcc tests ===


Running target unix
FAIL: gcc.c-torture/compile/pr33855.c  -O3 -fomit-frame-pointer  (internal compiler error)
FAIL: gcc.c-torture/compile/pr33855.c  -O3 -fomit-frame-pointer  (test for excess errors)
FAIL: gcc.c-torture/compile/pr33855.c  -O3 -fomit-frame-pointer -funroll-loops  (internal compiler error)
FAIL: gcc.c-torture/compile/pr33855.c  -O3 -fomit-frame-pointer -funroll-loops  (test for excess errors)
FAIL: gcc.c-torture/compile/pr33855.c  -O3 -fomit-frame-pointer -funroll-all-loops -finline-functions  (internal compiler error)
FAIL: gcc.c-torture/compile/pr33855.c  -O3 -fomit-frame-pointer -funroll-all-loops -finline-functions  (test for excess errors)
FAIL: gcc.c-torture/compile/pr33855.c  -O3 -g  (internal compiler error)
FAIL: gcc.c-torture/compile/pr33855.c  -O3 -g  (test for excess errors)
FAIL: tmpdir-gcc.dg-struct-layout-1/t003 c_compat_x_tst.o-c_compat_y_tst.o execute 
FAIL: tmpdir-gcc.dg-struct-layout-1/t025 c_compat_x_tst.o-c_compat_y_tst.o execute 
FAIL: gcc.dg/cleanup-10.c execution test
FAIL: gcc.dg/cleanup-11.c execution test
FAIL: gcc.dg/cleanup-8.c execution test
FAIL: gcc.dg/cleanup-9.c execution test
FAIL: gcc.dg/pr17024-1.c (internal compiler error)
FAIL: gcc.dg/pr17024-1.c (test for excess errors)
FAIL: gcc.dg/pr28796-2.c (internal compiler error)
FAIL: gcc.dg/pr28796-2.c (test for excess errors)
UNRESOLVED: gcc.dg/pr28796-2.c compilation failed to produce executable
FAIL: gcc.dg/pr33653.c scan-rtl-dump shorten "mem/v"
FAIL: gcc.dg/struct-ret-3.c execution test

		=== gcc Summary ===

# of expected passes		45492
# of unexpected failures	20
# of expected failures		91
# of unresolved testcases	1
# of untested testcases		35
# of unsupported tests		329
/build/buildd/gcc-4.3-4.3-20080202/build/gcc/xgcc  version 4.3.0 20080202 (experimental) [trunk revision 132072] (Debian 4.3-20080202-1) 

		=== gfortran tests ===


Running target unix
FAIL: gfortran.dg/default_format_1.f90  -O0  execution test
FAIL: gfortran.dg/default_format_1.f90  -O1  execution test
FAIL: gfortran.dg/default_format_1.f90  -O2  execution test
FAIL: gfortran.dg/default_format_1.f90  -O3 -fomit-frame-pointer  execution test
FAIL: gfortran.dg/default_format_1.f90  -O3 -fomit-frame-pointer -funroll-loops  execution test
FAIL: gfortran.dg/default_format_1.f90  -O3 -fomit-frame-pointer -funroll-all-loops -finline-functions  execution test
FAIL: gfortran.dg/default_format_1.f90  -O3 -g  execution test
FAIL: gfortran.dg/default_format_1.f90  -Os  execution test
FAIL: gfortran.dg/default_format_denormal_1.f90  -O0  execution test
FAIL: gfortran.dg/default_format_denormal_1.f90  -O1  execution test
FAIL: gfortran.dg/default_format_denormal_1.f90  -O2  execution test
FAIL: gfortran.dg/default_format_denormal_1.f90  -O3 -fomit-frame-pointer  execution test
FAIL: gfortran.dg/default_format_denormal_1.f90  -O3 -fomit-frame-pointer -funroll-loops  execution test
FAIL: gfortran.dg/default_format_denormal_1.f90  -O3 -fomit-frame-pointer -funroll-all-loops -finline-functions  execution test
FAIL: gfortran.dg/default_format_denormal_1.f90  -O3 -g  execution test
FAIL: gfortran.dg/default_format_denormal_1.f90  -Os  execution test
FAIL: gfortran.fortran-torture/execute/intrinsic_len.f90 execution,  -O3 -fomit-frame-pointer -funroll-loops 
FAIL: gfortran.fortran-torture/execute/intrinsic_len.f90 execution,  -O3 -fomit-frame-pointer -funroll-all-loops -finline-functions 

		=== gfortran Summary ===

# of expected passes		23636
# of unexpected failures	18
# of expected failures		3
# of unsupported tests		29
/build/buildd/gcc-4.3-4.3-20080202/build/gcc/testsuite/gfortran/../../gfortran  version 4.3.0 20080202 (experimental) [trunk revision 132072] (Debian 4.3-20080202-1) 

		=== obj-c++ tests ===


Running target unix
FAIL: obj-c++.dg/bitfield-1.mm (test for excess errors)
FAIL: obj-c++.dg/bitfield-4.mm (test for excess errors)
FAIL: obj-c++.dg/cxx-ivars-2.mm execution test
FAIL: obj-c++.dg/encode-2.mm scan-assembler {Vec<float>=ffi}
FAIL: obj-c++.dg/encode-2.mm scan-assembler {Vec<double>=ddi}
FAIL: obj-c++.dg/encode-3.mm execution test
FAIL: obj-c++.dg/encode-8.mm execution test
FAIL: obj-c++.dg/gnu-runtime-2.mm (test for excess errors)
FAIL: obj-c++.dg/isa-field-1.mm (test for excess errors)
FAIL: obj-c++.dg/layout-1.mm (test for excess errors)
FAIL: obj-c++.dg/lookup-2.mm (test for excess errors)
UNRESOLVED: obj-c++.dg/lookup-2.mm compilation failed to produce executable
FAIL: obj-c++.dg/try-catch-2.mm (test for excess errors)
UNRESOLVED: obj-c++.dg/try-catch-2.mm compilation failed to produce executable
FAIL: obj-c++.dg/try-catch-9.mm (test for excess errors)
UNRESOLVED: obj-c++.dg/try-catch-9.mm compilation failed to produce executable

		=== obj-c++ Summary ===

# of expected passes		422
# of unexpected failures	13
# of unresolved testcases	3
# of unsupported tests		13
/build/buildd/gcc-4.3-4.3-20080202/build/gcc/testsuite/obj-c++/../../g++  version 4.3.0 20080202 (experimental) [trunk revision 132072] (Debian 4.3-20080202-1) 

		=== objc tests ===


Running target unix

		=== objc Summary ===

# of expected passes		1810
# of expected failures		7
# of unsupported tests		25
/build/buildd/gcc-4.3-4.3-20080202/build/gcc/xgcc  version 4.3.0 20080202 (experimental) [trunk revision 132072] (Debian 4.3-20080202-1) 

		=== treelang tests ===


Running target unix
FAIL: treelang/execute/funccall.tree (test for excess errors)
UNRESOLVED: treelang/execute/funccall.tree compilation failed to produce executable
FAIL: treelang/execute/initial.tree (test for excess errors)
UNRESOLVED: treelang/execute/initial.tree compilation failed to produce executable
FAIL: treelang/execute/static.tree (test for excess errors)
UNRESOLVED: treelang/execute/static.tree compilation failed to produce executable

		=== treelang Summary ===

# of expected passes		46
# of unexpected failures	3
# of unresolved testcases	3

Compiler version: 4.3.0 20080202 (experimental) [trunk revision 132072] (Debian 4.3-20080202-1) 
Platform: alpha-unknown-linux-gnu
configure flags: -v --with-pkgversion='Debian 4.3-20080202-1' --with-bugurl=file:///usr/share/doc/gcc-4.3/README.Bugs --enable-languages=c,c++,fortran,objc,obj-c++,treelang --prefix=/usr --enable-shared --with-system-zlib --libexecdir=/usr/lib --without-included-gettext --enable-threads=posix --enable-nls --with-gxx-include-dir=/usr/include/c++/4.3 --program-suffix=-4.3 --enable-clocale=gnu --enable-libstdcxx-debug --enable-libffi --enable-objc-gc --enable-mpfr --disable-libssp --with-long-double-128 --enable-checking=release --build=alpha-linux-gnu --host=alpha-linux-gnu --target=alpha-linux-gnu
BOOT_CFLAGS=


Build Dependencies:
Desired=Unknown/Install/Remove/Purge/Hold
| Status=Not/Installed/Config-files/Unpacked/Failed-config/Half-installed
|/ Err?=(none)/Hold/Reinst-required/X=both-problems (Status,Err: uppercase=bad)
||/ Name                                                    Version              Description
+++-=======================================================-====================-==============================================
ii  binutils                                                2.18.1~cvs20080103-1 The GNU assembler, linker and binary utilities
ii  libc6.1                                                 2.7-5                GNU C Library: Shared libraries


Patches that Debian applied in this version:

rename-info-files:
  Allow transformations on info file names. Reference the
  transformed info file names in the texinfo files.

gcc-textdomain:
  Set gettext's domain and textdomain to the versioned package name.

gcc-driver-extra-langs:
  Add options and specs for languages that are not built from a source
  (but built from separate sources).

gcc-hash-style-both:
  Link using --hash-style=both (alpha, amd64, ia64, i386, powerpc, ppc64, s390, sparc)

libstdc++-pic:
  Build and install libstdc++_pic.a library.

libstdc++-doclink:
  adjust hrefs to point to the local documentation

libjava-stacktrace:
  libgcj: Lookup source file name and line number in separated
  debug files found in /usr/lib/debug

libjava-subdir:
  - Set the libjava sublibdir to /usr/lib/gcj-4.3
  - Set the default libgcj database dir to /var/lib/gcj-4.3

libjava-jnipath:
  - Add /usr/lib/jni to java.library.path.
  - When running the i386 binaries on amd64, look in
  - /usr/lib32/gcj-x.y and /usr/lib32/jni instead.

libjava-sjlj:
  Don't try to use _Unwind_Backtrace on SJLJ targets.
  See bug #387875, #388505, GCC PR 29206.

libjava-rpath:
  - Link ecjx with -rpath \$(dbexecdir)

libjava-examples:
  Fix build for libjava/classpath/examples

libjava-jar:
  gjar: support @ arguments.

libjava-soname:
  Bump the libgcj soversion.

libffi-configure:
  Add --enable-libffi option to toplevel configure script

pr28102:
  Apply proposed fix for PR target/28102.

alpha-no-ev4-directive:

boehm-gc-getnprocs:
  boehm-gc/pthread_support.c (GC_get_nprocs): Use sysconf as fallback.

note-gnu-stack:
  Add .note.GNU-stack sections for gcc's crt files, libffi and boehm-gc
  Taken from FC.

arm-unbreak-eabi-armv4t:
  Fix armv4t build on ARM

libjava-armel-ldflags:
  Adjust libjava extra_ldflags for armel.

deb-protoize:
  build protoize/unprotoize binaries

alpha-ieee:
  #212912
  on alpha-linux, make -mieee default and add -mieee-disable switch
  to turn default off

mudflap-nocheck:
  Disable running the libmudflap testsuite. Getting killed on alpha.

alpha-ieee-doc:
  #212912
  on alpha-linux, make -mieee default and add -mieee-disable switch
  to turn default off (doc patch)

cpu-default-i486:
  set default 32bit ix86 architecture to i486

multiarch-include:
  biarch-include.dpatch
  
  Adds biarch include directories
  /usr/local/include/<arch>-linux-gnu
  /usr/include/<arch>-linux-gnu
  to the system include paths, depending on 32/64 bit mode.

gcc-ice-hack:
  Retry the build on an ice, save the calling options and preprocessed
  source when the ice is reproducible.

libjava-disable-static:
  Disable building the static libjava.

gcc-ice-apport:
  Report an ICE to apport (if apport is available
  and the environment variable GCC_NOAPPORT is not set)

Counting all warnings,
there are 0 warnings in stage3 of this bootstrap.

Number of warnings per file:

Number of warning types:



More information about the Gcc-testresults mailing list