Results for 4.4.0 20080229 (experimental) [trunk revision 132782] (GCC) gcc testsuite on cris-axis-elf
Mike Stein
mstein.lists@googlemail.com
Sat Mar 1 23:10:00 GMT 2008
Debian 4 on x86_64
cross tool versions:
GNU assembler (GNU Binutils) 2.18.50.20080225
GNU gdb 6.7.50.20080224-cvs
GNU ld (GNU Binutils) 2.18.50.20080225
GNU Make 3.81
expect version 5.43.0
host gcc version: gcc (GCC) 4.1.2 20061115 (prerelease) (Debian 4.1.1-21)
LAST_UPDATED: Fri Feb 29 23:03:27 UTC 2008 (revision 132782)
Target is cris-axis-elf
Host is x86_64-unknown-linux-gnu
=== gcc tests ===
Running target cris-sim
FAIL: gcc.c-torture/compile/limits-structnest.c -O2 (test for excess errors)
FAIL: gcc.c-torture/compile/limits-structnest.c -O3 -fomit-frame-pointer (test for excess errors)
FAIL: gcc.c-torture/compile/limits-structnest.c -O3 -g (test for excess errors)
FAIL: gcc.c-torture/compile/limits-structnest.c -Os (test for excess errors)
FAIL: gcc.c-torture/execute/991118-1.c compilation, -O3 -fomit-frame-pointer (internal compiler error)
UNRESOLVED: gcc.c-torture/execute/991118-1.c execution, -O3 -fomit-frame-pointer
FAIL: gcc.c-torture/execute/991118-1.c compilation, -O3 -g (internal compiler error)
UNRESOLVED: gcc.c-torture/execute/991118-1.c execution, -O3 -g
FAIL: gcc.c-torture/execute/bf64-1.c compilation, -O3 -fomit-frame-pointer (internal compiler error)
UNRESOLVED: gcc.c-torture/execute/bf64-1.c execution, -O3 -fomit-frame-pointer
FAIL: gcc.c-torture/execute/bf64-1.c compilation, -O3 -g (internal compiler error)
UNRESOLVED: gcc.c-torture/execute/bf64-1.c execution, -O3 -g
FAIL: gcc.dg/large-size-array-2.c (internal compiler error)
FAIL: gcc.dg/large-size-array-2.c (test for errors, line 6)
FAIL: gcc.dg/large-size-array-2.c (test for excess errors)
FAIL: gcc.dg/large-size-array-4.c (internal compiler error)
FAIL: gcc.dg/large-size-array-4.c (test for errors, line 6)
FAIL: gcc.dg/large-size-array-4.c (test for excess errors)
FAIL: gcc.dg/setjmp-1.c spurious clobbered warning (test for bogus messages, line 16)
FAIL: gcc.dg/trampoline-1.c execution test
=== gcc Summary ===
# of expected passes 44951
# of unexpected failures 16
# of expected failures 87
# of unresolved testcases 4
# of untested testcases 35
# of unsupported tests 423
/home/mstein/sim/trunk/cris-elf/build/gcc/xgcc version 4.4.0 20080229 (experimental) [trunk revision 132782] (GCC)
Compiler version: 4.4.0 20080229 (experimental) [trunk revision 132782] (GCC) gcc
Platform: cris-axis-elf
configure flags: --target=cris-elf --prefix=/home/mstein/cross-local/cris-elf --enable-languages=c --disable-nls --disable-build-warnings --with-ld=/home/mstein/cross-local/cris-elf/bin/cris-elf-ld --with-as=/home/mstein/cross-local/cris-elf/bin/cris-elf-as --disable-libssp --with-mpfr=/opt/cfarm/mpfr-2.3.1
More information about the Gcc-testresults
mailing list