Results for 4.3.0 20080224 (prerelease) (Debian 20080224-1) testsuite on mips-unknown-linux-gnu
Matthias Klose
doko@debian.org
Sat Mar 1 00:56:00 GMT 2008
LAST_UPDATED:
Target: mips-linux-gnu
gcc version 4.3.0 20080224 (prerelease) (Debian 20080224-1)
Native configuration is mips-unknown-linux-gnu
=== g++ tests ===
Running target unix
=== g++ Summary ===
# of expected passes 17381
# of expected failures 82
# of unsupported tests 134
/srv/ths/debian/gcc-snapshot/gcc-snapshot-20080224/build/gcc/testsuite/g++/../../g++ version 4.3.0 20080224 (prerelease) (Debian 20080224-1)
=== gcc tests ===
Running target unix
=== gcc Summary ===
# of expected passes 47144
# of expected failures 90
# of untested testcases 35
# of unsupported tests 316
/srv/ths/debian/gcc-snapshot/gcc-snapshot-20080224/build/gcc/xgcc version 4.3.0 20080224 (prerelease) (Debian 20080224-1)
=== gfortran tests ===
Running target unix
=== gfortran Summary ===
# of expected passes 23474
# of expected failures 3
# of unsupported tests 116
/srv/ths/debian/gcc-snapshot/gcc-snapshot-20080224/build/gcc/testsuite/gfortran/../../gfortran version 4.3.0 20080224 (prerelease) (Debian 20080224-1)
=== obj-c++ tests ===
Running target unix
UNRESOLVED: obj-c++.dg/lookup-2.mm compilation failed to produce executable
UNRESOLVED: obj-c++.dg/try-catch-2.mm compilation failed to produce executable
UNRESOLVED: obj-c++.dg/try-catch-9.mm compilation failed to produce executable
=== obj-c++ Summary ===
# of expected passes 437
# of expected failures 9
# of unresolved testcases 3
# of unsupported tests 13
/srv/ths/debian/gcc-snapshot/gcc-snapshot-20080224/build/gcc/testsuite/obj-c++/../../g++ version 4.3.0 20080224 (prerelease) (Debian 20080224-1)
=== objc tests ===
Running target unix
=== objc Summary ===
# of expected passes 1812
# of expected failures 7
# of unsupported tests 24
/srv/ths/debian/gcc-snapshot/gcc-snapshot-20080224/build/gcc/xgcc version 4.3.0 20080224 (prerelease) (Debian 20080224-1)
=== treelang tests ===
Running target unix
FAIL: treelang/execute/funccall.tree execution test
FAIL: treelang/execute/initial.tree execution test
FAIL: treelang/execute/static.tree execution test
=== treelang Summary ===
# of expected passes 49
# of unexpected failures 3
=== libffi tests ===
Running target unix
=== libffi Summary ===
# of expected passes 1389
# of unsupported tests 10
=== libgomp tests ===
Running target unix
WARNING: program timed out.
FAIL: libgomp.c/appendix-a/a.18.1.c execution test
WARNING: program timed out.
FAIL: libgomp.c/omp-loop03.c execution test
FAIL: libgomp.c/pr26943-2.c execution test
WARNING: program timed out.
FAIL: libgomp.c/pr29947-1.c execution test
WARNING: program timed out.
FAIL: libgomp.fortran/appendix-a/a.18.1.f90 -O3 -fomit-frame-pointer -funroll-loops execution test
WARNING: program timed out.
FAIL: libgomp.fortran/appendix-a/a10.1.f90 -O0 execution test
WARNING: program timed out.
FAIL: libgomp.fortran/nestedfn2.f90 -O3 -fomit-frame-pointer execution test
WARNING: program timed out.
FAIL: libgomp.fortran/omp_parse4.f90 -O3 -fomit-frame-pointer -funroll-all-loops -finline-functions execution test
WARNING: program timed out.
FAIL: libgomp.fortran/pr29629.f90 -O3 -fomit-frame-pointer execution test
WARNING: program timed out.
FAIL: libgomp.fortran/reduction3.f90 -Os execution test
WARNING: program timed out.
FAIL: libgomp.fortran/reduction5.f90 -O3 -fomit-frame-pointer -funroll-loops execution test
WARNING: program timed out.
FAIL: libgomp.fortran/reduction6.f90 -O3 -fomit-frame-pointer execution test
FAIL: libgomp.fortran/reference1.f90 -O1 execution test
FAIL: libgomp.fortran/reference1.f90 -O2 execution test
FAIL: libgomp.fortran/reference1.f90 -O3 -fomit-frame-pointer execution test
FAIL: libgomp.fortran/reference1.f90 -O3 -fomit-frame-pointer -funroll-loops execution test
FAIL: libgomp.fortran/reference1.f90 -O3 -fomit-frame-pointer -funroll-all-loops -finline-functions execution test
FAIL: libgomp.fortran/reference1.f90 -O3 -g execution test
FAIL: libgomp.fortran/reference1.f90 -Os execution test
WARNING: program timed out.
FAIL: libgomp.fortran/threadprivate2.f90 -O3 -fomit-frame-pointer -funroll-all-loops -finline-functions execution test
WARNING: program timed out.
FAIL: libgomp.fortran/vla3.f90 -O3 -fomit-frame-pointer execution test
=== libgomp Summary ===
# of expected passes 1664
# of unexpected failures 21
# of unsupported tests 7
=== libjava tests ===
Running target unix
=== libjava Summary ===
# of expected passes 2558
=== libmudflap tests ===
Running target unix
FAIL: libmudflap.c++/pass41-frag.cxx execution test
FAIL: libmudflap.c++/pass41-frag.cxx (-static) execution test
FAIL: libmudflap.c++/pass41-frag.cxx ( -O) execution test
FAIL: libmudflap.c++/pass41-frag.cxx (-O2) execution test
FAIL: libmudflap.c++/pass41-frag.cxx (-O3) execution test
=== libmudflap Summary ===
# of expected passes 1844
# of unexpected failures 5
=== libstdc++ tests ===
Running target unix
XPASS: 26_numerics/headers/cmath/c99_classification_macros_c.cc (test for excess errors)
=== libstdc++ Summary ===
# of expected passes 4968
# of unexpected successes 1
# of expected failures 60
# of unsupported tests 326
Compiler version: 4.3.0 20080224 (prerelease) (Debian 20080224-1)
Platform: mips-unknown-linux-gnu
configure flags: -v --with-pkgversion='Debian 20080224-1' --with-bugurl=file:///usr/share/doc/gcc-snapshot/README.Bugs --enable-languages=c,c++,java,fortran,objc,obj-c++,treelang --prefix=/usr/lib/gcc-snapshot --enable-shared --with-system-zlib --disable-nls --enable-clocale=gnu --enable-libstdcxx-debug --enable-java-awt=gtk --enable-gtk-cairo --disable-plugin --with-java-home=/usr/lib/gcc-snapshot/jre --with-ecj-jar=/usr/share/java/eclipse-ecj.jar --enable-objc-gc --enable-mpfr --disable-libssp --disable-werror --build=mips-linux-gnu --host=mips-linux-gnu --target=mips-linux-gnu
BOOT_CFLAGS=
Build Dependencies:
Desired=Unknown/Install/Remove/Purge/Hold
| Status=Not/Installed/Config-files/Unpacked/Failed-config/Half-installed
|/ Err?=(none)/Hold/Reinst-required/X=both-problems (Status,Err: uppercase=bad)
||/ Name Version Description
+++-=================================-==========================-==============================================
ii binutils 2.18.1~cvs20080103-1 The GNU assembler, linker and binary utilities
ii libc6 2.7-8 GNU C Library: Shared libraries
Patches that Debian applied in this version:
cpu-default-i486:
set default 32bit ix86 architecture to i486
multiarch-include:
biarch-include.dpatch
Adds biarch include directories
/usr/local/include/<arch>-linux-gnu
/usr/include/<arch>-linux-gnu
to the system include paths, depending on 32/64 bit mode.
gcc-ice-hack:
Retry the build on an ice, save the calling options and preprocessed
source when the ice is reproducible.
libjava-disable-static:
Disable building the static libjava.
gcc-ice-apport:
Report an ICE to apport (if apport is available
and the environment variable GCC_NOAPPORT is not set)
Counting all warnings,
there are 0 warnings in stage3 of this bootstrap.
Number of warnings per file:
Number of warning types:
More information about the Gcc-testresults
mailing list