Results for 4.4.0 20080627 (experimental) [trunk revision 137168] (GCC) testsuite on hppa-unknown-linux-gnu
John David Anglin
dave@hiauly6.hia.nrc.ca
Sat Jun 28 00:35:00 GMT 2008
LAST_UPDATED: Fri Jun 27 01:14:34 UTC 2008 (revision 137168)
=== acats tests ===
FAIL: cxf3a01
=== acats Summary ===
# of expected passes 2314
# of unexpected failures 1
Native configuration is hppa-unknown-linux-gnu
=== g++ tests ===
Running target unix
FAIL: g++.dg/cdce3.C scan-tree-dump cdce "cdce3.C:68: note: function call is shrink-wrapped into error conditions."
FAIL: g++.dg/cdce3.C scan-tree-dump cdce "cdce3.C:69: note: function call is shrink-wrapped into error conditions."
FAIL: g++.dg/cdce3.C scan-tree-dump cdce "cdce3.C:70: note: function call is shrink-wrapped into error conditions."
FAIL: g++.dg/cdce3.C scan-tree-dump cdce "cdce3.C:71: note: function call is shrink-wrapped into error conditions."
FAIL: g++.dg/cdce3.C scan-tree-dump cdce "cdce3.C:72: note: function call is shrink-wrapped into error conditions."
FAIL: g++.dg/cdce3.C scan-tree-dump cdce "cdce3.C:73: note: function call is shrink-wrapped into error conditions."
FAIL: g++.dg/cdce3.C scan-tree-dump cdce "cdce3.C:74: note: function call is shrink-wrapped into error conditions."
FAIL: g++.dg/cdce3.C scan-tree-dump cdce "cdce3.C:75: note: function call is shrink-wrapped into error conditions."
FAIL: g++.dg/cdce3.C scan-tree-dump cdce "cdce3.C:76: note: function call is shrink-wrapped into error conditions."
FAIL: g++.dg/cdce3.C scan-tree-dump cdce "cdce3.C:77: note: function call is shrink-wrapped into error conditions."
FAIL: g++.dg/cdce3.C scan-tree-dump cdce "cdce3.C:78: note: function call is shrink-wrapped into error conditions."
FAIL: g++.dg/cdce3.C scan-tree-dump cdce "cdce3.C:79: note: function call is shrink-wrapped into error conditions."
FAIL: g++.dg/cdce3.C scan-tree-dump cdce "cdce3.C:80: note: function call is shrink-wrapped into error conditions."
FAIL: g++.dg/cdce3.C scan-tree-dump cdce "cdce3.C:81: note: function call is shrink-wrapped into error conditions."
FAIL: g++.dg/cdce3.C scan-tree-dump cdce "cdce3.C:82: note: function call is shrink-wrapped into error conditions."
FAIL: g++.dg/cdce3.C scan-tree-dump cdce "cdce3.C:83: note: function call is shrink-wrapped into error conditions."
WARNING: program timed out.
FAIL: g++.dg/eh/cleanup1.C (test for excess errors)
FAIL: g++.dg/other/PR23205.C scan-assembler .stabs.*foobar:c=i
FAIL: g++.dg/tree-ssa/pr19637.C scan-tree-dump-times dom1 "return 1;" 3
WARNING: program timed out.
FAIL: g++.dg/torture/pr31863.C -O1 (test for excess errors)
WARNING: program timed out.
FAIL: g++.dg/torture/pr31863.C -O2 (test for excess errors)
WARNING: program timed out.
FAIL: g++.dg/torture/pr31863.C -O3 -fomit-frame-pointer (test for excess errors)
WARNING: program timed out.
FAIL: g++.dg/torture/pr31863.C -O3 -g (test for excess errors)
WARNING: program timed out.
FAIL: g++.dg/torture/pr31863.C -Os (test for excess errors)
=== g++ Summary ===
# of expected passes 17644
# of unexpected failures 24
# of expected failures 82
# of unsupported tests 140
/home/dave/gnu/gcc-4.4/objdir/gcc/testsuite/g++/../../g++ version 4.4.0 20080627 (experimental) [trunk revision 137168] (GCC)
=== gcc tests ===
Running target unix
WARNING: program timed out.
FAIL: gcc.c-torture/compile/20001226-1.c -O0 (test for excess errors)
WARNING: program timed out.
FAIL: gcc.c-torture/compile/20001226-1.c -O1 (test for excess errors)
WARNING: program timed out.
FAIL: gcc.c-torture/compile/20001226-1.c -O2 (test for excess errors)
WARNING: program timed out.
FAIL: gcc.c-torture/compile/20001226-1.c -O3 -fomit-frame-pointer (test for excess errors)
WARNING: program timed out.
FAIL: gcc.c-torture/compile/20001226-1.c -O3 -g (test for excess errors)
WARNING: program timed out.
FAIL: gcc.c-torture/compile/20001226-1.c -Os (test for excess errors)
FAIL: gcc.c-torture/compile/pr11832.c -O0 (internal compiler error)
FAIL: gcc.c-torture/compile/pr11832.c -O1 (internal compiler error)
FAIL: gcc.c-torture/compile/pr11832.c -O2 (internal compiler error)
FAIL: gcc.c-torture/compile/pr11832.c -O3 -fomit-frame-pointer (internal compiler error)
FAIL: gcc.c-torture/compile/pr11832.c -O3 -fomit-frame-pointer -funroll-loops (internal compiler error)
FAIL: gcc.c-torture/compile/pr11832.c -O3 -fomit-frame-pointer -funroll-all-loops -finline-functions (internal compiler error)
FAIL: gcc.c-torture/compile/pr11832.c -O3 -g (internal compiler error)
FAIL: gcc.c-torture/compile/pr11832.c -Os (internal compiler error)
FAIL: gcc.c-torture/compile/pr33009.c -O0 (internal compiler error)
FAIL: gcc.c-torture/compile/pr33009.c -O1 (internal compiler error)
FAIL: gcc.c-torture/compile/pr33009.c -O2 (internal compiler error)
FAIL: gcc.c-torture/compile/pr33009.c -O3 -fomit-frame-pointer (internal compiler error)
FAIL: gcc.c-torture/compile/pr33009.c -O3 -fomit-frame-pointer -funroll-loops (internal compiler error)
FAIL: gcc.c-torture/compile/pr33009.c -O3 -fomit-frame-pointer -funroll-all-loops -finline-functions (internal compiler error)
FAIL: gcc.c-torture/compile/pr33009.c -O3 -g (internal compiler error)
FAIL: gcc.c-torture/compile/pr33009.c -Os (internal compiler error)
FAIL: gcc.dg/debug/dwarf2/var1.c scan-assembler xyzzy[^\\\\n\\\\r]+DW_AT_name
FAIL: gcc.dg/Wstrict-aliasing-float-ptr-int-obj.c (test for warnings, line 14)
FAIL: gcc.dg/Wstrict-aliasing-float-ptr-int-obj.c (test for warnings, line 16)
FAIL: gcc.dg/cdce1.c scan-tree-dump cdce "cdce1.c:16: note: function call is shrink-wrapped into error conditions."
FAIL: gcc.dg/cdce2.c scan-tree-dump cdce "cdce2.c:16: note: function call is shrink-wrapped into error conditions."
FAIL: gcc.dg/pr35729.c scan-rtl-dump-times loop2_invariant "Decided to move invariant" 0
FAIL: gcc.dg/pr36504.c (test for excess errors)
XPASS: gcc.dg/tree-ssa/loadpre1.c scan-tree-dump-times pre "Eliminated: 1" 1
XPASS: gcc.dg/tree-ssa/loop-1.c scan-assembler-times foo 5
XPASS: gcc.dg/tree-ssa/ltrans-3.c scan-tree-dump-times ltrans "transformed loop" 1
=== gcc Summary ===
# of expected passes 46540
# of unexpected failures 29
# of unexpected successes 3
# of expected failures 95
# of unsupported tests 494
/home/dave/gnu/gcc-4.4/objdir/gcc/xgcc version 4.4.0 20080627 (experimental) [trunk revision 137168] (GCC)
=== gfortran tests ===
Running target unix
FAIL: gfortran.dg/ldist-1.f90 -O scan-tree-dump-times ldist "distributed: split to 4 loops" 1
FAIL: gfortran.dg/parameter_array_init_4.f90 -O0 (test for excess errors)
FAIL: gfortran.dg/parameter_array_init_4.f90 -O1 (test for excess errors)
FAIL: gfortran.dg/parameter_array_init_4.f90 -O2 (test for excess errors)
FAIL: gfortran.dg/parameter_array_init_4.f90 -O3 -fomit-frame-pointer (test for excess errors)
FAIL: gfortran.dg/parameter_array_init_4.f90 -O3 -fomit-frame-pointer -funroll-loops (test for excess errors)
FAIL: gfortran.dg/parameter_array_init_4.f90 -O3 -fomit-frame-pointer -funroll-all-loops -finline-functions (test for excess errors)
FAIL: gfortran.dg/parameter_array_init_4.f90 -O3 -g (test for excess errors)
FAIL: gfortran.dg/parameter_array_init_4.f90 -Os (test for excess errors)
FAIL: gfortran.dg/proc_decl_1.f90 -O (test for errors, line 74)
FAIL: gfortran.dg/proc_decl_1.f90 -O (test for excess errors)
=== gfortran Summary ===
# of expected passes 25726
# of unexpected failures 11
# of expected failures 8
# of unsupported tests 246
/home/dave/gnu/gcc-4.4/objdir/gcc/testsuite/gfortran/../../gfortran version 4.4.0 20080627 (experimental) [trunk revision 137168] (GCC)
=== gnat tests ===
Running target unix
=== gnat Summary ===
# of expected passes 508
# of expected failures 6
=== obj-c++ tests ===
Running target unix
UNRESOLVED: obj-c++.dg/bitfield-1.mm compilation failed to produce executable
UNRESOLVED: obj-c++.dg/lookup-2.mm compilation failed to produce executable
UNRESOLVED: obj-c++.dg/try-catch-2.mm compilation failed to produce executable
UNRESOLVED: obj-c++.dg/try-catch-9.mm compilation failed to produce executable
=== obj-c++ Summary ===
# of expected passes 437
# of expected failures 11
# of unresolved testcases 4
# of unsupported tests 13
/home/dave/gnu/gcc-4.4/objdir/gcc/testsuite/obj-c++/../../g++ version 4.4.0 20080627 (experimental) [trunk revision 137168] (GCC)
=== objc tests ===
Running target unix
FAIL: objc.dg/comp-types-4.m (test for warnings, line 70)
FAIL: objc.dg/comp-types-4.m (test for excess errors)
=== objc Summary ===
# of expected passes 1812
# of unexpected failures 2
# of expected failures 7
# of unsupported tests 24
/home/dave/gnu/gcc-4.4/objdir/gcc/xgcc version 4.4.0 20080627 (experimental) [trunk revision 137168] (GCC)
=== libffi tests ===
Running target unix
=== libffi Summary ===
# of expected passes 1389
# of unsupported tests 10
=== libgomp tests ===
Running target unix
=== libgomp Summary ===
# of expected passes 2271
# of unsupported tests 7
=== libjava tests ===
Running target unix
FAIL: /home/dave/gnu/gcc-4.4/gcc/libjava/testsuite/libjava.jar/TestClosureGC.jar output - gij test
FAIL: /home/dave/gnu/gcc-4.4/gcc/libjava/testsuite/libjava.jar/simple.jar output - gij test
FAIL: PR15133 output - gij test
FAIL: PR18116 output - gij test
FAIL: PR28178 output - gij test
FAIL: bytebuffer output - gij test
FAIL: calls output - gij test
FAIL: cxxtest output - gij test
FAIL: directbuffer output - gij test
FAIL: field output - gij test
FAIL: final_method output - gij test
FAIL: findclass output - gij test
FAIL: findclass2 output - gij test
FAIL: iface output - gij test
FAIL: init output - gij test
FAIL: invoke output - gij test
FAIL: jniutf output - gij test
FAIL: martin output - gij test
FAIL: noclass output - gij test
FAIL: overload output - gij test
FAIL: pr11951 output - gij test
FAIL: pr18278 output - gij test
FAIL: pr23739 output - gij test
FAIL: register output - gij test
FAIL: register2 output - gij test
FAIL: simple_int output - gij test
FAIL: throwit output - gij test
FAIL: virtual output - gij test
FAIL: pr29812 output - gij test
FAIL: getargssize output
FAIL: getlocalvartable output
FAIL: getstacktrace output
=== libjava Summary ===
# of expected passes 2542
# of unexpected failures 32
=== libmudflap tests ===
Running target unix
=== libmudflap Summary ===
# of expected passes 1865
=== libstdc++ tests ===
Running target unix
FAIL: abi_check
FAIL: 22_locale/time_get/get_date/wchar_t/4.cc execution test
XPASS: 26_numerics/headers/cmath/c99_classification_macros_c.cc (test for excess errors)
=== libstdc++ Summary ===
# of expected passes 5847
# of unexpected failures 2
# of unexpected successes 1
# of expected failures 77
# of unsupported tests 10
Compiler version: 4.4.0 20080627 (experimental) [trunk revision 137168] (GCC)
Platform: hppa-unknown-linux-gnu
configure flags: --with-gnu-as --with-gnu-ld --enable-shared --prefix=/home/dave/opt/gnu/gcc/gcc-4.4.0 --with-local-prefix=/home/dave/opt/gnu --enable-threads=posix --enable-__cxa_atexit --build=hppa-linux --enable-clocale=gnu --enable-java-gc=boehm --enable-java-awt=xlib --enable-languages=c,c++,objc,fortran,obj-c++,java,ada
More information about the Gcc-testresults
mailing list