Results for 4.3.2 20080626 (prerelease) (GCC) testsuite on arm-none-eabi
CodeSourcery Automatic Testing System
gcc@codesourcery.com
Thu Jun 26 17:52:00 GMT 2008
LAST_UPDATED: Thu Jun 26 13:02:19 UTC 2008 (/branches/gcc-4_3-branch revision 137143)
Target is arm-none-eabi
Host is i686-pc-linux-gnu
=== g++ tests ===
Running target arm-sim-fsf
FAIL: g++.dg/conversion/enum1.C execution test
FAIL: g++.dg/cpp/_Pragma1.C (test for excess errors)
FAIL: g++.dg/ext/java-1.C (test for excess errors)
FAIL: g++.dg/ext/java-2.C (test for excess errors)
FAIL: g++.dg/ext/visibility/arm1.C scan-not-hidden hidden[ \\t_]*_ZTI1S
FAIL: g++.dg/ext/visibility/arm1.C scan-not-hidden hidden[ \\t_]*_ZTS1S
FAIL: g++.dg/ext/visibility/arm1.C scan-not-hidden hidden[ \\t_]*_ZTI1U
FAIL: g++.dg/ext/visibility/arm1.C scan-not-hidden hidden[ \\t_]*_ZTS1U
FAIL: g++.dg/ext/visibility/arm3.C scan-not-hidden hidden[ \\t_]*_ZTI1A
FAIL: g++.dg/ext/visibility/arm3.C scan-not-hidden hidden[ \\t_]*_ZTS1A
FAIL: g++.dg/ext/visibility/arm3.C scan-not-hidden hidden[ \\t_]*_ZTI1B
FAIL: g++.dg/ext/visibility/arm3.C scan-not-hidden hidden[ \\t_]*_ZTS1B
FAIL: g++.dg/init/ref15.C execution test
FAIL: g++.dg/other/anon5.C (test for errors, line 19)
FAIL: g++.dg/other/anon5.C (test for excess errors)
XPASS: g++.dg/other/packed1.C execution test
FAIL: g++.dg/special/initpri1.C execution test
FAIL: g++.old-deja/g++.other/init19.C execution test
=== g++ Summary ===
# of expected passes 16978
# of unexpected failures 17
# of unexpected successes 1
# of expected failures 82
# of unsupported tests 155
/scratch/gcc/nightly-2008-06-25-4.3/arm-none-eabi/obj/test-4.3-0-arm-none-eabi/host-i686-pc-linux-gnu/fsf-4.3/bin/arm-none-eabi-g++ version 4.3.2 20080626 (prerelease) (GCC)
Host is i686-pc-linux-gnu
=== gcc tests ===
Running target arm-sim-fsf
FAIL: gcc.dg/compat/struct-layout-1 c_compat_x_tst.o compile
FAIL: gcc.dg/compat/struct-layout-1 c_compat_y_tst.o compile
UNRESOLVED: gcc.dg/compat/struct-layout-1 c_compat_x_tst.o-c_compat_y_tst.o link
UNRESOLVED: gcc.dg/compat/struct-layout-1 c_compat_x_tst.o-c_compat_y_tst.o execute
FAIL: gcc.dg/cpp/_Pragma6.c (test for excess errors)
FAIL: gcc.dg/fshort-wchar.c (test for excess errors)
UNRESOLVED: gcc.dg/fshort-wchar.c compilation failed to produce executable
FAIL: gcc.dg/initpri1.c execution test
FAIL: gcc.dg/memcpy-1.c scan-tree-dump-times optimized "nasty_local" 0
FAIL: gcc.dg/pr36504.c (test for excess errors)
FAIL: gcc.dg/uninit-13.c unconditional (test for warnings, line 8)
FAIL: gcc.dg/uninit-13.c (test for excess errors)
FAIL: gcc.dg/struct/wo_prof_single_str_global.c execution test
FAIL: gcc.dg/struct/wo_prof_single_str_local.c execution test
FAIL: gcc.dg/struct/wo_prof_single_str_pointer.c execution test
FAIL: gcc.dg/tls/alias-1.c (test for excess errors)
FAIL: gcc.dg/tls/opt-2.c (test for excess errors)
FAIL: gcc.dg/torture/pr34330.c -O0 (test for excess errors)
FAIL: gcc.dg/torture/pr34330.c -O1 (test for excess errors)
FAIL: gcc.dg/torture/pr34330.c -O2 (test for excess errors)
FAIL: gcc.dg/torture/pr34330.c -O3 -fomit-frame-pointer (test for excess errors)
FAIL: gcc.dg/torture/pr34330.c -O3 -fomit-frame-pointer -funroll-loops (test for excess errors)
FAIL: gcc.dg/torture/pr34330.c -O3 -fomit-frame-pointer -funroll-all-loops -finline-functions (test for excess errors)
FAIL: gcc.dg/torture/pr34330.c -O3 -g (test for excess errors)
FAIL: gcc.dg/torture/pr34330.c -Os (test for excess errors)
FAIL: gcc.dg/torture/pr36244.c -O0 (test for excess errors)
FAIL: gcc.dg/torture/pr36244.c -O1 (test for excess errors)
FAIL: gcc.dg/torture/pr36244.c -O2 (test for excess errors)
FAIL: gcc.dg/torture/pr36244.c -O3 -fomit-frame-pointer (test for excess errors)
FAIL: gcc.dg/torture/pr36244.c -O3 -fomit-frame-pointer -funroll-loops (test for excess errors)
FAIL: gcc.dg/torture/pr36244.c -O3 -fomit-frame-pointer -funroll-all-loops -finline-functions (test for excess errors)
FAIL: gcc.dg/torture/pr36244.c -O3 -g (test for excess errors)
FAIL: gcc.dg/torture/pr36244.c -Os (test for excess errors)
FAIL: gcc.dg/tree-ssa/pr36181.c (test for excess errors)
FAIL: gcc.target/arm/neon/polytypes.c (test for errors, line 31)
FAIL: gcc.target/arm/neon/polytypes.c (test for excess errors)
FAIL: gcc.target/arm/neon/vget_lowf32.c scan-assembler vmov[ \\t]+[dD][0-9]+, [dD][0-9]+!?([ \\t]+@[a-zA-Z0-9 ]+)?\\n
FAIL: gcc.target/arm/neon/vget_lowp16.c scan-assembler vmov[ \\t]+[dD][0-9]+, [dD][0-9]+!?([ \\t]+@[a-zA-Z0-9 ]+)?\\n
FAIL: gcc.target/arm/neon/vget_lowp8.c scan-assembler vmov[ \\t]+[dD][0-9]+, [dD][0-9]+!?([ \\t]+@[a-zA-Z0-9 ]+)?\\n
FAIL: gcc.target/arm/neon/vget_lows16.c scan-assembler vmov[ \\t]+[dD][0-9]+, [dD][0-9]+!?([ \\t]+@[a-zA-Z0-9 ]+)?\\n
FAIL: gcc.target/arm/neon/vget_lows32.c scan-assembler vmov[ \\t]+[dD][0-9]+, [dD][0-9]+!?([ \\t]+@[a-zA-Z0-9 ]+)?\\n
FAIL: gcc.target/arm/neon/vget_lows64.c scan-assembler vmov[ \\t]+[dD][0-9]+, [dD][0-9]+!?([ \\t]+@[a-zA-Z0-9 ]+)?\\n
FAIL: gcc.target/arm/neon/vget_lows8.c scan-assembler vmov[ \\t]+[dD][0-9]+, [dD][0-9]+!?([ \\t]+@[a-zA-Z0-9 ]+)?\\n
FAIL: gcc.target/arm/neon/vget_lowu16.c scan-assembler vmov[ \\t]+[dD][0-9]+, [dD][0-9]+!?([ \\t]+@[a-zA-Z0-9 ]+)?\\n
FAIL: gcc.target/arm/neon/vget_lowu32.c scan-assembler vmov[ \\t]+[dD][0-9]+, [dD][0-9]+!?([ \\t]+@[a-zA-Z0-9 ]+)?\\n
FAIL: gcc.target/arm/neon/vget_lowu64.c scan-assembler vmov[ \\t]+[dD][0-9]+, [dD][0-9]+!?([ \\t]+@[a-zA-Z0-9 ]+)?\\n
FAIL: gcc.target/arm/neon/vget_lowu8.c scan-assembler vmov[ \\t]+[dD][0-9]+, [dD][0-9]+!?([ \\t]+@[a-zA-Z0-9 ]+)?\\n
=== gcc Summary ===
# of expected passes 48979
# of unexpected failures 44
# of expected failures 97
# of unresolved testcases 3
# of untested testcases 35
# of unsupported tests 779
/scratch/gcc/nightly-2008-06-25-4.3/arm-none-eabi/obj/test-4.3-0-arm-none-eabi/host-i686-pc-linux-gnu/fsf-4.3/bin/arm-none-eabi-gcc version 4.3.2 20080626 (prerelease) (GCC)
Host is i686-pc-linux-gnu
=== libstdc++ tests ===
Running target arm-sim-fsf
FAIL: 20_util/make_signed/requirements/typedefs-1.cc execution test
FAIL: 20_util/make_unsigned/requirements/typedefs-1.cc execution test
XPASS: ext/stdio_filebuf/char/10063-2.cc execution test
XPASS: ext/stdio_filebuf/char/10063-3.cc execution test
=== libstdc++ Summary ===
# of expected passes 3973
# of unexpected failures 2
# of unexpected successes 2
# of expected failures 64
# of unsupported tests 205
Host is i686-pc-linux-gnu
=== g++ tests ===
Running target arm-sim-fsf/-mthumb
FAIL: g++.dg/conversion/enum1.C execution test
FAIL: g++.dg/cpp/_Pragma1.C (test for excess errors)
FAIL: g++.dg/ext/java-1.C (test for excess errors)
FAIL: g++.dg/ext/java-2.C (test for excess errors)
FAIL: g++.dg/ext/visibility/arm1.C scan-not-hidden hidden[ \\t_]*_ZTI1S
FAIL: g++.dg/ext/visibility/arm1.C scan-not-hidden hidden[ \\t_]*_ZTS1S
FAIL: g++.dg/ext/visibility/arm1.C scan-not-hidden hidden[ \\t_]*_ZTI1U
FAIL: g++.dg/ext/visibility/arm1.C scan-not-hidden hidden[ \\t_]*_ZTS1U
FAIL: g++.dg/ext/visibility/arm3.C scan-not-hidden hidden[ \\t_]*_ZTI1A
FAIL: g++.dg/ext/visibility/arm3.C scan-not-hidden hidden[ \\t_]*_ZTS1A
FAIL: g++.dg/ext/visibility/arm3.C scan-not-hidden hidden[ \\t_]*_ZTI1B
FAIL: g++.dg/ext/visibility/arm3.C scan-not-hidden hidden[ \\t_]*_ZTS1B
FAIL: g++.dg/init/ref15.C execution test
FAIL: g++.dg/other/anon5.C (test for errors, line 19)
FAIL: g++.dg/other/anon5.C (test for excess errors)
XPASS: g++.dg/other/packed1.C execution test
FAIL: g++.dg/special/initpri1.C execution test
FAIL: g++.dg/torture/pr35526.C -O1 (internal compiler error)
FAIL: g++.dg/torture/pr35526.C -O1 (test for excess errors)
FAIL: g++.dg/torture/pr35526.C -O2 (internal compiler error)
FAIL: g++.dg/torture/pr35526.C -O2 (test for excess errors)
FAIL: g++.dg/torture/pr35526.C -O3 -fomit-frame-pointer (internal compiler error)
FAIL: g++.dg/torture/pr35526.C -O3 -fomit-frame-pointer (test for excess errors)
FAIL: g++.dg/torture/pr35526.C -O3 -g (internal compiler error)
FAIL: g++.dg/torture/pr35526.C -O3 -g (test for excess errors)
FAIL: g++.dg/torture/pr35526.C -Os (internal compiler error)
FAIL: g++.dg/torture/pr35526.C -Os (test for excess errors)
FAIL: g++.old-deja/g++.other/init19.C execution test
=== g++ Summary ===
# of expected passes 16937
# of unexpected failures 27
# of unexpected successes 1
# of expected failures 82
# of unsupported tests 159
/scratch/gcc/nightly-2008-06-25-4.3/arm-none-eabi/obj/test-4.3-0-arm-none-eabi/host-i686-pc-linux-gnu/fsf-4.3/bin/arm-none-eabi-g++ version 4.3.2 20080626 (prerelease) (GCC)
Host is i686-pc-linux-gnu
=== gcc tests ===
Running target arm-sim-fsf/-mthumb
FAIL: gcc.dg/compat/struct-layout-1 c_compat_x_tst.o compile
FAIL: gcc.dg/compat/struct-layout-1 c_compat_y_tst.o compile
UNRESOLVED: gcc.dg/compat/struct-layout-1 c_compat_x_tst.o-c_compat_y_tst.o link
UNRESOLVED: gcc.dg/compat/struct-layout-1 c_compat_x_tst.o-c_compat_y_tst.o execute
FAIL: gcc.dg/cpp/_Pragma6.c (test for excess errors)
FAIL: gcc.dg/fshort-wchar.c (test for excess errors)
UNRESOLVED: gcc.dg/fshort-wchar.c compilation failed to produce executable
FAIL: gcc.dg/initpri1.c execution test
FAIL: gcc.dg/memcpy-1.c scan-tree-dump-times optimized "nasty_local" 0
FAIL: gcc.dg/pr36504.c (test for excess errors)
FAIL: gcc.dg/sibcall-3.c execution test
FAIL: gcc.dg/sibcall-4.c execution test
FAIL: gcc.dg/uninit-13.c unconditional (test for warnings, line 8)
FAIL: gcc.dg/uninit-13.c (test for excess errors)
FAIL: gcc.dg/struct/wo_prof_single_str_global.c execution test
FAIL: gcc.dg/struct/wo_prof_single_str_local.c execution test
FAIL: gcc.dg/struct/wo_prof_single_str_pointer.c execution test
FAIL: gcc.dg/tls/alias-1.c (test for excess errors)
FAIL: gcc.dg/tls/opt-2.c (test for excess errors)
FAIL: gcc.dg/torture/pr34330.c -O0 (test for excess errors)
FAIL: gcc.dg/torture/pr34330.c -O1 (test for excess errors)
FAIL: gcc.dg/torture/pr34330.c -O2 (test for excess errors)
FAIL: gcc.dg/torture/pr34330.c -O3 -fomit-frame-pointer (test for excess errors)
FAIL: gcc.dg/torture/pr34330.c -O3 -fomit-frame-pointer -funroll-loops (test for excess errors)
FAIL: gcc.dg/torture/pr34330.c -O3 -fomit-frame-pointer -funroll-all-loops -finline-functions (test for excess errors)
FAIL: gcc.dg/torture/pr34330.c -O3 -g (test for excess errors)
FAIL: gcc.dg/torture/pr34330.c -Os (test for excess errors)
FAIL: gcc.dg/torture/pr36244.c -O0 (test for excess errors)
FAIL: gcc.dg/torture/pr36244.c -O1 (test for excess errors)
FAIL: gcc.dg/torture/pr36244.c -O2 (test for excess errors)
FAIL: gcc.dg/torture/pr36244.c -O3 -fomit-frame-pointer (test for excess errors)
FAIL: gcc.dg/torture/pr36244.c -O3 -fomit-frame-pointer -funroll-loops (test for excess errors)
FAIL: gcc.dg/torture/pr36244.c -O3 -fomit-frame-pointer -funroll-all-loops -finline-functions (test for excess errors)
FAIL: gcc.dg/torture/pr36244.c -O3 -g (test for excess errors)
FAIL: gcc.dg/torture/pr36244.c -Os (test for excess errors)
FAIL: gcc.dg/tree-ssa/pr36181.c (test for excess errors)
=== gcc Summary ===
# of expected passes 45120
# of unexpected failures 33
# of expected failures 87
# of unresolved testcases 3
# of untested testcases 35
# of unsupported tests 2276
/scratch/gcc/nightly-2008-06-25-4.3/arm-none-eabi/obj/test-4.3-0-arm-none-eabi/host-i686-pc-linux-gnu/fsf-4.3/bin/arm-none-eabi-gcc version 4.3.2 20080626 (prerelease) (GCC)
Host is i686-pc-linux-gnu
=== libstdc++ tests ===
Running target arm-sim-fsf/-mthumb
FAIL: 20_util/make_signed/requirements/typedefs-1.cc execution test
FAIL: 20_util/make_unsigned/requirements/typedefs-1.cc execution test
XPASS: ext/stdio_filebuf/char/10063-2.cc execution test
XPASS: ext/stdio_filebuf/char/10063-3.cc execution test
=== libstdc++ Summary ===
# of expected passes 3973
# of unexpected failures 2
# of unexpected successes 2
# of expected failures 64
# of unsupported tests 205
Compiler version: 4.3.2 20080626 (prerelease) (GCC)
Platform: arm-none-eabi
configure flags: --build=i686-pc-linux-gnu --host=i686-pc-linux-gnu --target=arm-none-eabi --enable-threads --disable-libmudflap --disable-libssp --disable-libgomp --disable-libstdcxx-pch --with-gnu-as --with-gnu-ld --enable-languages=c,c++ --disable-shared --with-newlib --disable-nls --prefix=/opt/codesourcery --with-headers=yes --with-sysroot=/opt/codesourcery/arm-none-eabi --with-build-sysroot=/scratch/gcc/nightly-2008-06-25-4.3/arm-none-eabi/install/arm-none-eabi --with-gmp=/scratch/gcc/nightly-2008-06-25-4.3/arm-none-eabi/obj/host-libs-4.3-0-arm-none-eabi-i686-pc-linux-gnu/usr --with-mpfr=/scratch/gcc/nightly-2008-06-25-4.3/arm-none-eabi/obj/host-libs-4.3-0-arm-none-eabi-i686-pc-linux-gnu/usr --enable-poison-system-directories --with-build-time-tools=/scratch/gcc/nightly-2008-06-25-4.3/arm-none-eabi/install/arm-none-eabi/bin --with-build-time-tools=/scratch/gcc/nightly-2008-06-25-4.3/arm-none-eabi/install/arm-none-eabi/bin
More information about the Gcc-testresults
mailing list