Results for 4.4.0 20080618 (experimental) [trunk revision 136898] (GCC) testsuite on x86_64-unknown-linux-gnu
Joey Ye
jye2@shgcc-2.sh.intel.com
Wed Jun 18 23:54:00 GMT 2008
LAST_UPDATED: Wed Jun 18 17:01:35 UTC 2008 (revision 136898)
Native configuration is x86_64-unknown-linux-gnu
=== g++ tests ===
Running target unix/-m32
FAIL: g++.dg/tree-ssa/pr19637.C scan-tree-dump-times dom1 "return 1;" 3
=== g++ Summary for unix/-m32 ===
# of expected passes 17774
# of unexpected failures 1
# of expected failures 82
# of unsupported tests 90
Running target unix
FAIL: g++.dg/tree-ssa/pr19637.C scan-tree-dump-times dom1 "return 1;" 3
=== g++ Summary for unix ===
# of expected passes 17683
# of unexpected failures 1
# of expected failures 82
# of unsupported tests 121
=== g++ Summary ===
# of expected passes 35457
# of unexpected failures 2
# of expected failures 164
# of unsupported tests 211
/home/jye2/gcc/build-daily/gcc/testsuite/g++/../../g++ version 4.4.0 20080618 (experimental) [trunk revision 136898] (GCC)
=== gcc tests ===
Running target unix/-m32
FAIL: gcc.dg/Wstrict-aliasing-float-ptr-int-obj.c (test for warnings, line 14)
FAIL: gcc.dg/Wstrict-aliasing-float-ptr-int-obj.c (test for warnings, line 16)
FAIL: gcc.dg/pr30286.c execution test
FAIL: gcc.dg/torture/builtin-math-4.c -O0 (test for excess errors)
FAIL: gcc.dg/torture/builtin-math-4.c -O1 (test for excess errors)
FAIL: gcc.dg/torture/builtin-math-4.c -O2 (test for excess errors)
FAIL: gcc.dg/torture/builtin-math-4.c -O3 -fomit-frame-pointer (test for excess errors)
FAIL: gcc.dg/torture/builtin-math-4.c -O3 -fomit-frame-pointer -funroll-loops (test for excess errors)
FAIL: gcc.dg/torture/builtin-math-4.c -O3 -fomit-frame-pointer -funroll-all-loops -finline-functions (test for excess errors)
FAIL: gcc.dg/torture/builtin-math-4.c -O3 -g (test for excess errors)
FAIL: gcc.dg/torture/builtin-math-4.c -Os (test for excess errors)
XPASS: gcc.dg/tree-ssa/loadpre1.c scan-tree-dump-times pre "Eliminated: 1" 1
XPASS: gcc.dg/tree-ssa/ltrans-3.c scan-tree-dump-times ltrans "transformed loop" 1
FAIL: gcc.dg/weak/weak-6.c (test for errors, line 5)
FAIL: gcc.dg/weak/weak-6.c (test for excess errors)
FAIL: gcc.dg/weak/weak-7.c (test for errors, line 5)
FAIL: gcc.dg/weak/weak-7.c (test for excess errors)
=== gcc Summary for unix/-m32 ===
# of expected passes 50219
# of unexpected failures 15
# of unexpected successes 2
# of expected failures 172
# of unsupported tests 422
Running target unix
FAIL: gcc.dg/Wstrict-aliasing-float-ptr-int-obj.c (test for warnings, line 14)
FAIL: gcc.dg/Wstrict-aliasing-float-ptr-int-obj.c (test for warnings, line 16)
FAIL: gcc.dg/torture/builtin-math-4.c -O0 (test for excess errors)
FAIL: gcc.dg/torture/builtin-math-4.c -O1 (test for excess errors)
FAIL: gcc.dg/torture/builtin-math-4.c -O2 (test for excess errors)
FAIL: gcc.dg/torture/builtin-math-4.c -O3 -fomit-frame-pointer (test for excess errors)
FAIL: gcc.dg/torture/builtin-math-4.c -O3 -fomit-frame-pointer -funroll-loops (test for excess errors)
FAIL: gcc.dg/torture/builtin-math-4.c -O3 -fomit-frame-pointer -funroll-all-loops -finline-functions (test for excess errors)
FAIL: gcc.dg/torture/builtin-math-4.c -O3 -g (test for excess errors)
FAIL: gcc.dg/torture/builtin-math-4.c -Os (test for excess errors)
FAIL: gcc.dg/tree-prof/pr34999.c compilation, -fprofile-use -D_PROFILE_USE
UNRESOLVED: gcc.dg/tree-prof/pr34999.c execution, -fprofile-use -D_PROFILE_USE
XPASS: gcc.dg/tree-ssa/loadpre1.c scan-tree-dump-times pre "Eliminated: 1" 1
XPASS: gcc.dg/tree-ssa/ltrans-3.c scan-tree-dump-times ltrans "transformed loop" 1
FAIL: gcc.dg/weak/weak-6.c (test for errors, line 5)
FAIL: gcc.dg/weak/weak-6.c (test for excess errors)
FAIL: gcc.dg/weak/weak-7.c (test for errors, line 5)
FAIL: gcc.dg/weak/weak-7.c (test for excess errors)
=== gcc Summary for unix ===
# of expected passes 50094
# of unexpected failures 15
# of unexpected successes 2
# of expected failures 172
# of unresolved testcases 1
# of unsupported tests 528
=== gcc Summary ===
# of expected passes 100313
# of unexpected failures 30
# of unexpected successes 4
# of expected failures 344
# of unresolved testcases 1
# of unsupported tests 950
/home/jye2/gcc/build-daily/gcc/xgcc version 4.4.0 20080618 (experimental) [trunk revision 136898] (GCC)
=== gfortran tests ===
Running target unix/-m32
FAIL: gfortran.dg/bessel_2.f90 -O (test for excess errors)
FAIL: gfortran.dg/parameter_array_init_4.f90 -O0 (test for excess errors)
FAIL: gfortran.dg/parameter_array_init_4.f90 -O1 (test for excess errors)
FAIL: gfortran.dg/parameter_array_init_4.f90 -O2 (test for excess errors)
FAIL: gfortran.dg/parameter_array_init_4.f90 -O3 -fomit-frame-pointer (test for excess errors)
FAIL: gfortran.dg/parameter_array_init_4.f90 -O3 -fomit-frame-pointer -funroll-loops (test for excess errors)
FAIL: gfortran.dg/parameter_array_init_4.f90 -O3 -fomit-frame-pointer -funroll-all-loops -finline-functions (test for excess errors)
FAIL: gfortran.dg/parameter_array_init_4.f90 -O3 -g (test for excess errors)
FAIL: gfortran.dg/parameter_array_init_4.f90 -Os (test for excess errors)
=== gfortran Summary for unix/-m32 ===
# of expected passes 26577
# of unexpected failures 9
# of expected failures 8
# of unsupported tests 89
Running target unix
FAIL: gfortran.dg/bessel_2.f90 -O (test for excess errors)
FAIL: gfortran.dg/parameter_array_init_4.f90 -O0 (test for excess errors)
FAIL: gfortran.dg/parameter_array_init_4.f90 -O1 (test for excess errors)
FAIL: gfortran.dg/parameter_array_init_4.f90 -O2 (test for excess errors)
FAIL: gfortran.dg/parameter_array_init_4.f90 -O3 -fomit-frame-pointer (test for excess errors)
FAIL: gfortran.dg/parameter_array_init_4.f90 -O3 -fomit-frame-pointer -funroll-loops (test for excess errors)
FAIL: gfortran.dg/parameter_array_init_4.f90 -O3 -fomit-frame-pointer -funroll-all-loops -finline-functions (test for excess errors)
FAIL: gfortran.dg/parameter_array_init_4.f90 -O3 -g (test for excess errors)
FAIL: gfortran.dg/parameter_array_init_4.f90 -Os (test for excess errors)
=== gfortran Summary for unix ===
# of expected passes 26692
# of unexpected failures 9
# of expected failures 8
# of unsupported tests 34
=== gfortran Summary ===
# of expected passes 53269
# of unexpected failures 18
# of expected failures 16
# of unsupported tests 123
/home/jye2/gcc/build-daily/gcc/testsuite/gfortran/../../gfortran version 4.4.0 20080618 (experimental) [trunk revision 136898] (GCC)
=== objc tests ===
Running target unix/-m32
=== objc Summary for unix/-m32 ===
# of expected passes 1814
# of expected failures 7
# of unsupported tests 24
Running target unix
=== objc Summary for unix ===
# of expected passes 1814
# of expected failures 7
# of unsupported tests 24
=== objc Summary ===
# of expected passes 3628
# of expected failures 14
# of unsupported tests 48
/home/jye2/gcc/build-daily/gcc/xgcc version 4.4.0 20080618 (experimental) [trunk revision 136898] (GCC)
=== libffi tests ===
Running target unix/-m32
=== libffi Summary for unix/-m32 ===
# of expected passes 1389
# of unsupported tests 10
Running target unix
=== libffi Summary for unix ===
# of expected passes 1389
# of unsupported tests 10
=== libffi Summary ===
# of expected passes 2778
# of unsupported tests 20
=== libgomp tests ===
Running target unix/-m32
=== libgomp Summary for unix/-m32 ===
# of expected passes 2267
Running target unix
=== libgomp Summary for unix ===
# of expected passes 2267
=== libgomp Summary ===
# of expected passes 4534
=== libjava tests ===
Running target unix/-m32
=== libjava Summary for unix/-m32 ===
# of expected passes 2574
Running target unix
=== libjava Summary for unix ===
# of expected passes 2574
=== libjava Summary ===
# of expected passes 5148
=== libmudflap tests ===
Running target unix/-m32
=== libmudflap Summary for unix/-m32 ===
# of expected passes 1865
Running target unix
=== libmudflap Summary for unix ===
# of expected passes 1865
=== libmudflap Summary ===
# of expected passes 3730
=== libstdc++ tests ===
Running target unix/-m32
XPASS: 26_numerics/headers/cmath/c99_classification_macros_c.cc (test for excess errors)
=== libstdc++ Summary for unix/-m32 ===
# of expected passes 5801
# of unexpected successes 1
# of expected failures 75
# of unsupported tests 10
Running target unix
XPASS: 26_numerics/headers/cmath/c99_classification_macros_c.cc (test for excess errors)
=== libstdc++ Summary for unix ===
# of expected passes 5801
# of unexpected successes 1
# of expected failures 75
# of unsupported tests 10
=== libstdc++ Summary ===
# of expected passes 11602
# of unexpected successes 2
# of expected failures 150
# of unsupported tests 20
Compiler version: 4.4.0 20080618 (experimental) [trunk revision 136898] (GCC)
Platform: x86_64-unknown-linux-gnu
configure flags: --enable-clocale=gnu --with-system-zlib --enable-decimal-float=bid --with-demangler-in-ld --enable-shared --enable-threads=posix --enable-haifa --enable-checking=assert
More information about the Gcc-testresults
mailing list