Results for 4.4.0 20080611 (experimental) [stack revision 136725] (GCC) testsuite on x86_64-unknown-linux-gnu
Mike Stein
mstein.lists@googlemail.com
Fri Jun 13 21:58:00 GMT 2008
LAST_UPDATED: Thu Jun 12 22:13:39 UTC 2008 (revision 136725)
Native configuration is x86_64-unknown-linux-gnu
=== gcc tests ===
Running target unix/
FAIL: gcc.c-torture/compile/limits-structnest.c -O2 (test for excess errors)
FAIL: gcc.c-torture/compile/limits-structnest.c -O3 -fomit-frame-pointer (test for excess errors)
FAIL: gcc.c-torture/compile/limits-structnest.c -O3 -g (test for excess errors)
FAIL: gcc.c-torture/compile/limits-structnest.c -Os (test for excess errors)
FAIL: gcc.dg/torture/stackalign/alloca-1.c -O0 (internal compiler error)
FAIL: gcc.dg/torture/stackalign/alloca-1.c -O0 (test for excess errors)
UNRESOLVED: gcc.dg/torture/stackalign/alloca-1.c -O0 compilation failed to produce executable
FAIL: gcc.dg/torture/stackalign/alloca-1.c -O1 (internal compiler error)
FAIL: gcc.dg/torture/stackalign/alloca-1.c -O1 (test for excess errors)
UNRESOLVED: gcc.dg/torture/stackalign/alloca-1.c -O1 compilation failed to produce executable
FAIL: gcc.dg/torture/stackalign/alloca-1.c -O2 (internal compiler error)
FAIL: gcc.dg/torture/stackalign/alloca-1.c -O2 (test for excess errors)
UNRESOLVED: gcc.dg/torture/stackalign/alloca-1.c -O2 compilation failed to produce executable
FAIL: gcc.dg/torture/stackalign/alloca-1.c -O3 -fomit-frame-pointer (internal compiler error)
FAIL: gcc.dg/torture/stackalign/alloca-1.c -O3 -fomit-frame-pointer (test for excess errors)
UNRESOLVED: gcc.dg/torture/stackalign/alloca-1.c -O3 -fomit-frame-pointer compilation failed to produce executable
FAIL: gcc.dg/torture/stackalign/alloca-1.c -O3 -g (internal compiler error)
FAIL: gcc.dg/torture/stackalign/alloca-1.c -O3 -g (test for excess errors)
UNRESOLVED: gcc.dg/torture/stackalign/alloca-1.c -O3 -g compilation failed to produce executable
FAIL: gcc.dg/torture/stackalign/alloca-1.c -Os (internal compiler error)
FAIL: gcc.dg/torture/stackalign/alloca-1.c -Os (test for excess errors)
UNRESOLVED: gcc.dg/torture/stackalign/alloca-1.c -Os compilation failed to produce executable
FAIL: gcc.dg/torture/stackalign/builtin-apply-1.c -O0 (internal compiler error)
FAIL: gcc.dg/torture/stackalign/builtin-apply-1.c -O0 (test for excess errors)
FAIL: gcc.dg/torture/stackalign/builtin-apply-1.c -O1 (internal compiler error)
FAIL: gcc.dg/torture/stackalign/builtin-apply-1.c -O1 (test for excess errors)
FAIL: gcc.dg/torture/stackalign/builtin-apply-1.c -O2 (internal compiler error)
FAIL: gcc.dg/torture/stackalign/builtin-apply-1.c -O2 (test for excess errors)
FAIL: gcc.dg/torture/stackalign/builtin-apply-1.c -O3 -fomit-frame-pointer (internal compiler error)
FAIL: gcc.dg/torture/stackalign/builtin-apply-1.c -O3 -fomit-frame-pointer (test for excess errors)
FAIL: gcc.dg/torture/stackalign/builtin-apply-1.c -O3 -g (internal compiler error)
FAIL: gcc.dg/torture/stackalign/builtin-apply-1.c -O3 -g (test for excess errors)
FAIL: gcc.dg/torture/stackalign/builtin-apply-1.c -Os (internal compiler error)
FAIL: gcc.dg/torture/stackalign/builtin-apply-1.c -Os (test for excess errors)
FAIL: gcc.dg/torture/stackalign/builtin-apply-2.c -O0 (internal compiler error)
FAIL: gcc.dg/torture/stackalign/builtin-apply-2.c -O0 (test for excess errors)
UNRESOLVED: gcc.dg/torture/stackalign/builtin-apply-2.c -O0 compilation failed to produce executable
FAIL: gcc.dg/torture/stackalign/builtin-apply-2.c -O1 (internal compiler error)
FAIL: gcc.dg/torture/stackalign/builtin-apply-2.c -O1 (test for excess errors)
UNRESOLVED: gcc.dg/torture/stackalign/builtin-apply-2.c -O1 compilation failed to produce executable
FAIL: gcc.dg/torture/stackalign/builtin-apply-2.c -O2 (internal compiler error)
FAIL: gcc.dg/torture/stackalign/builtin-apply-2.c -O2 (test for excess errors)
UNRESOLVED: gcc.dg/torture/stackalign/builtin-apply-2.c -O2 compilation failed to produce executable
FAIL: gcc.dg/torture/stackalign/builtin-apply-2.c -O3 -fomit-frame-pointer (internal compiler error)
FAIL: gcc.dg/torture/stackalign/builtin-apply-2.c -O3 -fomit-frame-pointer (test for excess errors)
UNRESOLVED: gcc.dg/torture/stackalign/builtin-apply-2.c -O3 -fomit-frame-pointer compilation failed to produce executable
FAIL: gcc.dg/torture/stackalign/builtin-apply-2.c -O3 -g (internal compiler error)
FAIL: gcc.dg/torture/stackalign/builtin-apply-2.c -O3 -g (test for excess errors)
UNRESOLVED: gcc.dg/torture/stackalign/builtin-apply-2.c -O3 -g compilation failed to produce executable
FAIL: gcc.dg/torture/stackalign/builtin-apply-2.c -Os (internal compiler error)
FAIL: gcc.dg/torture/stackalign/builtin-apply-2.c -Os (test for excess errors)
UNRESOLVED: gcc.dg/torture/stackalign/builtin-apply-2.c -Os compilation failed to produce executable
FAIL: gcc.dg/torture/stackalign/builtin-apply-3.c -O0 (internal compiler error)
FAIL: gcc.dg/torture/stackalign/builtin-apply-3.c -O0 (test for excess errors)
UNRESOLVED: gcc.dg/torture/stackalign/builtin-apply-3.c -O0 compilation failed to produce executable
FAIL: gcc.dg/torture/stackalign/builtin-apply-3.c -O1 (internal compiler error)
FAIL: gcc.dg/torture/stackalign/builtin-apply-3.c -O1 (test for excess errors)
UNRESOLVED: gcc.dg/torture/stackalign/builtin-apply-3.c -O1 compilation failed to produce executable
FAIL: gcc.dg/torture/stackalign/builtin-apply-3.c -O2 (internal compiler error)
FAIL: gcc.dg/torture/stackalign/builtin-apply-3.c -O2 (test for excess errors)
UNRESOLVED: gcc.dg/torture/stackalign/builtin-apply-3.c -O2 compilation failed to produce executable
FAIL: gcc.dg/torture/stackalign/builtin-apply-3.c -O3 -fomit-frame-pointer (internal compiler error)
FAIL: gcc.dg/torture/stackalign/builtin-apply-3.c -O3 -fomit-frame-pointer (test for excess errors)
UNRESOLVED: gcc.dg/torture/stackalign/builtin-apply-3.c -O3 -fomit-frame-pointer compilation failed to produce executable
FAIL: gcc.dg/torture/stackalign/builtin-apply-3.c -O3 -g (internal compiler error)
FAIL: gcc.dg/torture/stackalign/builtin-apply-3.c -O3 -g (test for excess errors)
UNRESOLVED: gcc.dg/torture/stackalign/builtin-apply-3.c -O3 -g compilation failed to produce executable
FAIL: gcc.dg/torture/stackalign/builtin-apply-3.c -Os (internal compiler error)
FAIL: gcc.dg/torture/stackalign/builtin-apply-3.c -Os (test for excess errors)
UNRESOLVED: gcc.dg/torture/stackalign/builtin-apply-3.c -Os compilation failed to produce executable
FAIL: gcc.dg/torture/stackalign/builtin-apply-4.c -O0 (internal compiler error)
FAIL: gcc.dg/torture/stackalign/builtin-apply-4.c -O0 (test for excess errors)
UNRESOLVED: gcc.dg/torture/stackalign/builtin-apply-4.c -O0 compilation failed to produce executable
FAIL: gcc.dg/torture/stackalign/builtin-apply-4.c -O1 (internal compiler error)
FAIL: gcc.dg/torture/stackalign/builtin-apply-4.c -O1 (test for excess errors)
UNRESOLVED: gcc.dg/torture/stackalign/builtin-apply-4.c -O1 compilation failed to produce executable
FAIL: gcc.dg/torture/stackalign/builtin-apply-4.c -O2 (internal compiler error)
FAIL: gcc.dg/torture/stackalign/builtin-apply-4.c -O2 (test for excess errors)
UNRESOLVED: gcc.dg/torture/stackalign/builtin-apply-4.c -O2 compilation failed to produce executable
FAIL: gcc.dg/torture/stackalign/builtin-apply-4.c -O3 -fomit-frame-pointer (internal compiler error)
FAIL: gcc.dg/torture/stackalign/builtin-apply-4.c -O3 -fomit-frame-pointer (test for excess errors)
UNRESOLVED: gcc.dg/torture/stackalign/builtin-apply-4.c -O3 -fomit-frame-pointer compilation failed to produce executable
FAIL: gcc.dg/torture/stackalign/builtin-apply-4.c -O3 -g (internal compiler error)
FAIL: gcc.dg/torture/stackalign/builtin-apply-4.c -O3 -g (test for excess errors)
UNRESOLVED: gcc.dg/torture/stackalign/builtin-apply-4.c -O3 -g compilation failed to produce executable
FAIL: gcc.dg/torture/stackalign/builtin-apply-4.c -Os (internal compiler error)
FAIL: gcc.dg/torture/stackalign/builtin-apply-4.c -Os (test for excess errors)
UNRESOLVED: gcc.dg/torture/stackalign/builtin-apply-4.c -Os compilation failed to produce executable
FAIL: gcc.dg/torture/stackalign/builtin-return-1.c -O0 (internal compiler error)
FAIL: gcc.dg/torture/stackalign/builtin-return-1.c -O0 (test for excess errors)
UNRESOLVED: gcc.dg/torture/stackalign/builtin-return-1.c -O0 compilation failed to produce executable
FAIL: gcc.dg/torture/stackalign/builtin-return-1.c -O1 (internal compiler error)
FAIL: gcc.dg/torture/stackalign/builtin-return-1.c -O1 (test for excess errors)
UNRESOLVED: gcc.dg/torture/stackalign/builtin-return-1.c -O1 compilation failed to produce executable
FAIL: gcc.dg/torture/stackalign/builtin-return-1.c -O2 (internal compiler error)
FAIL: gcc.dg/torture/stackalign/builtin-return-1.c -O2 (test for excess errors)
UNRESOLVED: gcc.dg/torture/stackalign/builtin-return-1.c -O2 compilation failed to produce executable
FAIL: gcc.dg/torture/stackalign/builtin-return-1.c -O3 -fomit-frame-pointer (internal compiler error)
FAIL: gcc.dg/torture/stackalign/builtin-return-1.c -O3 -fomit-frame-pointer (test for excess errors)
UNRESOLVED: gcc.dg/torture/stackalign/builtin-return-1.c -O3 -fomit-frame-pointer compilation failed to produce executable
FAIL: gcc.dg/torture/stackalign/builtin-return-1.c -O3 -g (internal compiler error)
FAIL: gcc.dg/torture/stackalign/builtin-return-1.c -O3 -g (test for excess errors)
UNRESOLVED: gcc.dg/torture/stackalign/builtin-return-1.c -O3 -g compilation failed to produce executable
FAIL: gcc.dg/torture/stackalign/builtin-return-1.c -Os (internal compiler error)
FAIL: gcc.dg/torture/stackalign/builtin-return-1.c -Os (test for excess errors)
UNRESOLVED: gcc.dg/torture/stackalign/builtin-return-1.c -Os compilation failed to produce executable
FAIL: gcc.dg/torture/stackalign/comp-goto-1.c -O0 (internal compiler error)
FAIL: gcc.dg/torture/stackalign/comp-goto-1.c -O0 (test for excess errors)
UNRESOLVED: gcc.dg/torture/stackalign/comp-goto-1.c -O0 compilation failed to produce executable
FAIL: gcc.dg/torture/stackalign/inline-2.c -O0 (internal compiler error)
FAIL: gcc.dg/torture/stackalign/inline-2.c -O0 (test for excess errors)
UNRESOLVED: gcc.dg/torture/stackalign/inline-2.c -O0 compilation failed to produce executable
FAIL: gcc.dg/torture/stackalign/inline-2.c -O1 (internal compiler error)
FAIL: gcc.dg/torture/stackalign/inline-2.c -O1 (test for excess errors)
UNRESOLVED: gcc.dg/torture/stackalign/inline-2.c -O1 compilation failed to produce executable
FAIL: gcc.dg/torture/stackalign/inline-2.c -O2 (internal compiler error)
FAIL: gcc.dg/torture/stackalign/inline-2.c -O2 (test for excess errors)
UNRESOLVED: gcc.dg/torture/stackalign/inline-2.c -O2 compilation failed to produce executable
FAIL: gcc.dg/torture/stackalign/inline-2.c -O3 -fomit-frame-pointer (internal compiler error)
FAIL: gcc.dg/torture/stackalign/inline-2.c -O3 -fomit-frame-pointer (test for excess errors)
UNRESOLVED: gcc.dg/torture/stackalign/inline-2.c -O3 -fomit-frame-pointer compilation failed to produce executable
FAIL: gcc.dg/torture/stackalign/inline-2.c -O3 -g (internal compiler error)
FAIL: gcc.dg/torture/stackalign/inline-2.c -O3 -g (test for excess errors)
UNRESOLVED: gcc.dg/torture/stackalign/inline-2.c -O3 -g compilation failed to produce executable
FAIL: gcc.dg/torture/stackalign/inline-2.c -Os (internal compiler error)
FAIL: gcc.dg/torture/stackalign/inline-2.c -Os (test for excess errors)
UNRESOLVED: gcc.dg/torture/stackalign/inline-2.c -Os compilation failed to produce executable
FAIL: gcc.dg/torture/stackalign/nested-3.c -O0 (internal compiler error)
FAIL: gcc.dg/torture/stackalign/nested-3.c -O0 (test for excess errors)
UNRESOLVED: gcc.dg/torture/stackalign/nested-3.c -O0 compilation failed to produce executable
FAIL: gcc.dg/torture/stackalign/nested-3.c -O1 (internal compiler error)
FAIL: gcc.dg/torture/stackalign/nested-3.c -O1 (test for excess errors)
UNRESOLVED: gcc.dg/torture/stackalign/nested-3.c -O1 compilation failed to produce executable
FAIL: gcc.dg/torture/stackalign/nested-3.c -O2 (internal compiler error)
FAIL: gcc.dg/torture/stackalign/nested-3.c -O2 (test for excess errors)
UNRESOLVED: gcc.dg/torture/stackalign/nested-3.c -O2 compilation failed to produce executable
FAIL: gcc.dg/torture/stackalign/nested-3.c -O3 -fomit-frame-pointer (internal compiler error)
FAIL: gcc.dg/torture/stackalign/nested-3.c -O3 -fomit-frame-pointer (test for excess errors)
UNRESOLVED: gcc.dg/torture/stackalign/nested-3.c -O3 -fomit-frame-pointer compilation failed to produce executable
FAIL: gcc.dg/torture/stackalign/nested-3.c -O3 -g (internal compiler error)
FAIL: gcc.dg/torture/stackalign/nested-3.c -O3 -g (test for excess errors)
UNRESOLVED: gcc.dg/torture/stackalign/nested-3.c -O3 -g compilation failed to produce executable
FAIL: gcc.dg/torture/stackalign/nested-3.c -Os (internal compiler error)
FAIL: gcc.dg/torture/stackalign/nested-3.c -Os (test for excess errors)
UNRESOLVED: gcc.dg/torture/stackalign/nested-3.c -Os compilation failed to produce executable
FAIL: gcc.dg/torture/stackalign/nested-4.c -O0 (internal compiler error)
FAIL: gcc.dg/torture/stackalign/nested-4.c -O0 (test for excess errors)
UNRESOLVED: gcc.dg/torture/stackalign/nested-4.c -O0 compilation failed to produce executable
FAIL: gcc.dg/torture/stackalign/nested-4.c -O1 (internal compiler error)
FAIL: gcc.dg/torture/stackalign/nested-4.c -O1 (test for excess errors)
UNRESOLVED: gcc.dg/torture/stackalign/nested-4.c -O1 compilation failed to produce executable
FAIL: gcc.dg/torture/stackalign/nested-4.c -O2 (internal compiler error)
FAIL: gcc.dg/torture/stackalign/nested-4.c -O2 (test for excess errors)
UNRESOLVED: gcc.dg/torture/stackalign/nested-4.c -O2 compilation failed to produce executable
FAIL: gcc.dg/torture/stackalign/nested-4.c -Os (internal compiler error)
FAIL: gcc.dg/torture/stackalign/nested-4.c -Os (test for excess errors)
UNRESOLVED: gcc.dg/torture/stackalign/nested-4.c -Os compilation failed to produce executable
FAIL: gcc.dg/torture/stackalign/nested-5.c -O0 (internal compiler error)
FAIL: gcc.dg/torture/stackalign/nested-5.c -O0 (test for excess errors)
UNRESOLVED: gcc.dg/torture/stackalign/nested-5.c -O0 compilation failed to produce executable
FAIL: gcc.dg/torture/stackalign/nested-5.c -O1 (internal compiler error)
FAIL: gcc.dg/torture/stackalign/nested-5.c -O1 (test for excess errors)
UNRESOLVED: gcc.dg/torture/stackalign/nested-5.c -O1 compilation failed to produce executable
FAIL: gcc.dg/torture/stackalign/nested-5.c -O2 (internal compiler error)
FAIL: gcc.dg/torture/stackalign/nested-5.c -O2 (test for excess errors)
UNRESOLVED: gcc.dg/torture/stackalign/nested-5.c -O2 compilation failed to produce executable
FAIL: gcc.dg/torture/stackalign/nested-5.c -O3 -fomit-frame-pointer (internal compiler error)
FAIL: gcc.dg/torture/stackalign/nested-5.c -O3 -fomit-frame-pointer (test for excess errors)
UNRESOLVED: gcc.dg/torture/stackalign/nested-5.c -O3 -fomit-frame-pointer compilation failed to produce executable
FAIL: gcc.dg/torture/stackalign/nested-5.c -O3 -g (internal compiler error)
FAIL: gcc.dg/torture/stackalign/nested-5.c -O3 -g (test for excess errors)
UNRESOLVED: gcc.dg/torture/stackalign/nested-5.c -O3 -g compilation failed to produce executable
FAIL: gcc.dg/torture/stackalign/nested-5.c -Os (internal compiler error)
FAIL: gcc.dg/torture/stackalign/nested-5.c -Os (test for excess errors)
UNRESOLVED: gcc.dg/torture/stackalign/nested-5.c -Os compilation failed to produce executable
FAIL: gcc.dg/torture/stackalign/nested-6.c -O0 (internal compiler error)
FAIL: gcc.dg/torture/stackalign/nested-6.c -O0 (test for excess errors)
UNRESOLVED: gcc.dg/torture/stackalign/nested-6.c -O0 compilation failed to produce executable
FAIL: gcc.dg/torture/stackalign/nested-6.c -O1 (internal compiler error)
FAIL: gcc.dg/torture/stackalign/nested-6.c -O1 (test for excess errors)
UNRESOLVED: gcc.dg/torture/stackalign/nested-6.c -O1 compilation failed to produce executable
FAIL: gcc.dg/torture/stackalign/nested-6.c -O2 (internal compiler error)
FAIL: gcc.dg/torture/stackalign/nested-6.c -O2 (test for excess errors)
UNRESOLVED: gcc.dg/torture/stackalign/nested-6.c -O2 compilation failed to produce executable
FAIL: gcc.dg/torture/stackalign/nested-6.c -O3 -fomit-frame-pointer (internal compiler error)
FAIL: gcc.dg/torture/stackalign/nested-6.c -O3 -fomit-frame-pointer (test for excess errors)
UNRESOLVED: gcc.dg/torture/stackalign/nested-6.c -O3 -fomit-frame-pointer compilation failed to produce executable
FAIL: gcc.dg/torture/stackalign/nested-6.c -O3 -g (internal compiler error)
FAIL: gcc.dg/torture/stackalign/nested-6.c -O3 -g (test for excess errors)
UNRESOLVED: gcc.dg/torture/stackalign/nested-6.c -O3 -g compilation failed to produce executable
FAIL: gcc.dg/torture/stackalign/nested-6.c -Os (internal compiler error)
FAIL: gcc.dg/torture/stackalign/nested-6.c -Os (test for excess errors)
UNRESOLVED: gcc.dg/torture/stackalign/nested-6.c -Os compilation failed to produce executable
FAIL: gcc.dg/torture/stackalign/non-local-goto-1.c -O0 (internal compiler error)
FAIL: gcc.dg/torture/stackalign/non-local-goto-1.c -O0 (test for excess errors)
UNRESOLVED: gcc.dg/torture/stackalign/non-local-goto-1.c -O0 compilation failed to produce executable
FAIL: gcc.dg/torture/stackalign/non-local-goto-2.c -O0 (internal compiler error)
FAIL: gcc.dg/torture/stackalign/non-local-goto-2.c -O0 (test for excess errors)
UNRESOLVED: gcc.dg/torture/stackalign/non-local-goto-2.c -O0 compilation failed to produce executable
FAIL: gcc.dg/torture/stackalign/non-local-goto-3.c -O0 (internal compiler error)
FAIL: gcc.dg/torture/stackalign/non-local-goto-3.c -O0 (test for excess errors)
UNRESOLVED: gcc.dg/torture/stackalign/non-local-goto-3.c -O0 compilation failed to produce executable
FAIL: gcc.dg/torture/stackalign/non-local-goto-4.c -O0 (internal compiler error)
FAIL: gcc.dg/torture/stackalign/non-local-goto-4.c -O0 (test for excess errors)
UNRESOLVED: gcc.dg/torture/stackalign/non-local-goto-4.c -O0 compilation failed to produce executable
FAIL: gcc.dg/torture/stackalign/non-local-goto-5.c -O0 (internal compiler error)
FAIL: gcc.dg/torture/stackalign/non-local-goto-5.c -O0 (test for excess errors)
UNRESOLVED: gcc.dg/torture/stackalign/non-local-goto-5.c -O0 compilation failed to produce executable
FAIL: gcc.dg/torture/stackalign/setjmp-1.c -O0 (internal compiler error)
FAIL: gcc.dg/torture/stackalign/setjmp-1.c -O0 (test for excess errors)
UNRESOLVED: gcc.dg/torture/stackalign/setjmp-1.c -O0 compilation failed to produce executable
FAIL: gcc.dg/torture/stackalign/setjmp-1.c -O1 (internal compiler error)
FAIL: gcc.dg/torture/stackalign/setjmp-1.c -O1 (test for excess errors)
UNRESOLVED: gcc.dg/torture/stackalign/setjmp-1.c -O1 compilation failed to produce executable
FAIL: gcc.dg/torture/stackalign/setjmp-1.c -O2 (internal compiler error)
FAIL: gcc.dg/torture/stackalign/setjmp-1.c -O2 (test for excess errors)
UNRESOLVED: gcc.dg/torture/stackalign/setjmp-1.c -O2 compilation failed to produce executable
FAIL: gcc.dg/torture/stackalign/setjmp-1.c -O3 -fomit-frame-pointer (internal compiler error)
FAIL: gcc.dg/torture/stackalign/setjmp-1.c -O3 -fomit-frame-pointer (test for excess errors)
UNRESOLVED: gcc.dg/torture/stackalign/setjmp-1.c -O3 -fomit-frame-pointer compilation failed to produce executable
FAIL: gcc.dg/torture/stackalign/setjmp-1.c -O3 -fomit-frame-pointer -funroll-loops (internal compiler error)
FAIL: gcc.dg/torture/stackalign/setjmp-1.c -O3 -fomit-frame-pointer -funroll-loops (test for excess errors)
UNRESOLVED: gcc.dg/torture/stackalign/setjmp-1.c -O3 -fomit-frame-pointer -funroll-loops compilation failed to produce executable
FAIL: gcc.dg/torture/stackalign/setjmp-1.c -O3 -fomit-frame-pointer -funroll-all-loops -finline-functions (internal compiler error)
FAIL: gcc.dg/torture/stackalign/setjmp-1.c -O3 -fomit-frame-pointer -funroll-all-loops -finline-functions (test for excess errors)
UNRESOLVED: gcc.dg/torture/stackalign/setjmp-1.c -O3 -fomit-frame-pointer -funroll-all-loops -finline-functions compilation failed to produce executable
FAIL: gcc.dg/torture/stackalign/setjmp-1.c -O3 -g (internal compiler error)
FAIL: gcc.dg/torture/stackalign/setjmp-1.c -O3 -g (test for excess errors)
UNRESOLVED: gcc.dg/torture/stackalign/setjmp-1.c -O3 -g compilation failed to produce executable
FAIL: gcc.dg/torture/stackalign/setjmp-1.c -Os (internal compiler error)
FAIL: gcc.dg/torture/stackalign/setjmp-1.c -Os (test for excess errors)
UNRESOLVED: gcc.dg/torture/stackalign/setjmp-1.c -Os compilation failed to produce executable
FAIL: gcc.dg/torture/stackalign/setjmp-2.c -O0 (internal compiler error)
FAIL: gcc.dg/torture/stackalign/setjmp-2.c -O0 (test for excess errors)
UNRESOLVED: gcc.dg/torture/stackalign/setjmp-2.c -O0 compilation failed to produce executable
FAIL: gcc.dg/torture/stackalign/setjmp-2.c -O1 (internal compiler error)
FAIL: gcc.dg/torture/stackalign/setjmp-2.c -O1 (test for excess errors)
UNRESOLVED: gcc.dg/torture/stackalign/setjmp-2.c -O1 compilation failed to produce executable
FAIL: gcc.dg/torture/stackalign/setjmp-2.c -O2 (internal compiler error)
FAIL: gcc.dg/torture/stackalign/setjmp-2.c -O2 (test for excess errors)
UNRESOLVED: gcc.dg/torture/stackalign/setjmp-2.c -O2 compilation failed to produce executable
FAIL: gcc.dg/torture/stackalign/setjmp-2.c -O3 -fomit-frame-pointer (internal compiler error)
FAIL: gcc.dg/torture/stackalign/setjmp-2.c -O3 -fomit-frame-pointer (test for excess errors)
UNRESOLVED: gcc.dg/torture/stackalign/setjmp-2.c -O3 -fomit-frame-pointer compilation failed to produce executable
FAIL: gcc.dg/torture/stackalign/setjmp-2.c -O3 -fomit-frame-pointer -funroll-loops (internal compiler error)
FAIL: gcc.dg/torture/stackalign/setjmp-2.c -O3 -fomit-frame-pointer -funroll-loops (test for excess errors)
UNRESOLVED: gcc.dg/torture/stackalign/setjmp-2.c -O3 -fomit-frame-pointer -funroll-loops compilation failed to produce executable
FAIL: gcc.dg/torture/stackalign/setjmp-2.c -O3 -fomit-frame-pointer -funroll-all-loops -finline-functions (internal compiler error)
FAIL: gcc.dg/torture/stackalign/setjmp-2.c -O3 -fomit-frame-pointer -funroll-all-loops -finline-functions (test for excess errors)
UNRESOLVED: gcc.dg/torture/stackalign/setjmp-2.c -O3 -fomit-frame-pointer -funroll-all-loops -finline-functions compilation failed to produce executable
FAIL: gcc.dg/torture/stackalign/setjmp-2.c -O3 -g (internal compiler error)
FAIL: gcc.dg/torture/stackalign/setjmp-2.c -O3 -g (test for excess errors)
UNRESOLVED: gcc.dg/torture/stackalign/setjmp-2.c -O3 -g compilation failed to produce executable
FAIL: gcc.dg/torture/stackalign/setjmp-2.c -Os (internal compiler error)
FAIL: gcc.dg/torture/stackalign/setjmp-2.c -Os (test for excess errors)
UNRESOLVED: gcc.dg/torture/stackalign/setjmp-2.c -Os compilation failed to produce executable
FAIL: gcc.dg/torture/stackalign/vararg-1.c -O0 (internal compiler error)
FAIL: gcc.dg/torture/stackalign/vararg-1.c -O0 (test for excess errors)
UNRESOLVED: gcc.dg/torture/stackalign/vararg-1.c -O0 compilation failed to produce executable
FAIL: gcc.dg/torture/stackalign/vararg-1.c -O1 (internal compiler error)
FAIL: gcc.dg/torture/stackalign/vararg-1.c -O1 (test for excess errors)
UNRESOLVED: gcc.dg/torture/stackalign/vararg-1.c -O1 compilation failed to produce executable
FAIL: gcc.dg/torture/stackalign/vararg-1.c -O2 (internal compiler error)
FAIL: gcc.dg/torture/stackalign/vararg-1.c -O2 (test for excess errors)
UNRESOLVED: gcc.dg/torture/stackalign/vararg-1.c -O2 compilation failed to produce executable
FAIL: gcc.dg/torture/stackalign/vararg-1.c -O3 -fomit-frame-pointer (internal compiler error)
FAIL: gcc.dg/torture/stackalign/vararg-1.c -O3 -fomit-frame-pointer (test for excess errors)
UNRESOLVED: gcc.dg/torture/stackalign/vararg-1.c -O3 -fomit-frame-pointer compilation failed to produce executable
FAIL: gcc.dg/torture/stackalign/vararg-1.c -O3 -g (internal compiler error)
FAIL: gcc.dg/torture/stackalign/vararg-1.c -O3 -g (test for excess errors)
UNRESOLVED: gcc.dg/torture/stackalign/vararg-1.c -O3 -g compilation failed to produce executable
FAIL: gcc.dg/torture/stackalign/vararg-1.c -Os (internal compiler error)
FAIL: gcc.dg/torture/stackalign/vararg-1.c -Os (test for excess errors)
UNRESOLVED: gcc.dg/torture/stackalign/vararg-1.c -Os compilation failed to produce executable
FAIL: gcc.dg/torture/stackalign/vararg-2.c -O0 (internal compiler error)
FAIL: gcc.dg/torture/stackalign/vararg-2.c -O0 (test for excess errors)
UNRESOLVED: gcc.dg/torture/stackalign/vararg-2.c -O0 compilation failed to produce executable
FAIL: gcc.dg/torture/stackalign/vararg-2.c -O1 (internal compiler error)
FAIL: gcc.dg/torture/stackalign/vararg-2.c -O1 (test for excess errors)
UNRESOLVED: gcc.dg/torture/stackalign/vararg-2.c -O1 compilation failed to produce executable
FAIL: gcc.dg/torture/stackalign/vararg-2.c -O2 (internal compiler error)
FAIL: gcc.dg/torture/stackalign/vararg-2.c -O2 (test for excess errors)
UNRESOLVED: gcc.dg/torture/stackalign/vararg-2.c -O2 compilation failed to produce executable
FAIL: gcc.dg/torture/stackalign/vararg-2.c -O3 -fomit-frame-pointer (internal compiler error)
FAIL: gcc.dg/torture/stackalign/vararg-2.c -O3 -fomit-frame-pointer (test for excess errors)
UNRESOLVED: gcc.dg/torture/stackalign/vararg-2.c -O3 -fomit-frame-pointer compilation failed to produce executable
FAIL: gcc.dg/torture/stackalign/vararg-2.c -O3 -g (internal compiler error)
FAIL: gcc.dg/torture/stackalign/vararg-2.c -O3 -g (test for excess errors)
UNRESOLVED: gcc.dg/torture/stackalign/vararg-2.c -O3 -g compilation failed to produce executable
FAIL: gcc.dg/torture/stackalign/vararg-2.c -Os (internal compiler error)
FAIL: gcc.dg/torture/stackalign/vararg-2.c -Os (test for excess errors)
UNRESOLVED: gcc.dg/torture/stackalign/vararg-2.c -Os compilation failed to produce executable
FAIL: gcc.dg/torture/stackalign/alloca-1.c -O0 (internal compiler error)
FAIL: gcc.dg/torture/stackalign/alloca-1.c -O0 (test for excess errors)
UNRESOLVED: gcc.dg/torture/stackalign/alloca-1.c -O0 compilation failed to produce executable
FAIL: gcc.dg/torture/stackalign/alloca-1.c -O1 (internal compiler error)
FAIL: gcc.dg/torture/stackalign/alloca-1.c -O1 (test for excess errors)
UNRESOLVED: gcc.dg/torture/stackalign/alloca-1.c -O1 compilation failed to produce executable
FAIL: gcc.dg/torture/stackalign/alloca-1.c -O2 (internal compiler error)
FAIL: gcc.dg/torture/stackalign/alloca-1.c -O2 (test for excess errors)
UNRESOLVED: gcc.dg/torture/stackalign/alloca-1.c -O2 compilation failed to produce executable
FAIL: gcc.dg/torture/stackalign/alloca-1.c -O3 -fomit-frame-pointer (internal compiler error)
FAIL: gcc.dg/torture/stackalign/alloca-1.c -O3 -fomit-frame-pointer (test for excess errors)
UNRESOLVED: gcc.dg/torture/stackalign/alloca-1.c -O3 -fomit-frame-pointer compilation failed to produce executable
FAIL: gcc.dg/torture/stackalign/alloca-1.c -O3 -g (internal compiler error)
FAIL: gcc.dg/torture/stackalign/alloca-1.c -O3 -g (test for excess errors)
UNRESOLVED: gcc.dg/torture/stackalign/alloca-1.c -O3 -g compilation failed to produce executable
FAIL: gcc.dg/torture/stackalign/alloca-1.c -Os (internal compiler error)
FAIL: gcc.dg/torture/stackalign/alloca-1.c -Os (test for excess errors)
UNRESOLVED: gcc.dg/torture/stackalign/alloca-1.c -Os compilation failed to produce executable
FAIL: gcc.dg/torture/stackalign/builtin-apply-1.c -O0 (internal compiler error)
FAIL: gcc.dg/torture/stackalign/builtin-apply-1.c -O0 (test for excess errors)
FAIL: gcc.dg/torture/stackalign/builtin-apply-1.c -O1 (internal compiler error)
FAIL: gcc.dg/torture/stackalign/builtin-apply-1.c -O1 (test for excess errors)
FAIL: gcc.dg/torture/stackalign/builtin-apply-1.c -O2 (internal compiler error)
FAIL: gcc.dg/torture/stackalign/builtin-apply-1.c -O2 (test for excess errors)
FAIL: gcc.dg/torture/stackalign/builtin-apply-1.c -O3 -fomit-frame-pointer (internal compiler error)
FAIL: gcc.dg/torture/stackalign/builtin-apply-1.c -O3 -fomit-frame-pointer (test for excess errors)
FAIL: gcc.dg/torture/stackalign/builtin-apply-1.c -O3 -g (internal compiler error)
FAIL: gcc.dg/torture/stackalign/builtin-apply-1.c -O3 -g (test for excess errors)
FAIL: gcc.dg/torture/stackalign/builtin-apply-1.c -Os (internal compiler error)
FAIL: gcc.dg/torture/stackalign/builtin-apply-1.c -Os (test for excess errors)
FAIL: gcc.dg/torture/stackalign/builtin-apply-2.c -O0 (internal compiler error)
FAIL: gcc.dg/torture/stackalign/builtin-apply-2.c -O0 (test for excess errors)
UNRESOLVED: gcc.dg/torture/stackalign/builtin-apply-2.c -O0 compilation failed to produce executable
FAIL: gcc.dg/torture/stackalign/builtin-apply-2.c -O1 (internal compiler error)
FAIL: gcc.dg/torture/stackalign/builtin-apply-2.c -O1 (test for excess errors)
UNRESOLVED: gcc.dg/torture/stackalign/builtin-apply-2.c -O1 compilation failed to produce executable
FAIL: gcc.dg/torture/stackalign/builtin-apply-2.c -O2 (internal compiler error)
FAIL: gcc.dg/torture/stackalign/builtin-apply-2.c -O2 (test for excess errors)
UNRESOLVED: gcc.dg/torture/stackalign/builtin-apply-2.c -O2 compilation failed to produce executable
FAIL: gcc.dg/torture/stackalign/builtin-apply-2.c -O3 -fomit-frame-pointer (internal compiler error)
FAIL: gcc.dg/torture/stackalign/builtin-apply-2.c -O3 -fomit-frame-pointer (test for excess errors)
UNRESOLVED: gcc.dg/torture/stackalign/builtin-apply-2.c -O3 -fomit-frame-pointer compilation failed to produce executable
FAIL: gcc.dg/torture/stackalign/builtin-apply-2.c -O3 -g (internal compiler error)
FAIL: gcc.dg/torture/stackalign/builtin-apply-2.c -O3 -g (test for excess errors)
UNRESOLVED: gcc.dg/torture/stackalign/builtin-apply-2.c -O3 -g compilation failed to produce executable
FAIL: gcc.dg/torture/stackalign/builtin-apply-2.c -Os (internal compiler error)
FAIL: gcc.dg/torture/stackalign/builtin-apply-2.c -Os (test for excess errors)
UNRESOLVED: gcc.dg/torture/stackalign/builtin-apply-2.c -Os compilation failed to produce executable
FAIL: gcc.dg/torture/stackalign/builtin-apply-3.c -O0 (internal compiler error)
FAIL: gcc.dg/torture/stackalign/builtin-apply-3.c -O0 (test for excess errors)
UNRESOLVED: gcc.dg/torture/stackalign/builtin-apply-3.c -O0 compilation failed to produce executable
FAIL: gcc.dg/torture/stackalign/builtin-apply-3.c -O1 (internal compiler error)
FAIL: gcc.dg/torture/stackalign/builtin-apply-3.c -O1 (test for excess errors)
UNRESOLVED: gcc.dg/torture/stackalign/builtin-apply-3.c -O1 compilation failed to produce executable
FAIL: gcc.dg/torture/stackalign/builtin-apply-3.c -O2 (internal compiler error)
FAIL: gcc.dg/torture/stackalign/builtin-apply-3.c -O2 (test for excess errors)
UNRESOLVED: gcc.dg/torture/stackalign/builtin-apply-3.c -O2 compilation failed to produce executable
FAIL: gcc.dg/torture/stackalign/builtin-apply-3.c -O3 -fomit-frame-pointer (internal compiler error)
FAIL: gcc.dg/torture/stackalign/builtin-apply-3.c -O3 -fomit-frame-pointer (test for excess errors)
UNRESOLVED: gcc.dg/torture/stackalign/builtin-apply-3.c -O3 -fomit-frame-pointer compilation failed to produce executable
FAIL: gcc.dg/torture/stackalign/builtin-apply-3.c -O3 -g (internal compiler error)
FAIL: gcc.dg/torture/stackalign/builtin-apply-3.c -O3 -g (test for excess errors)
UNRESOLVED: gcc.dg/torture/stackalign/builtin-apply-3.c -O3 -g compilation failed to produce executable
FAIL: gcc.dg/torture/stackalign/builtin-apply-3.c -Os (internal compiler error)
FAIL: gcc.dg/torture/stackalign/builtin-apply-3.c -Os (test for excess errors)
UNRESOLVED: gcc.dg/torture/stackalign/builtin-apply-3.c -Os compilation failed to produce executable
FAIL: gcc.dg/torture/stackalign/builtin-apply-4.c -O0 (internal compiler error)
FAIL: gcc.dg/torture/stackalign/builtin-apply-4.c -O0 (test for excess errors)
UNRESOLVED: gcc.dg/torture/stackalign/builtin-apply-4.c -O0 compilation failed to produce executable
FAIL: gcc.dg/torture/stackalign/builtin-apply-4.c -O1 (internal compiler error)
FAIL: gcc.dg/torture/stackalign/builtin-apply-4.c -O1 (test for excess errors)
UNRESOLVED: gcc.dg/torture/stackalign/builtin-apply-4.c -O1 compilation failed to produce executable
FAIL: gcc.dg/torture/stackalign/builtin-apply-4.c -O2 (internal compiler error)
FAIL: gcc.dg/torture/stackalign/builtin-apply-4.c -O2 (test for excess errors)
UNRESOLVED: gcc.dg/torture/stackalign/builtin-apply-4.c -O2 compilation failed to produce executable
FAIL: gcc.dg/torture/stackalign/builtin-apply-4.c -O3 -fomit-frame-pointer (internal compiler error)
FAIL: gcc.dg/torture/stackalign/builtin-apply-4.c -O3 -fomit-frame-pointer (test for excess errors)
UNRESOLVED: gcc.dg/torture/stackalign/builtin-apply-4.c -O3 -fomit-frame-pointer compilation failed to produce executable
FAIL: gcc.dg/torture/stackalign/builtin-apply-4.c -O3 -g (internal compiler error)
FAIL: gcc.dg/torture/stackalign/builtin-apply-4.c -O3 -g (test for excess errors)
UNRESOLVED: gcc.dg/torture/stackalign/builtin-apply-4.c -O3 -g compilation failed to produce executable
FAIL: gcc.dg/torture/stackalign/builtin-apply-4.c -Os (internal compiler error)
FAIL: gcc.dg/torture/stackalign/builtin-apply-4.c -Os (test for excess errors)
UNRESOLVED: gcc.dg/torture/stackalign/builtin-apply-4.c -Os compilation failed to produce executable
FAIL: gcc.dg/torture/stackalign/builtin-return-1.c -O0 (internal compiler error)
FAIL: gcc.dg/torture/stackalign/builtin-return-1.c -O0 (test for excess errors)
UNRESOLVED: gcc.dg/torture/stackalign/builtin-return-1.c -O0 compilation failed to produce executable
FAIL: gcc.dg/torture/stackalign/builtin-return-1.c -O1 (internal compiler error)
FAIL: gcc.dg/torture/stackalign/builtin-return-1.c -O1 (test for excess errors)
UNRESOLVED: gcc.dg/torture/stackalign/builtin-return-1.c -O1 compilation failed to produce executable
FAIL: gcc.dg/torture/stackalign/builtin-return-1.c -O2 (internal compiler error)
FAIL: gcc.dg/torture/stackalign/builtin-return-1.c -O2 (test for excess errors)
UNRESOLVED: gcc.dg/torture/stackalign/builtin-return-1.c -O2 compilation failed to produce executable
FAIL: gcc.dg/torture/stackalign/builtin-return-1.c -O3 -fomit-frame-pointer (internal compiler error)
FAIL: gcc.dg/torture/stackalign/builtin-return-1.c -O3 -fomit-frame-pointer (test for excess errors)
UNRESOLVED: gcc.dg/torture/stackalign/builtin-return-1.c -O3 -fomit-frame-pointer compilation failed to produce executable
FAIL: gcc.dg/torture/stackalign/builtin-return-1.c -O3 -g (internal compiler error)
FAIL: gcc.dg/torture/stackalign/builtin-return-1.c -O3 -g (test for excess errors)
UNRESOLVED: gcc.dg/torture/stackalign/builtin-return-1.c -O3 -g compilation failed to produce executable
FAIL: gcc.dg/torture/stackalign/builtin-return-1.c -Os (internal compiler error)
FAIL: gcc.dg/torture/stackalign/builtin-return-1.c -Os (test for excess errors)
UNRESOLVED: gcc.dg/torture/stackalign/builtin-return-1.c -Os compilation failed to produce executable
FAIL: gcc.dg/torture/stackalign/comp-goto-1.c -O0 (internal compiler error)
FAIL: gcc.dg/torture/stackalign/comp-goto-1.c -O0 (test for excess errors)
UNRESOLVED: gcc.dg/torture/stackalign/comp-goto-1.c -O0 compilation failed to produce executable
FAIL: gcc.dg/torture/stackalign/inline-2.c -O0 (internal compiler error)
FAIL: gcc.dg/torture/stackalign/inline-2.c -O0 (test for excess errors)
UNRESOLVED: gcc.dg/torture/stackalign/inline-2.c -O0 compilation failed to produce executable
FAIL: gcc.dg/torture/stackalign/inline-2.c -O1 (internal compiler error)
FAIL: gcc.dg/torture/stackalign/inline-2.c -O1 (test for excess errors)
UNRESOLVED: gcc.dg/torture/stackalign/inline-2.c -O1 compilation failed to produce executable
FAIL: gcc.dg/torture/stackalign/inline-2.c -O2 (internal compiler error)
FAIL: gcc.dg/torture/stackalign/inline-2.c -O2 (test for excess errors)
UNRESOLVED: gcc.dg/torture/stackalign/inline-2.c -O2 compilation failed to produce executable
FAIL: gcc.dg/torture/stackalign/inline-2.c -O3 -fomit-frame-pointer (internal compiler error)
FAIL: gcc.dg/torture/stackalign/inline-2.c -O3 -fomit-frame-pointer (test for excess errors)
UNRESOLVED: gcc.dg/torture/stackalign/inline-2.c -O3 -fomit-frame-pointer compilation failed to produce executable
FAIL: gcc.dg/torture/stackalign/inline-2.c -O3 -g (internal compiler error)
FAIL: gcc.dg/torture/stackalign/inline-2.c -O3 -g (test for excess errors)
UNRESOLVED: gcc.dg/torture/stackalign/inline-2.c -O3 -g compilation failed to produce executable
FAIL: gcc.dg/torture/stackalign/inline-2.c -Os (internal compiler error)
FAIL: gcc.dg/torture/stackalign/inline-2.c -Os (test for excess errors)
UNRESOLVED: gcc.dg/torture/stackalign/inline-2.c -Os compilation failed to produce executable
FAIL: gcc.dg/torture/stackalign/nested-3.c -O0 (internal compiler error)
FAIL: gcc.dg/torture/stackalign/nested-3.c -O0 (test for excess errors)
UNRESOLVED: gcc.dg/torture/stackalign/nested-3.c -O0 compilation failed to produce executable
FAIL: gcc.dg/torture/stackalign/nested-3.c -O1 (internal compiler error)
FAIL: gcc.dg/torture/stackalign/nested-3.c -O1 (test for excess errors)
UNRESOLVED: gcc.dg/torture/stackalign/nested-3.c -O1 compilation failed to produce executable
FAIL: gcc.dg/torture/stackalign/nested-3.c -O2 (internal compiler error)
FAIL: gcc.dg/torture/stackalign/nested-3.c -O2 (test for excess errors)
UNRESOLVED: gcc.dg/torture/stackalign/nested-3.c -O2 compilation failed to produce executable
FAIL: gcc.dg/torture/stackalign/nested-3.c -O3 -fomit-frame-pointer (internal compiler error)
FAIL: gcc.dg/torture/stackalign/nested-3.c -O3 -fomit-frame-pointer (test for excess errors)
UNRESOLVED: gcc.dg/torture/stackalign/nested-3.c -O3 -fomit-frame-pointer compilation failed to produce executable
FAIL: gcc.dg/torture/stackalign/nested-3.c -O3 -g (internal compiler error)
FAIL: gcc.dg/torture/stackalign/nested-3.c -O3 -g (test for excess errors)
UNRESOLVED: gcc.dg/torture/stackalign/nested-3.c -O3 -g compilation failed to produce executable
FAIL: gcc.dg/torture/stackalign/nested-3.c -Os (internal compiler error)
FAIL: gcc.dg/torture/stackalign/nested-3.c -Os (test for excess errors)
UNRESOLVED: gcc.dg/torture/stackalign/nested-3.c -Os compilation failed to produce executable
FAIL: gcc.dg/torture/stackalign/nested-4.c -O0 (internal compiler error)
FAIL: gcc.dg/torture/stackalign/nested-4.c -O0 (test for excess errors)
UNRESOLVED: gcc.dg/torture/stackalign/nested-4.c -O0 compilation failed to produce executable
FAIL: gcc.dg/torture/stackalign/nested-4.c -O1 (internal compiler error)
FAIL: gcc.dg/torture/stackalign/nested-4.c -O1 (test for excess errors)
UNRESOLVED: gcc.dg/torture/stackalign/nested-4.c -O1 compilation failed to produce executable
FAIL: gcc.dg/torture/stackalign/nested-4.c -O2 (internal compiler error)
FAIL: gcc.dg/torture/stackalign/nested-4.c -O2 (test for excess errors)
UNRESOLVED: gcc.dg/torture/stackalign/nested-4.c -O2 compilation failed to produce executable
FAIL: gcc.dg/torture/stackalign/nested-4.c -O3 -fomit-frame-pointer (internal compiler error)
FAIL: gcc.dg/torture/stackalign/nested-4.c -O3 -fomit-frame-pointer (test for excess errors)
UNRESOLVED: gcc.dg/torture/stackalign/nested-4.c -O3 -fomit-frame-pointer compilation failed to produce executable
FAIL: gcc.dg/torture/stackalign/nested-4.c -O3 -g (internal compiler error)
FAIL: gcc.dg/torture/stackalign/nested-4.c -O3 -g (test for excess errors)
UNRESOLVED: gcc.dg/torture/stackalign/nested-4.c -O3 -g compilation failed to produce executable
FAIL: gcc.dg/torture/stackalign/nested-4.c -Os (internal compiler error)
FAIL: gcc.dg/torture/stackalign/nested-4.c -Os (test for excess errors)
UNRESOLVED: gcc.dg/torture/stackalign/nested-4.c -Os compilation failed to produce executable
FAIL: gcc.dg/torture/stackalign/nested-5.c -O0 (internal compiler error)
FAIL: gcc.dg/torture/stackalign/nested-5.c -O0 (test for excess errors)
UNRESOLVED: gcc.dg/torture/stackalign/nested-5.c -O0 compilation failed to produce executable
FAIL: gcc.dg/torture/stackalign/nested-5.c -O1 (internal compiler error)
FAIL: gcc.dg/torture/stackalign/nested-5.c -O1 (test for excess errors)
UNRESOLVED: gcc.dg/torture/stackalign/nested-5.c -O1 compilation failed to produce executable
FAIL: gcc.dg/torture/stackalign/nested-5.c -O2 (internal compiler error)
FAIL: gcc.dg/torture/stackalign/nested-5.c -O2 (test for excess errors)
UNRESOLVED: gcc.dg/torture/stackalign/nested-5.c -O2 compilation failed to produce executable
FAIL: gcc.dg/torture/stackalign/nested-5.c -O3 -fomit-frame-pointer (internal compiler error)
FAIL: gcc.dg/torture/stackalign/nested-5.c -O3 -fomit-frame-pointer (test for excess errors)
UNRESOLVED: gcc.dg/torture/stackalign/nested-5.c -O3 -fomit-frame-pointer compilation failed to produce executable
FAIL: gcc.dg/torture/stackalign/nested-5.c -O3 -g (internal compiler error)
FAIL: gcc.dg/torture/stackalign/nested-5.c -O3 -g (test for excess errors)
UNRESOLVED: gcc.dg/torture/stackalign/nested-5.c -O3 -g compilation failed to produce executable
FAIL: gcc.dg/torture/stackalign/nested-5.c -Os (internal compiler error)
FAIL: gcc.dg/torture/stackalign/nested-5.c -Os (test for excess errors)
UNRESOLVED: gcc.dg/torture/stackalign/nested-5.c -Os compilation failed to produce executable
FAIL: gcc.dg/torture/stackalign/nested-6.c -O0 (internal compiler error)
FAIL: gcc.dg/torture/stackalign/nested-6.c -O0 (test for excess errors)
UNRESOLVED: gcc.dg/torture/stackalign/nested-6.c -O0 compilation failed to produce executable
FAIL: gcc.dg/torture/stackalign/nested-6.c -O1 (internal compiler error)
FAIL: gcc.dg/torture/stackalign/nested-6.c -O1 (test for excess errors)
UNRESOLVED: gcc.dg/torture/stackalign/nested-6.c -O1 compilation failed to produce executable
FAIL: gcc.dg/torture/stackalign/nested-6.c -O2 (internal compiler error)
FAIL: gcc.dg/torture/stackalign/nested-6.c -O2 (test for excess errors)
UNRESOLVED: gcc.dg/torture/stackalign/nested-6.c -O2 compilation failed to produce executable
FAIL: gcc.dg/torture/stackalign/nested-6.c -O3 -fomit-frame-pointer (internal compiler error)
FAIL: gcc.dg/torture/stackalign/nested-6.c -O3 -fomit-frame-pointer (test for excess errors)
UNRESOLVED: gcc.dg/torture/stackalign/nested-6.c -O3 -fomit-frame-pointer compilation failed to produce executable
FAIL: gcc.dg/torture/stackalign/nested-6.c -O3 -g (internal compiler error)
FAIL: gcc.dg/torture/stackalign/nested-6.c -O3 -g (test for excess errors)
UNRESOLVED: gcc.dg/torture/stackalign/nested-6.c -O3 -g compilation failed to produce executable
FAIL: gcc.dg/torture/stackalign/nested-6.c -Os (internal compiler error)
FAIL: gcc.dg/torture/stackalign/nested-6.c -Os (test for excess errors)
UNRESOLVED: gcc.dg/torture/stackalign/nested-6.c -Os compilation failed to produce executable
FAIL: gcc.dg/torture/stackalign/non-local-goto-1.c -O0 (internal compiler error)
FAIL: gcc.dg/torture/stackalign/non-local-goto-1.c -O0 (test for excess errors)
UNRESOLVED: gcc.dg/torture/stackalign/non-local-goto-1.c -O0 compilation failed to produce executable
FAIL: gcc.dg/torture/stackalign/non-local-goto-2.c -O0 (internal compiler error)
FAIL: gcc.dg/torture/stackalign/non-local-goto-2.c -O0 (test for excess errors)
UNRESOLVED: gcc.dg/torture/stackalign/non-local-goto-2.c -O0 compilation failed to produce executable
FAIL: gcc.dg/torture/stackalign/non-local-goto-3.c -O0 (internal compiler error)
FAIL: gcc.dg/torture/stackalign/non-local-goto-3.c -O0 (test for excess errors)
UNRESOLVED: gcc.dg/torture/stackalign/non-local-goto-3.c -O0 compilation failed to produce executable
FAIL: gcc.dg/torture/stackalign/non-local-goto-4.c -O0 (internal compiler error)
FAIL: gcc.dg/torture/stackalign/non-local-goto-4.c -O0 (test for excess errors)
UNRESOLVED: gcc.dg/torture/stackalign/non-local-goto-4.c -O0 compilation failed to produce executable
FAIL: gcc.dg/torture/stackalign/non-local-goto-5.c -O0 (internal compiler error)
FAIL: gcc.dg/torture/stackalign/non-local-goto-5.c -O0 (test for excess errors)
UNRESOLVED: gcc.dg/torture/stackalign/non-local-goto-5.c -O0 compilation failed to produce executable
FAIL: gcc.dg/torture/stackalign/setjmp-1.c -O0 (internal compiler error)
FAIL: gcc.dg/torture/stackalign/setjmp-1.c -O0 (test for excess errors)
UNRESOLVED: gcc.dg/torture/stackalign/setjmp-1.c -O0 compilation failed to produce executable
FAIL: gcc.dg/torture/stackalign/setjmp-1.c -O1 (internal compiler error)
FAIL: gcc.dg/torture/stackalign/setjmp-1.c -O1 (test for excess errors)
UNRESOLVED: gcc.dg/torture/stackalign/setjmp-1.c -O1 compilation failed to produce executable
FAIL: gcc.dg/torture/stackalign/setjmp-1.c -O2 (internal compiler error)
FAIL: gcc.dg/torture/stackalign/setjmp-1.c -O2 (test for excess errors)
UNRESOLVED: gcc.dg/torture/stackalign/setjmp-1.c -O2 compilation failed to produce executable
FAIL: gcc.dg/torture/stackalign/setjmp-1.c -O3 -fomit-frame-pointer (internal compiler error)
FAIL: gcc.dg/torture/stackalign/setjmp-1.c -O3 -fomit-frame-pointer (test for excess errors)
UNRESOLVED: gcc.dg/torture/stackalign/setjmp-1.c -O3 -fomit-frame-pointer compilation failed to produce executable
FAIL: gcc.dg/torture/stackalign/setjmp-1.c -O3 -fomit-frame-pointer -funroll-loops (internal compiler error)
FAIL: gcc.dg/torture/stackalign/setjmp-1.c -O3 -fomit-frame-pointer -funroll-loops (test for excess errors)
UNRESOLVED: gcc.dg/torture/stackalign/setjmp-1.c -O3 -fomit-frame-pointer -funroll-loops compilation failed to produce executable
FAIL: gcc.dg/torture/stackalign/setjmp-1.c -O3 -fomit-frame-pointer -funroll-all-loops -finline-functions (internal compiler error)
FAIL: gcc.dg/torture/stackalign/setjmp-1.c -O3 -fomit-frame-pointer -funroll-all-loops -finline-functions (test for excess errors)
UNRESOLVED: gcc.dg/torture/stackalign/setjmp-1.c -O3 -fomit-frame-pointer -funroll-all-loops -finline-functions compilation failed to produce executable
FAIL: gcc.dg/torture/stackalign/setjmp-1.c -O3 -g (internal compiler error)
FAIL: gcc.dg/torture/stackalign/setjmp-1.c -O3 -g (test for excess errors)
UNRESOLVED: gcc.dg/torture/stackalign/setjmp-1.c -O3 -g compilation failed to produce executable
FAIL: gcc.dg/torture/stackalign/setjmp-1.c -Os (internal compiler error)
FAIL: gcc.dg/torture/stackalign/setjmp-1.c -Os (test for excess errors)
UNRESOLVED: gcc.dg/torture/stackalign/setjmp-1.c -Os compilation failed to produce executable
FAIL: gcc.dg/torture/stackalign/setjmp-2.c -O0 (internal compiler error)
FAIL: gcc.dg/torture/stackalign/setjmp-2.c -O0 (test for excess errors)
UNRESOLVED: gcc.dg/torture/stackalign/setjmp-2.c -O0 compilation failed to produce executable
FAIL: gcc.dg/torture/stackalign/setjmp-2.c -O1 (internal compiler error)
FAIL: gcc.dg/torture/stackalign/setjmp-2.c -O1 (test for excess errors)
UNRESOLVED: gcc.dg/torture/stackalign/setjmp-2.c -O1 compilation failed to produce executable
FAIL: gcc.dg/torture/stackalign/setjmp-2.c -O2 (internal compiler error)
FAIL: gcc.dg/torture/stackalign/setjmp-2.c -O2 (test for excess errors)
UNRESOLVED: gcc.dg/torture/stackalign/setjmp-2.c -O2 compilation failed to produce executable
FAIL: gcc.dg/torture/stackalign/setjmp-2.c -O3 -fomit-frame-pointer (internal compiler error)
FAIL: gcc.dg/torture/stackalign/setjmp-2.c -O3 -fomit-frame-pointer (test for excess errors)
UNRESOLVED: gcc.dg/torture/stackalign/setjmp-2.c -O3 -fomit-frame-pointer compilation failed to produce executable
FAIL: gcc.dg/torture/stackalign/setjmp-2.c -O3 -fomit-frame-pointer -funroll-loops (internal compiler error)
FAIL: gcc.dg/torture/stackalign/setjmp-2.c -O3 -fomit-frame-pointer -funroll-loops (test for excess errors)
UNRESOLVED: gcc.dg/torture/stackalign/setjmp-2.c -O3 -fomit-frame-pointer -funroll-loops compilation failed to produce executable
FAIL: gcc.dg/torture/stackalign/setjmp-2.c -O3 -fomit-frame-pointer -funroll-all-loops -finline-functions (internal compiler error)
FAIL: gcc.dg/torture/stackalign/setjmp-2.c -O3 -fomit-frame-pointer -funroll-all-loops -finline-functions (test for excess errors)
UNRESOLVED: gcc.dg/torture/stackalign/setjmp-2.c -O3 -fomit-frame-pointer -funroll-all-loops -finline-functions compilation failed to produce executable
FAIL: gcc.dg/torture/stackalign/setjmp-2.c -O3 -g (internal compiler error)
FAIL: gcc.dg/torture/stackalign/setjmp-2.c -O3 -g (test for excess errors)
UNRESOLVED: gcc.dg/torture/stackalign/setjmp-2.c -O3 -g compilation failed to produce executable
FAIL: gcc.dg/torture/stackalign/setjmp-2.c -Os (internal compiler error)
FAIL: gcc.dg/torture/stackalign/setjmp-2.c -Os (test for excess errors)
UNRESOLVED: gcc.dg/torture/stackalign/setjmp-2.c -Os compilation failed to produce executable
FAIL: gcc.dg/torture/stackalign/setjmp-3.c -O0 (internal compiler error)
FAIL: gcc.dg/torture/stackalign/setjmp-3.c -O0 (test for excess errors)
UNRESOLVED: gcc.dg/torture/stackalign/setjmp-3.c -O0 compilation failed to produce executable
FAIL: gcc.dg/torture/stackalign/setjmp-3.c -O1 (internal compiler error)
FAIL: gcc.dg/torture/stackalign/setjmp-3.c -O1 (test for excess errors)
UNRESOLVED: gcc.dg/torture/stackalign/setjmp-3.c -O1 compilation failed to produce executable
FAIL: gcc.dg/torture/stackalign/setjmp-3.c -O2 (internal compiler error)
FAIL: gcc.dg/torture/stackalign/setjmp-3.c -O2 (test for excess errors)
UNRESOLVED: gcc.dg/torture/stackalign/setjmp-3.c -O2 compilation failed to produce executable
FAIL: gcc.dg/torture/stackalign/setjmp-3.c -O3 -fomit-frame-pointer (internal compiler error)
FAIL: gcc.dg/torture/stackalign/setjmp-3.c -O3 -fomit-frame-pointer (test for excess errors)
UNRESOLVED: gcc.dg/torture/stackalign/setjmp-3.c -O3 -fomit-frame-pointer compilation failed to produce executable
FAIL: gcc.dg/torture/stackalign/setjmp-3.c -O3 -fomit-frame-pointer -funroll-loops (internal compiler error)
FAIL: gcc.dg/torture/stackalign/setjmp-3.c -O3 -fomit-frame-pointer -funroll-loops (test for excess errors)
UNRESOLVED: gcc.dg/torture/stackalign/setjmp-3.c -O3 -fomit-frame-pointer -funroll-loops compilation failed to produce executable
FAIL: gcc.dg/torture/stackalign/setjmp-3.c -O3 -fomit-frame-pointer -funroll-all-loops -finline-functions (internal compiler error)
FAIL: gcc.dg/torture/stackalign/setjmp-3.c -O3 -fomit-frame-pointer -funroll-all-loops -finline-functions (test for excess errors)
UNRESOLVED: gcc.dg/torture/stackalign/setjmp-3.c -O3 -fomit-frame-pointer -funroll-all-loops -finline-functions compilation failed to produce executable
FAIL: gcc.dg/torture/stackalign/setjmp-3.c -O3 -g (internal compiler error)
FAIL: gcc.dg/torture/stackalign/setjmp-3.c -O3 -g (test for excess errors)
UNRESOLVED: gcc.dg/torture/stackalign/setjmp-3.c -O3 -g compilation failed to produce executable
FAIL: gcc.dg/torture/stackalign/setjmp-3.c -Os (internal compiler error)
FAIL: gcc.dg/torture/stackalign/setjmp-3.c -Os (test for excess errors)
UNRESOLVED: gcc.dg/torture/stackalign/setjmp-3.c -Os compilation failed to produce executable
FAIL: gcc.dg/torture/stackalign/setjmp-4.c -O0 (internal compiler error)
FAIL: gcc.dg/torture/stackalign/setjmp-4.c -O0 (test for excess errors)
UNRESOLVED: gcc.dg/torture/stackalign/setjmp-4.c -O0 compilation failed to produce executable
FAIL: gcc.dg/torture/stackalign/setjmp-4.c -O1 (internal compiler error)
FAIL: gcc.dg/torture/stackalign/setjmp-4.c -O1 (test for excess errors)
UNRESOLVED: gcc.dg/torture/stackalign/setjmp-4.c -O1 compilation failed to produce executable
FAIL: gcc.dg/torture/stackalign/setjmp-4.c -O2 (internal compiler error)
FAIL: gcc.dg/torture/stackalign/setjmp-4.c -O2 (test for excess errors)
UNRESOLVED: gcc.dg/torture/stackalign/setjmp-4.c -O2 compilation failed to produce executable
FAIL: gcc.dg/torture/stackalign/setjmp-4.c -O3 -fomit-frame-pointer (internal compiler error)
FAIL: gcc.dg/torture/stackalign/setjmp-4.c -O3 -fomit-frame-pointer (test for excess errors)
UNRESOLVED: gcc.dg/torture/stackalign/setjmp-4.c -O3 -fomit-frame-pointer compilation failed to produce executable
FAIL: gcc.dg/torture/stackalign/setjmp-4.c -O3 -fomit-frame-pointer -funroll-loops (internal compiler error)
FAIL: gcc.dg/torture/stackalign/setjmp-4.c -O3 -fomit-frame-pointer -funroll-loops (test for excess errors)
UNRESOLVED: gcc.dg/torture/stackalign/setjmp-4.c -O3 -fomit-frame-pointer -funroll-loops compilation failed to produce executable
FAIL: gcc.dg/torture/stackalign/setjmp-4.c -O3 -fomit-frame-pointer -funroll-all-loops -finline-functions (internal compiler error)
FAIL: gcc.dg/torture/stackalign/setjmp-4.c -O3 -fomit-frame-pointer -funroll-all-loops -finline-functions (test for excess errors)
UNRESOLVED: gcc.dg/torture/stackalign/setjmp-4.c -O3 -fomit-frame-pointer -funroll-all-loops -finline-functions compilation failed to produce executable
FAIL: gcc.dg/torture/stackalign/setjmp-4.c -O3 -g (internal compiler error)
FAIL: gcc.dg/torture/stackalign/setjmp-4.c -O3 -g (test for excess errors)
UNRESOLVED: gcc.dg/torture/stackalign/setjmp-4.c -O3 -g compilation failed to produce executable
FAIL: gcc.dg/torture/stackalign/setjmp-4.c -Os (internal compiler error)
FAIL: gcc.dg/torture/stackalign/setjmp-4.c -Os (test for excess errors)
UNRESOLVED: gcc.dg/torture/stackalign/setjmp-4.c -Os compilation failed to produce executable
FAIL: gcc.dg/torture/stackalign/vararg-1.c -O0 (internal compiler error)
FAIL: gcc.dg/torture/stackalign/vararg-1.c -O0 (test for excess errors)
UNRESOLVED: gcc.dg/torture/stackalign/vararg-1.c -O0 compilation failed to produce executable
FAIL: gcc.dg/torture/stackalign/vararg-1.c -O1 (internal compiler error)
FAIL: gcc.dg/torture/stackalign/vararg-1.c -O1 (test for excess errors)
UNRESOLVED: gcc.dg/torture/stackalign/vararg-1.c -O1 compilation failed to produce executable
FAIL: gcc.dg/torture/stackalign/vararg-1.c -O2 (internal compiler error)
FAIL: gcc.dg/torture/stackalign/vararg-1.c -O2 (test for excess errors)
UNRESOLVED: gcc.dg/torture/stackalign/vararg-1.c -O2 compilation failed to produce executable
FAIL: gcc.dg/torture/stackalign/vararg-1.c -O3 -fomit-frame-pointer (internal compiler error)
FAIL: gcc.dg/torture/stackalign/vararg-1.c -O3 -fomit-frame-pointer (test for excess errors)
UNRESOLVED: gcc.dg/torture/stackalign/vararg-1.c -O3 -fomit-frame-pointer compilation failed to produce executable
FAIL: gcc.dg/torture/stackalign/vararg-1.c -O3 -g (internal compiler error)
FAIL: gcc.dg/torture/stackalign/vararg-1.c -O3 -g (test for excess errors)
UNRESOLVED: gcc.dg/torture/stackalign/vararg-1.c -O3 -g compilation failed to produce executable
FAIL: gcc.dg/torture/stackalign/vararg-1.c -Os (internal compiler error)
FAIL: gcc.dg/torture/stackalign/vararg-1.c -Os (test for excess errors)
UNRESOLVED: gcc.dg/torture/stackalign/vararg-1.c -Os compilation failed to produce executable
FAIL: gcc.dg/torture/stackalign/vararg-2.c -O0 (internal compiler error)
FAIL: gcc.dg/torture/stackalign/vararg-2.c -O0 (test for excess errors)
UNRESOLVED: gcc.dg/torture/stackalign/vararg-2.c -O0 compilation failed to produce executable
FAIL: gcc.dg/torture/stackalign/vararg-2.c -O1 (internal compiler error)
FAIL: gcc.dg/torture/stackalign/vararg-2.c -O1 (test for excess errors)
UNRESOLVED: gcc.dg/torture/stackalign/vararg-2.c -O1 compilation failed to produce executable
FAIL: gcc.dg/torture/stackalign/vararg-2.c -O2 (internal compiler error)
FAIL: gcc.dg/torture/stackalign/vararg-2.c -O2 (test for excess errors)
UNRESOLVED: gcc.dg/torture/stackalign/vararg-2.c -O2 compilation failed to produce executable
FAIL: gcc.dg/torture/stackalign/vararg-2.c -O3 -fomit-frame-pointer (internal compiler error)
FAIL: gcc.dg/torture/stackalign/vararg-2.c -O3 -fomit-frame-pointer (test for excess errors)
UNRESOLVED: gcc.dg/torture/stackalign/vararg-2.c -O3 -fomit-frame-pointer compilation failed to produce executable
FAIL: gcc.dg/torture/stackalign/vararg-2.c -O3 -g (internal compiler error)
FAIL: gcc.dg/torture/stackalign/vararg-2.c -O3 -g (test for excess errors)
UNRESOLVED: gcc.dg/torture/stackalign/vararg-2.c -O3 -g compilation failed to produce executable
FAIL: gcc.dg/torture/stackalign/vararg-2.c -Os (internal compiler error)
FAIL: gcc.dg/torture/stackalign/vararg-2.c -Os (test for excess errors)
UNRESOLVED: gcc.dg/torture/stackalign/vararg-2.c -Os compilation failed to produce executable
FAIL: gcc.dg/torture/stackalign/alloca-1.c -O0 (internal compiler error)
FAIL: gcc.dg/torture/stackalign/alloca-1.c -O0 (test for excess errors)
UNRESOLVED: gcc.dg/torture/stackalign/alloca-1.c -O0 compilation failed to produce executable
FAIL: gcc.dg/torture/stackalign/alloca-1.c -O1 (internal compiler error)
FAIL: gcc.dg/torture/stackalign/alloca-1.c -O1 (test for excess errors)
UNRESOLVED: gcc.dg/torture/stackalign/alloca-1.c -O1 compilation failed to produce executable
FAIL: gcc.dg/torture/stackalign/alloca-1.c -O2 (internal compiler error)
FAIL: gcc.dg/torture/stackalign/alloca-1.c -O2 (test for excess errors)
UNRESOLVED: gcc.dg/torture/stackalign/alloca-1.c -O2 compilation failed to produce executable
FAIL: gcc.dg/torture/stackalign/alloca-1.c -O3 -fomit-frame-pointer (internal compiler error)
FAIL: gcc.dg/torture/stackalign/alloca-1.c -O3 -fomit-frame-pointer (test for excess errors)
UNRESOLVED: gcc.dg/torture/stackalign/alloca-1.c -O3 -fomit-frame-pointer compilation failed to produce executable
FAIL: gcc.dg/torture/stackalign/alloca-1.c -O3 -g (internal compiler error)
FAIL: gcc.dg/torture/stackalign/alloca-1.c -O3 -g (test for excess errors)
UNRESOLVED: gcc.dg/torture/stackalign/alloca-1.c -O3 -g compilation failed to produce executable
FAIL: gcc.dg/torture/stackalign/alloca-1.c -Os (internal compiler error)
FAIL: gcc.dg/torture/stackalign/alloca-1.c -Os (test for excess errors)
UNRESOLVED: gcc.dg/torture/stackalign/alloca-1.c -Os compilation failed to produce executable
FAIL: gcc.dg/torture/stackalign/builtin-apply-1.c -O0 (internal compiler error)
FAIL: gcc.dg/torture/stackalign/builtin-apply-1.c -O0 (test for excess errors)
FAIL: gcc.dg/torture/stackalign/builtin-apply-1.c -O1 (internal compiler error)
FAIL: gcc.dg/torture/stackalign/builtin-apply-1.c -O1 (test for excess errors)
FAIL: gcc.dg/torture/stackalign/builtin-apply-1.c -O2 (internal compiler error)
FAIL: gcc.dg/torture/stackalign/builtin-apply-1.c -O2 (test for excess errors)
FAIL: gcc.dg/torture/stackalign/builtin-apply-1.c -O3 -fomit-frame-pointer (internal compiler error)
FAIL: gcc.dg/torture/stackalign/builtin-apply-1.c -O3 -fomit-frame-pointer (test for excess errors)
FAIL: gcc.dg/torture/stackalign/builtin-apply-1.c -O3 -g (internal compiler error)
FAIL: gcc.dg/torture/stackalign/builtin-apply-1.c -O3 -g (test for excess errors)
FAIL: gcc.dg/torture/stackalign/builtin-apply-1.c -Os (internal compiler error)
FAIL: gcc.dg/torture/stackalign/builtin-apply-1.c -Os (test for excess errors)
FAIL: gcc.dg/torture/stackalign/builtin-apply-2.c -O0 (internal compiler error)
FAIL: gcc.dg/torture/stackalign/builtin-apply-2.c -O0 (test for excess errors)
UNRESOLVED: gcc.dg/torture/stackalign/builtin-apply-2.c -O0 compilation failed to produce executable
FAIL: gcc.dg/torture/stackalign/builtin-apply-2.c -O1 (internal compiler error)
FAIL: gcc.dg/torture/stackalign/builtin-apply-2.c -O1 (test for excess errors)
UNRESOLVED: gcc.dg/torture/stackalign/builtin-apply-2.c -O1 compilation failed to produce executable
FAIL: gcc.dg/torture/stackalign/builtin-apply-2.c -O2 (internal compiler error)
FAIL: gcc.dg/torture/stackalign/builtin-apply-2.c -O2 (test for excess errors)
UNRESOLVED: gcc.dg/torture/stackalign/builtin-apply-2.c -O2 compilation failed to produce executable
FAIL: gcc.dg/torture/stackalign/builtin-apply-2.c -O3 -fomit-frame-pointer (internal compiler error)
FAIL: gcc.dg/torture/stackalign/builtin-apply-2.c -O3 -fomit-frame-pointer (test for excess errors)
UNRESOLVED: gcc.dg/torture/stackalign/builtin-apply-2.c -O3 -fomit-frame-pointer compilation failed to produce executable
FAIL: gcc.dg/torture/stackalign/builtin-apply-2.c -O3 -g (internal compiler error)
FAIL: gcc.dg/torture/stackalign/builtin-apply-2.c -O3 -g (test for excess errors)
UNRESOLVED: gcc.dg/torture/stackalign/builtin-apply-2.c -O3 -g compilation failed to produce executable
FAIL: gcc.dg/torture/stackalign/builtin-apply-2.c -Os (internal compiler error)
FAIL: gcc.dg/torture/stackalign/builtin-apply-2.c -Os (test for excess errors)
UNRESOLVED: gcc.dg/torture/stackalign/builtin-apply-2.c -Os compilation failed to produce executable
FAIL: gcc.dg/torture/stackalign/builtin-apply-3.c -O0 (internal compiler error)
FAIL: gcc.dg/torture/stackalign/builtin-apply-3.c -O0 (test for excess errors)
UNRESOLVED: gcc.dg/torture/stackalign/builtin-apply-3.c -O0 compilation failed to produce executable
FAIL: gcc.dg/torture/stackalign/builtin-apply-3.c -O1 (internal compiler error)
FAIL: gcc.dg/torture/stackalign/builtin-apply-3.c -O1 (test for excess errors)
UNRESOLVED: gcc.dg/torture/stackalign/builtin-apply-3.c -O1 compilation failed to produce executable
FAIL: gcc.dg/torture/stackalign/builtin-apply-3.c -O2 (internal compiler error)
FAIL: gcc.dg/torture/stackalign/builtin-apply-3.c -O2 (test for excess errors)
UNRESOLVED: gcc.dg/torture/stackalign/builtin-apply-3.c -O2 compilation failed to produce executable
FAIL: gcc.dg/torture/stackalign/builtin-apply-3.c -O3 -fomit-frame-pointer (internal compiler error)
FAIL: gcc.dg/torture/stackalign/builtin-apply-3.c -O3 -fomit-frame-pointer (test for excess errors)
UNRESOLVED: gcc.dg/torture/stackalign/builtin-apply-3.c -O3 -fomit-frame-pointer compilation failed to produce executable
FAIL: gcc.dg/torture/stackalign/builtin-apply-3.c -O3 -g (internal compiler error)
FAIL: gcc.dg/torture/stackalign/builtin-apply-3.c -O3 -g (test for excess errors)
UNRESOLVED: gcc.dg/torture/stackalign/builtin-apply-3.c -O3 -g compilation failed to produce executable
FAIL: gcc.dg/torture/stackalign/builtin-apply-3.c -Os (internal compiler error)
FAIL: gcc.dg/torture/stackalign/builtin-apply-3.c -Os (test for excess errors)
UNRESOLVED: gcc.dg/torture/stackalign/builtin-apply-3.c -Os compilation failed to produce executable
FAIL: gcc.dg/torture/stackalign/builtin-apply-4.c -O0 (internal compiler error)
FAIL: gcc.dg/torture/stackalign/builtin-apply-4.c -O0 (test for excess errors)
UNRESOLVED: gcc.dg/torture/stackalign/builtin-apply-4.c -O0 compilation failed to produce executable
FAIL: gcc.dg/torture/stackalign/builtin-apply-4.c -O1 (internal compiler error)
FAIL: gcc.dg/torture/stackalign/builtin-apply-4.c -O1 (test for excess errors)
UNRESOLVED: gcc.dg/torture/stackalign/builtin-apply-4.c -O1 compilation failed to produce executable
FAIL: gcc.dg/torture/stackalign/builtin-apply-4.c -O2 (internal compiler error)
FAIL: gcc.dg/torture/stackalign/builtin-apply-4.c -O2 (test for excess errors)
UNRESOLVED: gcc.dg/torture/stackalign/builtin-apply-4.c -O2 compilation failed to produce executable
FAIL: gcc.dg/torture/stackalign/builtin-apply-4.c -O3 -fomit-frame-pointer (internal compiler error)
FAIL: gcc.dg/torture/stackalign/builtin-apply-4.c -O3 -fomit-frame-pointer (test for excess errors)
UNRESOLVED: gcc.dg/torture/stackalign/builtin-apply-4.c -O3 -fomit-frame-pointer compilation failed to produce executable
FAIL: gcc.dg/torture/stackalign/builtin-apply-4.c -O3 -g (internal compiler error)
FAIL: gcc.dg/torture/stackalign/builtin-apply-4.c -O3 -g (test for excess errors)
UNRESOLVED: gcc.dg/torture/stackalign/builtin-apply-4.c -O3 -g compilation failed to produce executable
FAIL: gcc.dg/torture/stackalign/builtin-apply-4.c -Os (internal compiler error)
FAIL: gcc.dg/torture/stackalign/builtin-apply-4.c -Os (test for excess errors)
UNRESOLVED: gcc.dg/torture/stackalign/builtin-apply-4.c -Os compilation failed to produce executable
FAIL: gcc.dg/torture/stackalign/builtin-return-1.c -O0 (internal compiler error)
FAIL: gcc.dg/torture/stackalign/builtin-return-1.c -O0 (test for excess errors)
UNRESOLVED: gcc.dg/torture/stackalign/builtin-return-1.c -O0 compilation failed to produce executable
FAIL: gcc.dg/torture/stackalign/builtin-return-1.c -O1 (internal compiler error)
FAIL: gcc.dg/torture/stackalign/builtin-return-1.c -O1 (test for excess errors)
UNRESOLVED: gcc.dg/torture/stackalign/builtin-return-1.c -O1 compilation failed to produce executable
FAIL: gcc.dg/torture/stackalign/builtin-return-1.c -O2 (internal compiler error)
FAIL: gcc.dg/torture/stackalign/builtin-return-1.c -O2 (test for excess errors)
UNRESOLVED: gcc.dg/torture/stackalign/builtin-return-1.c -O2 compilation failed to produce executable
FAIL: gcc.dg/torture/stackalign/builtin-return-1.c -O3 -fomit-frame-pointer (internal compiler error)
FAIL: gcc.dg/torture/stackalign/builtin-return-1.c -O3 -fomit-frame-pointer (test for excess errors)
UNRESOLVED: gcc.dg/torture/stackalign/builtin-return-1.c -O3 -fomit-frame-pointer compilation failed to produce executable
FAIL: gcc.dg/torture/stackalign/builtin-return-1.c -O3 -g (internal compiler error)
FAIL: gcc.dg/torture/stackalign/builtin-return-1.c -O3 -g (test for excess errors)
UNRESOLVED: gcc.dg/torture/stackalign/builtin-return-1.c -O3 -g compilation failed to produce executable
FAIL: gcc.dg/torture/stackalign/builtin-return-1.c -Os (internal compiler error)
FAIL: gcc.dg/torture/stackalign/builtin-return-1.c -Os (test for excess errors)
UNRESOLVED: gcc.dg/torture/stackalign/builtin-return-1.c -Os compilation failed to produce executable
FAIL: gcc.dg/torture/stackalign/comp-goto-1.c -O0 (internal compiler error)
FAIL: gcc.dg/torture/stackalign/comp-goto-1.c -O0 (test for excess errors)
UNRESOLVED: gcc.dg/torture/stackalign/comp-goto-1.c -O0 compilation failed to produce executable
FAIL: gcc.dg/torture/stackalign/comp-goto-1.c -O1 (internal compiler error)
FAIL: gcc.dg/torture/stackalign/comp-goto-1.c -O1 (test for excess errors)
UNRESOLVED: gcc.dg/torture/stackalign/comp-goto-1.c -O1 compilation failed to produce executable
FAIL: gcc.dg/torture/stackalign/comp-goto-1.c -O2 (internal compiler error)
FAIL: gcc.dg/torture/stackalign/comp-goto-1.c -O2 (test for excess errors)
UNRESOLVED: gcc.dg/torture/stackalign/comp-goto-1.c -O2 compilation failed to produce executable
FAIL: gcc.dg/torture/stackalign/comp-goto-1.c -O3 -fomit-frame-pointer (internal compiler error)
FAIL: gcc.dg/torture/stackalign/comp-goto-1.c -O3 -fomit-frame-pointer (test for excess errors)
UNRESOLVED: gcc.dg/torture/stackalign/comp-goto-1.c -O3 -fomit-frame-pointer compilation failed to produce executable
FAIL: gcc.dg/torture/stackalign/comp-goto-1.c -O3 -g (internal compiler error)
FAIL: gcc.dg/torture/stackalign/comp-goto-1.c -O3 -g (test for excess errors)
UNRESOLVED: gcc.dg/torture/stackalign/comp-goto-1.c -O3 -g compilation failed to produce executable
FAIL: gcc.dg/torture/stackalign/comp-goto-1.c -Os (internal compiler error)
FAIL: gcc.dg/torture/stackalign/comp-goto-1.c -Os (test for excess errors)
UNRESOLVED: gcc.dg/torture/stackalign/comp-goto-1.c -Os compilation failed to produce executable
FAIL: gcc.dg/torture/stackalign/global-1.c -O0 (internal compiler error)
FAIL: gcc.dg/torture/stackalign/global-1.c -O0 (test for excess errors)
UNRESOLVED: gcc.dg/torture/stackalign/global-1.c -O0 compilation failed to produce executable
FAIL: gcc.dg/torture/stackalign/global-1.c -O1 (internal compiler error)
FAIL: gcc.dg/torture/stackalign/global-1.c -O1 (test for excess errors)
UNRESOLVED: gcc.dg/torture/stackalign/global-1.c -O1 compilation failed to produce executable
FAIL: gcc.dg/torture/stackalign/global-1.c -O2 (internal compiler error)
FAIL: gcc.dg/torture/stackalign/global-1.c -O2 (test for excess errors)
UNRESOLVED: gcc.dg/torture/stackalign/global-1.c -O2 compilation failed to produce executable
FAIL: gcc.dg/torture/stackalign/global-1.c -O3 -fomit-frame-pointer (internal compiler error)
FAIL: gcc.dg/torture/stackalign/global-1.c -O3 -fomit-frame-pointer (test for excess errors)
UNRESOLVED: gcc.dg/torture/stackalign/global-1.c -O3 -fomit-frame-pointer compilation failed to produce executable
FAIL: gcc.dg/torture/stackalign/global-1.c -O3 -g (internal compiler error)
FAIL: gcc.dg/torture/stackalign/global-1.c -O3 -g (test for excess errors)
UNRESOLVED: gcc.dg/torture/stackalign/global-1.c -O3 -g compilation failed to produce executable
FAIL: gcc.dg/torture/stackalign/global-1.c -Os (internal compiler error)
FAIL: gcc.dg/torture/stackalign/global-1.c -Os (test for excess errors)
UNRESOLVED: gcc.dg/torture/stackalign/global-1.c -Os compilation failed to produce executable
FAIL: gcc.dg/torture/stackalign/inline-1.c -O0 (internal compiler error)
FAIL: gcc.dg/torture/stackalign/inline-1.c -O0 (test for excess errors)
UNRESOLVED: gcc.dg/torture/stackalign/inline-1.c -O0 compilation failed to produce executable
FAIL: gcc.dg/torture/stackalign/inline-1.c -O1 (internal compiler error)
FAIL: gcc.dg/torture/stackalign/inline-1.c -O1 (test for excess errors)
UNRESOLVED: gcc.dg/torture/stackalign/inline-1.c -O1 compilation failed to produce executable
FAIL: gcc.dg/torture/stackalign/inline-1.c -O2 (internal compiler error)
FAIL: gcc.dg/torture/stackalign/inline-1.c -O2 (test for excess errors)
UNRESOLVED: gcc.dg/torture/stackalign/inline-1.c -O2 compilation failed to produce executable
FAIL: gcc.dg/torture/stackalign/inline-1.c -O3 -fomit-frame-pointer (internal compiler error)
FAIL: gcc.dg/torture/stackalign/inline-1.c -O3 -fomit-frame-pointer (test for excess errors)
UNRESOLVED: gcc.dg/torture/stackalign/inline-1.c -O3 -fomit-frame-pointer compilation failed to produce executable
FAIL: gcc.dg/torture/stackalign/inline-1.c -O3 -g (internal compiler error)
FAIL: gcc.dg/torture/stackalign/inline-1.c -O3 -g (test for excess errors)
UNRESOLVED: gcc.dg/torture/stackalign/inline-1.c -O3 -g compilation failed to produce executable
FAIL: gcc.dg/torture/stackalign/inline-1.c -Os (internal compiler error)
FAIL: gcc.dg/torture/stackalign/inline-1.c -Os (test for excess errors)
UNRESOLVED: gcc.dg/torture/stackalign/inline-1.c -Os compilation failed to produce executable
FAIL: gcc.dg/torture/stackalign/inline-2.c -O0 (internal compiler error)
FAIL: gcc.dg/torture/stackalign/inline-2.c -O0 (test for excess errors)
UNRESOLVED: gcc.dg/torture/stackalign/inline-2.c -O0 compilation failed to produce executable
FAIL: gcc.dg/torture/stackalign/inline-2.c -O1 (internal compiler error)
FAIL: gcc.dg/torture/stackalign/inline-2.c -O1 (test for excess errors)
UNRESOLVED: gcc.dg/torture/stackalign/inline-2.c -O1 compilation failed to produce executable
FAIL: gcc.dg/torture/stackalign/inline-2.c -O2 (internal compiler error)
FAIL: gcc.dg/torture/stackalign/inline-2.c -O2 (test for excess errors)
UNRESOLVED: gcc.dg/torture/stackalign/inline-2.c -O2 compilation failed to produce executable
FAIL: gcc.dg/torture/stackalign/inline-2.c -O3 -fomit-frame-pointer (internal compiler error)
FAIL: gcc.dg/torture/stackalign/inline-2.c -O3 -fomit-frame-pointer (test for excess errors)
UNRESOLVED: gcc.dg/torture/stackalign/inline-2.c -O3 -fomit-frame-pointer compilation failed to produce executable
FAIL: gcc.dg/torture/stackalign/inline-2.c -O3 -g (internal compiler error)
FAIL: gcc.dg/torture/stackalign/inline-2.c -O3 -g (test for excess errors)
UNRESOLVED: gcc.dg/torture/stackalign/inline-2.c -O3 -g compilation failed to produce executable
FAIL: gcc.dg/torture/stackalign/inline-2.c -Os (internal compiler error)
FAIL: gcc.dg/torture/stackalign/inline-2.c -Os (test for excess errors)
UNRESOLVED: gcc.dg/torture/stackalign/inline-2.c -Os compilation failed to produce executable
FAIL: gcc.dg/torture/stackalign/nested-1.c -O0 (internal compiler error)
FAIL: gcc.dg/torture/stackalign/nested-1.c -O0 (test for excess errors)
UNRESOLVED: gcc.dg/torture/stackalign/nested-1.c -O0 compilation failed to produce executable
FAIL: gcc.dg/torture/stackalign/nested-1.c -O1 (internal compiler error)
FAIL: gcc.dg/torture/stackalign/nested-1.c -O1 (test for excess errors)
UNRESOLVED: gcc.dg/torture/stackalign/nested-1.c -O1 compilation failed to produce executable
FAIL: gcc.dg/torture/stackalign/nested-1.c -O2 (internal compiler error)
FAIL: gcc.dg/torture/stackalign/nested-1.c -O2 (test for excess errors)
UNRESOLVED: gcc.dg/torture/stackalign/nested-1.c -O2 compilation failed to produce executable
FAIL: gcc.dg/torture/stackalign/nested-1.c -O3 -fomit-frame-pointer (internal compiler error)
FAIL: gcc.dg/torture/stackalign/nested-1.c -O3 -fomit-frame-pointer (test for excess errors)
UNRESOLVED: gcc.dg/torture/stackalign/nested-1.c -O3 -fomit-frame-pointer compilation failed to produce executable
FAIL: gcc.dg/torture/stackalign/nested-1.c -O3 -g (internal compiler error)
FAIL: gcc.dg/torture/stackalign/nested-1.c -O3 -g (test for excess errors)
UNRESOLVED: gcc.dg/torture/stackalign/nested-1.c -O3 -g compilation failed to produce executable
FAIL: gcc.dg/torture/stackalign/nested-1.c -Os (internal compiler error)
FAIL: gcc.dg/torture/stackalign/nested-1.c -Os (test for excess errors)
UNRESOLVED: gcc.dg/torture/stackalign/nested-1.c -Os compilation failed to produce executable
FAIL: gcc.dg/torture/stackalign/nested-2.c -O0 (internal compiler error)
FAIL: gcc.dg/torture/stackalign/nested-2.c -O0 (test for excess errors)
UNRESOLVED: gcc.dg/torture/stackalign/nested-2.c -O0 compilation failed to produce executable
FAIL: gcc.dg/torture/stackalign/nested-2.c -O1 (internal compiler error)
FAIL: gcc.dg/torture/stackalign/nested-2.c -O1 (test for excess errors)
UNRESOLVED: gcc.dg/torture/stackalign/nested-2.c -O1 compilation failed to produce executable
FAIL: gcc.dg/torture/stackalign/nested-2.c -O2 (internal compiler error)
FAIL: gcc.dg/torture/stackalign/nested-2.c -O2 (test for excess errors)
UNRESOLVED: gcc.dg/torture/stackalign/nested-2.c -O2 compilation failed to produce executable
FAIL: gcc.dg/torture/stackalign/nested-2.c -O3 -fomit-frame-pointer (internal compiler error)
FAIL: gcc.dg/torture/stackalign/nested-2.c -O3 -fomit-frame-pointer (test for excess errors)
UNRESOLVED: gcc.dg/torture/stackalign/nested-2.c -O3 -fomit-frame-pointer compilation failed to produce executable
FAIL: gcc.dg/torture/stackalign/nested-2.c -O3 -g (internal compiler error)
FAIL: gcc.dg/torture/stackalign/nested-2.c -O3 -g (test for excess errors)
UNRESOLVED: gcc.dg/torture/stackalign/nested-2.c -O3 -g compilation failed to produce executable
FAIL: gcc.dg/torture/stackalign/nested-2.c -Os (internal compiler error)
FAIL: gcc.dg/torture/stackalign/nested-2.c -Os (test for excess errors)
UNRESOLVED: gcc.dg/torture/stackalign/nested-2.c -Os compilation failed to produce executable
FAIL: gcc.dg/torture/stackalign/nested-3.c -O0 (internal compiler error)
FAIL: gcc.dg/torture/stackalign/nested-3.c -O0 (test for excess errors)
UNRESOLVED: gcc.dg/torture/stackalign/nested-3.c -O0 compilation failed to produce executable
FAIL: gcc.dg/torture/stackalign/nested-3.c -O1 (internal compiler error)
FAIL: gcc.dg/torture/stackalign/nested-3.c -O1 (test for excess errors)
UNRESOLVED: gcc.dg/torture/stackalign/nested-3.c -O1 compilation failed to produce executable
FAIL: gcc.dg/torture/stackalign/nested-3.c -O2 (internal compiler error)
FAIL: gcc.dg/torture/stackalign/nested-3.c -O2 (test for excess errors)
UNRESOLVED: gcc.dg/torture/stackalign/nested-3.c -O2 compilation failed to produce executable
FAIL: gcc.dg/torture/stackalign/nested-3.c -O3 -fomit-frame-pointer (internal compiler error)
FAIL: gcc.dg/torture/stackalign/nested-3.c -O3 -fomit-frame-pointer (test for excess errors)
UNRESOLVED: gcc.dg/torture/stackalign/nested-3.c -O3 -fomit-frame-pointer compilation failed to produce executable
FAIL: gcc.dg/torture/stackalign/nested-3.c -O3 -g (internal compiler error)
FAIL: gcc.dg/torture/stackalign/nested-3.c -O3 -g (test for excess errors)
UNRESOLVED: gcc.dg/torture/stackalign/nested-3.c -O3 -g compilation failed to produce executable
FAIL: gcc.dg/torture/stackalign/nested-3.c -Os (internal compiler error)
FAIL: gcc.dg/torture/stackalign/nested-3.c -Os (test for excess errors)
UNRESOLVED: gcc.dg/torture/stackalign/nested-3.c -Os compilation failed to produce executable
FAIL: gcc.dg/torture/stackalign/nested-4.c -O0 (internal compiler error)
FAIL: gcc.dg/torture/stackalign/nested-4.c -O0 (test for excess errors)
UNRESOLVED: gcc.dg/torture/stackalign/nested-4.c -O0 compilation failed to produce executable
FAIL: gcc.dg/torture/stackalign/nested-4.c -O1 (internal compiler error)
FAIL: gcc.dg/torture/stackalign/nested-4.c -O1 (test for excess errors)
UNRESOLVED: gcc.dg/torture/stackalign/nested-4.c -O1 compilation failed to produce executable
FAIL: gcc.dg/torture/stackalign/nested-4.c -O2 (internal compiler error)
FAIL: gcc.dg/torture/stackalign/nested-4.c -O2 (test for excess errors)
UNRESOLVED: gcc.dg/torture/stackalign/nested-4.c -O2 compilation failed to produce executable
FAIL: gcc.dg/torture/stackalign/nested-4.c -O3 -fomit-frame-pointer (internal compiler error)
FAIL: gcc.dg/torture/stackalign/nested-4.c -O3 -fomit-frame-pointer (test for excess errors)
UNRESOLVED: gcc.dg/torture/stackalign/nested-4.c -O3 -fomit-frame-pointer compilation failed to produce executable
FAIL: gcc.dg/torture/stackalign/nested-4.c -O3 -g (internal compiler error)
FAIL: gcc.dg/torture/stackalign/nested-4.c -O3 -g (test for excess errors)
UNRESOLVED: gcc.dg/torture/stackalign/nested-4.c -O3 -g compilation failed to produce executable
FAIL: gcc.dg/torture/stackalign/nested-4.c -Os (internal compiler error)
FAIL: gcc.dg/torture/stackalign/nested-4.c -Os (test for excess errors)
UNRESOLVED: gcc.dg/torture/stackalign/nested-4.c -Os compilation failed to produce executable
FAIL: gcc.dg/torture/stackalign/nested-5.c -O0 (internal compiler error)
FAIL: gcc.dg/torture/stackalign/nested-5.c -O0 (test for excess errors)
UNRESOLVED: gcc.dg/torture/stackalign/nested-5.c -O0 compilation failed to produce executable
FAIL: gcc.dg/torture/stackalign/nested-5.c -O1 (internal compiler error)
FAIL: gcc.dg/torture/stackalign/nested-5.c -O1 (test for excess errors)
UNRESOLVED: gcc.dg/torture/stackalign/nested-5.c -O1 compilation failed to produce executable
FAIL: gcc.dg/torture/stackalign/nested-5.c -O2 (internal compiler error)
FAIL: gcc.dg/torture/stackalign/nested-5.c -O2 (test for excess errors)
UNRESOLVED: gcc.dg/torture/stackalign/nested-5.c -O2 compilation failed to produce executable
FAIL: gcc.dg/torture/stackalign/nested-5.c -O3 -fomit-frame-pointer (internal compiler error)
FAIL: gcc.dg/torture/stackalign/nested-5.c -O3 -fomit-frame-pointer (test for excess errors)
UNRESOLVED: gcc.dg/torture/stackalign/nested-5.c -O3 -fomit-frame-pointer compilation failed to produce executable
FAIL: gcc.dg/torture/stackalign/nested-5.c -O3 -g (internal compiler error)
FAIL: gcc.dg/torture/stackalign/nested-5.c -O3 -g (test for excess errors)
UNRESOLVED: gcc.dg/torture/stackalign/nested-5.c -O3 -g compilation failed to produce executable
FAIL: gcc.dg/torture/stackalign/nested-5.c -Os (internal compiler error)
FAIL: gcc.dg/torture/stackalign/nested-5.c -Os (test for excess errors)
UNRESOLVED: gcc.dg/torture/stackalign/nested-5.c -Os compilation failed to produce executable
FAIL: gcc.dg/torture/stackalign/nested-6.c -O0 (internal compiler error)
FAIL: gcc.dg/torture/stackalign/nested-6.c -O0 (test for excess errors)
UNRESOLVED: gcc.dg/torture/stackalign/nested-6.c -O0 compilation failed to produce executable
FAIL: gcc.dg/torture/stackalign/nested-6.c -O1 (internal compiler error)
FAIL: gcc.dg/torture/stackalign/nested-6.c -O1 (test for excess errors)
UNRESOLVED: gcc.dg/torture/stackalign/nested-6.c -O1 compilation failed to produce executable
FAIL: gcc.dg/torture/stackalign/nested-6.c -O2 (internal compiler error)
FAIL: gcc.dg/torture/stackalign/nested-6.c -O2 (test for excess errors)
UNRESOLVED: gcc.dg/torture/stackalign/nested-6.c -O2 compilation failed to produce executable
FAIL: gcc.dg/torture/stackalign/nested-6.c -O3 -fomit-frame-pointer (internal compiler error)
FAIL: gcc.dg/torture/stackalign/nested-6.c -O3 -fomit-frame-pointer (test for excess errors)
UNRESOLVED: gcc.dg/torture/stackalign/nested-6.c -O3 -fomit-frame-pointer compilation failed to produce executable
FAIL: gcc.dg/torture/stackalign/nested-6.c -O3 -g (internal compiler error)
FAIL: gcc.dg/torture/stackalign/nested-6.c -O3 -g (test for excess errors)
UNRESOLVED: gcc.dg/torture/stackalign/nested-6.c -O3 -g compilation failed to produce executable
FAIL: gcc.dg/torture/stackalign/nested-6.c -Os (internal compiler error)
FAIL: gcc.dg/torture/stackalign/nested-6.c -Os (test for excess errors)
UNRESOLVED: gcc.dg/torture/stackalign/nested-6.c -Os compilation failed to produce executable
FAIL: gcc.dg/torture/stackalign/non-local-goto-1.c -O0 (internal compiler error)
FAIL: gcc.dg/torture/stackalign/non-local-goto-1.c -O0 (test for excess errors)
UNRESOLVED: gcc.dg/torture/stackalign/non-local-goto-1.c -O0 compilation failed to produce executable
FAIL: gcc.dg/torture/stackalign/non-local-goto-1.c -O1 (internal compiler error)
FAIL: gcc.dg/torture/stackalign/non-local-goto-1.c -O1 (test for excess errors)
UNRESOLVED: gcc.dg/torture/stackalign/non-local-goto-1.c -O1 compilation failed to produce executable
FAIL: gcc.dg/torture/stackalign/non-local-goto-1.c -O2 (internal compiler error)
FAIL: gcc.dg/torture/stackalign/non-local-goto-1.c -O2 (test for excess errors)
UNRESOLVED: gcc.dg/torture/stackalign/non-local-goto-1.c -O2 compilation failed to produce executable
FAIL: gcc.dg/torture/stackalign/non-local-goto-1.c -O3 -fomit-frame-pointer (internal compiler error)
FAIL: gcc.dg/torture/stackalign/non-local-goto-1.c -O3 -fomit-frame-pointer (test for excess errors)
UNRESOLVED: gcc.dg/torture/stackalign/non-local-goto-1.c -O3 -fomit-frame-pointer compilation failed to produce executable
FAIL: gcc.dg/torture/stackalign/non-local-goto-1.c -O3 -fomit-frame-pointer -funroll-loops (internal compiler error)
FAIL: gcc.dg/torture/stackalign/non-local-goto-1.c -O3 -fomit-frame-pointer -funroll-loops (test for excess errors)
UNRESOLVED: gcc.dg/torture/stackalign/non-local-goto-1.c -O3 -fomit-frame-pointer -funroll-loops compilation failed to produce executable
FAIL: gcc.dg/torture/stackalign/non-local-goto-1.c -O3 -fomit-frame-pointer -funroll-all-loops -finline-functions (internal compiler error)
FAIL: gcc.dg/torture/stackalign/non-local-goto-1.c -O3 -fomit-frame-pointer -funroll-all-loops -finline-functions (test for excess errors)
UNRESOLVED: gcc.dg/torture/stackalign/non-local-goto-1.c -O3 -fomit-frame-pointer -funroll-all-loops -finline-functions compilation failed to produce executable
FAIL: gcc.dg/torture/stackalign/non-local-goto-1.c -O3 -g (internal compiler error)
FAIL: gcc.dg/torture/stackalign/non-local-goto-1.c -O3 -g (test for excess errors)
UNRESOLVED: gcc.dg/torture/stackalign/non-local-goto-1.c -O3 -g compilation failed to produce executable
FAIL: gcc.dg/torture/stackalign/non-local-goto-1.c -Os (internal compiler error)
FAIL: gcc.dg/torture/stackalign/non-local-goto-1.c -Os (test for excess errors)
UNRESOLVED: gcc.dg/torture/stackalign/non-local-goto-1.c -Os compilation failed to produce executable
FAIL: gcc.dg/torture/stackalign/non-local-goto-2.c -O0 (internal compiler error)
FAIL: gcc.dg/torture/stackalign/non-local-goto-2.c -O0 (test for excess errors)
UNRESOLVED: gcc.dg/torture/stackalign/non-local-goto-2.c -O0 compilation failed to produce executable
FAIL: gcc.dg/torture/stackalign/non-local-goto-2.c -O1 (internal compiler error)
FAIL: gcc.dg/torture/stackalign/non-local-goto-2.c -O1 (test for excess errors)
UNRESOLVED: gcc.dg/torture/stackalign/non-local-goto-2.c -O1 compilation failed to produce executable
FAIL: gcc.dg/torture/stackalign/non-local-goto-2.c -O2 (internal compiler error)
FAIL: gcc.dg/torture/stackalign/non-local-goto-2.c -O2 (test for excess errors)
UNRESOLVED: gcc.dg/torture/stackalign/non-local-goto-2.c -O2 compilation failed to produce executable
FAIL: gcc.dg/torture/stackalign/non-local-goto-2.c -O3 -fomit-frame-pointer (internal compiler error)
FAIL: gcc.dg/torture/stackalign/non-local-goto-2.c -O3 -fomit-frame-pointer (test for excess errors)
UNRESOLVED: gcc.dg/torture/stackalign/non-local-goto-2.c -O3 -fomit-frame-pointer compilation failed to produce executable
FAIL: gcc.dg/torture/stackalign/non-local-goto-2.c -O3 -fomit-frame-pointer -funroll-loops (internal compiler error)
FAIL: gcc.dg/torture/stackalign/non-local-goto-2.c -O3 -fomit-frame-pointer -funroll-loops (test for excess errors)
UNRESOLVED: gcc.dg/torture/stackalign/non-local-goto-2.c -O3 -fomit-frame-pointer -funroll-loops compilation failed to produce executable
FAIL: gcc.dg/torture/stackalign/non-local-goto-2.c -O3 -fomit-frame-pointer -funroll-all-loops -finline-functions (internal compiler error)
FAIL: gcc.dg/torture/stackalign/non-local-goto-2.c -O3 -fomit-frame-pointer -funroll-all-loops -finline-functions (test for excess errors)
UNRESOLVED: gcc.dg/torture/stackalign/non-local-goto-2.c -O3 -fomit-frame-pointer -funroll-all-loops -finline-functions compilation failed to produce executable
FAIL: gcc.dg/torture/stackalign/non-local-goto-2.c -O3 -g (internal compiler error)
FAIL: gcc.dg/torture/stackalign/non-local-goto-2.c -O3 -g (test for excess errors)
UNRESOLVED: gcc.dg/torture/stackalign/non-local-goto-2.c -O3 -g compilation failed to produce executable
FAIL: gcc.dg/torture/stackalign/non-local-goto-2.c -Os (internal compiler error)
FAIL: gcc.dg/torture/stackalign/non-local-goto-2.c -Os (test for excess errors)
UNRESOLVED: gcc.dg/torture/stackalign/non-local-goto-2.c -Os compilation failed to produce executable
FAIL: gcc.dg/torture/stackalign/non-local-goto-3.c -O0 (internal compiler error)
FAIL: gcc.dg/torture/stackalign/non-local-goto-3.c -O0 (test for excess errors)
UNRESOLVED: gcc.dg/torture/stackalign/non-local-goto-3.c -O0 compilation failed to produce executable
FAIL: gcc.dg/torture/stackalign/non-local-goto-3.c -O1 (internal compiler error)
FAIL: gcc.dg/torture/stackalign/non-local-goto-3.c -O1 (test for excess errors)
UNRESOLVED: gcc.dg/torture/stackalign/non-local-goto-3.c -O1 compilation failed to produce executable
FAIL: gcc.dg/torture/stackalign/non-local-goto-3.c -O2 (internal compiler error)
FAIL: gcc.dg/torture/stackalign/non-local-goto-3.c -O2 (test for excess errors)
UNRESOLVED: gcc.dg/torture/stackalign/non-local-goto-3.c -O2 compilation failed to produce executable
FAIL: gcc.dg/torture/stackalign/non-local-goto-3.c -O3 -fomit-frame-pointer (internal compiler error)
FAIL: gcc.dg/torture/stackalign/non-local-goto-3.c -O3 -fomit-frame-pointer (test for excess errors)
UNRESOLVED: gcc.dg/torture/stackalign/non-local-goto-3.c -O3 -fomit-frame-pointer compilation failed to produce executable
FAIL: gcc.dg/torture/stackalign/non-local-goto-3.c -O3 -fomit-frame-pointer -funroll-loops (internal compiler error)
FAIL: gcc.dg/torture/stackalign/non-local-goto-3.c -O3 -fomit-frame-pointer -funroll-loops (test for excess errors)
UNRESOLVED: gcc.dg/torture/stackalign/non-local-goto-3.c -O3 -fomit-frame-pointer -funroll-loops compilation failed to produce executable
FAIL: gcc.dg/torture/stackalign/non-local-goto-3.c -O3 -fomit-frame-pointer -funroll-all-loops -finline-functions (internal compiler error)
FAIL: gcc.dg/torture/stackalign/non-local-goto-3.c -O3 -fomit-frame-pointer -funroll-all-loops -finline-functions (test for excess errors)
UNRESOLVED: gcc.dg/torture/stackalign/non-local-goto-3.c -O3 -fomit-frame-pointer -funroll-all-loops -finline-functions compilation failed to produce executable
FAIL: gcc.dg/torture/stackalign/non-local-goto-3.c -O3 -g (internal compiler error)
FAIL: gcc.dg/torture/stackalign/non-local-goto-3.c -O3 -g (test for excess errors)
UNRESOLVED: gcc.dg/torture/stackalign/non-local-goto-3.c -O3 -g compilation failed to produce executable
FAIL: gcc.dg/torture/stackalign/non-local-goto-3.c -Os (internal compiler error)
FAIL: gcc.dg/torture/stackalign/non-local-goto-3.c -Os (test for excess errors)
UNRESOLVED: gcc.dg/torture/stackalign/non-local-goto-3.c -Os compilation failed to produce executable
FAIL: gcc.dg/torture/stackalign/non-local-goto-4.c -O0 (internal compiler error)
FAIL: gcc.dg/torture/stackalign/non-local-goto-4.c -O0 (test for excess errors)
UNRESOLVED: gcc.dg/torture/stackalign/non-local-goto-4.c -O0 compilation failed to produce executable
FAIL: gcc.dg/torture/stackalign/non-local-goto-4.c -O1 (internal compiler error)
FAIL: gcc.dg/torture/stackalign/non-local-goto-4.c -O1 (test for excess errors)
UNRESOLVED: gcc.dg/torture/stackalign/non-local-goto-4.c -O1 compilation failed to produce executable
FAIL: gcc.dg/torture/stackalign/non-local-goto-4.c -O2 (internal compiler error)
FAIL: gcc.dg/torture/stackalign/non-local-goto-4.c -O2 (test for excess errors)
UNRESOLVED: gcc.dg/torture/stackalign/non-local-goto-4.c -O2 compilation failed to produce executable
FAIL: gcc.dg/torture/stackalign/non-local-goto-4.c -O3 -fomit-frame-pointer (internal compiler error)
FAIL: gcc.dg/torture/stackalign/non-local-goto-4.c -O3 -fomit-frame-pointer (test for excess errors)
UNRESOLVED: gcc.dg/torture/stackalign/non-local-goto-4.c -O3 -fomit-frame-pointer compilation failed to produce executable
FAIL: gcc.dg/torture/stackalign/non-local-goto-4.c -O3 -g (internal compiler error)
FAIL: gcc.dg/torture/stackalign/non-local-goto-4.c -O3 -g (test for excess errors)
UNRESOLVED: gcc.dg/torture/stackalign/non-local-goto-4.c -O3 -g compilation failed to produce executable
FAIL: gcc.dg/torture/stackalign/non-local-goto-4.c -Os (internal compiler error)
FAIL: gcc.dg/torture/stackalign/non-local-goto-4.c -Os (test for excess errors)
UNRESOLVED: gcc.dg/torture/stackalign/non-local-goto-4.c -Os compilation failed to produce executable
FAIL: gcc.dg/torture/stackalign/non-local-goto-5.c -O0 (internal compiler error)
FAIL: gcc.dg/torture/stackalign/non-local-goto-5.c -O0 (test for excess errors)
UNRESOLVED: gcc.dg/torture/stackalign/non-local-goto-5.c -O0 compilation failed to produce executable
FAIL: gcc.dg/torture/stackalign/non-local-goto-5.c -O1 (internal compiler error)
FAIL: gcc.dg/torture/stackalign/non-local-goto-5.c -O1 (test for excess errors)
UNRESOLVED: gcc.dg/torture/stackalign/non-local-goto-5.c -O1 compilation failed to produce executable
FAIL: gcc.dg/torture/stackalign/non-local-goto-5.c -O2 (internal compiler error)
FAIL: gcc.dg/torture/stackalign/non-local-goto-5.c -O2 (test for excess errors)
UNRESOLVED: gcc.dg/torture/stackalign/non-local-goto-5.c -O2 compilation failed to produce executable
FAIL: gcc.dg/torture/stackalign/non-local-goto-5.c -O3 -fomit-frame-pointer (internal compiler error)
FAIL: gcc.dg/torture/stackalign/non-local-goto-5.c -O3 -fomit-frame-pointer (test for excess errors)
UNRESOLVED: gcc.dg/torture/stackalign/non-local-goto-5.c -O3 -fomit-frame-pointer compilation failed to produce executable
FAIL: gcc.dg/torture/stackalign/non-local-goto-5.c -O3 -g (internal compiler error)
FAIL: gcc.dg/torture/stackalign/non-local-goto-5.c -O3 -g (test for excess errors)
UNRESOLVED: gcc.dg/torture/stackalign/non-local-goto-5.c -O3 -g compilation failed to produce executable
FAIL: gcc.dg/torture/stackalign/non-local-goto-5.c -Os (internal compiler error)
FAIL: gcc.dg/torture/stackalign/non-local-goto-5.c -Os (test for excess errors)
UNRESOLVED: gcc.dg/torture/stackalign/non-local-goto-5.c -Os compilation failed to produce executable
FAIL: gcc.dg/torture/stackalign/pr16660-2.c -O0 (internal compiler error)
FAIL: gcc.dg/torture/stackalign/pr16660-2.c -O0 (test for excess errors)
UNRESOLVED: gcc.dg/torture/stackalign/pr16660-2.c -O0 compilation failed to produce executable
FAIL: gcc.dg/torture/stackalign/pr16660-2.c -O1 (internal compiler error)
FAIL: gcc.dg/torture/stackalign/pr16660-2.c -O1 (test for excess errors)
UNRESOLVED: gcc.dg/torture/stackalign/pr16660-2.c -O1 compilation failed to produce executable
FAIL: gcc.dg/torture/stackalign/pr16660-2.c -O2 (internal compiler error)
FAIL: gcc.dg/torture/stackalign/pr16660-2.c -O2 (test for excess errors)
UNRESOLVED: gcc.dg/torture/stackalign/pr16660-2.c -O2 compilation failed to produce executable
FAIL: gcc.dg/torture/stackalign/pr16660-2.c -O3 -fomit-frame-pointer (internal compiler error)
FAIL: gcc.dg/torture/stackalign/pr16660-2.c -O3 -fomit-frame-pointer (test for excess errors)
UNRESOLVED: gcc.dg/torture/stackalign/pr16660-2.c -O3 -fomit-frame-pointer compilation failed to produce executable
FAIL: gcc.dg/torture/stackalign/pr16660-2.c -O3 -g (internal compiler error)
FAIL: gcc.dg/torture/stackalign/pr16660-2.c -O3 -g (test for excess errors)
UNRESOLVED: gcc.dg/torture/stackalign/pr16660-2.c -O3 -g compilation failed to produce executable
FAIL: gcc.dg/torture/stackalign/pr16660-2.c -Os (internal compiler error)
FAIL: gcc.dg/torture/stackalign/pr16660-2.c -Os (test for excess errors)
UNRESOLVED: gcc.dg/torture/stackalign/pr16660-2.c -Os compilation failed to produce executable
FAIL: gcc.dg/torture/stackalign/pr16660-3.c -O0 (internal compiler error)
FAIL: gcc.dg/torture/stackalign/pr16660-3.c -O0 (test for excess errors)
UNRESOLVED: gcc.dg/torture/stackalign/pr16660-3.c -O0 compilation failed to produce executable
FAIL: gcc.dg/torture/stackalign/pr16660-3.c -O1 (internal compiler error)
FAIL: gcc.dg/torture/stackalign/pr16660-3.c -O1 (test for excess errors)
UNRESOLVED: gcc.dg/torture/stackalign/pr16660-3.c -O1 compilation failed to produce executable
FAIL: gcc.dg/torture/stackalign/pr16660-3.c -O2 (internal compiler error)
FAIL: gcc.dg/torture/stackalign/pr16660-3.c -O2 (test for excess errors)
UNRESOLVED: gcc.dg/torture/stackalign/pr16660-3.c -O2 compilation failed to produce executable
FAIL: gcc.dg/torture/stackalign/pr16660-3.c -O3 -fomit-frame-pointer (internal compiler error)
FAIL: gcc.dg/torture/stackalign/pr16660-3.c -O3 -fomit-frame-pointer (test for excess errors)
UNRESOLVED: gcc.dg/torture/stackalign/pr16660-3.c -O3 -fomit-frame-pointer compilation failed to produce executable
FAIL: gcc.dg/torture/stackalign/pr16660-3.c -O3 -g (internal compiler error)
FAIL: gcc.dg/torture/stackalign/pr16660-3.c -O3 -g (test for excess errors)
UNRESOLVED: gcc.dg/torture/stackalign/pr16660-3.c -O3 -g compilation failed to produce executable
FAIL: gcc.dg/torture/stackalign/pr16660-3.c -Os (internal compiler error)
FAIL: gcc.dg/torture/stackalign/pr16660-3.c -Os (test for excess errors)
UNRESOLVED: gcc.dg/torture/stackalign/pr16660-3.c -Os compilation failed to produce executable
FAIL: gcc.dg/torture/stackalign/ret-struct-1.c -O0 (internal compiler error)
FAIL: gcc.dg/torture/stackalign/ret-struct-1.c -O0 (test for excess errors)
UNRESOLVED: gcc.dg/torture/stackalign/ret-struct-1.c -O0 compilation failed to produce executable
FAIL: gcc.dg/torture/stackalign/ret-struct-1.c -O1 (internal compiler error)
FAIL: gcc.dg/torture/stackalign/ret-struct-1.c -O1 (test for excess errors)
UNRESOLVED: gcc.dg/torture/stackalign/ret-struct-1.c -O1 compilation failed to produce executable
FAIL: gcc.dg/torture/stackalign/ret-struct-1.c -O2 (internal compiler error)
FAIL: gcc.dg/torture/stackalign/ret-struct-1.c -O2 (test for excess errors)
UNRESOLVED: gcc.dg/torture/stackalign/ret-struct-1.c -O2 compilation failed to produce executable
FAIL: gcc.dg/torture/stackalign/ret-struct-1.c -O3 -fomit-frame-pointer (internal compiler error)
FAIL: gcc.dg/torture/stackalign/ret-struct-1.c -O3 -fomit-frame-pointer (test for excess errors)
UNRESOLVED: gcc.dg/torture/stackalign/ret-struct-1.c -O3 -fomit-frame-pointer compilation failed to produce executable
FAIL: gcc.dg/torture/stackalign/ret-struct-1.c -O3 -g (internal compiler error)
FAIL: gcc.dg/torture/stackalign/ret-struct-1.c -O3 -g (test for excess errors)
UNRESOLVED: gcc.dg/torture/stackalign/ret-struct-1.c -O3 -g compilation failed to produce executable
FAIL: gcc.dg/torture/stackalign/ret-struct-1.c -Os (internal compiler error)
FAIL: gcc.dg/torture/stackalign/ret-struct-1.c -Os (test for excess errors)
UNRESOLVED: gcc.dg/torture/stackalign/ret-struct-1.c -Os compilation failed to produce executable
FAIL: gcc.dg/torture/stackalign/setjmp-1.c -O0 (internal compiler error)
FAIL: gcc.dg/torture/stackalign/setjmp-1.c -O0 (test for excess errors)
UNRESOLVED: gcc.dg/torture/stackalign/setjmp-1.c -O0 compilation failed to produce executable
FAIL: gcc.dg/torture/stackalign/setjmp-1.c -O1 (internal compiler error)
FAIL: gcc.dg/torture/stackalign/setjmp-1.c -O1 (test for excess errors)
UNRESOLVED: gcc.dg/torture/stackalign/setjmp-1.c -O1 compilation failed to produce executable
FAIL: gcc.dg/torture/stackalign/setjmp-1.c -O2 (internal compiler error)
FAIL: gcc.dg/torture/stackalign/setjmp-1.c -O2 (test for excess errors)
UNRESOLVED: gcc.dg/torture/stackalign/setjmp-1.c -O2 compilation failed to produce executable
FAIL: gcc.dg/torture/stackalign/setjmp-1.c -O3 -fomit-frame-pointer (internal compiler error)
FAIL: gcc.dg/torture/stackalign/setjmp-1.c -O3 -fomit-frame-pointer (test for excess errors)
UNRESOLVED: gcc.dg/torture/stackalign/setjmp-1.c -O3 -fomit-frame-pointer compilation failed to produce executable
FAIL: gcc.dg/torture/stackalign/setjmp-1.c -O3 -fomit-frame-pointer -funroll-loops (internal compiler error)
FAIL: gcc.dg/torture/stackalign/setjmp-1.c -O3 -fomit-frame-pointer -funroll-loops (test for excess errors)
UNRESOLVED: gcc.dg/torture/stackalign/setjmp-1.c -O3 -fomit-frame-pointer -funroll-loops compilation failed to produce executable
FAIL: gcc.dg/torture/stackalign/setjmp-1.c -O3 -fomit-frame-pointer -funroll-all-loops -finline-functions (internal compiler error)
FAIL: gcc.dg/torture/stackalign/setjmp-1.c -O3 -fomit-frame-pointer -funroll-all-loops -finline-functions (test for excess errors)
UNRESOLVED: gcc.dg/torture/stackalign/setjmp-1.c -O3 -fomit-frame-pointer -funroll-all-loops -finline-functions compilation failed to produce executable
FAIL: gcc.dg/torture/stackalign/setjmp-1.c -O3 -g (internal compiler error)
FAIL: gcc.dg/torture/stackalign/setjmp-1.c -O3 -g (test for excess errors)
UNRESOLVED: gcc.dg/torture/stackalign/setjmp-1.c -O3 -g compilation failed to produce executable
FAIL: gcc.dg/torture/stackalign/setjmp-1.c -Os (internal compiler error)
FAIL: gcc.dg/torture/stackalign/setjmp-1.c -Os (test for excess errors)
UNRESOLVED: gcc.dg/torture/stackalign/setjmp-1.c -Os compilation failed to produce executable
FAIL: gcc.dg/torture/stackalign/setjmp-2.c -O0 (internal compiler error)
FAIL: gcc.dg/torture/stackalign/setjmp-2.c -O0 (test for excess errors)
UNRESOLVED: gcc.dg/torture/stackalign/setjmp-2.c -O0 compilation failed to produce executable
FAIL: gcc.dg/torture/stackalign/setjmp-2.c -O1 (internal compiler error)
FAIL: gcc.dg/torture/stackalign/setjmp-2.c -O1 (test for excess errors)
UNRESOLVED: gcc.dg/torture/stackalign/setjmp-2.c -O1 compilation failed to produce executable
FAIL: gcc.dg/torture/stackalign/setjmp-2.c -O2 (internal compiler error)
FAIL: gcc.dg/torture/stackalign/setjmp-2.c -O2 (test for excess errors)
UNRESOLVED: gcc.dg/torture/stackalign/setjmp-2.c -O2 compilation failed to produce executable
FAIL: gcc.dg/torture/stackalign/setjmp-2.c -O3 -fomit-frame-pointer (internal compiler error)
FAIL: gcc.dg/torture/stackalign/setjmp-2.c -O3 -fomit-frame-pointer (test for excess errors)
UNRESOLVED: gcc.dg/torture/stackalign/setjmp-2.c -O3 -fomit-frame-pointer compilation failed to produce executable
FAIL: gcc.dg/torture/stackalign/setjmp-2.c -O3 -fomit-frame-pointer -funroll-loops (internal compiler error)
FAIL: gcc.dg/torture/stackalign/setjmp-2.c -O3 -fomit-frame-pointer -funroll-loops (test for excess errors)
UNRESOLVED: gcc.dg/torture/stackalign/setjmp-2.c -O3 -fomit-frame-pointer -funroll-loops compilation failed to produce executable
FAIL: gcc.dg/torture/stackalign/setjmp-2.c -O3 -fomit-frame-pointer -funroll-all-loops -finline-functions (internal compiler error)
FAIL: gcc.dg/torture/stackalign/setjmp-2.c -O3 -fomit-frame-pointer -funroll-all-loops -finline-functions (test for excess errors)
UNRESOLVED: gcc.dg/torture/stackalign/setjmp-2.c -O3 -fomit-frame-pointer -funroll-all-loops -finline-functions compilation failed to produce executable
FAIL: gcc.dg/torture/stackalign/setjmp-2.c -O3 -g (internal compiler error)
FAIL: gcc.dg/torture/stackalign/setjmp-2.c -O3 -g (test for excess errors)
UNRESOLVED: gcc.dg/torture/stackalign/setjmp-2.c -O3 -g compilation failed to produce executable
FAIL: gcc.dg/torture/stackalign/setjmp-2.c -Os (internal compiler error)
FAIL: gcc.dg/torture/stackalign/setjmp-2.c -Os (test for excess errors)
UNRESOLVED: gcc.dg/torture/stackalign/setjmp-2.c -Os compilation failed to produce executable
FAIL: gcc.dg/torture/stackalign/setjmp-3.c -O0 (internal compiler error)
FAIL: gcc.dg/torture/stackalign/setjmp-3.c -O0 (test for excess errors)
UNRESOLVED: gcc.dg/torture/stackalign/setjmp-3.c -O0 compilation failed to produce executable
FAIL: gcc.dg/torture/stackalign/setjmp-3.c -O1 (internal compiler error)
FAIL: gcc.dg/torture/stackalign/setjmp-3.c -O1 (test for excess errors)
UNRESOLVED: gcc.dg/torture/stackalign/setjmp-3.c -O1 compilation failed to produce executable
FAIL: gcc.dg/torture/stackalign/setjmp-3.c -O2 (internal compiler error)
FAIL: gcc.dg/torture/stackalign/setjmp-3.c -O2 (test for excess errors)
UNRESOLVED: gcc.dg/torture/stackalign/setjmp-3.c -O2 compilation failed to produce executable
FAIL: gcc.dg/torture/stackalign/setjmp-3.c -O3 -fomit-frame-pointer (internal compiler error)
FAIL: gcc.dg/torture/stackalign/setjmp-3.c -O3 -fomit-frame-pointer (test for excess errors)
UNRESOLVED: gcc.dg/torture/stackalign/setjmp-3.c -O3 -fomit-frame-pointer compilation failed to produce executable
FAIL: gcc.dg/torture/stackalign/setjmp-3.c -O3 -fomit-frame-pointer -funroll-loops (internal compiler error)
FAIL: gcc.dg/torture/stackalign/setjmp-3.c -O3 -fomit-frame-pointer -funroll-loops (test for excess errors)
UNRESOLVED: gcc.dg/torture/stackalign/setjmp-3.c -O3 -fomit-frame-pointer -funroll-loops compilation failed to produce executable
FAIL: gcc.dg/torture/stackalign/setjmp-3.c -O3 -fomit-frame-pointer -funroll-all-loops -finline-functions (internal compiler error)
FAIL: gcc.dg/torture/stackalign/setjmp-3.c -O3 -fomit-frame-pointer -funroll-all-loops -finline-functions (test for excess errors)
UNRESOLVED: gcc.dg/torture/stackalign/setjmp-3.c -O3 -fomit-frame-pointer -funroll-all-loops -finline-functions compilation failed to produce executable
FAIL: gcc.dg/torture/stackalign/setjmp-3.c -O3 -g (internal compiler error)
FAIL: gcc.dg/torture/stackalign/setjmp-3.c -O3 -g (test for excess errors)
UNRESOLVED: gcc.dg/torture/stackalign/setjmp-3.c -O3 -g compilation failed to produce executable
FAIL: gcc.dg/torture/stackalign/setjmp-3.c -Os (internal compiler error)
FAIL: gcc.dg/torture/stackalign/setjmp-3.c -Os (test for excess errors)
UNRESOLVED: gcc.dg/torture/stackalign/setjmp-3.c -Os compilation failed to produce executable
FAIL: gcc.dg/torture/stackalign/setjmp-4.c -O0 (internal compiler error)
FAIL: gcc.dg/torture/stackalign/setjmp-4.c -O0 (test for excess errors)
UNRESOLVED: gcc.dg/torture/stackalign/setjmp-4.c -O0 compilation failed to produce executable
FAIL: gcc.dg/torture/stackalign/setjmp-4.c -O1 (internal compiler error)
FAIL: gcc.dg/torture/stackalign/setjmp-4.c -O1 (test for excess errors)
UNRESOLVED: gcc.dg/torture/stackalign/setjmp-4.c -O1 compilation failed to produce executable
FAIL: gcc.dg/torture/stackalign/setjmp-4.c -O2 (internal compiler error)
FAIL: gcc.dg/torture/stackalign/setjmp-4.c -O2 (test for excess errors)
UNRESOLVED: gcc.dg/torture/stackalign/setjmp-4.c -O2 compilation failed to produce executable
FAIL: gcc.dg/torture/stackalign/setjmp-4.c -O3 -fomit-frame-pointer (internal compiler error)
FAIL: gcc.dg/torture/stackalign/setjmp-4.c -O3 -fomit-frame-pointer (test for excess errors)
UNRESOLVED: gcc.dg/torture/stackalign/setjmp-4.c -O3 -fomit-frame-pointer compilation failed to produce executable
FAIL: gcc.dg/torture/stackalign/setjmp-4.c -O3 -fomit-frame-pointer -funroll-loops (internal compiler error)
FAIL: gcc.dg/torture/stackalign/setjmp-4.c -O3 -fomit-frame-pointer -funroll-loops (test for excess errors)
UNRESOLVED: gcc.dg/torture/stackalign/setjmp-4.c -O3 -fomit-frame-pointer -funroll-loops compilation failed to produce executable
FAIL: gcc.dg/torture/stackalign/setjmp-4.c -O3 -fomit-frame-pointer -funroll-all-loops -finline-functions (internal compiler error)
FAIL: gcc.dg/torture/stackalign/setjmp-4.c -O3 -fomit-frame-pointer -funroll-all-loops -finline-functions (test for excess errors)
UNRESOLVED: gcc.dg/torture/stackalign/setjmp-4.c -O3 -fomit-frame-pointer -funroll-all-loops -finline-functions compilation failed to produce executable
FAIL: gcc.dg/torture/stackalign/setjmp-4.c -O3 -g (internal compiler error)
FAIL: gcc.dg/torture/stackalign/setjmp-4.c -O3 -g (test for excess errors)
UNRESOLVED: gcc.dg/torture/stackalign/setjmp-4.c -O3 -g compilation failed to produce executable
FAIL: gcc.dg/torture/stackalign/setjmp-4.c -Os (internal compiler error)
FAIL: gcc.dg/torture/stackalign/setjmp-4.c -Os (test for excess errors)
UNRESOLVED: gcc.dg/torture/stackalign/setjmp-4.c -Os compilation failed to produce executable
FAIL: gcc.dg/torture/stackalign/sibcall-1.c -O0 (internal compiler error)
FAIL: gcc.dg/torture/stackalign/sibcall-1.c -O0 (test for excess errors)
UNRESOLVED: gcc.dg/torture/stackalign/sibcall-1.c -O0 compilation failed to produce executable
FAIL: gcc.dg/torture/stackalign/sibcall-1.c -O1 (internal compiler error)
FAIL: gcc.dg/torture/stackalign/sibcall-1.c -O1 (test for excess errors)
UNRESOLVED: gcc.dg/torture/stackalign/sibcall-1.c -O1 compilation failed to produce executable
FAIL: gcc.dg/torture/stackalign/sibcall-1.c -O2 (internal compiler error)
FAIL: gcc.dg/torture/stackalign/sibcall-1.c -O2 (test for excess errors)
UNRESOLVED: gcc.dg/torture/stackalign/sibcall-1.c -O2 compilation failed to produce executable
FAIL: gcc.dg/torture/stackalign/sibcall-1.c -O3 -fomit-frame-pointer (internal compiler error)
FAIL: gcc.dg/torture/stackalign/sibcall-1.c -O3 -fomit-frame-pointer (test for excess errors)
UNRESOLVED: gcc.dg/torture/stackalign/sibcall-1.c -O3 -fomit-frame-pointer compilation failed to produce executable
FAIL: gcc.dg/torture/stackalign/sibcall-1.c -O3 -g (internal compiler error)
FAIL: gcc.dg/torture/stackalign/sibcall-1.c -O3 -g (test for excess errors)
UNRESOLVED: gcc.dg/torture/stackalign/sibcall-1.c -O3 -g compilation failed to produce executable
FAIL: gcc.dg/torture/stackalign/sibcall-1.c -Os (internal compiler error)
FAIL: gcc.dg/torture/stackalign/sibcall-1.c -Os (test for excess errors)
UNRESOLVED: gcc.dg/torture/stackalign/sibcall-1.c -Os compilation failed to produce executable
FAIL: gcc.dg/torture/stackalign/struct-1.c -O0 (internal compiler error)
FAIL: gcc.dg/torture/stackalign/struct-1.c -O0 (test for excess errors)
UNRESOLVED: gcc.dg/torture/stackalign/struct-1.c -O0 compilation failed to produce executable
FAIL: gcc.dg/torture/stackalign/struct-1.c -O1 (internal compiler error)
FAIL: gcc.dg/torture/stackalign/struct-1.c -O1 (test for excess errors)
UNRESOLVED: gcc.dg/torture/stackalign/struct-1.c -O1 compilation failed to produce executable
FAIL: gcc.dg/torture/stackalign/struct-1.c -O2 (internal compiler error)
FAIL: gcc.dg/torture/stackalign/struct-1.c -O2 (test for excess errors)
UNRESOLVED: gcc.dg/torture/stackalign/struct-1.c -O2 compilation failed to produce executable
FAIL: gcc.dg/torture/stackalign/struct-1.c -O3 -fomit-frame-pointer (internal compiler error)
FAIL: gcc.dg/torture/stackalign/struct-1.c -O3 -fomit-frame-pointer (test for excess errors)
UNRESOLVED: gcc.dg/torture/stackalign/struct-1.c -O3 -fomit-frame-pointer compilation failed to produce executable
FAIL: gcc.dg/torture/stackalign/struct-1.c -O3 -g (internal compiler error)
FAIL: gcc.dg/torture/stackalign/struct-1.c -O3 -g (test for excess errors)
UNRESOLVED: gcc.dg/torture/stackalign/struct-1.c -O3 -g compilation failed to produce executable
FAIL: gcc.dg/torture/stackalign/struct-1.c -Os (internal compiler error)
FAIL: gcc.dg/torture/stackalign/struct-1.c -Os (test for excess errors)
UNRESOLVED: gcc.dg/torture/stackalign/struct-1.c -Os compilation failed to produce executable
FAIL: gcc.dg/torture/stackalign/vararg-1.c -O0 (internal compiler error)
FAIL: gcc.dg/torture/stackalign/vararg-1.c -O0 (test for excess errors)
UNRESOLVED: gcc.dg/torture/stackalign/vararg-1.c -O0 compilation failed to produce executable
FAIL: gcc.dg/torture/stackalign/vararg-1.c -O1 (internal compiler error)
FAIL: gcc.dg/torture/stackalign/vararg-1.c -O1 (test for excess errors)
UNRESOLVED: gcc.dg/torture/stackalign/vararg-1.c -O1 compilation failed to produce executable
FAIL: gcc.dg/torture/stackalign/vararg-1.c -O2 (internal compiler error)
FAIL: gcc.dg/torture/stackalign/vararg-1.c -O2 (test for excess errors)
UNRESOLVED: gcc.dg/torture/stackalign/vararg-1.c -O2 compilation failed to produce executable
FAIL: gcc.dg/torture/stackalign/vararg-1.c -O3 -fomit-frame-pointer (internal compiler error)
FAIL: gcc.dg/torture/stackalign/vararg-1.c -O3 -fomit-frame-pointer (test for excess errors)
UNRESOLVED: gcc.dg/torture/stackalign/vararg-1.c -O3 -fomit-frame-pointer compilation failed to produce executable
FAIL: gcc.dg/torture/stackalign/vararg-1.c -O3 -g (internal compiler error)
FAIL: gcc.dg/torture/stackalign/vararg-1.c -O3 -g (test for excess errors)
UNRESOLVED: gcc.dg/torture/stackalign/vararg-1.c -O3 -g compilation failed to produce executable
FAIL: gcc.dg/torture/stackalign/vararg-1.c -Os (internal compiler error)
FAIL: gcc.dg/torture/stackalign/vararg-1.c -Os (test for excess errors)
UNRESOLVED: gcc.dg/torture/stackalign/vararg-1.c -Os compilation failed to produce executable
FAIL: gcc.dg/torture/stackalign/vararg-2.c -O0 (internal compiler error)
FAIL: gcc.dg/torture/stackalign/vararg-2.c -O0 (test for excess errors)
UNRESOLVED: gcc.dg/torture/stackalign/vararg-2.c -O0 compilation failed to produce executable
FAIL: gcc.dg/torture/stackalign/vararg-2.c -O1 (internal compiler error)
FAIL: gcc.dg/torture/stackalign/vararg-2.c -O1 (test for excess errors)
UNRESOLVED: gcc.dg/torture/stackalign/vararg-2.c -O1 compilation failed to produce executable
FAIL: gcc.dg/torture/stackalign/vararg-2.c -O2 (internal compiler error)
FAIL: gcc.dg/torture/stackalign/vararg-2.c -O2 (test for excess errors)
UNRESOLVED: gcc.dg/torture/stackalign/vararg-2.c -O2 compilation failed to produce executable
FAIL: gcc.dg/torture/stackalign/vararg-2.c -O3 -fomit-frame-pointer (internal compiler error)
FAIL: gcc.dg/torture/stackalign/vararg-2.c -O3 -fomit-frame-pointer (test for excess errors)
UNRESOLVED: gcc.dg/torture/stackalign/vararg-2.c -O3 -fomit-frame-pointer compilation failed to produce executable
FAIL: gcc.dg/torture/stackalign/vararg-2.c -O3 -g (internal compiler error)
FAIL: gcc.dg/torture/stackalign/vararg-2.c -O3 -g (test for excess errors)
UNRESOLVED: gcc.dg/torture/stackalign/vararg-2.c -O3 -g compilation failed to produce executable
FAIL: gcc.dg/torture/stackalign/vararg-2.c -Os (internal compiler error)
FAIL: gcc.dg/torture/stackalign/vararg-2.c -Os (test for excess errors)
UNRESOLVED: gcc.dg/torture/stackalign/vararg-2.c -Os compilation failed to produce executable
FAIL: gcc.dg/torture/stackalign/alloca-1.c -O0 (internal compiler error)
FAIL: gcc.dg/torture/stackalign/alloca-1.c -O0 (test for excess errors)
UNRESOLVED: gcc.dg/torture/stackalign/alloca-1.c -O0 compilation failed to produce executable
FAIL: gcc.dg/torture/stackalign/alloca-1.c -O1 (internal compiler error)
FAIL: gcc.dg/torture/stackalign/alloca-1.c -O1 (test for excess errors)
UNRESOLVED: gcc.dg/torture/stackalign/alloca-1.c -O1 compilation failed to produce executable
FAIL: gcc.dg/torture/stackalign/alloca-1.c -O2 (internal compiler error)
FAIL: gcc.dg/torture/stackalign/alloca-1.c -O2 (test for excess errors)
UNRESOLVED: gcc.dg/torture/stackalign/alloca-1.c -O2 compilation failed to produce executable
FAIL: gcc.dg/torture/stackalign/alloca-1.c -O3 -fomit-frame-pointer (internal compiler error)
FAIL: gcc.dg/torture/stackalign/alloca-1.c -O3 -fomit-frame-pointer (test for excess errors)
UNRESOLVED: gcc.dg/torture/stackalign/alloca-1.c -O3 -fomit-frame-pointer compilation failed to produce executable
FAIL: gcc.dg/torture/stackalign/alloca-1.c -O3 -g (internal compiler error)
FAIL: gcc.dg/torture/stackalign/alloca-1.c -O3 -g (test for excess errors)
UNRESOLVED: gcc.dg/torture/stackalign/alloca-1.c -O3 -g compilation failed to produce executable
FAIL: gcc.dg/torture/stackalign/alloca-1.c -Os (internal compiler error)
FAIL: gcc.dg/torture/stackalign/alloca-1.c -Os (test for excess errors)
UNRESOLVED: gcc.dg/torture/stackalign/alloca-1.c -Os compilation failed to produce executable
FAIL: gcc.dg/torture/stackalign/builtin-apply-1.c -O0 (internal compiler error)
FAIL: gcc.dg/torture/stackalign/builtin-apply-1.c -O0 (test for excess errors)
FAIL: gcc.dg/torture/stackalign/builtin-apply-1.c -O1 (internal compiler error)
FAIL: gcc.dg/torture/stackalign/builtin-apply-1.c -O1 (test for excess errors)
FAIL: gcc.dg/torture/stackalign/builtin-apply-1.c -O2 (internal compiler error)
FAIL: gcc.dg/torture/stackalign/builtin-apply-1.c -O2 (test for excess errors)
FAIL: gcc.dg/torture/stackalign/builtin-apply-1.c -O3 -fomit-frame-pointer (internal compiler error)
FAIL: gcc.dg/torture/stackalign/builtin-apply-1.c -O3 -fomit-frame-pointer (test for excess errors)
FAIL: gcc.dg/torture/stackalign/builtin-apply-1.c -O3 -g (internal compiler error)
FAIL: gcc.dg/torture/stackalign/builtin-apply-1.c -O3 -g (test for excess errors)
FAIL: gcc.dg/torture/stackalign/builtin-apply-1.c -Os (internal compiler error)
FAIL: gcc.dg/torture/stackalign/builtin-apply-1.c -Os (test for excess errors)
FAIL: gcc.dg/torture/stackalign/builtin-apply-2.c -O0 (internal compiler error)
FAIL: gcc.dg/torture/stackalign/builtin-apply-2.c -O0 (test for excess errors)
UNRESOLVED: gcc.dg/torture/stackalign/builtin-apply-2.c -O0 compilation failed to produce executable
FAIL: gcc.dg/torture/stackalign/builtin-apply-2.c -O1 (internal compiler error)
FAIL: gcc.dg/torture/stackalign/builtin-apply-2.c -O1 (test for excess errors)
UNRESOLVED: gcc.dg/torture/stackalign/builtin-apply-2.c -O1 compilation failed to produce executable
FAIL: gcc.dg/torture/stackalign/builtin-apply-2.c -O2 (internal compiler error)
FAIL: gcc.dg/torture/stackalign/builtin-apply-2.c -O2 (test for excess errors)
UNRESOLVED: gcc.dg/torture/stackalign/builtin-apply-2.c -O2 compilation failed to produce executable
FAIL: gcc.dg/torture/stackalign/builtin-apply-2.c -O3 -fomit-frame-pointer (internal compiler error)
FAIL: gcc.dg/torture/stackalign/builtin-apply-2.c -O3 -fomit-frame-pointer (test for excess errors)
UNRESOLVED: gcc.dg/torture/stackalign/builtin-apply-2.c -O3 -fomit-frame-pointer compilation failed to produce executable
FAIL: gcc.dg/torture/stackalign/builtin-apply-2.c -O3 -g (internal compiler error)
FAIL: gcc.dg/torture/stackalign/builtin-apply-2.c -O3 -g (test for excess errors)
UNRESOLVED: gcc.dg/torture/stackalign/builtin-apply-2.c -O3 -g compilation failed to produce executable
FAIL: gcc.dg/torture/stackalign/builtin-apply-2.c -Os (internal compiler error)
FAIL: gcc.dg/torture/stackalign/builtin-apply-2.c -Os (test for excess errors)
UNRESOLVED: gcc.dg/torture/stackalign/builtin-apply-2.c -Os compilation failed to produce executable
FAIL: gcc.dg/torture/stackalign/builtin-apply-3.c -O0 (internal compiler error)
FAIL: gcc.dg/torture/stackalign/builtin-apply-3.c -O0 (test for excess errors)
UNRESOLVED: gcc.dg/torture/stackalign/builtin-apply-3.c -O0 compilation failed to produce executable
FAIL: gcc.dg/torture/stackalign/builtin-apply-3.c -O1 (internal compiler error)
FAIL: gcc.dg/torture/stackalign/builtin-apply-3.c -O1 (test for excess errors)
UNRESOLVED: gcc.dg/torture/stackalign/builtin-apply-3.c -O1 compilation failed to produce executable
FAIL: gcc.dg/torture/stackalign/builtin-apply-3.c -O2 (internal compiler error)
FAIL: gcc.dg/torture/stackalign/builtin-apply-3.c -O2 (test for excess errors)
UNRESOLVED: gcc.dg/torture/stackalign/builtin-apply-3.c -O2 compilation failed to produce executable
FAIL: gcc.dg/torture/stackalign/builtin-apply-3.c -O3 -fomit-frame-pointer (internal compiler error)
FAIL: gcc.dg/torture/stackalign/builtin-apply-3.c -O3 -fomit-frame-pointer (test for excess errors)
UNRESOLVED: gcc.dg/torture/stackalign/builtin-apply-3.c -O3 -fomit-frame-pointer compilation failed to produce executable
FAIL: gcc.dg/torture/stackalign/builtin-apply-3.c -O3 -g (internal compiler error)
FAIL: gcc.dg/torture/stackalign/builtin-apply-3.c -O3 -g (test for excess errors)
UNRESOLVED: gcc.dg/torture/stackalign/builtin-apply-3.c -O3 -g compilation failed to produce executable
FAIL: gcc.dg/torture/stackalign/builtin-apply-3.c -Os (internal compiler error)
FAIL: gcc.dg/torture/stackalign/builtin-apply-3.c -Os (test for excess errors)
UNRESOLVED: gcc.dg/torture/stackalign/builtin-apply-3.c -Os compilation failed to produce executable
FAIL: gcc.dg/torture/stackalign/builtin-apply-4.c -O0 (internal compiler error)
FAIL: gcc.dg/torture/stackalign/builtin-apply-4.c -O0 (test for excess errors)
UNRESOLVED: gcc.dg/torture/stackalign/builtin-apply-4.c -O0 compilation failed to produce executable
FAIL: gcc.dg/torture/stackalign/builtin-apply-4.c -O1 (internal compiler error)
FAIL: gcc.dg/torture/stackalign/builtin-apply-4.c -O1 (test for excess errors)
UNRESOLVED: gcc.dg/torture/stackalign/builtin-apply-4.c -O1 compilation failed to produce executable
FAIL: gcc.dg/torture/stackalign/builtin-apply-4.c -O2 (internal compiler error)
FAIL: gcc.dg/torture/stackalign/builtin-apply-4.c -O2 (test for excess errors)
UNRESOLVED: gcc.dg/torture/stackalign/builtin-apply-4.c -O2 compilation failed to produce executable
FAIL: gcc.dg/torture/stackalign/builtin-apply-4.c -O3 -fomit-frame-pointer (internal compiler error)
FAIL: gcc.dg/torture/stackalign/builtin-apply-4.c -O3 -fomit-frame-pointer (test for excess errors)
UNRESOLVED: gcc.dg/torture/stackalign/builtin-apply-4.c -O3 -fomit-frame-pointer compilation failed to produce executable
FAIL: gcc.dg/torture/stackalign/builtin-apply-4.c -O3 -g (internal compiler error)
FAIL: gcc.dg/torture/stackalign/builtin-apply-4.c -O3 -g (test for excess errors)
UNRESOLVED: gcc.dg/torture/stackalign/builtin-apply-4.c -O3 -g compilation failed to produce executable
FAIL: gcc.dg/torture/stackalign/builtin-apply-4.c -Os (internal compiler error)
FAIL: gcc.dg/torture/stackalign/builtin-apply-4.c -Os (test for excess errors)
UNRESOLVED: gcc.dg/torture/stackalign/builtin-apply-4.c -Os compilation failed to produce executable
FAIL: gcc.dg/torture/stackalign/builtin-return-1.c -O0 (internal compiler error)
FAIL: gcc.dg/torture/stackalign/builtin-return-1.c -O0 (test for excess errors)
UNRESOLVED: gcc.dg/torture/stackalign/builtin-return-1.c -O0 compilation failed to produce executable
FAIL: gcc.dg/torture/stackalign/builtin-return-1.c -O1 (internal compiler error)
FAIL: gcc.dg/torture/stackalign/builtin-return-1.c -O1 (test for excess errors)
UNRESOLVED: gcc.dg/torture/stackalign/builtin-return-1.c -O1 compilation failed to produce executable
FAIL: gcc.dg/torture/stackalign/builtin-return-1.c -O2 (internal compiler error)
FAIL: gcc.dg/torture/stackalign/builtin-return-1.c -O2 (test for excess errors)
UNRESOLVED: gcc.dg/torture/stackalign/builtin-return-1.c -O2 compilation failed to produce executable
FAIL: gcc.dg/torture/stackalign/builtin-return-1.c -O3 -fomit-frame-pointer (internal compiler error)
FAIL: gcc.dg/torture/stackalign/builtin-return-1.c -O3 -fomit-frame-pointer (test for excess errors)
UNRESOLVED: gcc.dg/torture/stackalign/builtin-return-1.c -O3 -fomit-frame-pointer compilation failed to produce executable
FAIL: gcc.dg/torture/stackalign/builtin-return-1.c -O3 -g (internal compiler error)
FAIL: gcc.dg/torture/stackalign/builtin-return-1.c -O3 -g (test for excess errors)
UNRESOLVED: gcc.dg/torture/stackalign/builtin-return-1.c -O3 -g compilation failed to produce executable
FAIL: gcc.dg/torture/stackalign/builtin-return-1.c -Os (internal compiler error)
FAIL: gcc.dg/torture/stackalign/builtin-return-1.c -Os (test for excess errors)
UNRESOLVED: gcc.dg/torture/stackalign/builtin-return-1.c -Os compilation failed to produce executable
FAIL: gcc.dg/torture/stackalign/comp-goto-1.c -O0 (internal compiler error)
FAIL: gcc.dg/torture/stackalign/comp-goto-1.c -O0 (test for excess errors)
UNRESOLVED: gcc.dg/torture/stackalign/comp-goto-1.c -O0 compilation failed to produce executable
FAIL: gcc.dg/torture/stackalign/comp-goto-1.c -O1 (internal compiler error)
FAIL: gcc.dg/torture/stackalign/comp-goto-1.c -O1 (test for excess errors)
UNRESOLVED: gcc.dg/torture/stackalign/comp-goto-1.c -O1 compilation failed to produce executable
FAIL: gcc.dg/torture/stackalign/comp-goto-1.c -O2 (internal compiler error)
FAIL: gcc.dg/torture/stackalign/comp-goto-1.c -O2 (test for excess errors)
UNRESOLVED: gcc.dg/torture/stackalign/comp-goto-1.c -O2 compilation failed to produce executable
FAIL: gcc.dg/torture/stackalign/comp-goto-1.c -O3 -fomit-frame-pointer (internal compiler error)
FAIL: gcc.dg/torture/stackalign/comp-goto-1.c -O3 -fomit-frame-pointer (test for excess errors)
UNRESOLVED: gcc.dg/torture/stackalign/comp-goto-1.c -O3 -fomit-frame-pointer compilation failed to produce executable
FAIL: gcc.dg/torture/stackalign/comp-goto-1.c -O3 -g (internal compiler error)
FAIL: gcc.dg/torture/stackalign/comp-goto-1.c -O3 -g (test for excess errors)
UNRESOLVED: gcc.dg/torture/stackalign/comp-goto-1.c -O3 -g compilation failed to produce executable
FAIL: gcc.dg/torture/stackalign/comp-goto-1.c -Os (internal compiler error)
FAIL: gcc.dg/torture/stackalign/comp-goto-1.c -Os (test for excess errors)
UNRESOLVED: gcc.dg/torture/stackalign/comp-goto-1.c -Os compilation failed to produce executable
FAIL: gcc.dg/torture/stackalign/global-1.c -O0 (internal compiler error)
FAIL: gcc.dg/torture/stackalign/global-1.c -O0 (test for excess errors)
UNRESOLVED: gcc.dg/torture/stackalign/global-1.c -O0 compilation failed to produce executable
FAIL: gcc.dg/torture/stackalign/global-1.c -O1 (internal compiler error)
FAIL: gcc.dg/torture/stackalign/global-1.c -O1 (test for excess errors)
UNRESOLVED: gcc.dg/torture/stackalign/global-1.c -O1 compilation failed to produce executable
FAIL: gcc.dg/torture/stackalign/global-1.c -O2 (internal compiler error)
FAIL: gcc.dg/torture/stackalign/global-1.c -O2 (test for excess errors)
UNRESOLVED: gcc.dg/torture/stackalign/global-1.c -O2 compilation failed to produce executable
FAIL: gcc.dg/torture/stackalign/global-1.c -O3 -fomit-frame-pointer (internal compiler error)
FAIL: gcc.dg/torture/stackalign/global-1.c -O3 -fomit-frame-pointer (test for excess errors)
UNRESOLVED: gcc.dg/torture/stackalign/global-1.c -O3 -fomit-frame-pointer compilation failed to produce executable
FAIL: gcc.dg/torture/stackalign/global-1.c -O3 -g (internal compiler error)
FAIL: gcc.dg/torture/stackalign/global-1.c -O3 -g (test for excess errors)
UNRESOLVED: gcc.dg/torture/stackalign/global-1.c -O3 -g compilation failed to produce executable
FAIL: gcc.dg/torture/stackalign/global-1.c -Os (internal compiler error)
FAIL: gcc.dg/torture/stackalign/global-1.c -Os (test for excess errors)
UNRESOLVED: gcc.dg/torture/stackalign/global-1.c -Os compilation failed to produce executable
FAIL: gcc.dg/torture/stackalign/inline-1.c -O0 (internal compiler error)
FAIL: gcc.dg/torture/stackalign/inline-1.c -O0 (test for excess errors)
UNRESOLVED: gcc.dg/torture/stackalign/inline-1.c -O0 compilation failed to produce executable
FAIL: gcc.dg/torture/stackalign/inline-1.c -O1 (internal compiler error)
FAIL: gcc.dg/torture/stackalign/inline-1.c -O1 (test for excess errors)
UNRESOLVED: gcc.dg/torture/stackalign/inline-1.c -O1 compilation failed to produce executable
FAIL: gcc.dg/torture/stackalign/inline-1.c -O2 (internal compiler error)
FAIL: gcc.dg/torture/stackalign/inline-1.c -O2 (test for excess errors)
UNRESOLVED: gcc.dg/torture/stackalign/inline-1.c -O2 compilation failed to produce executable
FAIL: gcc.dg/torture/stackalign/inline-1.c -O3 -fomit-frame-pointer (internal compiler error)
FAIL: gcc.dg/torture/stackalign/inline-1.c -O3 -fomit-frame-pointer (test for excess errors)
UNRESOLVED: gcc.dg/torture/stackalign/inline-1.c -O3 -fomit-frame-pointer compilation failed to produce executable
FAIL: gcc.dg/torture/stackalign/inline-1.c -O3 -g (internal compiler error)
FAIL: gcc.dg/torture/stackalign/inline-1.c -O3 -g (test for excess errors)
UNRESOLVED: gcc.dg/torture/stackalign/inline-1.c -O3 -g compilation failed to produce executable
FAIL: gcc.dg/torture/stackalign/inline-1.c -Os (internal compiler error)
FAIL: gcc.dg/torture/stackalign/inline-1.c -Os (test for excess errors)
UNRESOLVED: gcc.dg/torture/stackalign/inline-1.c -Os compilation failed to produce executable
FAIL: gcc.dg/torture/stackalign/inline-2.c -O0 (internal compiler error)
FAIL: gcc.dg/torture/stackalign/inline-2.c -O0 (test for excess errors)
UNRESOLVED: gcc.dg/torture/stackalign/inline-2.c -O0 compilation failed to produce executable
FAIL: gcc.dg/torture/stackalign/inline-2.c -O1 (internal compiler error)
FAIL: gcc.dg/torture/stackalign/inline-2.c -O1 (test for excess errors)
UNRESOLVED: gcc.dg/torture/stackalign/inline-2.c -O1 compilation failed to produce executable
FAIL: gcc.dg/torture/stackalign/inline-2.c -O2 (internal compiler error)
FAIL: gcc.dg/torture/stackalign/inline-2.c -O2 (test for excess errors)
UNRESOLVED: gcc.dg/torture/stackalign/inline-2.c -O2 compilation failed to produce executable
FAIL: gcc.dg/torture/stackalign/inline-2.c -O3 -fomit-frame-pointer (internal compiler error)
FAIL: gcc.dg/torture/stackalign/inline-2.c -O3 -fomit-frame-pointer (test for excess errors)
UNRESOLVED: gcc.dg/torture/stackalign/inline-2.c -O3 -fomit-frame-pointer compilation failed to produce executable
FAIL: gcc.dg/torture/stackalign/inline-2.c -O3 -g (internal compiler error)
FAIL: gcc.dg/torture/stackalign/inline-2.c -O3 -g (test for excess errors)
UNRESOLVED: gcc.dg/torture/stackalign/inline-2.c -O3 -g compilation failed to produce executable
FAIL: gcc.dg/torture/stackalign/inline-2.c -Os (internal compiler error)
FAIL: gcc.dg/torture/stackalign/inline-2.c -Os (test for excess errors)
UNRESOLVED: gcc.dg/torture/stackalign/inline-2.c -Os compilation failed to produce executable
FAIL: gcc.dg/torture/stackalign/nested-1.c -O0 (internal compiler error)
FAIL: gcc.dg/torture/stackalign/nested-1.c -O0 (test for excess errors)
UNRESOLVED: gcc.dg/torture/stackalign/nested-1.c -O0 compilation failed to produce executable
FAIL: gcc.dg/torture/stackalign/nested-1.c -O1 (internal compiler error)
FAIL: gcc.dg/torture/stackalign/nested-1.c -O1 (test for excess errors)
UNRESOLVED: gcc.dg/torture/stackalign/nested-1.c -O1 compilation failed to produce executable
FAIL: gcc.dg/torture/stackalign/nested-1.c -O2 (internal compiler error)
FAIL: gcc.dg/torture/stackalign/nested-1.c -O2 (test for excess errors)
UNRESOLVED: gcc.dg/torture/stackalign/nested-1.c -O2 compilation failed to produce executable
FAIL: gcc.dg/torture/stackalign/nested-1.c -O3 -fomit-frame-pointer (internal compiler error)
FAIL: gcc.dg/torture/stackalign/nested-1.c -O3 -fomit-frame-pointer (test for excess errors)
UNRESOLVED: gcc.dg/torture/stackalign/nested-1.c -O3 -fomit-frame-pointer compilation failed to produce executable
FAIL: gcc.dg/torture/stackalign/nested-1.c -O3 -g (internal compiler error)
FAIL: gcc.dg/torture/stackalign/nested-1.c -O3 -g (test for excess errors)
UNRESOLVED: gcc.dg/torture/stackalign/nested-1.c -O3 -g compilation failed to produce executable
FAIL: gcc.dg/torture/stackalign/nested-1.c -Os (internal compiler error)
FAIL: gcc.dg/torture/stackalign/nested-1.c -Os (test for excess errors)
UNRESOLVED: gcc.dg/torture/stackalign/nested-1.c -Os compilation failed to produce executable
FAIL: gcc.dg/torture/stackalign/nested-2.c -O0 (internal compiler error)
FAIL: gcc.dg/torture/stackalign/nested-2.c -O0 (test for excess errors)
UNRESOLVED: gcc.dg/torture/stackalign/nested-2.c -O0 compilation failed to produce executable
FAIL: gcc.dg/torture/stackalign/nested-2.c -O1 (internal compiler error)
FAIL: gcc.dg/torture/stackalign/nested-2.c -O1 (test for excess errors)
UNRESOLVED: gcc.dg/torture/stackalign/nested-2.c -O1 compilation failed to produce executable
FAIL: gcc.dg/torture/stackalign/nested-2.c -O2 (internal compiler error)
FAIL: gcc.dg/torture/stackalign/nested-2.c -O2 (test for excess errors)
UNRESOLVED: gcc.dg/torture/stackalign/nested-2.c -O2 compilation failed to produce executable
FAIL: gcc.dg/torture/stackalign/nested-2.c -O3 -fomit-frame-pointer (internal compiler error)
FAIL: gcc.dg/torture/stackalign/nested-2.c -O3 -fomit-frame-pointer (test for excess errors)
UNRESOLVED: gcc.dg/torture/stackalign/nested-2.c -O3 -fomit-frame-pointer compilation failed to produce executable
FAIL: gcc.dg/torture/stackalign/nested-2.c -O3 -g (internal compiler error)
FAIL: gcc.dg/torture/stackalign/nested-2.c -O3 -g (test for excess errors)
UNRESOLVED: gcc.dg/torture/stackalign/nested-2.c -O3 -g compilation failed to produce executable
FAIL: gcc.dg/torture/stackalign/nested-2.c -Os (internal compiler error)
FAIL: gcc.dg/torture/stackalign/nested-2.c -Os (test for excess errors)
UNRESOLVED: gcc.dg/torture/stackalign/nested-2.c -Os compilation failed to produce executable
FAIL: gcc.dg/torture/stackalign/nested-3.c -O0 (internal compiler error)
FAIL: gcc.dg/torture/stackalign/nested-3.c -O0 (test for excess errors)
UNRESOLVED: gcc.dg/torture/stackalign/nested-3.c -O0 compilation failed to produce executable
FAIL: gcc.dg/torture/stackalign/nested-3.c -O1 (internal compiler error)
FAIL: gcc.dg/torture/stackalign/nested-3.c -O1 (test for excess errors)
UNRESOLVED: gcc.dg/torture/stackalign/nested-3.c -O1 compilation failed to produce executable
FAIL: gcc.dg/torture/stackalign/nested-3.c -O2 (internal compiler error)
FAIL: gcc.dg/torture/stackalign/nested-3.c -O2 (test for excess errors)
UNRESOLVED: gcc.dg/torture/stackalign/nested-3.c -O2 compilation failed to produce executable
FAIL: gcc.dg/torture/stackalign/nested-3.c -O3 -fomit-frame-pointer (internal compiler error)
FAIL: gcc.dg/torture/stackalign/nested-3.c -O3 -fomit-frame-pointer (test for excess errors)
UNRESOLVED: gcc.dg/torture/stackalign/nested-3.c -O3 -fomit-frame-pointer compilation failed to produce executable
FAIL: gcc.dg/torture/stackalign/nested-3.c -O3 -g (internal compiler error)
FAIL: gcc.dg/torture/stackalign/nested-3.c -O3 -g (test for excess errors)
UNRESOLVED: gcc.dg/torture/stackalign/nested-3.c -O3 -g compilation failed to produce executable
FAIL: gcc.dg/torture/stackalign/nested-3.c -Os (internal compiler error)
FAIL: gcc.dg/torture/stackalign/nested-3.c -Os (test for excess errors)
UNRESOLVED: gcc.dg/torture/stackalign/nested-3.c -Os compilation failed to produce executable
FAIL: gcc.dg/torture/stackalign/nested-4.c -O0 (internal compiler error)
FAIL: gcc.dg/torture/stackalign/nested-4.c -O0 (test for excess errors)
UNRESOLVED: gcc.dg/torture/stackalign/nested-4.c -O0 compilation failed to produce executable
FAIL: gcc.dg/torture/stackalign/nested-4.c -O1 (internal compiler error)
FAIL: gcc.dg/torture/stackalign/nested-4.c -O1 (test for excess errors)
UNRESOLVED: gcc.dg/torture/stackalign/nested-4.c -O1 compilation failed to produce executable
FAIL: gcc.dg/torture/stackalign/nested-4.c -O2 (internal compiler error)
FAIL: gcc.dg/torture/stackalign/nested-4.c -O2 (test for excess errors)
UNRESOLVED: gcc.dg/torture/stackalign/nested-4.c -O2 compilation failed to produce executable
FAIL: gcc.dg/torture/stackalign/nested-4.c -O3 -fomit-frame-pointer (internal compiler error)
FAIL: gcc.dg/torture/stackalign/nested-4.c -O3 -fomit-frame-pointer (test for excess errors)
UNRESOLVED: gcc.dg/torture/stackalign/nested-4.c -O3 -fomit-frame-pointer compilation failed to produce executable
FAIL: gcc.dg/torture/stackalign/nested-4.c -O3 -g (internal compiler error)
FAIL: gcc.dg/torture/stackalign/nested-4.c -O3 -g (test for excess errors)
UNRESOLVED: gcc.dg/torture/stackalign/nested-4.c -O3 -g compilation failed to produce executable
FAIL: gcc.dg/torture/stackalign/nested-4.c -Os (internal compiler error)
FAIL: gcc.dg/torture/stackalign/nested-4.c -Os (test for excess errors)
UNRESOLVED: gcc.dg/torture/stackalign/nested-4.c -Os compilation failed to produce executable
FAIL: gcc.dg/torture/stackalign/nested-5.c -O0 (internal compiler error)
FAIL: gcc.dg/torture/stackalign/nested-5.c -O0 (test for excess errors)
UNRESOLVED: gcc.dg/torture/stackalign/nested-5.c -O0 compilation failed to produce executable
FAIL: gcc.dg/torture/stackalign/nested-5.c -O1 (internal compiler error)
FAIL: gcc.dg/torture/stackalign/nested-5.c -O1 (test for excess errors)
UNRESOLVED: gcc.dg/torture/stackalign/nested-5.c -O1 compilation failed to produce executable
FAIL: gcc.dg/torture/stackalign/nested-5.c -O2 (internal compiler error)
FAIL: gcc.dg/torture/stackalign/nested-5.c -O2 (test for excess errors)
UNRESOLVED: gcc.dg/torture/stackalign/nested-5.c -O2 compilation failed to produce executable
FAIL: gcc.dg/torture/stackalign/nested-5.c -O3 -fomit-frame-pointer (internal compiler error)
FAIL: gcc.dg/torture/stackalign/nested-5.c -O3 -fomit-frame-pointer (test for excess errors)
UNRESOLVED: gcc.dg/torture/stackalign/nested-5.c -O3 -fomit-frame-pointer compilation failed to produce executable
FAIL: gcc.dg/torture/stackalign/nested-5.c -O3 -g (internal compiler error)
FAIL: gcc.dg/torture/stackalign/nested-5.c -O3 -g (test for excess errors)
UNRESOLVED: gcc.dg/torture/stackalign/nested-5.c -O3 -g compilation failed to produce executable
FAIL: gcc.dg/torture/stackalign/nested-5.c -Os (internal compiler error)
FAIL: gcc.dg/torture/stackalign/nested-5.c -Os (test for excess errors)
UNRESOLVED: gcc.dg/torture/stackalign/nested-5.c -Os compilation failed to produce executable
FAIL: gcc.dg/torture/stackalign/nested-6.c -O0 (internal compiler error)
FAIL: gcc.dg/torture/stackalign/nested-6.c -O0 (test for excess errors)
UNRESOLVED: gcc.dg/torture/stackalign/nested-6.c -O0 compilation failed to produce executable
FAIL: gcc.dg/torture/stackalign/nested-6.c -O1 (internal compiler error)
FAIL: gcc.dg/torture/stackalign/nested-6.c -O1 (test for excess errors)
UNRESOLVED: gcc.dg/torture/stackalign/nested-6.c -O1 compilation failed to produce executable
FAIL: gcc.dg/torture/stackalign/nested-6.c -O2 (internal compiler error)
FAIL: gcc.dg/torture/stackalign/nested-6.c -O2 (test for excess errors)
UNRESOLVED: gcc.dg/torture/stackalign/nested-6.c -O2 compilation failed to produce executable
FAIL: gcc.dg/torture/stackalign/nested-6.c -O3 -fomit-frame-pointer (internal compiler error)
FAIL: gcc.dg/torture/stackalign/nested-6.c -O3 -fomit-frame-pointer (test for excess errors)
UNRESOLVED: gcc.dg/torture/stackalign/nested-6.c -O3 -fomit-frame-pointer compilation failed to produce executable
FAIL: gcc.dg/torture/stackalign/nested-6.c -O3 -g (internal compiler error)
FAIL: gcc.dg/torture/stackalign/nested-6.c -O3 -g (test for excess errors)
UNRESOLVED: gcc.dg/torture/stackalign/nested-6.c -O3 -g compilation failed to produce executable
FAIL: gcc.dg/torture/stackalign/nested-6.c -Os (internal compiler error)
FAIL: gcc.dg/torture/stackalign/nested-6.c -Os (test for excess errors)
UNRESOLVED: gcc.dg/torture/stackalign/nested-6.c -Os compilation failed to produce executable
FAIL: gcc.dg/torture/stackalign/non-local-goto-1.c -O0 (internal compiler error)
FAIL: gcc.dg/torture/stackalign/non-local-goto-1.c -O0 (test for excess errors)
UNRESOLVED: gcc.dg/torture/stackalign/non-local-goto-1.c -O0 compilation failed to produce executable
FAIL: gcc.dg/torture/stackalign/non-local-goto-1.c -O1 (internal compiler error)
FAIL: gcc.dg/torture/stackalign/non-local-goto-1.c -O1 (test for excess errors)
UNRESOLVED: gcc.dg/torture/stackalign/non-local-goto-1.c -O1 compilation failed to produce executable
FAIL: gcc.dg/torture/stackalign/non-local-goto-1.c -O2 (internal compiler error)
FAIL: gcc.dg/torture/stackalign/non-local-goto-1.c -O2 (test for excess errors)
UNRESOLVED: gcc.dg/torture/stackalign/non-local-goto-1.c -O2 compilation failed to produce executable
FAIL: gcc.dg/torture/stackalign/non-local-goto-1.c -O3 -fomit-frame-pointer (internal compiler error)
FAIL: gcc.dg/torture/stackalign/non-local-goto-1.c -O3 -fomit-frame-pointer (test for excess errors)
UNRESOLVED: gcc.dg/torture/stackalign/non-local-goto-1.c -O3 -fomit-frame-pointer compilation failed to produce executable
FAIL: gcc.dg/torture/stackalign/non-local-goto-1.c -O3 -fomit-frame-pointer -funroll-loops (internal compiler error)
FAIL: gcc.dg/torture/stackalign/non-local-goto-1.c -O3 -fomit-frame-pointer -funroll-loops (test for excess errors)
UNRESOLVED: gcc.dg/torture/stackalign/non-local-goto-1.c -O3 -fomit-frame-pointer -funroll-loops compilation failed to produce executable
FAIL: gcc.dg/torture/stackalign/non-local-goto-1.c -O3 -fomit-frame-pointer -funroll-all-loops -finline-functions (internal compiler error)
FAIL: gcc.dg/torture/stackalign/non-local-goto-1.c -O3 -fomit-frame-pointer -funroll-all-loops -finline-functions (test for excess errors)
UNRESOLVED: gcc.dg/torture/stackalign/non-local-goto-1.c -O3 -fomit-frame-pointer -funroll-all-loops -finline-functions compilation failed to produce executable
FAIL: gcc.dg/torture/stackalign/non-local-goto-1.c -O3 -g (internal compiler error)
FAIL: gcc.dg/torture/stackalign/non-local-goto-1.c -O3 -g (test for excess errors)
UNRESOLVED: gcc.dg/torture/stackalign/non-local-goto-1.c -O3 -g compilation failed to produce executable
FAIL: gcc.dg/torture/stackalign/non-local-goto-1.c -Os (internal compiler error)
FAIL: gcc.dg/torture/stackalign/non-local-goto-1.c -Os (test for excess errors)
UNRESOLVED: gcc.dg/torture/stackalign/non-local-goto-1.c -Os compilation failed to produce executable
FAIL: gcc.dg/torture/stackalign/non-local-goto-2.c -O0 (internal compiler error)
FAIL: gcc.dg/torture/stackalign/non-local-goto-2.c -O0 (test for excess errors)
UNRESOLVED: gcc.dg/torture/stackalign/non-local-goto-2.c -O0 compilation failed to produce executable
FAIL: gcc.dg/torture/stackalign/non-local-goto-2.c -O1 (internal compiler error)
FAIL: gcc.dg/torture/stackalign/non-local-goto-2.c -O1 (test for excess errors)
UNRESOLVED: gcc.dg/torture/stackalign/non-local-goto-2.c -O1 compilation failed to produce executable
FAIL: gcc.dg/torture/stackalign/non-local-goto-2.c -O2 (internal compiler error)
FAIL: gcc.dg/torture/stackalign/non-local-goto-2.c -O2 (test for excess errors)
UNRESOLVED: gcc.dg/torture/stackalign/non-local-goto-2.c -O2 compilation failed to produce executable
FAIL: gcc.dg/torture/stackalign/non-local-goto-2.c -O3 -fomit-frame-pointer (internal compiler error)
FAIL: gcc.dg/torture/stackalign/non-local-goto-2.c -O3 -fomit-frame-pointer (test for excess errors)
UNRESOLVED: gcc.dg/torture/stackalign/non-local-goto-2.c -O3 -fomit-frame-pointer compilation failed to produce executable
FAIL: gcc.dg/torture/stackalign/non-local-goto-2.c -O3 -fomit-frame-pointer -funroll-loops (internal compiler error)
FAIL: gcc.dg/torture/stackalign/non-local-goto-2.c -O3 -fomit-frame-pointer -funroll-loops (test for excess errors)
UNRESOLVED: gcc.dg/torture/stackalign/non-local-goto-2.c -O3 -fomit-frame-pointer -funroll-loops compilation failed to produce executable
FAIL: gcc.dg/torture/stackalign/non-local-goto-2.c -O3 -fomit-frame-pointer -funroll-all-loops -finline-functions (internal compiler error)
FAIL: gcc.dg/torture/stackalign/non-local-goto-2.c -O3 -fomit-frame-pointer -funroll-all-loops -finline-functions (test for excess errors)
UNRESOLVED: gcc.dg/torture/stackalign/non-local-goto-2.c -O3 -fomit-frame-pointer -funroll-all-loops -finline-functions compilation failed to produce executable
FAIL: gcc.dg/torture/stackalign/non-local-goto-2.c -O3 -g (internal compiler error)
FAIL: gcc.dg/torture/stackalign/non-local-goto-2.c -O3 -g (test for excess errors)
UNRESOLVED: gcc.dg/torture/stackalign/non-local-goto-2.c -O3 -g compilation failed to produce executable
FAIL: gcc.dg/torture/stackalign/non-local-goto-2.c -Os (internal compiler error)
FAIL: gcc.dg/torture/stackalign/non-local-goto-2.c -Os (test for excess errors)
UNRESOLVED: gcc.dg/torture/stackalign/non-local-goto-2.c -Os compilation failed to produce executable
FAIL: gcc.dg/torture/stackalign/non-local-goto-3.c -O0 (internal compiler error)
FAIL: gcc.dg/torture/stackalign/non-local-goto-3.c -O0 (test for excess errors)
UNRESOLVED: gcc.dg/torture/stackalign/non-local-goto-3.c -O0 compilation failed to produce executable
FAIL: gcc.dg/torture/stackalign/non-local-goto-3.c -O1 (internal compiler error)
FAIL: gcc.dg/torture/stackalign/non-local-goto-3.c -O1 (test for excess errors)
UNRESOLVED: gcc.dg/torture/stackalign/non-local-goto-3.c -O1 compilation failed to produce executable
FAIL: gcc.dg/torture/stackalign/non-local-goto-3.c -O2 (internal compiler error)
FAIL: gcc.dg/torture/stackalign/non-local-goto-3.c -O2 (test for excess errors)
UNRESOLVED: gcc.dg/torture/stackalign/non-local-goto-3.c -O2 compilation failed to produce executable
FAIL: gcc.dg/torture/stackalign/non-local-goto-3.c -O3 -fomit-frame-pointer (internal compiler error)
FAIL: gcc.dg/torture/stackalign/non-local-goto-3.c -O3 -fomit-frame-pointer (test for excess errors)
UNRESOLVED: gcc.dg/torture/stackalign/non-local-goto-3.c -O3 -fomit-frame-pointer compilation failed to produce executable
FAIL: gcc.dg/torture/stackalign/non-local-goto-3.c -O3 -fomit-frame-pointer -funroll-loops (internal compiler error)
FAIL: gcc.dg/torture/stackalign/non-local-goto-3.c -O3 -fomit-frame-pointer -funroll-loops (test for excess errors)
UNRESOLVED: gcc.dg/torture/stackalign/non-local-goto-3.c -O3 -fomit-frame-pointer -funroll-loops compilation failed to produce executable
FAIL: gcc.dg/torture/stackalign/non-local-goto-3.c -O3 -fomit-frame-pointer -funroll-all-loops -finline-functions (internal compiler error)
FAIL: gcc.dg/torture/stackalign/non-local-goto-3.c -O3 -fomit-frame-pointer -funroll-all-loops -finline-functions (test for excess errors)
UNRESOLVED: gcc.dg/torture/stackalign/non-local-goto-3.c -O3 -fomit-frame-pointer -funroll-all-loops -finline-functions compilation failed to produce executable
FAIL: gcc.dg/torture/stackalign/non-local-goto-3.c -O3 -g (internal compiler error)
FAIL: gcc.dg/torture/stackalign/non-local-goto-3.c -O3 -g (test for excess errors)
UNRESOLVED: gcc.dg/torture/stackalign/non-local-goto-3.c -O3 -g compilation failed to produce executable
FAIL: gcc.dg/torture/stackalign/non-local-goto-3.c -Os (internal compiler error)
FAIL: gcc.dg/torture/stackalign/non-local-goto-3.c -Os (test for excess errors)
UNRESOLVED: gcc.dg/torture/stackalign/non-local-goto-3.c -Os compilation failed to produce executable
FAIL: gcc.dg/torture/stackalign/non-local-goto-4.c -O0 (internal compiler error)
FAIL: gcc.dg/torture/stackalign/non-local-goto-4.c -O0 (test for excess errors)
UNRESOLVED: gcc.dg/torture/stackalign/non-local-goto-4.c -O0 compilation failed to produce executable
FAIL: gcc.dg/torture/stackalign/non-local-goto-4.c -O1 (internal compiler error)
FAIL: gcc.dg/torture/stackalign/non-local-goto-4.c -O1 (test for excess errors)
UNRESOLVED: gcc.dg/torture/stackalign/non-local-goto-4.c -O1 compilation failed to produce executable
FAIL: gcc.dg/torture/stackalign/non-local-goto-4.c -O2 (internal compiler error)
FAIL: gcc.dg/torture/stackalign/non-local-goto-4.c -O2 (test for excess errors)
UNRESOLVED: gcc.dg/torture/stackalign/non-local-goto-4.c -O2 compilation failed to produce executable
FAIL: gcc.dg/torture/stackalign/non-local-goto-4.c -O3 -fomit-frame-pointer (internal compiler error)
FAIL: gcc.dg/torture/stackalign/non-local-goto-4.c -O3 -fomit-frame-pointer (test for excess errors)
UNRESOLVED: gcc.dg/torture/stackalign/non-local-goto-4.c -O3 -fomit-frame-pointer compilation failed to produce executable
FAIL: gcc.dg/torture/stackalign/non-local-goto-4.c -O3 -g (internal compiler error)
FAIL: gcc.dg/torture/stackalign/non-local-goto-4.c -O3 -g (test for excess errors)
UNRESOLVED: gcc.dg/torture/stackalign/non-local-goto-4.c -O3 -g compilation failed to produce executable
FAIL: gcc.dg/torture/stackalign/non-local-goto-4.c -Os (internal compiler error)
FAIL: gcc.dg/torture/stackalign/non-local-goto-4.c -Os (test for excess errors)
UNRESOLVED: gcc.dg/torture/stackalign/non-local-goto-4.c -Os compilation failed to produce executable
FAIL: gcc.dg/torture/stackalign/non-local-goto-5.c -O0 (internal compiler error)
FAIL: gcc.dg/torture/stackalign/non-local-goto-5.c -O0 (test for excess errors)
UNRESOLVED: gcc.dg/torture/stackalign/non-local-goto-5.c -O0 compilation failed to produce executable
FAIL: gcc.dg/torture/stackalign/non-local-goto-5.c -O1 (internal compiler error)
FAIL: gcc.dg/torture/stackalign/non-local-goto-5.c -O1 (test for excess errors)
UNRESOLVED: gcc.dg/torture/stackalign/non-local-goto-5.c -O1 compilation failed to produce executable
FAIL: gcc.dg/torture/stackalign/non-local-goto-5.c -O2 (internal compiler error)
FAIL: gcc.dg/torture/stackalign/non-local-goto-5.c -O2 (test for excess errors)
UNRESOLVED: gcc.dg/torture/stackalign/non-local-goto-5.c -O2 compilation failed to produce executable
FAIL: gcc.dg/torture/stackalign/non-local-goto-5.c -O3 -fomit-frame-pointer (internal compiler error)
FAIL: gcc.dg/torture/stackalign/non-local-goto-5.c -O3 -fomit-frame-pointer (test for excess errors)
UNRESOLVED: gcc.dg/torture/stackalign/non-local-goto-5.c -O3 -fomit-frame-pointer compilation failed to produce executable
FAIL: gcc.dg/torture/stackalign/non-local-goto-5.c -O3 -g (internal compiler error)
FAIL: gcc.dg/torture/stackalign/non-local-goto-5.c -O3 -g (test for excess errors)
UNRESOLVED: gcc.dg/torture/stackalign/non-local-goto-5.c -O3 -g compilation failed to produce executable
FAIL: gcc.dg/torture/stackalign/non-local-goto-5.c -Os (internal compiler error)
FAIL: gcc.dg/torture/stackalign/non-local-goto-5.c -Os (test for excess errors)
UNRESOLVED: gcc.dg/torture/stackalign/non-local-goto-5.c -Os compilation failed to produce executable
FAIL: gcc.dg/torture/stackalign/pr16660-1.c -O0 (internal compiler error)
FAIL: gcc.dg/torture/stackalign/pr16660-1.c -O0 (test for excess errors)
UNRESOLVED: gcc.dg/torture/stackalign/pr16660-1.c -O0 compilation failed to produce executable
FAIL: gcc.dg/torture/stackalign/pr16660-1.c -O1 (internal compiler error)
FAIL: gcc.dg/torture/stackalign/pr16660-1.c -O1 (test for excess errors)
UNRESOLVED: gcc.dg/torture/stackalign/pr16660-1.c -O1 compilation failed to produce executable
FAIL: gcc.dg/torture/stackalign/pr16660-1.c -O2 (internal compiler error)
FAIL: gcc.dg/torture/stackalign/pr16660-1.c -O2 (test for excess errors)
UNRESOLVED: gcc.dg/torture/stackalign/pr16660-1.c -O2 compilation failed to produce executable
FAIL: gcc.dg/torture/stackalign/pr16660-1.c -O3 -fomit-frame-pointer (internal compiler error)
FAIL: gcc.dg/torture/stackalign/pr16660-1.c -O3 -fomit-frame-pointer (test for excess errors)
UNRESOLVED: gcc.dg/torture/stackalign/pr16660-1.c -O3 -fomit-frame-pointer compilation failed to produce executable
FAIL: gcc.dg/torture/stackalign/pr16660-1.c -O3 -g (internal compiler error)
FAIL: gcc.dg/torture/stackalign/pr16660-1.c -O3 -g (test for excess errors)
UNRESOLVED: gcc.dg/torture/stackalign/pr16660-1.c -O3 -g compilation failed to produce executable
FAIL: gcc.dg/torture/stackalign/pr16660-1.c -Os (internal compiler error)
FAIL: gcc.dg/torture/stackalign/pr16660-1.c -Os (test for excess errors)
UNRESOLVED: gcc.dg/torture/stackalign/pr16660-1.c -Os compilation failed to produce executable
FAIL: gcc.dg/torture/stackalign/pr16660-2.c -O0 (internal compiler error)
FAIL: gcc.dg/torture/stackalign/pr16660-2.c -O0 (test for excess errors)
UNRESOLVED: gcc.dg/torture/stackalign/pr16660-2.c -O0 compilation failed to produce executable
FAIL: gcc.dg/torture/stackalign/pr16660-2.c -O1 (internal compiler error)
FAIL: gcc.dg/torture/stackalign/pr16660-2.c -O1 (test for excess errors)
UNRESOLVED: gcc.dg/torture/stackalign/pr16660-2.c -O1 compilation failed to produce executable
FAIL: gcc.dg/torture/stackalign/pr16660-2.c -O2 (internal compiler error)
FAIL: gcc.dg/torture/stackalign/pr16660-2.c -O2 (test for excess errors)
UNRESOLVED: gcc.dg/torture/stackalign/pr16660-2.c -O2 compilation failed to produce executable
FAIL: gcc.dg/torture/stackalign/pr16660-2.c -O3 -fomit-frame-pointer (internal compiler error)
FAIL: gcc.dg/torture/stackalign/pr16660-2.c -O3 -fomit-frame-pointer (test for excess errors)
UNRESOLVED: gcc.dg/torture/stackalign/pr16660-2.c -O3 -fomit-frame-pointer compilation failed to produce executable
FAIL: gcc.dg/torture/stackalign/pr16660-2.c -O3 -g (internal compiler error)
FAIL: gcc.dg/torture/stackalign/pr16660-2.c -O3 -g (test for excess errors)
UNRESOLVED: gcc.dg/torture/stackalign/pr16660-2.c -O3 -g compilation failed to produce executable
FAIL: gcc.dg/torture/stackalign/pr16660-2.c -Os (internal compiler error)
FAIL: gcc.dg/torture/stackalign/pr16660-2.c -Os (test for excess errors)
UNRESOLVED: gcc.dg/torture/stackalign/pr16660-2.c -Os compilation failed to produce executable
FAIL: gcc.dg/torture/stackalign/pr16660-3.c -O0 (internal compiler error)
FAIL: gcc.dg/torture/stackalign/pr16660-3.c -O0 (test for excess errors)
UNRESOLVED: gcc.dg/torture/stackalign/pr16660-3.c -O0 compilation failed to produce executable
FAIL: gcc.dg/torture/stackalign/pr16660-3.c -O1 (internal compiler error)
FAIL: gcc.dg/torture/stackalign/pr16660-3.c -O1 (test for excess errors)
UNRESOLVED: gcc.dg/torture/stackalign/pr16660-3.c -O1 compilation failed to produce executable
FAIL: gcc.dg/torture/stackalign/pr16660-3.c -O2 (internal compiler error)
FAIL: gcc.dg/torture/stackalign/pr16660-3.c -O2 (test for excess errors)
UNRESOLVED: gcc.dg/torture/stackalign/pr16660-3.c -O2 compilation failed to produce executable
FAIL: gcc.dg/torture/stackalign/pr16660-3.c -O3 -fomit-frame-pointer (internal compiler error)
FAIL: gcc.dg/torture/stackalign/pr16660-3.c -O3 -fomit-frame-pointer (test for excess errors)
UNRESOLVED: gcc.dg/torture/stackalign/pr16660-3.c -O3 -fomit-frame-pointer compilation failed to produce executable
FAIL: gcc.dg/torture/stackalign/pr16660-3.c -O3 -g (internal compiler error)
FAIL: gcc.dg/torture/stackalign/pr16660-3.c -O3 -g (test for excess errors)
UNRESOLVED: gcc.dg/torture/stackalign/pr16660-3.c -O3 -g compilation failed to produce executable
FAIL: gcc.dg/torture/stackalign/pr16660-3.c -Os (internal compiler error)
FAIL: gcc.dg/torture/stackalign/pr16660-3.c -Os (test for excess errors)
UNRESOLVED: gcc.dg/torture/stackalign/pr16660-3.c -Os compilation failed to produce executable
FAIL: gcc.dg/torture/stackalign/ret-struct-1.c -O0 (internal compiler error)
FAIL: gcc.dg/torture/stackalign/ret-struct-1.c -O0 (test for excess errors)
UNRESOLVED: gcc.dg/torture/stackalign/ret-struct-1.c -O0 compilation failed to produce executable
FAIL: gcc.dg/torture/stackalign/ret-struct-1.c -O1 (internal compiler error)
FAIL: gcc.dg/torture/stackalign/ret-struct-1.c -O1 (test for excess errors)
UNRESOLVED: gcc.dg/torture/stackalign/ret-struct-1.c -O1 compilation failed to produce executable
FAIL: gcc.dg/torture/stackalign/ret-struct-1.c -O2 (internal compiler error)
FAIL: gcc.dg/torture/stackalign/ret-struct-1.c -O2 (test for excess errors)
UNRESOLVED: gcc.dg/torture/stackalign/ret-struct-1.c -O2 compilation failed to produce executable
FAIL: gcc.dg/torture/stackalign/ret-struct-1.c -O3 -fomit-frame-pointer (internal compiler error)
FAIL: gcc.dg/torture/stackalign/ret-struct-1.c -O3 -fomit-frame-pointer (test for excess errors)
UNRESOLVED: gcc.dg/torture/stackalign/ret-struct-1.c -O3 -fomit-frame-pointer compilation failed to produce executable
FAIL: gcc.dg/torture/stackalign/ret-struct-1.c -O3 -g (internal compiler error)
FAIL: gcc.dg/torture/stackalign/ret-struct-1.c -O3 -g (test for excess errors)
UNRESOLVED: gcc.dg/torture/stackalign/ret-struct-1.c -O3 -g compilation failed to produce executable
FAIL: gcc.dg/torture/stackalign/ret-struct-1.c -Os (internal compiler error)
FAIL: gcc.dg/torture/stackalign/ret-struct-1.c -Os (test for excess errors)
UNRESOLVED: gcc.dg/torture/stackalign/ret-struct-1.c -Os compilation failed to produce executable
FAIL: gcc.dg/torture/stackalign/setjmp-1.c -O0 (internal compiler error)
FAIL: gcc.dg/torture/stackalign/setjmp-1.c -O0 (test for excess errors)
UNRESOLVED: gcc.dg/torture/stackalign/setjmp-1.c -O0 compilation failed to produce executable
FAIL: gcc.dg/torture/stackalign/setjmp-1.c -O1 (internal compiler error)
FAIL: gcc.dg/torture/stackalign/setjmp-1.c -O1 (test for excess errors)
UNRESOLVED: gcc.dg/torture/stackalign/setjmp-1.c -O1 compilation failed to produce executable
FAIL: gcc.dg/torture/stackalign/setjmp-1.c -O2 (internal compiler error)
FAIL: gcc.dg/torture/stackalign/setjmp-1.c -O2 (test for excess errors)
UNRESOLVED: gcc.dg/torture/stackalign/setjmp-1.c -O2 compilation failed to produce executable
FAIL: gcc.dg/torture/stackalign/setjmp-1.c -O3 -fomit-frame-pointer (internal compiler error)
FAIL: gcc.dg/torture/stackalign/setjmp-1.c -O3 -fomit-frame-pointer (test for excess errors)
UNRESOLVED: gcc.dg/torture/stackalign/setjmp-1.c -O3 -fomit-frame-pointer compilation failed to produce executable
FAIL: gcc.dg/torture/stackalign/setjmp-1.c -O3 -fomit-frame-pointer -funroll-loops (internal compiler error)
FAIL: gcc.dg/torture/stackalign/setjmp-1.c -O3 -fomit-frame-pointer -funroll-loops (test for excess errors)
UNRESOLVED: gcc.dg/torture/stackalign/setjmp-1.c -O3 -fomit-frame-pointer -funroll-loops compilation failed to produce executable
FAIL: gcc.dg/torture/stackalign/setjmp-1.c -O3 -fomit-frame-pointer -funroll-all-loops -finline-functions (internal compiler error)
FAIL: gcc.dg/torture/stackalign/setjmp-1.c -O3 -fomit-frame-pointer -funroll-all-loops -finline-functions (test for excess errors)
UNRESOLVED: gcc.dg/torture/stackalign/setjmp-1.c -O3 -fomit-frame-pointer -funroll-all-loops -finline-functions compilation failed to produce executable
FAIL: gcc.dg/torture/stackalign/setjmp-1.c -O3 -g (internal compiler error)
FAIL: gcc.dg/torture/stackalign/setjmp-1.c -O3 -g (test for excess errors)
UNRESOLVED: gcc.dg/torture/stackalign/setjmp-1.c -O3 -g compilation failed to produce executable
FAIL: gcc.dg/torture/stackalign/setjmp-1.c -Os (internal compiler error)
FAIL: gcc.dg/torture/stackalign/setjmp-1.c -Os (test for excess errors)
UNRESOLVED: gcc.dg/torture/stackalign/setjmp-1.c -Os compilation failed to produce executable
FAIL: gcc.dg/torture/stackalign/setjmp-2.c -O0 (internal compiler error)
FAIL: gcc.dg/torture/stackalign/setjmp-2.c -O0 (test for excess errors)
UNRESOLVED: gcc.dg/torture/stackalign/setjmp-2.c -O0 compilation failed to produce executable
FAIL: gcc.dg/torture/stackalign/setjmp-2.c -O1 (internal compiler error)
FAIL: gcc.dg/torture/stackalign/setjmp-2.c -O1 (test for excess errors)
UNRESOLVED: gcc.dg/torture/stackalign/setjmp-2.c -O1 compilation failed to produce executable
FAIL: gcc.dg/torture/stackalign/setjmp-2.c -O2 (internal compiler error)
FAIL: gcc.dg/torture/stackalign/setjmp-2.c -O2 (test for excess errors)
UNRESOLVED: gcc.dg/torture/stackalign/setjmp-2.c -O2 compilation failed to produce executable
FAIL: gcc.dg/torture/stackalign/setjmp-2.c -O3 -fomit-frame-pointer (internal compiler error)
FAIL: gcc.dg/torture/stackalign/setjmp-2.c -O3 -fomit-frame-pointer (test for excess errors)
UNRESOLVED: gcc.dg/torture/stackalign/setjmp-2.c -O3 -fomit-frame-pointer compilation failed to produce executable
FAIL: gcc.dg/torture/stackalign/setjmp-2.c -O3 -fomit-frame-pointer -funroll-loops (internal compiler error)
FAIL: gcc.dg/torture/stackalign/setjmp-2.c -O3 -fomit-frame-pointer -funroll-loops (test for excess errors)
UNRESOLVED: gcc.dg/torture/stackalign/setjmp-2.c -O3 -fomit-frame-pointer -funroll-loops compilation failed to produce executable
FAIL: gcc.dg/torture/stackalign/setjmp-2.c -O3 -fomit-frame-pointer -funroll-all-loops -finline-functions (internal compiler error)
FAIL: gcc.dg/torture/stackalign/setjmp-2.c -O3 -fomit-frame-pointer -funroll-all-loops -finline-functions (test for excess errors)
UNRESOLVED: gcc.dg/torture/stackalign/setjmp-2.c -O3 -fomit-frame-pointer -funroll-all-loops -finline-functions compilation failed to produce executable
FAIL: gcc.dg/torture/stackalign/setjmp-2.c -O3 -g (internal compiler error)
FAIL: gcc.dg/torture/stackalign/setjmp-2.c -O3 -g (test for excess errors)
UNRESOLVED: gcc.dg/torture/stackalign/setjmp-2.c -O3 -g compilation failed to produce executable
FAIL: gcc.dg/torture/stackalign/setjmp-2.c -Os (internal compiler error)
FAIL: gcc.dg/torture/stackalign/setjmp-2.c -Os (test for excess errors)
UNRESOLVED: gcc.dg/torture/stackalign/setjmp-2.c -Os compilation failed to produce executable
FAIL: gcc.dg/torture/stackalign/setjmp-3.c -O0 (internal compiler error)
FAIL: gcc.dg/torture/stackalign/setjmp-3.c -O0 (test for excess errors)
UNRESOLVED: gcc.dg/torture/stackalign/setjmp-3.c -O0 compilation failed to produce executable
FAIL: gcc.dg/torture/stackalign/setjmp-3.c -O1 (internal compiler error)
FAIL: gcc.dg/torture/stackalign/setjmp-3.c -O1 (test for excess errors)
UNRESOLVED: gcc.dg/torture/stackalign/setjmp-3.c -O1 compilation failed to produce executable
FAIL: gcc.dg/torture/stackalign/setjmp-3.c -O2 (internal compiler error)
FAIL: gcc.dg/torture/stackalign/setjmp-3.c -O2 (test for excess errors)
UNRESOLVED: gcc.dg/torture/stackalign/setjmp-3.c -O2 compilation failed to produce executable
FAIL: gcc.dg/torture/stackalign/setjmp-3.c -O3 -fomit-frame-pointer (internal compiler error)
FAIL: gcc.dg/torture/stackalign/setjmp-3.c -O3 -fomit-frame-pointer (test for excess errors)
UNRESOLVED: gcc.dg/torture/stackalign/setjmp-3.c -O3 -fomit-frame-pointer compilation failed to produce executable
FAIL: gcc.dg/torture/stackalign/setjmp-3.c -O3 -fomit-frame-pointer -funroll-loops (internal compiler error)
FAIL: gcc.dg/torture/stackalign/setjmp-3.c -O3 -fomit-frame-pointer -funroll-loops (test for excess errors)
UNRESOLVED: gcc.dg/torture/stackalign/setjmp-3.c -O3 -fomit-frame-pointer -funroll-loops compilation failed to produce executable
FAIL: gcc.dg/torture/stackalign/setjmp-3.c -O3 -fomit-frame-pointer -funroll-all-loops -finline-functions (internal compiler error)
FAIL: gcc.dg/torture/stackalign/setjmp-3.c -O3 -fomit-frame-pointer -funroll-all-loops -finline-functions (test for excess errors)
UNRESOLVED: gcc.dg/torture/stackalign/setjmp-3.c -O3 -fomit-frame-pointer -funroll-all-loops -finline-functions compilation failed to produce executable
FAIL: gcc.dg/torture/stackalign/setjmp-3.c -O3 -g (internal compiler error)
FAIL: gcc.dg/torture/stackalign/setjmp-3.c -O3 -g (test for excess errors)
UNRESOLVED: gcc.dg/torture/stackalign/setjmp-3.c -O3 -g compilation failed to produce executable
FAIL: gcc.dg/torture/stackalign/setjmp-3.c -Os (internal compiler error)
FAIL: gcc.dg/torture/stackalign/setjmp-3.c -Os (test for excess errors)
UNRESOLVED: gcc.dg/torture/stackalign/setjmp-3.c -Os compilation failed to produce executable
FAIL: gcc.dg/torture/stackalign/setjmp-4.c -O0 (internal compiler error)
FAIL: gcc.dg/torture/stackalign/setjmp-4.c -O0 (test for excess errors)
UNRESOLVED: gcc.dg/torture/stackalign/setjmp-4.c -O0 compilation failed to produce executable
FAIL: gcc.dg/torture/stackalign/setjmp-4.c -O1 (internal compiler error)
FAIL: gcc.dg/torture/stackalign/setjmp-4.c -O1 (test for excess errors)
UNRESOLVED: gcc.dg/torture/stackalign/setjmp-4.c -O1 compilation failed to produce executable
FAIL: gcc.dg/torture/stackalign/setjmp-4.c -O2 (internal compiler error)
FAIL: gcc.dg/torture/stackalign/setjmp-4.c -O2 (test for excess errors)
UNRESOLVED: gcc.dg/torture/stackalign/setjmp-4.c -O2 compilation failed to produce executable
FAIL: gcc.dg/torture/stackalign/setjmp-4.c -O3 -fomit-frame-pointer (internal compiler error)
FAIL: gcc.dg/torture/stackalign/setjmp-4.c -O3 -fomit-frame-pointer (test for excess errors)
UNRESOLVED: gcc.dg/torture/stackalign/setjmp-4.c -O3 -fomit-frame-pointer compilation failed to produce executable
FAIL: gcc.dg/torture/stackalign/setjmp-4.c -O3 -fomit-frame-pointer -funroll-loops (internal compiler error)
FAIL: gcc.dg/torture/stackalign/setjmp-4.c -O3 -fomit-frame-pointer -funroll-loops (test for excess errors)
UNRESOLVED: gcc.dg/torture/stackalign/setjmp-4.c -O3 -fomit-frame-pointer -funroll-loops compilation failed to produce executable
FAIL: gcc.dg/torture/stackalign/setjmp-4.c -O3 -fomit-frame-pointer -funroll-all-loops -finline-functions (internal compiler error)
FAIL: gcc.dg/torture/stackalign/setjmp-4.c -O3 -fomit-frame-pointer -funroll-all-loops -finline-functions (test for excess errors)
UNRESOLVED: gcc.dg/torture/stackalign/setjmp-4.c -O3 -fomit-frame-pointer -funroll-all-loops -finline-functions compilation failed to produce executable
FAIL: gcc.dg/torture/stackalign/setjmp-4.c -O3 -g (internal compiler error)
FAIL: gcc.dg/torture/stackalign/setjmp-4.c -O3 -g (test for excess errors)
UNRESOLVED: gcc.dg/torture/stackalign/setjmp-4.c -O3 -g compilation failed to produce executable
FAIL: gcc.dg/torture/stackalign/setjmp-4.c -Os (internal compiler error)
FAIL: gcc.dg/torture/stackalign/setjmp-4.c -Os (test for excess errors)
UNRESOLVED: gcc.dg/torture/stackalign/setjmp-4.c -Os compilation failed to produce executable
FAIL: gcc.dg/torture/stackalign/sibcall-1.c -O0 (internal compiler error)
FAIL: gcc.dg/torture/stackalign/sibcall-1.c -O0 (test for excess errors)
UNRESOLVED: gcc.dg/torture/stackalign/sibcall-1.c -O0 compilation failed to produce executable
FAIL: gcc.dg/torture/stackalign/sibcall-1.c -O1 (internal compiler error)
FAIL: gcc.dg/torture/stackalign/sibcall-1.c -O1 (test for excess errors)
UNRESOLVED: gcc.dg/torture/stackalign/sibcall-1.c -O1 compilation failed to produce executable
FAIL: gcc.dg/torture/stackalign/sibcall-1.c -O2 (internal compiler error)
FAIL: gcc.dg/torture/stackalign/sibcall-1.c -O2 (test for excess errors)
UNRESOLVED: gcc.dg/torture/stackalign/sibcall-1.c -O2 compilation failed to produce executable
FAIL: gcc.dg/torture/stackalign/sibcall-1.c -O3 -fomit-frame-pointer (internal compiler error)
FAIL: gcc.dg/torture/stackalign/sibcall-1.c -O3 -fomit-frame-pointer (test for excess errors)
UNRESOLVED: gcc.dg/torture/stackalign/sibcall-1.c -O3 -fomit-frame-pointer compilation failed to produce executable
FAIL: gcc.dg/torture/stackalign/sibcall-1.c -O3 -g (internal compiler error)
FAIL: gcc.dg/torture/stackalign/sibcall-1.c -O3 -g (test for excess errors)
UNRESOLVED: gcc.dg/torture/stackalign/sibcall-1.c -O3 -g compilation failed to produce executable
FAIL: gcc.dg/torture/stackalign/sibcall-1.c -Os (internal compiler error)
FAIL: gcc.dg/torture/stackalign/sibcall-1.c -Os (test for excess errors)
UNRESOLVED: gcc.dg/torture/stackalign/sibcall-1.c -Os compilation failed to produce executable
FAIL: gcc.dg/torture/stackalign/struct-1.c -O0 (internal compiler error)
FAIL: gcc.dg/torture/stackalign/struct-1.c -O0 (test for excess errors)
UNRESOLVED: gcc.dg/torture/stackalign/struct-1.c -O0 compilation failed to produce executable
FAIL: gcc.dg/torture/stackalign/struct-1.c -O1 (internal compiler error)
FAIL: gcc.dg/torture/stackalign/struct-1.c -O1 (test for excess errors)
UNRESOLVED: gcc.dg/torture/stackalign/struct-1.c -O1 compilation failed to produce executable
FAIL: gcc.dg/torture/stackalign/struct-1.c -O2 (internal compiler error)
FAIL: gcc.dg/torture/stackalign/struct-1.c -O2 (test for excess errors)
UNRESOLVED: gcc.dg/torture/stackalign/struct-1.c -O2 compilation failed to produce executable
FAIL: gcc.dg/torture/stackalign/struct-1.c -O3 -fomit-frame-pointer (internal compiler error)
FAIL: gcc.dg/torture/stackalign/struct-1.c -O3 -fomit-frame-pointer (test for excess errors)
UNRESOLVED: gcc.dg/torture/stackalign/struct-1.c -O3 -fomit-frame-pointer compilation failed to produce executable
FAIL: gcc.dg/torture/stackalign/struct-1.c -O3 -g (internal compiler error)
FAIL: gcc.dg/torture/stackalign/struct-1.c -O3 -g (test for excess errors)
UNRESOLVED: gcc.dg/torture/stackalign/struct-1.c -O3 -g compilation failed to produce executable
FAIL: gcc.dg/torture/stackalign/struct-1.c -Os (internal compiler error)
FAIL: gcc.dg/torture/stackalign/struct-1.c -Os (test for excess errors)
UNRESOLVED: gcc.dg/torture/stackalign/struct-1.c -Os compilation failed to produce executable
FAIL: gcc.dg/torture/stackalign/vararg-1.c -O0 (internal compiler error)
FAIL: gcc.dg/torture/stackalign/vararg-1.c -O0 (test for excess errors)
UNRESOLVED: gcc.dg/torture/stackalign/vararg-1.c -O0 compilation failed to produce executable
FAIL: gcc.dg/torture/stackalign/vararg-1.c -O1 (internal compiler error)
FAIL: gcc.dg/torture/stackalign/vararg-1.c -O1 (test for excess errors)
UNRESOLVED: gcc.dg/torture/stackalign/vararg-1.c -O1 compilation failed to produce executable
FAIL: gcc.dg/torture/stackalign/vararg-1.c -O2 (internal compiler error)
FAIL: gcc.dg/torture/stackalign/vararg-1.c -O2 (test for excess errors)
UNRESOLVED: gcc.dg/torture/stackalign/vararg-1.c -O2 compilation failed to produce executable
FAIL: gcc.dg/torture/stackalign/vararg-1.c -O3 -fomit-frame-pointer (internal compiler error)
FAIL: gcc.dg/torture/stackalign/vararg-1.c -O3 -fomit-frame-pointer (test for excess errors)
UNRESOLVED: gcc.dg/torture/stackalign/vararg-1.c -O3 -fomit-frame-pointer compilation failed to produce executable
FAIL: gcc.dg/torture/stackalign/vararg-1.c -O3 -g (internal compiler error)
FAIL: gcc.dg/torture/stackalign/vararg-1.c -O3 -g (test for excess errors)
UNRESOLVED: gcc.dg/torture/stackalign/vararg-1.c -O3 -g compilation failed to produce executable
FAIL: gcc.dg/torture/stackalign/vararg-1.c -Os (internal compiler error)
FAIL: gcc.dg/torture/stackalign/vararg-1.c -Os (test for excess errors)
UNRESOLVED: gcc.dg/torture/stackalign/vararg-1.c -Os compilation failed to produce executable
FAIL: gcc.dg/torture/stackalign/vararg-2.c -O0 (internal compiler error)
FAIL: gcc.dg/torture/stackalign/vararg-2.c -O0 (test for excess errors)
UNRESOLVED: gcc.dg/torture/stackalign/vararg-2.c -O0 compilation failed to produce executable
FAIL: gcc.dg/torture/stackalign/vararg-2.c -O1 (internal compiler error)
FAIL: gcc.dg/torture/stackalign/vararg-2.c -O1 (test for excess errors)
UNRESOLVED: gcc.dg/torture/stackalign/vararg-2.c -O1 compilation failed to produce executable
FAIL: gcc.dg/torture/stackalign/vararg-2.c -O2 (internal compiler error)
FAIL: gcc.dg/torture/stackalign/vararg-2.c -O2 (test for excess errors)
UNRESOLVED: gcc.dg/torture/stackalign/vararg-2.c -O2 compilation failed to produce executable
FAIL: gcc.dg/torture/stackalign/vararg-2.c -O3 -fomit-frame-pointer (internal compiler error)
FAIL: gcc.dg/torture/stackalign/vararg-2.c -O3 -fomit-frame-pointer (test for excess errors)
UNRESOLVED: gcc.dg/torture/stackalign/vararg-2.c -O3 -fomit-frame-pointer compilation failed to produce executable
FAIL: gcc.dg/torture/stackalign/vararg-2.c -O3 -g (internal compiler error)
FAIL: gcc.dg/torture/stackalign/vararg-2.c -O3 -g (test for excess errors)
UNRESOLVED: gcc.dg/torture/stackalign/vararg-2.c -O3 -g compilation failed to produce executable
FAIL: gcc.dg/torture/stackalign/vararg-2.c -Os (internal compiler error)
FAIL: gcc.dg/torture/stackalign/vararg-2.c -Os (test for excess errors)
UNRESOLVED: gcc.dg/torture/stackalign/vararg-2.c -Os compilation failed to produce executable
XPASS: gcc.dg/tree-ssa/loadpre1.c scan-tree-dump-times pre "Eliminated: 1" 1
XPASS: gcc.dg/tree-ssa/ltrans-3.c scan-tree-dump-times ltrans "transformed loop" 1
=== gcc Summary ===
# of expected passes 50355
# of unexpected failures 1268
# of unexpected successes 2
# of expected failures 171
# of unresolved testcases 608
# of unsupported tests 683
/home/mstein/obj/stack/gcc/xgcc version 4.4.0 20080611 (experimental) [stack revision 136725] (GCC)
=== libgomp tests ===
Running target unix/
=== libgomp Summary ===
# of expected passes 233
=== libmudflap tests ===
Running target unix/
WARNING: program timed out.
FAIL: libmudflap.cth/pass40-frag.c execution test
FAIL: libmudflap.cth/pass40-frag.c output pattern test
WARNING: program timed out.
FAIL: libmudflap.cth/pass40-frag.c (-static -DSTATIC) execution test
FAIL: libmudflap.cth/pass40-frag.c (-static -DSTATIC) output pattern test
WARNING: program timed out.
FAIL: libmudflap.cth/pass40-frag.c (-O2) execution test
FAIL: libmudflap.cth/pass40-frag.c (-O2) output pattern test
WARNING: program timed out.
FAIL: libmudflap.cth/pass40-frag.c (-O3) execution test
FAIL: libmudflap.cth/pass40-frag.c (-O3) output pattern test
=== libmudflap Summary ===
# of expected passes 1708
# of unexpected failures 8
# of unsupported tests 2
Compiler version: 4.4.0 20080611 (experimental) [stack revision 136725] (GCC)
Platform: x86_64-unknown-linux-gnu
configure flags: --enable-languages=c --disable-nls --prefix=/home/mstein/host-gcc/stack-2008-06-13 --enable-checking=yes,rtl --with-mpfr=/opt/cfarm/mpfr-2.3.1
More information about the Gcc-testresults
mailing list