Results for 4.4.0 20080604 (experimental) (GCC) testsuite on x86_64-unknown-linux-gnu
Toon Moene
toon@moene.indiv.nluug.nl
Wed Jun 4 07:03:00 GMT 2008
LAST_UPDATED: Wed Jun 4 05:37:23 UTC 2008 (revision 136350)
=== acats tests ===
=== acats Summary ===
# of expected passes 2315
# of unexpected failures 0
Native configuration is x86_64-unknown-linux-gnu
=== gcc tests ===
Running target unix
FAIL: gcc.dg/tree-prof/pr34999.c compilation, -fprofile-use -D_PROFILE_USE
UNRESOLVED: gcc.dg/tree-prof/pr34999.c execution, -fprofile-use -D_PROFILE_USE
XPASS: gcc.dg/tree-ssa/ltrans-3.c scan-tree-dump-times ltrans "transformed loop" 1
=== gcc Summary ===
# of expected passes 50017
# of unexpected failures 1
# of unexpected successes 1
# of expected failures 171
# of unresolved testcases 1
# of unsupported tests 534
/home/toon/compilers/obj-t/gcc/xgcc version 4.4.0 20080604 (experimental) (GCC)
=== gfortran tests ===
Running target unix
=== gfortran Summary ===
# of expected passes 26266
# of expected failures 7
# of unsupported tests 34
/home/toon/compilers/obj-t/gcc/testsuite/gfortran/../../gfortran version 4.4.0 20080604 (experimental) (GCC)
=== g++ tests ===
Running target unix
FAIL: g++.dg/tree-ssa/pr19637.C scan-tree-dump-times dom1 "return 1;" 3
=== g++ Summary ===
# of expected passes 17647
# of unexpected failures 1
# of expected failures 82
# of unsupported tests 121
/home/toon/compilers/obj-t/gcc/testsuite/g++/../../g++ version 4.4.0 20080604 (experimental) (GCC)
=== gnat tests ===
Running target unix
=== gnat Summary ===
# of expected passes 496
# of expected failures 5
=== objc tests ===
Running target unix
=== objc Summary ===
# of expected passes 1814
# of expected failures 7
# of unsupported tests 24
/home/toon/compilers/obj-t/gcc/xgcc version 4.4.0 20080604 (experimental) (GCC)
=== libffi tests ===
Running target unix
=== libffi Summary ===
# of expected passes 1389
# of unsupported tests 10
=== libgomp tests ===
Running target unix
=== libgomp Summary ===
# of expected passes 1761
=== libjava tests ===
Running target unix
=== libjava Summary ===
# of expected passes 2574
=== libmudflap tests ===
Running target unix
=== libmudflap Summary ===
# of expected passes 1865
=== libstdc++ tests ===
Running target unix
FAIL: abi_check
XPASS: 26_numerics/headers/cmath/c99_classification_macros_c.cc (test for excess errors)
=== libstdc++ Summary ===
# of expected passes 5116
# of unexpected failures 1
# of unexpected successes 1
# of expected failures 75
# of unsupported tests 326
Compiler version: 4.4.0 20080604 (experimental) (GCC)
Platform: x86_64-unknown-linux-gnu
configure flags: --prefix=/usr/snp --disable-multilib --disable-nls --enable-languages=all,ada
More information about the Gcc-testresults
mailing list