Results for 4.4.0 20080602 (experimental) [trunk revision 136278] (GCC) testsuite on x86_64-unknown-linux-gnu
H.J. Lu
hjl.tools@gmail.com
Mon Jun 2 15:50:00 GMT 2008
LAST_UPDATED: Mon Jun 2 14:12:25 UTC 2008 (revision 136279)
Native configuration is x86_64-unknown-linux-gnu
=== gcc tests ===
Running target unix/-m32
FAIL: gcc.c-torture/compile/limits-exprparen.c -O0 (test for excess errors)
FAIL: gcc.c-torture/compile/limits-exprparen.c -O1 (test for excess errors)
FAIL: gcc.c-torture/compile/limits-exprparen.c -O2 (test for excess errors)
FAIL: gcc.c-torture/compile/limits-exprparen.c -O3 -fomit-frame-pointer (test for excess errors)
FAIL: gcc.c-torture/compile/limits-exprparen.c -O3 -g (test for excess errors)
FAIL: gcc.c-torture/compile/limits-exprparen.c -Os (test for excess errors)
FAIL: gcc.dg/pr30286.c execution test
XPASS: gcc.dg/tree-ssa/ltrans-3.c scan-tree-dump-times ltrans "transformed loop" 1
=== gcc Summary for unix/-m32 ===
# of expected passes 50165
# of unexpected failures 7
# of unexpected successes 1
# of expected failures 171
# of unsupported tests 414
Running target unix
FAIL: gcc.c-torture/compile/limits-exprparen.c -O0 (test for excess errors)
FAIL: gcc.c-torture/compile/limits-exprparen.c -O1 (test for excess errors)
FAIL: gcc.c-torture/compile/limits-exprparen.c -O2 (test for excess errors)
FAIL: gcc.c-torture/compile/limits-exprparen.c -O3 -fomit-frame-pointer (test for excess errors)
FAIL: gcc.c-torture/compile/limits-exprparen.c -O3 -g (test for excess errors)
FAIL: gcc.c-torture/compile/limits-exprparen.c -Os (test for excess errors)
FAIL: gcc.dg/tree-prof/pr34999.c compilation, -fprofile-use -D_PROFILE_USE
UNRESOLVED: gcc.dg/tree-prof/pr34999.c execution, -fprofile-use -D_PROFILE_USE
XPASS: gcc.dg/tree-ssa/ltrans-3.c scan-tree-dump-times ltrans "transformed loop" 1
=== gcc Summary for unix ===
# of expected passes 50041
# of unexpected failures 7
# of unexpected successes 1
# of expected failures 171
# of unresolved testcases 1
# of unsupported tests 519
=== gcc Summary ===
# of expected passes 100206
# of unexpected failures 14
# of unexpected successes 2
# of expected failures 342
# of unresolved testcases 1
# of unsupported tests 933
/export/build/gnu/gcc-work/build-x86_64-linux/gcc/xgcc version 4.4.0 20080602 (experimental) [trunk revision 136278] (GCC)
=== gfortran tests ===
Running target unix/-m32
=== gfortran Summary for unix/-m32 ===
# of expected passes 26115
# of expected failures 3
# of unsupported tests 89
Running target unix
=== gfortran Summary for unix ===
# of expected passes 26230
# of expected failures 3
# of unsupported tests 34
=== gfortran Summary ===
# of expected passes 52345
# of expected failures 6
# of unsupported tests 123
/export/build/gnu/gcc-work/build-x86_64-linux/gcc/testsuite/gfortran/../../gfortran version 4.4.0 20080602 (experimental) [trunk revision 136278] (GCC)
=== g++ tests ===
Running target unix/-m32
FAIL: g++.dg/tree-ssa/pr19637.C scan-tree-dump-times dom1 "return 1;" 3
=== g++ Summary for unix/-m32 ===
# of expected passes 17736
# of unexpected failures 1
# of expected failures 82
# of unsupported tests 90
Running target unix
FAIL: g++.dg/tree-ssa/pr19637.C scan-tree-dump-times dom1 "return 1;" 3
=== g++ Summary for unix ===
# of expected passes 17645
# of unexpected failures 1
# of expected failures 82
# of unsupported tests 121
=== g++ Summary ===
# of expected passes 35381
# of unexpected failures 2
# of expected failures 164
# of unsupported tests 211
/export/build/gnu/gcc-work/build-x86_64-linux/gcc/testsuite/g++/../../g++ version 4.4.0 20080602 (experimental) [trunk revision 136278] (GCC)
=== objc tests ===
Running target unix/-m32
=== objc Summary for unix/-m32 ===
# of expected passes 1814
# of expected failures 7
# of unsupported tests 24
Running target unix
=== objc Summary for unix ===
# of expected passes 1814
# of expected failures 7
# of unsupported tests 24
=== objc Summary ===
# of expected passes 3628
# of expected failures 14
# of unsupported tests 48
/export/build/gnu/gcc-work/build-x86_64-linux/gcc/xgcc version 4.4.0 20080602 (experimental) [trunk revision 136278] (GCC)
=== libffi tests ===
Running target unix/-m32
=== libffi Summary for unix/-m32 ===
# of expected passes 1389
# of unsupported tests 10
Running target unix
=== libffi Summary for unix ===
# of expected passes 1389
# of unsupported tests 10
=== libffi Summary ===
# of expected passes 2778
# of unsupported tests 20
=== libgomp tests ===
Running target unix/-m32
=== libgomp Summary for unix/-m32 ===
# of expected passes 1761
Running target unix
=== libgomp Summary for unix ===
# of expected passes 1761
=== libgomp Summary ===
# of expected passes 3522
=== libjava tests ===
Running target unix/-m32
=== libjava Summary for unix/-m32 ===
# of expected passes 2574
Running target unix
=== libjava Summary for unix ===
# of expected passes 2574
=== libjava Summary ===
# of expected passes 5148
=== libmudflap tests ===
Running target unix/-m32
FAIL: libmudflap.cth/pass39-frag.c (-O3) (rerun 5) execution test
FAIL: libmudflap.cth/pass39-frag.c (-O3) (rerun 5) output pattern test
=== libmudflap Summary for unix/-m32 ===
# of expected passes 1863
# of unexpected failures 2
Running target unix
=== libmudflap Summary for unix ===
# of expected passes 1865
=== libmudflap Summary ===
# of expected passes 3728
# of unexpected failures 2
=== libstdc++ tests ===
Running target unix/-m32
XPASS: 26_numerics/headers/cmath/c99_classification_macros_c.cc (test for excess errors)
=== libstdc++ Summary for unix/-m32 ===
# of expected passes 5749
# of unexpected successes 1
# of expected failures 75
# of unsupported tests 10
Running target unix
XPASS: 26_numerics/headers/cmath/c99_classification_macros_c.cc (test for excess errors)
=== libstdc++ Summary for unix ===
# of expected passes 5749
# of unexpected successes 1
# of expected failures 75
# of unsupported tests 10
=== libstdc++ Summary ===
# of expected passes 11498
# of unexpected successes 2
# of expected failures 150
# of unsupported tests 20
Compiler version: 4.4.0 20080602 (experimental) [trunk revision 136278] (GCC)
Platform: x86_64-unknown-linux-gnu
configure flags: --enable-clocale=gnu --with-system-zlib --enable-checking=assert --with-demangler-in-ld --enable-shared --enable-threads=posix --enable-haifa --prefix=/usr/gcc-4.4-work --with-local-prefix=/usr/local
More information about the Gcc-testresults
mailing list