Results for 4.4.0 20080726 (experimental) [trunk revision 138162] (GCC) testsuite on x86_64-suse-linux-gnu
John David Anglin
dave@hiauly1.hia.nrc.ca
Sat Jul 26 16:17:00 GMT 2008
LAST_UPDATED: Sat Jul 26 04:13:48 UTC 2008 (revision 138162)
Native configuration is x86_64-suse-linux-gnu
=== gcc tests ===
Running target unix
FAIL: gcc.dg/20040206-1.c (test for warnings, line 10)
FAIL: gcc.dg/20040206-1.c (test for excess errors)
FAIL: gcc.dg/tree-prof/pr34999.c compilation, -fprofile-use -D_PROFILE_USE
UNRESOLVED: gcc.dg/tree-prof/pr34999.c execution, -fprofile-use -D_PROFILE_USE
XPASS: gcc.dg/tree-ssa/ltrans-3.c scan-tree-dump-times ltrans "transformed loop" 1
FAIL: gcc.dg/vect/vect-67.c scan-tree-dump-times vect "vectorized 1 loops" 1
FAIL: gcc.dg/vect/no-scevccp-outer-13.c scan-tree-dump-times vect "OUTER LOOP VECTORIZED." 1
FAIL: gcc.dg/vect/no-scevccp-outer-7.c scan-tree-dump-times vect "OUTER LOOP VECTORIZED." 1
=== gcc Summary ===
# of expected passes 50554
# of unexpected failures 6
# of unexpected successes 1
# of expected failures 188
# of unresolved testcases 1
# of unsupported tests 522
/home/dave/gnu/gcc/objdir/gcc/xgcc version 4.4.0 20080726 (experimental) [trunk revision 138162] (GCC)
=== gfortran tests ===
Running target unix
=== gfortran Summary ===
# of expected passes 27165
# of expected failures 8
# of unsupported tests 34
/home/dave/gnu/gcc/objdir/gcc/testsuite/gfortran/../../gfortran version 4.4.0 20080726 (experimental) [trunk revision 138162] (GCC)
=== g++ tests ===
Running target unix
FAIL: g++.dg/other/PR23205.C scan-assembler .stabs.*foobar:c=i
=== g++ Summary ===
# of expected passes 17860
# of unexpected failures 1
# of expected failures 82
# of unsupported tests 124
/home/dave/gnu/gcc/objdir/gcc/testsuite/g++/../../g++ version 4.4.0 20080726 (experimental) [trunk revision 138162] (GCC)
=== obj-c++ tests ===
Running target unix
WARNING: obj-c++.dg/bitfield-1.mm compilation failed to produce executable
WARNING: obj-c++.dg/lookup-2.mm compilation failed to produce executable
WARNING: obj-c++.dg/try-catch-2.mm compilation failed to produce executable
WARNING: obj-c++.dg/try-catch-9.mm compilation failed to produce executable
=== obj-c++ Summary ===
# of expected passes 426
# of expected failures 22
# of unsupported tests 13
/home/dave/gnu/gcc/objdir/gcc/testsuite/obj-c++/../../g++ version 4.4.0 20080726 (experimental) [trunk revision 138162] (GCC)
=== objc tests ===
Running target unix
=== objc Summary ===
# of expected passes 1814
# of expected failures 7
# of unsupported tests 24
/home/dave/gnu/gcc/objdir/gcc/xgcc version 4.4.0 20080726 (experimental) [trunk revision 138162] (GCC)
=== libffi tests ===
Running target unix
=== libffi Summary ===
# of expected passes 1389
# of unsupported tests 10
=== libgomp tests ===
Running target unix
=== libgomp Summary ===
# of expected passes 2289
=== libjava tests ===
Running target unix
FAIL: Array_3 -O3 execution - source compiled test
FAIL: Array_3 -O3 -findirect-dispatch execution - source compiled test
FAIL: Process_3 output - source compiled test
FAIL: Process_3 -findirect-dispatch output - source compiled test
FAIL: Process_3 -O3 output - source compiled test
FAIL: Process_3 -O3 -findirect-dispatch output - source compiled test
WARNING: program timed out.
FAIL: Process_6 execution - source compiled test
WARNING: program timed out.
FAIL: Process_6 -findirect-dispatch execution - source compiled test
WARNING: program timed out.
FAIL: Process_6 -O3 execution - source compiled test
WARNING: program timed out.
FAIL: Process_6 -O3 -findirect-dispatch execution - source compiled test
FAIL: StackTrace2 -O3 execution - source compiled test
WARNING: program timed out.
FAIL: Thread_Interrupt execution - source compiled test
WARNING: program timed out.
FAIL: Thread_Interrupt -findirect-dispatch execution - source compiled test
WARNING: program timed out.
FAIL: Thread_Interrupt -O3 execution - source compiled test
WARNING: program timed out.
FAIL: Thread_Interrupt -O3 -findirect-dispatch execution - source compiled test
WARNING: program timed out.
FAIL: Thread_Wait_2 execution - source compiled test
WARNING: program timed out.
FAIL: Thread_Wait_2 -findirect-dispatch execution - source compiled test
WARNING: program timed out.
FAIL: Thread_Wait_2 -O3 execution - source compiled test
WARNING: program timed out.
FAIL: Thread_Wait_2 -O3 -findirect-dispatch execution - source compiled test
FAIL: Thread_Wait_Interrupt execution - source compiled test
FAIL: Thread_Wait_Interrupt -findirect-dispatch execution - source compiled test
FAIL: Thread_Wait_Interrupt -O3 execution - source compiled test
FAIL: Thread_Wait_Interrupt -O3 -findirect-dispatch execution - source compiled test
=== libjava Summary ===
# of expected passes 2532
# of unexpected failures 23
# of untested testcases 19
=== libmudflap tests ===
Running target unix
FAIL: libmudflap.c++/pass41-frag.cxx execution test
FAIL: libmudflap.c++/pass41-frag.cxx (-static) execution test
FAIL: libmudflap.c++/pass41-frag.cxx (-O2) execution test
FAIL: libmudflap.c++/pass41-frag.cxx (-O3) execution test
=== libmudflap Summary ===
# of expected passes 1861
# of unexpected failures 4
=== libstdc++ tests ===
Running target unix
XPASS: 23_containers/unordered_multimap/init-list.cc (test for excess errors)
XPASS: 26_numerics/headers/cmath/c99_classification_macros_c.cc (test for excess errors)
FAIL: ext/pb_ds/regression/trie_data_map_rand.cc execution test
FAIL: ext/pb_ds/regression/trie_no_data_map_rand.cc execution test
=== libstdc++ Summary ===
# of expected passes 5952
# of unexpected failures 2
# of unexpected successes 2
# of expected failures 79
# of unsupported tests 10
Compiler version: 4.4.0 20080726 (experimental) [trunk revision 138162] (GCC)
Platform: x86_64-suse-linux-gnu
configure flags: --with-gnu-as --with-gnu-ld --enable-shared --prefix=/home/dave/opt/gnu/gcc/gcc-4.4.0 --with-local-prefix=/home/dave/opt/gnu --enable-threads=posix --enable-__cxa_atexit --build=x86_64-suse-linux --enable-clocale=gnu --enable-java-gc=boehm --enable-version-specific-runtime-libs --enable-linux-futex --without-system-libunwind --with-cpu=generic --enable-languages=c,c++,objc,fortran,obj-c++,java
More information about the Gcc-testresults
mailing list