Results for 4.4.0 20080723 (experimental) [trunk revision 138089] (GCC) testsuite on powerpc64-unknown-linux-gnu
Janis Johnson
janis187@us.ibm.com
Thu Jul 24 04:34:00 GMT 2008
Linux 2.6.5-7.252-pseries64 ppc64
GNU C Library stable release version 2.3.5 (20050720)
GNU ld (GNU Binutils) 2.18
GNU assembler (GNU Binutils) 2.18
GNU Make 3.80
DejaGnu:
Expect version is 5.43.0
Tcl version is 8.4
Framework version is 1.4.4
32-bit biarch default32
SVN branch: trunk
This hardware has VMX instructions.
LAST_UPDATED: Thu Jul 24 01:15:57 UTC 2008 (revision 138089)
Native configuration is powerpc64-unknown-linux-gnu
=== g++ tests ===
Running target unix/-m32
FAIL: g++.dg/ext/altivec-types-1.C (test for errors, line 30)
FAIL: g++.dg/other/PR23205.C scan-assembler .stabs.*foobar:c=i
XPASS: g++.dg/parse/error15.C bogus excess errors in declaration (test for bogus messages, line 17)
FAIL: g++.dg/gomp/tls-3.C (internal compiler error)
FAIL: g++.dg/gomp/tls-3.C (test for excess errors)
=== g++ Summary for unix/-m32 ===
# of expected passes 18720
# of unexpected failures 4
# of unexpected successes 1
# of expected failures 82
# of unsupported tests 123
Running target unix/-m64
FAIL: g++.dg/ext/altivec-types-1.C (test for errors, line 30)
FAIL: g++.dg/other/PR23205.C scan-assembler .stabs.*foobar:c=i
XPASS: g++.dg/parse/error15.C bogus excess errors in declaration (test for bogus messages, line 17)
=== g++ Summary for unix/-m64 ===
# of expected passes 18681
# of unexpected failures 2
# of unexpected successes 1
# of expected failures 82
# of unsupported tests 126
=== g++ Summary ===
# of expected passes 37401
# of unexpected failures 6
# of unexpected successes 2
# of expected failures 164
# of unsupported tests 249
/extra_space/gccbuild/build/nightly/build-gcc-trunk/gcc/testsuite/g++/../../g++ version 4.4.0 20080723 (experimental) [trunk revision 138089] (GCC)
=== gcc tests ===
Running target unix/-m32
FAIL: gcc.dg/dfp/convert-int-max.c execution test
FAIL: gcc.dg/and-1.c scan-assembler-not nand
FAIL: gcc.dg/memcpy-1.c scan-tree-dump-times optimized "nasty_local" 0
FAIL: gcc.dg/pr35729.c scan-rtl-dump-times loop2_invariant "Decided to move invariant" 0
FAIL: gcc.dg/var-expand3.c scan-rtl-dump loop2_unroll "Expanding Accumulator": dump file does not exist
XPASS: gcc.dg/tree-ssa/ltrans-3.c scan-tree-dump-times ltrans "transformed loop" 1
FAIL: gcc.dg/vect/vect-67.c scan-tree-dump-times vect "vectorized 1 loops" 1
FAIL: gcc.dg/vect/vect-strided-store-u16-i4.c scan-tree-dump-times vect "vectorized 1 loops" 2
FAIL: gcc.dg/vect/vect-vfa-03.c scan-tree-dump-times vect "vectorized 1 loops" 1
XPASS: gcc.dg/vect/vect-vfa-03.c scan-tree-dump-times vect "vectorized 1 loops" 0
FAIL: gcc.dg/vect/slp-21.c scan-tree-dump-times vect "vectorized 4 loops" 1
FAIL: gcc.dg/vect/slp-21.c scan-tree-dump-times vect "vectorizing stmts using SLP" 2
FAIL: gcc.dg/vect/slp-7.c scan-tree-dump-times vect "vectorized 3 loops" 1
FAIL: gcc.dg/vect/slp-7.c scan-tree-dump-times vect "vectorizing stmts using SLP" 3
=== gcc Summary for unix/-m32 ===
# of expected passes 51569
# of unexpected failures 12
# of unexpected successes 2
# of expected failures 206
# of unsupported tests 533
Running target unix/-m64
FAIL: gcc.dg/dfp/convert-int-max.c execution test
FAIL: gcc.dg/and-1.c scan-assembler-not nand
FAIL: gcc.dg/pr35729.c scan-rtl-dump-times loop2_invariant "Decided to move invariant" 0
FAIL: gcc.dg/var-expand3.c scan-rtl-dump loop2_unroll "Expanding Accumulator": dump file does not exist
XPASS: gcc.dg/tree-ssa/ltrans-3.c scan-tree-dump-times ltrans "transformed loop" 1
FAIL: gcc.dg/vect/vect-67.c scan-tree-dump-times vect "vectorized 1 loops" 1
FAIL: gcc.dg/vect/vect-strided-store-u16-i4.c scan-tree-dump-times vect "vectorized 1 loops" 2
FAIL: gcc.dg/vect/vect-vfa-03.c scan-tree-dump-times vect "vectorized 1 loops" 1
XPASS: gcc.dg/vect/vect-vfa-03.c scan-tree-dump-times vect "vectorized 1 loops" 0
FAIL: gcc.dg/vect/slp-21.c scan-tree-dump-times vect "vectorized 4 loops" 1
FAIL: gcc.dg/vect/slp-21.c scan-tree-dump-times vect "vectorizing stmts using SLP" 2
FAIL: gcc.dg/vect/slp-7.c scan-tree-dump-times vect "vectorized 3 loops" 1
FAIL: gcc.dg/vect/slp-7.c scan-tree-dump-times vect "vectorizing stmts using SLP" 3
=== gcc Summary for unix/-m64 ===
# of expected passes 51397
# of unexpected failures 11
# of unexpected successes 2
# of expected failures 208
# of unsupported tests 607
=== gcc Summary ===
# of expected passes 102966
# of unexpected failures 23
# of unexpected successes 4
# of expected failures 414
# of unsupported tests 1140
/extra_space/gccbuild/build/nightly/build-gcc-trunk/gcc/xgcc version 4.4.0 20080723 (experimental) [trunk revision 138089] (GCC)
=== gfortran tests ===
Running target unix/-m32
FAIL: gfortran.dg/csqrt_2.f -O0 execution test
FAIL: gfortran.dg/csqrt_2.f -O1 execution test
FAIL: gfortran.dg/csqrt_2.f -O2 execution test
FAIL: gfortran.dg/csqrt_2.f -O3 -fomit-frame-pointer execution test
FAIL: gfortran.dg/csqrt_2.f -O3 -fomit-frame-pointer -funroll-loops execution test
FAIL: gfortran.dg/csqrt_2.f -O3 -fomit-frame-pointer -funroll-all-loops -finline-functions execution test
FAIL: gfortran.dg/csqrt_2.f -O3 -g execution test
FAIL: gfortran.dg/csqrt_2.f -Os execution test
=== gfortran Summary for unix/-m32 ===
# of expected passes 26626
# of unexpected failures 8
# of expected failures 9
# of unsupported tests 247
Running target unix/-m64
FAIL: gfortran.dg/csqrt_2.f -O0 execution test
FAIL: gfortran.dg/csqrt_2.f -O1 execution test
FAIL: gfortran.dg/csqrt_2.f -O2 execution test
FAIL: gfortran.dg/csqrt_2.f -O3 -fomit-frame-pointer execution test
FAIL: gfortran.dg/csqrt_2.f -O3 -fomit-frame-pointer -funroll-loops execution test
FAIL: gfortran.dg/csqrt_2.f -O3 -fomit-frame-pointer -funroll-all-loops -finline-functions execution test
FAIL: gfortran.dg/csqrt_2.f -O3 -g execution test
FAIL: gfortran.dg/csqrt_2.f -Os execution test
=== gfortran Summary for unix/-m64 ===
# of expected passes 26775
# of unexpected failures 8
# of expected failures 9
# of unsupported tests 174
=== gfortran Summary ===
# of expected passes 53401
# of unexpected failures 16
# of expected failures 18
# of unsupported tests 421
/extra_space/gccbuild/build/nightly/build-gcc-trunk/gcc/testsuite/gfortran/../../gfortran version 4.4.0 20080723 (experimental) [trunk revision 138089] (GCC)
=== libgomp tests ===
Running target unix/-m32
FAIL: libgomp.fortran/appendix-a/a.22.7.f90 -O0 (internal compiler error)
FAIL: libgomp.fortran/appendix-a/a.22.7.f90 -O0 (test for excess errors)
WARNING: libgomp.fortran/appendix-a/a.22.7.f90 -O0 compilation failed to produce executable
=== libgomp Summary for unix/-m32 ===
# of expected passes 2287
# of unexpected failures 2
Running target unix/-m64
=== libgomp Summary for unix/-m64 ===
# of expected passes 2289
=== libgomp Summary ===
# of expected passes 4576
# of unexpected failures 2
=== libmudflap tests ===
Running target unix/-m32
=== libmudflap Summary for unix/-m32 ===
# of expected passes 1865
Running target unix/-m64
FAIL: libmudflap.c/fail27-frag.c output pattern test
FAIL: libmudflap.c/fail27-frag.c (-O2) output pattern test
FAIL: libmudflap.c/fail27-frag.c (-O3) output pattern test
WARNING: program timed out.
FAIL: libmudflap.cth/pass39-frag.c (rerun 8) execution test
FAIL: libmudflap.cth/pass39-frag.c (rerun 8) output pattern test
WARNING: program timed out.
FAIL: libmudflap.cth/pass39-frag.c (rerun 19) execution test
FAIL: libmudflap.cth/pass39-frag.c (rerun 19) output pattern test
WARNING: program timed out.
FAIL: libmudflap.cth/pass39-frag.c (-static -DSTATIC) (rerun 17) execution test
FAIL: libmudflap.cth/pass39-frag.c (-static -DSTATIC) (rerun 17) output pattern test
WARNING: program timed out.
FAIL: libmudflap.cth/pass39-frag.c (-static -DSTATIC) (rerun 18) execution test
FAIL: libmudflap.cth/pass39-frag.c (-static -DSTATIC) (rerun 18) output pattern test
WARNING: program timed out.
FAIL: libmudflap.cth/pass39-frag.c (-O2) (rerun 13) execution test
FAIL: libmudflap.cth/pass39-frag.c (-O2) (rerun 13) output pattern test
WARNING: program timed out.
FAIL: libmudflap.cth/pass37-frag.c (-O3) execution test
FAIL: libmudflap.cth/pass37-frag.c (-O3) output pattern test
WARNING: program timed out.
FAIL: libmudflap.cth/pass39-frag.c (-O3) (rerun 17) execution test
FAIL: libmudflap.cth/pass39-frag.c (-O3) (rerun 17) output pattern test
=== libmudflap Summary for unix/-m64 ===
# of expected passes 1848
# of unexpected failures 17
=== libmudflap Summary ===
# of expected passes 3713
# of unexpected failures 17
=== libstdc++ tests ===
Running target unix/-m32
FAIL: abi_check
XPASS: 23_containers/unordered_multimap/init-list.cc (test for excess errors)
XPASS: 26_numerics/headers/cmath/c99_classification_macros_c.cc (test for excess errors)
FAIL: ext/mt_allocator/deallocate_local_thread-5.cc execution test
FAIL: ext/mt_allocator/deallocate_local_thread-7.cc execution test
FAIL: ext/pb_ds/regression/trie_data_map_rand.cc execution test
=== libstdc++ Summary for unix/-m32 ===
# of expected passes 5950
# of unexpected failures 4
# of unexpected successes 2
# of expected failures 79
# of unsupported tests 10
Running target unix/-m64
FAIL: abi_check
XPASS: 23_containers/unordered_multimap/init-list.cc (test for excess errors)
XPASS: 26_numerics/complex/13450.cc execution test
XPASS: 26_numerics/complex/complex_value.cc execution test
XPASS: 26_numerics/complex/pow.cc execution test
XPASS: 26_numerics/headers/cmath/c99_classification_macros_c.cc (test for excess errors)
FAIL: ext/mt_allocator/deallocate_local_thread-5.cc execution test
FAIL: ext/mt_allocator/deallocate_local_thread-7.cc execution test
=== libstdc++ Summary for unix/-m64 ===
# of expected passes 5948
# of unexpected failures 3
# of unexpected successes 5
# of expected failures 79
# of unsupported tests 10
=== libstdc++ Summary ===
# of expected passes 11898
# of unexpected failures 7
# of unexpected successes 7
# of expected failures 158
# of unsupported tests 20
Compiler version: 4.4.0 20080723 (experimental) [trunk revision 138089] (GCC)
Platform: powerpc64-unknown-linux-gnu
configure flags: --prefix=/opt/gcc-nightly/trunk-20080724 --build=powerpc64-linux --host=powerpc64-linux --target=powerpc64-linux --with-cpu=default32 --with-as=/opt/gcc-nightly/binutils-2.18/bin/as --with-ld=/opt/gcc-nightly/binutils-2.18/bin/ld --enable-threads=posix --enable-shared --enable-__cxa_atexit --enable-languages=c,c++,fortran --enable-checking --disable-alsa --with-gmp=/opt/gcc-nightly/gmp-mpfr-static --with-mpfr=/opt/gcc-nightly/gmp-mpfr-static --enable-decimal-float
=== Test Framework Summary ===
# of expected passes 2518
More information about the Gcc-testresults
mailing list