Results for 4.4.0 20080715 (experimental) [gimple-tuples-branch revision 137992] (gimple-tuples-branch merged with rev 137837) gcc testsuite on sh-unknown-elf
Mike Stein
mstein.lists@googlemail.com
Mon Jul 21 21:57:00 GMT 2008
Debian 4 on x86_64
cross tool versions:
GNU assembler (GNU Binutils) 2.18.50.20080419
GNU gdb 6.8.50.20080419-cvs
GNU ld (GNU Binutils) 2.18.50.20080419
GNU Make 3.81
expect version 5.43.0
host gcc version: gcc (GCC) 4.4.0 20080719 (experimental) [trunk revision 137991]
LAST_UPDATED: Sat Jul 19 22:19:01 UTC 2008 (revision 137992)
Target is sh-unknown-elf
Host is x86_64-unknown-linux-gnu
=== gcc tests ===
Running target sh-sim
FAIL: gcc.c-torture/compile/20001221-1.c -O0 (internal compiler error)
FAIL: gcc.c-torture/compile/20001221-1.c -O0 (test for excess errors)
FAIL: gcc.c-torture/compile/20010518-1.c -O0 (internal compiler error)
FAIL: gcc.c-torture/compile/20010518-1.c -O0 (test for excess errors)
FAIL: gcc.c-torture/compile/20030904-1.c -O0 (internal compiler error)
FAIL: gcc.c-torture/compile/20030904-1.c -O0 (test for excess errors)
FAIL: gcc.c-torture/compile/950612-1.c -O0 (internal compiler error)
FAIL: gcc.c-torture/compile/950612-1.c -O0 (test for excess errors)
FAIL: gcc.c-torture/compile/950612-1.c -O1 (internal compiler error)
FAIL: gcc.c-torture/compile/950612-1.c -O1 (test for excess errors)
FAIL: gcc.c-torture/compile/950612-1.c -O2 (internal compiler error)
FAIL: gcc.c-torture/compile/950612-1.c -O2 (test for excess errors)
FAIL: gcc.c-torture/compile/950612-1.c -O3 -fomit-frame-pointer (internal compiler error)
FAIL: gcc.c-torture/compile/950612-1.c -O3 -fomit-frame-pointer (test for excess errors)
FAIL: gcc.c-torture/compile/950612-1.c -O3 -fomit-frame-pointer -funroll-loops (internal compiler error)
FAIL: gcc.c-torture/compile/950612-1.c -O3 -fomit-frame-pointer -funroll-loops (test for excess errors)
FAIL: gcc.c-torture/compile/950612-1.c -O3 -fomit-frame-pointer -funroll-all-loops -finline-functions (internal compiler error)
FAIL: gcc.c-torture/compile/950612-1.c -O3 -fomit-frame-pointer -funroll-all-loops -finline-functions (test for excess errors)
FAIL: gcc.c-torture/compile/950612-1.c -O3 -g (internal compiler error)
FAIL: gcc.c-torture/compile/950612-1.c -O3 -g (test for excess errors)
FAIL: gcc.c-torture/compile/950612-1.c -Os (internal compiler error)
FAIL: gcc.c-torture/compile/950612-1.c -Os (test for excess errors)
FAIL: gcc.c-torture/compile/nested-1.c -O0 (internal compiler error)
FAIL: gcc.c-torture/compile/nested-1.c -O0 (test for excess errors)
FAIL: gcc.c-torture/compile/pr11832.c -O0 (internal compiler error)
FAIL: gcc.c-torture/compile/pr11832.c -O1 (internal compiler error)
FAIL: gcc.c-torture/compile/pr11832.c -O2 (internal compiler error)
FAIL: gcc.c-torture/compile/pr11832.c -O3 -fomit-frame-pointer (internal compiler error)
FAIL: gcc.c-torture/compile/pr11832.c -O3 -fomit-frame-pointer -funroll-loops (internal compiler error)
FAIL: gcc.c-torture/compile/pr11832.c -O3 -fomit-frame-pointer -funroll-all-loops -finline-functions (internal compiler error)
FAIL: gcc.c-torture/compile/pr11832.c -O3 -g (internal compiler error)
FAIL: gcc.c-torture/compile/pr11832.c -Os (internal compiler error)
FAIL: gcc.c-torture/compile/pr33009.c -O0 (internal compiler error)
FAIL: gcc.c-torture/compile/pr33009.c -O1 (internal compiler error)
FAIL: gcc.c-torture/compile/pr33009.c -O2 (internal compiler error)
FAIL: gcc.c-torture/compile/pr33009.c -O3 -fomit-frame-pointer (internal compiler error)
FAIL: gcc.c-torture/compile/pr33009.c -O3 -fomit-frame-pointer -funroll-loops (internal compiler error)
FAIL: gcc.c-torture/compile/pr33009.c -O3 -fomit-frame-pointer -funroll-all-loops -finline-functions (internal compiler error)
FAIL: gcc.c-torture/compile/pr33009.c -O3 -g (internal compiler error)
FAIL: gcc.c-torture/compile/pr33009.c -Os (internal compiler error)
FAIL: gcc.c-torture/compile/pr34458.c -O0 (internal compiler error)
FAIL: gcc.c-torture/compile/pr34458.c -O0 (test for excess errors)
FAIL: gcc.c-torture/execute/builtins/abs-2.c compilation, -O0 (internal compiler error)
UNRESOLVED: gcc.c-torture/execute/builtins/abs-2.c execution, -O0
FAIL: gcc.c-torture/execute/builtins/abs-3.c compilation, -O0 (internal compiler error)
UNRESOLVED: gcc.c-torture/execute/builtins/abs-3.c execution, -O0
FAIL: gcc.c-torture/execute/builtins/complex-1.c compilation, -O0 (internal compiler error)
UNRESOLVED: gcc.c-torture/execute/builtins/complex-1.c execution, -O0
FAIL: gcc.c-torture/execute/20020226-1.c compilation, -O0 (internal compiler error)
UNRESOLVED: gcc.c-torture/execute/20020226-1.c execution, -O0
FAIL: gcc.c-torture/execute/20020508-1.c compilation, -O0 (internal compiler error)
UNRESOLVED: gcc.c-torture/execute/20020508-1.c execution, -O0
FAIL: gcc.c-torture/execute/20020508-2.c compilation, -O0 (internal compiler error)
UNRESOLVED: gcc.c-torture/execute/20020508-2.c execution, -O0
FAIL: gcc.c-torture/execute/20020508-3.c compilation, -O0 (internal compiler error)
UNRESOLVED: gcc.c-torture/execute/20020508-3.c execution, -O0
FAIL: gcc.c-torture/execute/20041011-1.c compilation, -O0 (internal compiler error)
UNRESOLVED: gcc.c-torture/execute/20041011-1.c execution, -O0
FAIL: gcc.c-torture/execute/921029-1.c compilation, -O0 (internal compiler error)
UNRESOLVED: gcc.c-torture/execute/921029-1.c execution, -O0
FAIL: gcc.c-torture/execute/950612-1.c compilation, -O0 (internal compiler error)
UNRESOLVED: gcc.c-torture/execute/950612-1.c execution, -O0
FAIL: gcc.c-torture/execute/960416-1.c compilation, -O0 (internal compiler error)
UNRESOLVED: gcc.c-torture/execute/960416-1.c execution, -O0
FAIL: gcc.c-torture/execute/991118-1.c compilation, -O0 (internal compiler error)
UNRESOLVED: gcc.c-torture/execute/991118-1.c execution, -O0
FAIL: gcc.c-torture/execute/arith-rand-ll.c compilation, -O0 (internal compiler error)
UNRESOLVED: gcc.c-torture/execute/arith-rand-ll.c execution, -O0
FAIL: gcc.c-torture/execute/arith-rand-ll.c compilation, -O2 (internal compiler error)
UNRESOLVED: gcc.c-torture/execute/arith-rand-ll.c execution, -O2
FAIL: gcc.c-torture/execute/arith-rand-ll.c compilation, -O3 -fomit-frame-pointer (internal compiler error)
UNRESOLVED: gcc.c-torture/execute/arith-rand-ll.c execution, -O3 -fomit-frame-pointer
FAIL: gcc.c-torture/execute/arith-rand-ll.c compilation, -O3 -fomit-frame-pointer -funroll-loops (internal compiler error)
UNRESOLVED: gcc.c-torture/execute/arith-rand-ll.c execution, -O3 -fomit-frame-pointer -funroll-loops
FAIL: gcc.c-torture/execute/arith-rand-ll.c compilation, -O3 -fomit-frame-pointer -funroll-all-loops -finline-functions (internal compiler error)
UNRESOLVED: gcc.c-torture/execute/arith-rand-ll.c execution, -O3 -fomit-frame-pointer -funroll-all-loops -finline-functions
FAIL: gcc.c-torture/execute/arith-rand-ll.c compilation, -O3 -g (internal compiler error)
UNRESOLVED: gcc.c-torture/execute/arith-rand-ll.c execution, -O3 -g
FAIL: gcc.c-torture/execute/arith-rand-ll.c compilation, -Os (internal compiler error)
UNRESOLVED: gcc.c-torture/execute/arith-rand-ll.c execution, -Os
FAIL: gcc.c-torture/execute/bitfld-3.c compilation, -O0 (internal compiler error)
UNRESOLVED: gcc.c-torture/execute/bitfld-3.c execution, -O0
FAIL: gcc.c-torture/execute/complex-7.c compilation, -O3 -fomit-frame-pointer (internal compiler error)
UNRESOLVED: gcc.c-torture/execute/complex-7.c execution, -O3 -fomit-frame-pointer
FAIL: gcc.c-torture/execute/conversion.c compilation, -O0 (internal compiler error)
UNRESOLVED: gcc.c-torture/execute/conversion.c execution, -O0
FAIL: gcc.c-torture/execute/pr23135.c compilation, -O1 (internal compiler error)
UNRESOLVED: gcc.c-torture/execute/pr23135.c execution, -O1
FAIL: gcc.c-torture/execute/pr23135.c compilation, -O2 (internal compiler error)
UNRESOLVED: gcc.c-torture/execute/pr23135.c execution, -O2
FAIL: gcc.c-torture/execute/pr23135.c compilation, -Os (internal compiler error)
UNRESOLVED: gcc.c-torture/execute/pr23135.c execution, -Os
FAIL: gcc.c-torture/unsorted/udivmod4.c, -O0 (internal compiler error)
FAIL: gcc.dg/compat/scalar-by-value-1 c_compat_x_tst.o compile, (internal compiler error)
UNRESOLVED: gcc.dg/compat/scalar-by-value-1 c_compat_x_tst.o-c_compat_y_tst.o link
UNRESOLVED: gcc.dg/compat/scalar-by-value-1 c_compat_x_tst.o-c_compat_y_tst.o execute
FAIL: gcc.dg/compat/struct-by-value-15 c_compat_x_tst.o compile, (internal compiler error)
UNRESOLVED: gcc.dg/compat/struct-by-value-15 c_compat_x_tst.o-c_compat_y_tst.o link
UNRESOLVED: gcc.dg/compat/struct-by-value-15 c_compat_x_tst.o-c_compat_y_tst.o execute
FAIL: gcc.dg/compat/struct-by-value-22 c_compat_x_tst.o compile, (internal compiler error)
FAIL: gcc.dg/compat/struct-by-value-22 c_compat_y_tst.o compile, (internal compiler error)
UNRESOLVED: gcc.dg/compat/struct-by-value-22 c_compat_x_tst.o-c_compat_y_tst.o link
UNRESOLVED: gcc.dg/compat/struct-by-value-22 c_compat_x_tst.o-c_compat_y_tst.o execute
FAIL: tmpdir-gcc.dg-struct-layout-1/t001 c_compat_y_tst.o compile, (internal compiler error)
UNRESOLVED: tmpdir-gcc.dg-struct-layout-1/t001 c_compat_x_tst.o-c_compat_y_tst.o link
UNRESOLVED: tmpdir-gcc.dg-struct-layout-1/t001 c_compat_x_tst.o-c_compat_y_tst.o execute
FAIL: tmpdir-gcc.dg-struct-layout-1/t002 c_compat_y_tst.o compile, (internal compiler error)
UNRESOLVED: tmpdir-gcc.dg-struct-layout-1/t002 c_compat_x_tst.o-c_compat_y_tst.o link
UNRESOLVED: tmpdir-gcc.dg-struct-layout-1/t002 c_compat_x_tst.o-c_compat_y_tst.o execute
FAIL: tmpdir-gcc.dg-struct-layout-1/t003 c_compat_y_tst.o compile, (internal compiler error)
UNRESOLVED: tmpdir-gcc.dg-struct-layout-1/t003 c_compat_x_tst.o-c_compat_y_tst.o link
UNRESOLVED: tmpdir-gcc.dg-struct-layout-1/t003 c_compat_x_tst.o-c_compat_y_tst.o execute
FAIL: tmpdir-gcc.dg-struct-layout-1/t004 c_compat_x_tst.o compile, (internal compiler error)
FAIL: tmpdir-gcc.dg-struct-layout-1/t004 c_compat_y_tst.o compile, (internal compiler error)
UNRESOLVED: tmpdir-gcc.dg-struct-layout-1/t004 c_compat_x_tst.o-c_compat_y_tst.o link
UNRESOLVED: tmpdir-gcc.dg-struct-layout-1/t004 c_compat_x_tst.o-c_compat_y_tst.o execute
FAIL: tmpdir-gcc.dg-struct-layout-1/t005 c_compat_y_tst.o compile, (internal compiler error)
UNRESOLVED: tmpdir-gcc.dg-struct-layout-1/t005 c_compat_x_tst.o-c_compat_y_tst.o link
UNRESOLVED: tmpdir-gcc.dg-struct-layout-1/t005 c_compat_x_tst.o-c_compat_y_tst.o execute
FAIL: tmpdir-gcc.dg-struct-layout-1/t006 c_compat_x_tst.o compile, (internal compiler error)
FAIL: tmpdir-gcc.dg-struct-layout-1/t006 c_compat_y_tst.o compile, (internal compiler error)
UNRESOLVED: tmpdir-gcc.dg-struct-layout-1/t006 c_compat_x_tst.o-c_compat_y_tst.o link
UNRESOLVED: tmpdir-gcc.dg-struct-layout-1/t006 c_compat_x_tst.o-c_compat_y_tst.o execute
FAIL: tmpdir-gcc.dg-struct-layout-1/t007 c_compat_x_tst.o compile, (internal compiler error)
FAIL: tmpdir-gcc.dg-struct-layout-1/t007 c_compat_y_tst.o compile, (internal compiler error)
UNRESOLVED: tmpdir-gcc.dg-struct-layout-1/t007 c_compat_x_tst.o-c_compat_y_tst.o link
UNRESOLVED: tmpdir-gcc.dg-struct-layout-1/t007 c_compat_x_tst.o-c_compat_y_tst.o execute
FAIL: tmpdir-gcc.dg-struct-layout-1/t008 c_compat_x_tst.o compile, (internal compiler error)
FAIL: tmpdir-gcc.dg-struct-layout-1/t008 c_compat_y_tst.o compile, (internal compiler error)
UNRESOLVED: tmpdir-gcc.dg-struct-layout-1/t008 c_compat_x_tst.o-c_compat_y_tst.o link
UNRESOLVED: tmpdir-gcc.dg-struct-layout-1/t008 c_compat_x_tst.o-c_compat_y_tst.o execute
FAIL: tmpdir-gcc.dg-struct-layout-1/t009 c_compat_x_tst.o compile, (internal compiler error)
FAIL: tmpdir-gcc.dg-struct-layout-1/t009 c_compat_y_tst.o compile, (internal compiler error)
UNRESOLVED: tmpdir-gcc.dg-struct-layout-1/t009 c_compat_x_tst.o-c_compat_y_tst.o link
UNRESOLVED: tmpdir-gcc.dg-struct-layout-1/t009 c_compat_x_tst.o-c_compat_y_tst.o execute
FAIL: tmpdir-gcc.dg-struct-layout-1/t010 c_compat_x_tst.o compile, (internal compiler error)
FAIL: tmpdir-gcc.dg-struct-layout-1/t010 c_compat_y_tst.o compile, (internal compiler error)
UNRESOLVED: tmpdir-gcc.dg-struct-layout-1/t010 c_compat_x_tst.o-c_compat_y_tst.o link
UNRESOLVED: tmpdir-gcc.dg-struct-layout-1/t010 c_compat_x_tst.o-c_compat_y_tst.o execute
FAIL: tmpdir-gcc.dg-struct-layout-1/t011 c_compat_y_tst.o compile, (internal compiler error)
UNRESOLVED: tmpdir-gcc.dg-struct-layout-1/t011 c_compat_x_tst.o-c_compat_y_tst.o link
UNRESOLVED: tmpdir-gcc.dg-struct-layout-1/t011 c_compat_x_tst.o-c_compat_y_tst.o execute
FAIL: tmpdir-gcc.dg-struct-layout-1/t012 c_compat_y_tst.o compile, (internal compiler error)
UNRESOLVED: tmpdir-gcc.dg-struct-layout-1/t012 c_compat_x_tst.o-c_compat_y_tst.o link
UNRESOLVED: tmpdir-gcc.dg-struct-layout-1/t012 c_compat_x_tst.o-c_compat_y_tst.o execute
FAIL: tmpdir-gcc.dg-struct-layout-1/t013 c_compat_x_tst.o compile, (internal compiler error)
FAIL: tmpdir-gcc.dg-struct-layout-1/t013 c_compat_y_tst.o compile, (internal compiler error)
UNRESOLVED: tmpdir-gcc.dg-struct-layout-1/t013 c_compat_x_tst.o-c_compat_y_tst.o link
UNRESOLVED: tmpdir-gcc.dg-struct-layout-1/t013 c_compat_x_tst.o-c_compat_y_tst.o execute
FAIL: tmpdir-gcc.dg-struct-layout-1/t014 c_compat_x_tst.o compile, (internal compiler error)
FAIL: tmpdir-gcc.dg-struct-layout-1/t014 c_compat_y_tst.o compile, (internal compiler error)
UNRESOLVED: tmpdir-gcc.dg-struct-layout-1/t014 c_compat_x_tst.o-c_compat_y_tst.o link
UNRESOLVED: tmpdir-gcc.dg-struct-layout-1/t014 c_compat_x_tst.o-c_compat_y_tst.o execute
FAIL: tmpdir-gcc.dg-struct-layout-1/t015 c_compat_y_tst.o compile, (internal compiler error)
UNRESOLVED: tmpdir-gcc.dg-struct-layout-1/t015 c_compat_x_tst.o-c_compat_y_tst.o link
UNRESOLVED: tmpdir-gcc.dg-struct-layout-1/t015 c_compat_x_tst.o-c_compat_y_tst.o execute
FAIL: tmpdir-gcc.dg-struct-layout-1/t016 c_compat_x_tst.o compile, (internal compiler error)
FAIL: tmpdir-gcc.dg-struct-layout-1/t016 c_compat_y_tst.o compile, (internal compiler error)
UNRESOLVED: tmpdir-gcc.dg-struct-layout-1/t016 c_compat_x_tst.o-c_compat_y_tst.o link
UNRESOLVED: tmpdir-gcc.dg-struct-layout-1/t016 c_compat_x_tst.o-c_compat_y_tst.o execute
FAIL: tmpdir-gcc.dg-struct-layout-1/t017 c_compat_x_tst.o compile, (internal compiler error)
FAIL: tmpdir-gcc.dg-struct-layout-1/t017 c_compat_y_tst.o compile, (internal compiler error)
UNRESOLVED: tmpdir-gcc.dg-struct-layout-1/t017 c_compat_x_tst.o-c_compat_y_tst.o link
UNRESOLVED: tmpdir-gcc.dg-struct-layout-1/t017 c_compat_x_tst.o-c_compat_y_tst.o execute
FAIL: tmpdir-gcc.dg-struct-layout-1/t018 c_compat_x_tst.o compile, (internal compiler error)
FAIL: tmpdir-gcc.dg-struct-layout-1/t018 c_compat_y_tst.o compile, (internal compiler error)
UNRESOLVED: tmpdir-gcc.dg-struct-layout-1/t018 c_compat_x_tst.o-c_compat_y_tst.o link
UNRESOLVED: tmpdir-gcc.dg-struct-layout-1/t018 c_compat_x_tst.o-c_compat_y_tst.o execute
FAIL: tmpdir-gcc.dg-struct-layout-1/t019 c_compat_y_tst.o compile, (internal compiler error)
UNRESOLVED: tmpdir-gcc.dg-struct-layout-1/t019 c_compat_x_tst.o-c_compat_y_tst.o link
UNRESOLVED: tmpdir-gcc.dg-struct-layout-1/t019 c_compat_x_tst.o-c_compat_y_tst.o execute
FAIL: tmpdir-gcc.dg-struct-layout-1/t020 c_compat_x_tst.o compile, (internal compiler error)
FAIL: tmpdir-gcc.dg-struct-layout-1/t020 c_compat_y_tst.o compile, (internal compiler error)
UNRESOLVED: tmpdir-gcc.dg-struct-layout-1/t020 c_compat_x_tst.o-c_compat_y_tst.o link
UNRESOLVED: tmpdir-gcc.dg-struct-layout-1/t020 c_compat_x_tst.o-c_compat_y_tst.o execute
FAIL: tmpdir-gcc.dg-struct-layout-1/t021 c_compat_x_tst.o compile, (internal compiler error)
FAIL: tmpdir-gcc.dg-struct-layout-1/t021 c_compat_y_tst.o compile, (internal compiler error)
UNRESOLVED: tmpdir-gcc.dg-struct-layout-1/t021 c_compat_x_tst.o-c_compat_y_tst.o link
UNRESOLVED: tmpdir-gcc.dg-struct-layout-1/t021 c_compat_x_tst.o-c_compat_y_tst.o execute
FAIL: tmpdir-gcc.dg-struct-layout-1/t022 c_compat_x_tst.o compile, (internal compiler error)
FAIL: tmpdir-gcc.dg-struct-layout-1/t022 c_compat_y_tst.o compile, (internal compiler error)
UNRESOLVED: tmpdir-gcc.dg-struct-layout-1/t022 c_compat_x_tst.o-c_compat_y_tst.o link
UNRESOLVED: tmpdir-gcc.dg-struct-layout-1/t022 c_compat_x_tst.o-c_compat_y_tst.o execute
FAIL: tmpdir-gcc.dg-struct-layout-1/t023 c_compat_x_tst.o compile, (internal compiler error)
FAIL: tmpdir-gcc.dg-struct-layout-1/t023 c_compat_y_tst.o compile, (internal compiler error)
UNRESOLVED: tmpdir-gcc.dg-struct-layout-1/t023 c_compat_x_tst.o-c_compat_y_tst.o link
UNRESOLVED: tmpdir-gcc.dg-struct-layout-1/t023 c_compat_x_tst.o-c_compat_y_tst.o execute
FAIL: tmpdir-gcc.dg-struct-layout-1/t024 c_compat_x_tst.o compile, (internal compiler error)
FAIL: tmpdir-gcc.dg-struct-layout-1/t024 c_compat_y_tst.o compile, (internal compiler error)
UNRESOLVED: tmpdir-gcc.dg-struct-layout-1/t024 c_compat_x_tst.o-c_compat_y_tst.o link
UNRESOLVED: tmpdir-gcc.dg-struct-layout-1/t024 c_compat_x_tst.o-c_compat_y_tst.o execute
FAIL: tmpdir-gcc.dg-struct-layout-1/t025 c_compat_x_tst.o compile, (internal compiler error)
FAIL: tmpdir-gcc.dg-struct-layout-1/t025 c_compat_y_tst.o compile, (internal compiler error)
UNRESOLVED: tmpdir-gcc.dg-struct-layout-1/t025 c_compat_x_tst.o-c_compat_y_tst.o link
UNRESOLVED: tmpdir-gcc.dg-struct-layout-1/t025 c_compat_x_tst.o-c_compat_y_tst.o execute
FAIL: tmpdir-gcc.dg-struct-layout-1/t026 c_compat_x_tst.o compile, (internal compiler error)
FAIL: tmpdir-gcc.dg-struct-layout-1/t026 c_compat_y_tst.o compile, (internal compiler error)
UNRESOLVED: tmpdir-gcc.dg-struct-layout-1/t026 c_compat_x_tst.o-c_compat_y_tst.o link
UNRESOLVED: tmpdir-gcc.dg-struct-layout-1/t026 c_compat_x_tst.o-c_compat_y_tst.o execute
FAIL: tmpdir-gcc.dg-struct-layout-1/t027 c_compat_x_tst.o compile, (internal compiler error)
FAIL: tmpdir-gcc.dg-struct-layout-1/t027 c_compat_y_tst.o compile, (internal compiler error)
UNRESOLVED: tmpdir-gcc.dg-struct-layout-1/t027 c_compat_x_tst.o-c_compat_y_tst.o link
UNRESOLVED: tmpdir-gcc.dg-struct-layout-1/t027 c_compat_x_tst.o-c_compat_y_tst.o execute
FAIL: tmpdir-gcc.dg-struct-layout-1/t028 c_compat_x_tst.o compile, (internal compiler error)
FAIL: tmpdir-gcc.dg-struct-layout-1/t028 c_compat_y_tst.o compile, (internal compiler error)
UNRESOLVED: tmpdir-gcc.dg-struct-layout-1/t028 c_compat_x_tst.o-c_compat_y_tst.o link
UNRESOLVED: tmpdir-gcc.dg-struct-layout-1/t028 c_compat_x_tst.o-c_compat_y_tst.o execute
FAIL: gcc.dg/debug/dwarf2/var1.c scan-assembler xyzzy[^\\\\n\\\\r]+DW_AT_name
FAIL: gcc.dg/Wstrict-aliasing-float-ptr-int-obj.c (test for warnings, line 14)
FAIL: gcc.dg/Wstrict-aliasing-float-ptr-int-obj.c (test for warnings, line 16)
FAIL: gcc.dg/builtin-apply4.c execution test
FAIL: gcc.dg/fold-alloca-1.c scan-tree-dump-times useless "link_error" 0
FAIL: gcc.dg/memcpy-1.c scan-tree-dump-times optimized "nasty_local" 0
FAIL: gcc.dg/pr33238.c (internal compiler error)
FAIL: gcc.dg/pr33238.c (test for excess errors)
FAIL: gcc.dg/pr35729.c scan-rtl-dump-times loop2_invariant "Decided to move invariant" 0
FAIL: gcc.dg/unsigned-long-compare.c (internal compiler error)
FAIL: gcc.dg/unsigned-long-compare.c (test for excess errors)
UNRESOLVED: gcc.dg/unsigned-long-compare.c compilation failed to produce executable
FAIL: gcc.dg/vla-4.c (internal compiler error)
FAIL: gcc.dg/vla-4.c (test for excess errors)
UNRESOLVED: gcc.dg/vla-4.c compilation failed to produce executable
FAIL: gcc.dg/format/bitfld-1.c (test for excess errors)
FAIL: gcc.dg/format/bitfld-1.c -DWIDE (test for excess errors)
FAIL: gcc.dg/matrix/matrix-1.c scan-ipa-dump-times matrix-reorg "Flattened 3 dimensions" 1: dump file does not exist
FAIL: gcc.dg/matrix/matrix-2.c scan-ipa-dump-times matrix-reorg "Flattened 2 dimensions" 1: dump file does not exist
FAIL: gcc.dg/matrix/matrix-3.c scan-ipa-dump-times matrix-reorg "Flattened 2 dimensions" 1: dump file does not exist
FAIL: gcc.dg/matrix/matrix-4.c scan-ipa-dump-times matrix-reorg "Flattened" 0: dump file does not exist
FAIL: gcc.dg/matrix/matrix-5.c scan-ipa-dump-times matrix-reorg "Flattened" 0: dump file does not exist
FAIL: gcc.dg/matrix/matrix-6.c scan-ipa-dump-times matrix-reorg "Flattened 2 dimensions" 1: dump file does not exist
FAIL: gcc.dg/matrix/transpose-1.c scan-ipa-dump-times matrix-reorg "Flattened 3 dimensions" 1: dump file does not exist
FAIL: gcc.dg/matrix/transpose-1.c scan-ipa-dump-times matrix-reorg "Transposed" 3: dump file does not exist
FAIL: gcc.dg/matrix/transpose-2.c scan-ipa-dump-times matrix-reorg "Flattened 3 dimensions" 1: dump file does not exist
FAIL: gcc.dg/matrix/transpose-2.c scan-ipa-dump-times matrix-reorg "Transposed" 0: dump file does not exist
FAIL: gcc.dg/matrix/transpose-3.c scan-ipa-dump-times matrix-reorg "Flattened 2 dimensions" 1: dump file does not exist
FAIL: gcc.dg/matrix/transpose-3.c scan-ipa-dump-times matrix-reorg "Transposed" 2: dump file does not exist
FAIL: gcc.dg/matrix/transpose-4.c scan-ipa-dump-times matrix-reorg "Flattened 3 dimensions" 1: dump file does not exist
FAIL: gcc.dg/matrix/transpose-4.c scan-ipa-dump-times matrix-reorg "Transposed" 2: dump file does not exist
FAIL: gcc.dg/matrix/transpose-5.c scan-ipa-dump-times matrix-reorg "Flattened 3 dimensions" 1: dump file does not exist
FAIL: gcc.dg/matrix/transpose-5.c scan-ipa-dump-times matrix-reorg "Transposed" 0: dump file does not exist
FAIL: gcc.dg/matrix/transpose-6.c scan-ipa-dump-times matrix-reorg "Flattened 3 dimensions" 1: dump file does not exist
FAIL: gcc.dg/matrix/transpose-6.c scan-ipa-dump-times matrix-reorg "Transposed" 0: dump file does not exist
FAIL: gcc.dg/struct/wo_prof_malloc_size_var.c execution test
FAIL: gcc.dg/tls/opt-12.c (test for excess errors)
UNRESOLVED: gcc.dg/tls/opt-12.c compilation failed to produce executable
FAIL: gcc.dg/torture/fp-int-convert-double.c -O0 (internal compiler error)
FAIL: gcc.dg/torture/fp-int-convert-double.c -O0 (test for excess errors)
UNRESOLVED: gcc.dg/torture/fp-int-convert-double.c -O0 compilation failed to produce executable
FAIL: gcc.dg/torture/fp-int-convert-float.c -O0 (internal compiler error)
FAIL: gcc.dg/torture/fp-int-convert-float.c -O0 (test for excess errors)
UNRESOLVED: gcc.dg/torture/fp-int-convert-float.c -O0 compilation failed to produce executable
FAIL: gcc.dg/torture/fp-int-convert-long-double.c -O0 (internal compiler error)
FAIL: gcc.dg/torture/fp-int-convert-long-double.c -O0 (test for excess errors)
UNRESOLVED: gcc.dg/torture/fp-int-convert-long-double.c -O0 compilation failed to produce executable
FAIL: gcc.dg/torture/type-generic-1.c -O0 (internal compiler error)
FAIL: gcc.dg/torture/type-generic-1.c -O0 (test for excess errors)
UNRESOLVED: gcc.dg/torture/type-generic-1.c -O0 compilation failed to produce executable
XPASS: gcc.dg/tree-ssa/loadpre1.c scan-tree-dump-times pre "Eliminated: 1" 1
XPASS: gcc.dg/tree-ssa/ltrans-3.c scan-tree-dump-times ltrans "transformed loop" 1
FAIL: gcc.dg/tree-ssa/ssa-fre-7.c scan-tree-dump-times fre "Inserted pretmp" 1
FAIL: gcc.dg/tree-ssa/ssa-fre-7.c scan-tree-dump-times fre "Replaced a.u.f with pretmp" 3
FAIL: gcc.dg/tree-ssa/ssa-fre-7.c scan-tree-dump-times fre "Replaced a.u.k with j" 1
FAIL: gcc.dg/tree-ssa/ssa-fre-7.c scan-tree-dump fre "= VIEW_CONVERT_EXPR<float>\\(j_"
FAIL: gcc.dg/tree-ssa/ssa-fre-7.c scan-tree-dump optimized "return j"
FAIL: gcc.dg/tree-ssa/ssa-fre-8.c scan-tree-dump-times fre "Replaced u.f with pretmp" 2
FAIL: gcc.dg/tree-ssa/ssa-fre-8.c scan-tree-dump-times fre "Inserted pretmp" 2
FAIL: gcc.dg/tree-ssa/ssa-fre-9.c scan-tree-dump-times fre "Eliminated: 1" 2
FAIL: gcc.dg/tree-ssa/ssa-fre-9.c scan-tree-dump-times fre "Insertions: 1" 2
FAIL: gcc.dg/tree-ssa/ssa-pre-15.c scan-tree-dump optimized "= 0;"
=== gcc Summary ===
# of expected passes 46094
# of unexpected failures 173
# of unexpected successes 2
# of expected failures 88
# of unresolved testcases 94
# of unsupported tests 582
/home/mstein/sim/gimple-tuples-branch/sh-elf/build/gcc/xgcc version 4.4.0 20080715 (experimental) [gimple-tuples-branch revision 137992] (gimple-tuples-branch merged with rev 137837)
Compiler version: 4.4.0 20080715 (experimental) [gimple-tuples-branch revision 137992] (gimple-tuples-branch merged with rev 137837) gcc
Platform: sh-unknown-elf
configure flags: --target=sh-elf --prefix=/home/mstein/cross-local/sh-elf --enable-languages=c --disable-nls --disable-build-warnings --with-sysroot=/home/mstein/cross-local/sh-elf --with-build-sysroot=/home/mstein/cross-local/sh-elf --with-ld=/home/mstein/cross-local/sh-elf/usr/bin/ld --with-as=/home/mstein/cross-local/sh-elf/usr/bin/as --disable-libssp --with-mpfr=/opt/cfarm/mpfr-2.3.1
More information about the Gcc-testresults
mailing list