Results for 4.3.0 20080130 (experimental) [trunk revision 131960] (GCC) testsuite on i686-pc-linux-gnu
Weidong Cui
mason.cui@gmail.com
Thu Jan 31 00:45:00 GMT 2008
LAST_UPDATED: Wed Jan 30 13:14:40 UTC 2008 (revision 131960)
Native configuration is i686-pc-linux-gnu
=== gcc tests ===
Running target unix
=== gcc Summary ===
# of expected passes 48738
# of expected failures 167
# of untested testcases 35
# of unsupported tests 261
/home/cuiwd/gcc4/build/gcc/xgcc version 4.3.0 20080130 (experimental) [trunk revision 131960] (GCC)
=== gfortran tests ===
Running target unix
=== gfortran Summary ===
# of expected passes 23684
# of expected failures 3
# of unsupported tests 16
/home/cuiwd/gcc4/build/gcc/testsuite/gfortran/../../gfortran version 4.3.0 20080130 (experimental) [trunk revision 131960] (GCC)
=== g++ tests ===
Running target unix
XPASS: g++.dg/tree-ssa/ivopts-1.C scan-tree-dump-not ivopts "offset: (4294967292|0x0f+fc)"
=== g++ Summary ===
# of expected passes 17416
# of unexpected successes 1
# of expected failures 82
# of unsupported tests 88
/home/cuiwd/gcc4/build/gcc/testsuite/g++/../../g++ version 4.3.0 20080130 (experimental) [trunk revision 131960] (GCC)
=== objc tests ===
Running target unix
=== objc Summary ===
# of expected passes 1812
# of expected failures 7
# of unsupported tests 24
/home/cuiwd/gcc4/build/gcc/xgcc version 4.3.0 20080130 (experimental) [trunk revision 131960] (GCC)
=== libffi tests ===
Running target unix
=== libffi Summary ===
# of expected passes 1116
# of unsupported tests 8
=== libgomp tests ===
Running target unix
=== libgomp Summary ===
# of expected passes 1693
=== libjava tests ===
Running target unix
=== libjava Summary ===
# of expected passes 2550
=== libmudflap tests ===
Running target unix
FAIL: libmudflap.c++/pass41-frag.cxx execution test
FAIL: libmudflap.c++/pass41-frag.cxx (-static) execution test
FAIL: libmudflap.c++/pass41-frag.cxx ( -O) execution test
FAIL: libmudflap.c++/pass41-frag.cxx (-O2) execution test
FAIL: libmudflap.c++/pass41-frag.cxx (-O3) execution test
=== libmudflap Summary ===
# of expected passes 1844
# of unexpected failures 5
=== libstdc++ tests ===
Running target unix
XPASS: 26_numerics/headers/cmath/c99_classification_macros_c.cc (test for excess errors)
FAIL: tr1/5_numerical_facilities/special_functions/06_comp_ellint_3/compile.cc (test for excess errors)
=== libstdc++ Summary ===
# of expected passes 4962
# of unexpected failures 1
# of unexpected successes 1
# of expected failures 61
# of unsupported tests 326
Compiler version: 4.3.0 20080130 (experimental) [trunk revision 131960] (GCC)
Platform: i686-pc-linux-gnu
configure flags: --prefix=/home/cuiwd/gcc4/ins --with-gnu-as --with-as=/home/cuiwd/gcc4/binutils/bin/as --with-gnu-ld --with-ld=/home/cuiwd/gcc4/binutils/bin/ld --with-mpfr=/home/cuiwd/gcc4/mpfr --with-gmp=/home/cuiwd/gcc4/gmp --enable-clocale=gnu --with-system-zlib --enable-shared --enable-threads=posix --enable-decimal-float=bid --with-demangler-in-ld --enable-haifa --enable-checking=assert
More information about the Gcc-testresults
mailing list