Results for 4.3.0 20080129 (experimental) [trunk revision 131944] (GCC) gcc testsuite on arm-unknown-elf
Mike Stein
mstein.lists@googlemail.com
Wed Jan 30 22:50:00 GMT 2008
Debian 4 on x86_64
cross tool versions:
GNU assembler (GNU Binutils) 2.18.50.20080128
GNU gdb 6.7.50.20080127-cvs
GNU ld (GNU Binutils) 2.18.50.20080128
GNU Make 3.81
expect version 5.43.0
host gcc version: gcc (GCC) 4.3.0 20080129 (experimental) [trunk revision 131944]
LAST_UPDATED: Tue Jan 29 23:02:36 UTC 2008 (revision 131944)
Target is arm-unknown-elf
Host is x86_64-unknown-linux-gnu
=== gcc tests ===
Running target arm-sim
FAIL: gcc.c-torture/compile/limits-structnest.c -O2 (test for excess errors)
FAIL: gcc.c-torture/compile/limits-structnest.c -O3 -fomit-frame-pointer (test for excess errors)
FAIL: gcc.c-torture/compile/limits-structnest.c -O3 -g (test for excess errors)
FAIL: gcc.c-torture/compile/limits-structnest.c -Os (test for excess errors)
WARNING: Could not compile gcc.dg/compat/struct-layout-1 generator
FAIL: gcc.dg/cpp/_Pragma6.c (test for excess errors)
FAIL: gcc.dg/intmax_t-1.c (test for errors, line )
FAIL: gcc.dg/memcpy-1.c scan-tree-dump-times optimized "nasty_local" 0
XPASS: gcc.dg/pr30957-1.c execution test
FAIL: gcc.dg/pr30957-1.c scan-rtl-dump loop2_unroll "Expanding Accumulator"
FAIL: gcc.dg/var-expand1.c scan-rtl-dump loop2_unroll "Expanding Accumulator"
FAIL: gcc.dg/struct/wo_prof_single_str_global.c execution test
FAIL: gcc.dg/struct/wo_prof_single_str_local.c execution test
FAIL: gcc.dg/struct/wo_prof_single_str_pointer.c execution test
FAIL: gcc.dg/tls/alias-1.c (test for excess errors)
FAIL: gcc.dg/tls/opt-2.c (test for excess errors)
FAIL: gcc.dg/torture/builtin-math-2.c -O0 (test for excess errors)
ERROR: gcc.dg/torture/builtin-math-2.c -O0 : error executing dg-final: no files matched glob pattern "builtin-math-2.c.[0-9][0-9][0-9]t.original"
UNRESOLVED: gcc.dg/torture/builtin-math-2.c -O0 : error executing dg-final: no files matched glob pattern "builtin-math-2.c.[0-9][0-9][0-9]t.original"
FAIL: gcc.dg/torture/builtin-math-2.c -O1 (test for excess errors)
ERROR: gcc.dg/torture/builtin-math-2.c -O1 : error executing dg-final: no files matched glob pattern "builtin-math-2.c.[0-9][0-9][0-9]t.original"
UNRESOLVED: gcc.dg/torture/builtin-math-2.c -O1 : error executing dg-final: no files matched glob pattern "builtin-math-2.c.[0-9][0-9][0-9]t.original"
FAIL: gcc.dg/torture/builtin-math-2.c -O2 (test for excess errors)
ERROR: gcc.dg/torture/builtin-math-2.c -O2 : error executing dg-final: no files matched glob pattern "builtin-math-2.c.[0-9][0-9][0-9]t.original"
UNRESOLVED: gcc.dg/torture/builtin-math-2.c -O2 : error executing dg-final: no files matched glob pattern "builtin-math-2.c.[0-9][0-9][0-9]t.original"
FAIL: gcc.dg/torture/builtin-math-2.c -O3 -fomit-frame-pointer (test for excess errors)
ERROR: gcc.dg/torture/builtin-math-2.c -O3 -fomit-frame-pointer : error executing dg-final: no files matched glob pattern "builtin-math-2.c.[0-9][0-9][0-9]t.original"
UNRESOLVED: gcc.dg/torture/builtin-math-2.c -O3 -fomit-frame-pointer : error executing dg-final: no files matched glob pattern "builtin-math-2.c.[0-9][0-9][0-9]t.original"
FAIL: gcc.dg/torture/builtin-math-2.c -O3 -fomit-frame-pointer -funroll-loops (test for excess errors)
ERROR: gcc.dg/torture/builtin-math-2.c -O3 -fomit-frame-pointer -funroll-loops : error executing dg-final: no files matched glob pattern "builtin-math-2.c.[0-9][0-9][0-9]t.original"
UNRESOLVED: gcc.dg/torture/builtin-math-2.c -O3 -fomit-frame-pointer -funroll-loops : error executing dg-final: no files matched glob pattern "builtin-math-2.c.[0-9][0-9][0-9]t.original"
FAIL: gcc.dg/torture/builtin-math-2.c -O3 -fomit-frame-pointer -funroll-all-loops -finline-functions (test for excess errors)
ERROR: gcc.dg/torture/builtin-math-2.c -O3 -fomit-frame-pointer -funroll-all-loops -finline-functions : error executing dg-final: no files matched glob pattern "builtin-math-2.c.[0-9][0-9][0-9]t.original"
UNRESOLVED: gcc.dg/torture/builtin-math-2.c -O3 -fomit-frame-pointer -funroll-all-loops -finline-functions : error executing dg-final: no files matched glob pattern "builtin-math-2.c.[0-9][0-9][0-9]t.original"
FAIL: gcc.dg/torture/builtin-math-2.c -O3 -g (test for excess errors)
ERROR: gcc.dg/torture/builtin-math-2.c -O3 -g : error executing dg-final: no files matched glob pattern "builtin-math-2.c.[0-9][0-9][0-9]t.original"
UNRESOLVED: gcc.dg/torture/builtin-math-2.c -O3 -g : error executing dg-final: no files matched glob pattern "builtin-math-2.c.[0-9][0-9][0-9]t.original"
FAIL: gcc.dg/torture/builtin-math-2.c -Os (test for excess errors)
ERROR: gcc.dg/torture/builtin-math-2.c -Os : error executing dg-final: no files matched glob pattern "builtin-math-2.c.[0-9][0-9][0-9]t.original"
UNRESOLVED: gcc.dg/torture/builtin-math-2.c -Os : error executing dg-final: no files matched glob pattern "builtin-math-2.c.[0-9][0-9][0-9]t.original"
FAIL: gcc.dg/torture/builtin-math-4.c -O0 (test for excess errors)
FAIL: gcc.dg/torture/builtin-math-4.c -O1 (test for excess errors)
FAIL: gcc.dg/torture/builtin-math-4.c -O2 (test for excess errors)
FAIL: gcc.dg/torture/builtin-math-4.c -O3 -fomit-frame-pointer (test for excess errors)
FAIL: gcc.dg/torture/builtin-math-4.c -O3 -fomit-frame-pointer -funroll-loops (test for excess errors)
FAIL: gcc.dg/torture/builtin-math-4.c -O3 -fomit-frame-pointer -funroll-all-loops -finline-functions (test for excess errors)
FAIL: gcc.dg/torture/builtin-math-4.c -O3 -g (test for excess errors)
FAIL: gcc.dg/torture/builtin-math-4.c -Os (test for excess errors)
FAIL: gcc.dg/torture/builtin-pow-mpfr-1.c -O0 scan-tree-dump original "pow"
FAIL: gcc.dg/torture/builtin-pow-mpfr-1.c -O1 scan-tree-dump original "pow"
FAIL: gcc.dg/torture/builtin-pow-mpfr-1.c -O2 scan-tree-dump original "pow"
FAIL: gcc.dg/torture/builtin-pow-mpfr-1.c -O3 -fomit-frame-pointer scan-tree-dump original "pow"
FAIL: gcc.dg/torture/builtin-pow-mpfr-1.c -O3 -g scan-tree-dump original "pow"
FAIL: gcc.dg/torture/builtin-pow-mpfr-1.c -Os scan-tree-dump original "pow"
=== gcc Summary ===
# of expected passes 44140
# of unexpected failures 36
# of unexpected successes 1
# of expected failures 85
# of unresolved testcases 8
# of untested testcases 35
# of unsupported tests 2262
/home/mstein/sim/trunk/arm-elf/build/gcc/xgcc version 4.3.0 20080129 (experimental) [trunk revision 131944] (GCC)
Compiler version: 4.3.0 20080129 (experimental) [trunk revision 131944] (GCC) gcc
Platform: arm-unknown-elf
configure flags: --target=arm-elf --prefix=/n/11/mstein/cross-local/arm-elf --enable-languages=c --disable-nls --disable-build-warnings --with-ld=/n/11/mstein/cross-local/arm-elf/bin/arm-elf-ld --with-as=/n/11/mstein/cross-local/arm-elf/bin/arm-elf-as --disable-libssp --with-mpfr=/n/11/mstein/mpfr-2.3.0
More information about the Gcc-testresults
mailing list