Results for 4.3.0 20080125 (experimental) (GCC) testsuite on i686-pc-linux-gnu
CodeSourcery Automatic Testing System
gcc@codesourcery.com
Mon Jan 28 23:14:00 GMT 2008
LAST_UPDATED: Fri Jan 25 08:47:07 UTC 2008 (/trunk revision 131818)
Native configuration is i686-pc-linux-gnu
=== g++ tests ===
Running target localhost
FAIL: g++.dg/cpp0x/vt-34103.C (internal compiler error)
FAIL: g++.dg/cpp0x/vt-34103.C (test for excess errors)
=== g++ Summary ===
# of expected passes 17324
# of unexpected failures 2
# of expected failures 83
# of unsupported tests 87
/scratch/gcc/nightly-2008-01-28-mainline/i686-pc-linux-gnu/build_gcc/build/test-mainline-0-i686-pc-linux-gnu/host-i686-pc-linux-gnu/fsf-mainline/bin/i686-pc-linux-gnu-g++ version 4.3.0 20080125 (experimental) (GCC)
=== gcc tests ===
Running target localhost
=== gcc Summary ===
# of expected passes 48663
# of expected failures 166
# of untested testcases 35
# of unsupported tests 264
/scratch/gcc/nightly-2008-01-28-mainline/i686-pc-linux-gnu/build_gcc/build/test-mainline-0-i686-pc-linux-gnu/host-i686-pc-linux-gnu/fsf-mainline/bin/i686-pc-linux-gnu-gcc version 4.3.0 20080125 (experimental) (GCC)
=== libstdc++ tests ===
Running target localhost
=== libstdc++ Summary ===
# of expected passes 5590
# of expected failures 62
# of unsupported tests 12
=== g++ tests ===
Running target localhost/-m64
FAIL: g++.dg/cpp0x/vt-34103.C (internal compiler error)
FAIL: g++.dg/cpp0x/vt-34103.C (test for excess errors)
FAIL: g++.dg/inherit/override-attribs.C (test for errors, line 7)
FAIL: g++.dg/inherit/override-attribs.C (test for errors, line 14)
FAIL: g++.dg/inherit/override-attribs.C (test for excess errors)
=== g++ Summary ===
# of expected passes 17235
# of unexpected failures 5
# of expected failures 83
# of unsupported tests 117
/scratch/gcc/nightly-2008-01-28-mainline/i686-pc-linux-gnu/build_gcc/build/test-mainline-0-i686-pc-linux-gnu/host-i686-pc-linux-gnu/fsf-mainline/bin/i686-pc-linux-gnu-g++ version 4.3.0 20080125 (experimental) (GCC)
=== gcc tests ===
Running target localhost/-m64
FAIL: gcc.dg/pr34856.c (test for excess errors)
=== gcc Summary ===
# of expected passes 48526
# of unexpected failures 1
# of expected failures 165
# of untested testcases 35
# of unsupported tests 376
/scratch/gcc/nightly-2008-01-28-mainline/i686-pc-linux-gnu/build_gcc/build/test-mainline-0-i686-pc-linux-gnu/host-i686-pc-linux-gnu/fsf-mainline/bin/i686-pc-linux-gnu-gcc version 4.3.0 20080125 (experimental) (GCC)
=== libstdc++ tests ===
Running target localhost/-m64
XPASS: 27_io/fpos/14320-1.cc execution test
=== libstdc++ Summary ===
# of expected passes 5590
# of unexpected successes 1
# of expected failures 61
# of unsupported tests 12
Compiler version: 4.3.0 20080125 (experimental) (GCC)
Platform: i686-pc-linux-gnu
configure flags: --build=i686-pc-linux-gnu --host=i686-pc-linux-gnu --target=i686-pc-linux-gnu --enable-threads --disable-libmudflap --disable-libssp --disable-libgomp --disable-libstdcxx-pch --enable-targets=all --with-gnu-as --with-gnu-ld --enable-languages=c,c++ --enable-shared --disable-nls --prefix=/opt/codesourcery --with-gmp=/scratch/gcc/nightly-2008-01-28-mainline/i686-pc-linux-gnu/build_gcc/build/host-libs-mainline-0-i686-pc-linux-gnu-i686-pc-linux-gnu/usr --with-mpfr=/scratch/gcc/nightly-2008-01-28-mainline/i686-pc-linux-gnu/build_gcc/build/host-libs-mainline-0-i686-pc-linux-gnu-i686-pc-linux-gnu/usr --with-build-time-tools=/scratch/gcc/nightly-2008-01-28-mainline/i686-pc-linux-gnu/build_gcc/install/i686-pc-linux-gnu/bin --with-build-time-tools=/scratch/gcc/nightly-2008-01-28-mainline/i686-pc-linux-gnu/build_gcc/install/i686-pc-linux-gnu/bin
More information about the Gcc-testresults
mailing list