Results for 4.3.0 20080122 (experimental) (GCC) testsuite on powerpc-unknown-linux-gnu
Edmar Wienskoski-RA8797
ra8797@freescale.com
Wed Jan 23 11:27:00 GMT 2008
LAST_UPDATED:
Target is powerpc-unknown-linux-gnu
Host is x86_64-unknown-linux-gnu
=== g++ tests ===
Running target reg_e300c2_ssh
FAIL: g++.dg/cpp0x/vt-34103.C (internal compiler error)
FAIL: g++.dg/cpp0x/vt-34103.C (test for excess errors)
FAIL: g++.dg/tree-ssa/ivopts-1.C scan-tree-dump-not ivopts "offset: (4294967292|0x0f+fc)"
=== g++ Summary ===
# of expected passes 17270
# of unexpected failures 3
# of expected failures 83
# of unsupported tests 126
/tmp/edmar/build_cde/job_29/obj_gcc/gcc/testsuite/g++/../../g++ version 4.3.0 20080122 (experimental) (GCC)
Host is x86_64-unknown-linux-gnu
=== gcc tests ===
Running target reg_e300c2_ssh
FAIL: gcc.c-torture/compile/20071117-1.c -O0 (internal compiler error)
FAIL: gcc.c-torture/compile/20071117-1.c -O0 (test for excess errors)
FAIL: gcc.dg/compat/scalar-by-value-dfp c_compat_x_tst.o-c_compat_y_tst.o execute
FAIL: gcc.dg/compat/scalar-return-dfp c_compat_x_tst.o-c_compat_y_tst.o execute
FAIL: gcc.dg/dfp/compare-rel-const.c (test for excess errors)
UNRESOLVED: gcc.dg/dfp/compare-rel-const.c compilation failed to produce executable
FAIL: gcc.dg/dfp/compare-rel-d128.c execution test
FAIL: gcc.dg/dfp/compare-rel-d32.c execution test
FAIL: gcc.dg/dfp/compare-rel-d64.c execution test
FAIL: gcc.dg/dfp/compare-rel-dfp.c execution test
FAIL: gcc.dg/dfp/compare-special-d128.c execution test
FAIL: gcc.dg/dfp/compare-special-d32.c execution test
FAIL: gcc.dg/dfp/compare-special-d64.c execution test
FAIL: gcc.dg/dfp/convert-bfp-10.c execution test
FAIL: gcc.dg/dfp/convert-bfp-11.c execution test
FAIL: gcc.dg/dfp/convert-bfp-2.c execution test
FAIL: gcc.dg/dfp/convert-bfp-3.c execution test
FAIL: gcc.dg/dfp/convert-bfp-4.c execution test
FAIL: gcc.dg/dfp/convert-bfp-6.c execution test
FAIL: gcc.dg/dfp/convert-bfp-7.c execution test
FAIL: gcc.dg/dfp/convert-bfp-8.c execution test
FAIL: gcc.dg/dfp/convert-bfp-fold.c (test for excess errors)
UNRESOLVED: gcc.dg/dfp/convert-bfp-fold.c compilation failed to produce executable
FAIL: gcc.dg/dfp/convert-bfp.c execution test
FAIL: gcc.dg/dfp/convert-dfp-round.c execution test
FAIL: gcc.dg/dfp/convert-int-fold.c (test for excess errors)
UNRESOLVED: gcc.dg/dfp/convert-int-fold.c compilation failed to produce executable
FAIL: gcc.dg/dfp/convert-int-max-fold.c (test for excess errors)
UNRESOLVED: gcc.dg/dfp/convert-int-max-fold.c compilation failed to produce executable
FAIL: gcc.dg/dfp/convert-int-max.c execution test
FAIL: gcc.dg/dfp/convert-int-saturate.c execution test
FAIL: gcc.dg/dfp/convert-int.c execution test
FAIL: gcc.dg/dfp/fe-binop.c execution test
FAIL: gcc.dg/dfp/inf-1.c execution test
FAIL: gcc.dg/dfp/loop-index.c execution test
FAIL: gcc.dg/dfp/nan-2.c execution test
FAIL: gcc.dg/dfp/operator-arith-fold.c (test for excess errors)
UNRESOLVED: gcc.dg/dfp/operator-arith-fold.c compilation failed to produce executable
FAIL: gcc.dg/dfp/operator-assignment.c execution test
FAIL: gcc.dg/dfp/operator-unary.c execution test
FAIL: gcc.dg/dfp/signbit-1.c execution test
FAIL: gcc.dg/dfp/signbit-2.c execution test
FAIL: gcc.dg/dfp/usual-arith-conv.c execution test
XPASS: gcc.dg/Wtype-limits-Wextra.c (test for bogus messages, line 61)
FAIL: gcc.dg/Wtype-limits-Wextra.c (test for excess errors)
FAIL: gcc.dg/memcpy-1.c scan-tree-dump-times optimized "nasty_local" 0
XPASS: gcc.dg/pr30957-1.c execution test
FAIL: gcc.dg/pr30957-1.c scan-rtl-dump loop2_unroll "Expanding Accumulator"
FAIL: gcc.dg/var-expand1.c scan-rtl-dump loop2_unroll "Expanding Accumulator"
FAIL: gcc.dg/torture/builtin-modf-1.c -O0 (test for excess errors)
FAIL: gcc.dg/torture/builtin-modf-1.c -O1 (test for excess errors)
FAIL: gcc.dg/torture/builtin-modf-1.c -O2 (test for excess errors)
FAIL: gcc.dg/torture/builtin-modf-1.c -O3 -fomit-frame-pointer (test for excess errors)
FAIL: gcc.dg/torture/builtin-modf-1.c -O3 -fomit-frame-pointer -funroll-loops (test for excess errors)
FAIL: gcc.dg/torture/builtin-modf-1.c -O3 -fomit-frame-pointer -funroll-all-loops -finline-functions (test for excess errors)
FAIL: gcc.dg/torture/builtin-modf-1.c -O3 -g (test for excess errors)
FAIL: gcc.dg/torture/builtin-modf-1.c -Os (test for excess errors)
FAIL: gcc.dg/tree-ssa/loop-19.c scan-tree-dump-times final_cleanup "MEM.(base: &|symbol: )a," 2
FAIL: gcc.dg/tree-ssa/loop-19.c scan-tree-dump-times final_cleanup "MEM.(base: &|symbol: )c," 2
FAIL: gcc.dg/vect/costmodel/ppc/costmodel-vect-31d.c scan-tree-dump-times vect "vectorization not profitable" 1
FAIL: gcc.dg/vect/costmodel/ppc/costmodel-vect-31d.c scan-tree-dump-times vect "vectorized 1 loops" 0
FAIL: gcc.dg/vect/costmodel/ppc/costmodel-vect-68d.c scan-tree-dump-times vect "vectorization not profitable" 1
FAIL: gcc.dg/vect/costmodel/ppc/costmodel-vect-68d.c scan-tree-dump-times vect "vectorized 1 loops" 0
FAIL: gcc.dg/vect/pr33953.c scan-tree-dump-times vect "vectorized 1 loops" 1
FAIL: gcc.dg/vect/pr33953.c scan-tree-dump-times vect "vectorizing stmts using SLP" 1
FAIL: gcc.dg/vect/vect-64.c (internal compiler error)
FAIL: gcc.dg/vect/vect-64.c (test for excess errors)
UNRESOLVED: gcc.dg/vect/vect-64.c compilation failed to produce executable
FAIL: gcc.dg/vect/no-scevccp-outer-10.c execution test
FAIL: gcc.dg/vect/no-scevccp-outer-10a.c execution test
FAIL: gcc.dg/vect/no-scevccp-outer-10b.c execution test
FAIL: gcc.dg/vect/no-scevccp-outer-11.c execution test
FAIL: gcc.dg/vect/no-scevccp-outer-12.c execution test
FAIL: gcc.dg/vect/no-scevccp-outer-15.c execution test
FAIL: gcc.dg/vect/no-scevccp-outer-22.c execution test
FAIL: gcc.dg/vect/no-scevccp-outer-8.c execution test
FAIL: gcc.dg/vect/no-scevccp-noreassoc-outer-3.c execution test
FAIL: gcc.target/powerpc/dfp-dd.c scan-assembler dadd
FAIL: gcc.target/powerpc/dfp-dd.c scan-assembler ddiv
FAIL: gcc.target/powerpc/dfp-dd.c scan-assembler dmul
FAIL: gcc.target/powerpc/dfp-dd.c scan-assembler dsub
FAIL: gcc.target/powerpc/dfp-dd.c scan-assembler-times dcmpu 6
FAIL: gcc.target/powerpc/dfp-dd.c scan-assembler-times dctfix 2
FAIL: gcc.target/powerpc/dfp-dd.c scan-assembler-times drintn 2
FAIL: gcc.target/powerpc/dfp-dd.c scan-assembler-times dcffixq 2
FAIL: gcc.target/powerpc/dfp-td.c scan-assembler daddq
FAIL: gcc.target/powerpc/dfp-td.c scan-assembler ddivq
FAIL: gcc.target/powerpc/dfp-td.c scan-assembler dmulq
FAIL: gcc.target/powerpc/dfp-td.c scan-assembler dsubq
FAIL: gcc.target/powerpc/dfp-td.c scan-assembler-times dcmpuq 6
FAIL: gcc.target/powerpc/dfp-td.c scan-assembler-times dctfixq 2
FAIL: gcc.target/powerpc/dfp-td.c scan-assembler-times drintnq 2
FAIL: gcc.target/powerpc/dfp-td.c scan-assembler-times dcffixq 2
FAIL: gcc.target/powerpc/ppc32-abi-dfp-1.c execution test
FAIL: gcc.target/powerpc/ppu-intrinsics.c (test for excess errors)
=== gcc Summary ===
# of expected passes 48926
# of unexpected failures 87
# of unexpected successes 2
# of expected failures 167
# of unresolved testcases 6
# of untested testcases 35
# of unsupported tests 386
/tmp/edmar/build_cde/job_29/obj_gcc/gcc/xgcc version 4.3.0 20080122 (experimental) (GCC)
Host is x86_64-unknown-linux-gnu
=== gfortran tests ===
Running target reg_e300c2_ssh
FAIL: gfortran.dg/fmt_l.f90 -O0 output pattern test, is At line 14 of file /tmp/edmar/build_cde/job_29/gcc/gcc/testsuite/gfortran.dg/fmt_l.f90
FAIL: gfortran.dg/fmt_l.f90 -O1 output pattern test, is At line 14 of file /tmp/edmar/build_cde/job_29/gcc/gcc/testsuite/gfortran.dg/fmt_l.f90
FAIL: gfortran.dg/fmt_l.f90 -O2 output pattern test, is At line 14 of file /tmp/edmar/build_cde/job_29/gcc/gcc/testsuite/gfortran.dg/fmt_l.f90
FAIL: gfortran.dg/fmt_l.f90 -O3 -fomit-frame-pointer output pattern test, is At line 14 of file /tmp/edmar/build_cde/job_29/gcc/gcc/testsuite/gfortran.dg/fmt_l.f90
FAIL: gfortran.dg/fmt_l.f90 -O3 -fomit-frame-pointer -funroll-loops output pattern test, is At line 14 of file /tmp/edmar/build_cde/job_29/gcc/gcc/testsuite/gfortran.dg/fmt_l.f90
FAIL: gfortran.dg/fmt_l.f90 -O3 -fomit-frame-pointer -funroll-all-loops -finline-functions output pattern test, is At line 14 of file /tmp/edmar/build_cde/job_29/gcc/gcc/testsuite/gfortran.dg/fmt_l.f90
FAIL: gfortran.dg/fmt_l.f90 -O3 -g output pattern test, is At line 14 of file /tmp/edmar/build_cde/job_29/gcc/gcc/testsuite/gfortran.dg/fmt_l.f90
FAIL: gfortran.dg/fmt_l.f90 -Os output pattern test, is At line 14 of file /tmp/edmar/build_cde/job_29/gcc/gcc/testsuite/gfortran.dg/fmt_l.f90
FAIL: gfortran.dg/maxloc_bounds_5.f90 -O2 output pattern test, is , should match Fortran runtime error: Incorrect extent in return value of MAXLOC intrnisic: is 3, should be 2
XPASS: gfortran.dg/nint_2.f90 -O0 execution test
XPASS: gfortran.dg/nint_2.f90 -O1 execution test
XPASS: gfortran.dg/nint_2.f90 -O2 execution test
XPASS: gfortran.dg/nint_2.f90 -O3 -fomit-frame-pointer execution test
XPASS: gfortran.dg/nint_2.f90 -O3 -fomit-frame-pointer -funroll-loops execution test
XPASS: gfortran.dg/nint_2.f90 -O3 -fomit-frame-pointer -funroll-all-loops -finline-functions execution test
XPASS: gfortran.dg/nint_2.f90 -O3 -g execution test
XPASS: gfortran.dg/nint_2.f90 -Os execution test
=== gfortran Summary ===
# of expected passes 23542
# of unexpected failures 9
# of unexpected successes 8
# of expected failures 27
# of unsupported tests 37
/tmp/edmar/build_cde/job_29/obj_gcc/gcc/testsuite/gfortran/../../gfortran version 4.3.0 20080122 (experimental) (GCC)
Compiler version: 4.3.0 20080122 (experimental) (GCC)
Platform: powerpc-unknown-linux-gnu
configure flags: --target=powerpc-unknown-linux-gnu --prefix=/_TOOLS_/dist/gnu_toolchain/regression-gcc-trunk-e300c2/i686-pc-linux2.4 --with-sysroot=/_TOOLS_/dist/gnu_toolchain/regression-gcc-trunk-e300c2/i686-pc-linux2.4/sysroot --disable-libssp --disable-libmudflap --enable-languages=c,c++ --with-gmp=/_TOOLS_/dist/gnu_toolchain/build_support-x86_64-unknown-linux-gnu/install_gmp-4.1.4 --with-mpfr=/_TOOLS_/dist/gnu_toolchain/build_support-x86_64-unknown-linux-gnu/install_mpfr-2.3.0 --with-cpu=e300c2 --enable-languages=c,c++,fortran
More information about the Gcc-testresults
mailing list