Results for 4.4.0 20080228 (experimental) (GCC) testsuite on x86_64-unknown-linux-gnu
Toon Moene
toon@moene.indiv.nluug.nl
Thu Feb 28 13:05:00 GMT 2008
LAST_UPDATED: Thu Feb 28 06:51:01 UTC 2008 (revision 132735)
Native configuration is x86_64-unknown-linux-gnu
=== g++ tests ===
Running target unix
=== g++ Summary ===
# of expected passes 17442
# of expected failures 82
# of unsupported tests 119
/home/toon/compilers/obj-t/gcc/testsuite/g++/../../g++ version 4.4.0 20080228 (experimental) (GCC)
=== gcc tests ===
Running target unix
FAIL: gcc.dg/tree-prof/pr34999.c compilation, -fprofile-use -D_PROFILE_USE
UNRESOLVED: gcc.dg/tree-prof/pr34999.c execution, -fprofile-use -D_PROFILE_USE
=== gcc Summary ===
# of expected passes 48850
# of unexpected failures 1
# of expected failures 166
# of unresolved testcases 1
# of untested testcases 35
# of unsupported tests 379
/home/toon/compilers/obj-t/gcc/xgcc version 4.4.0 20080228 (experimental) (GCC)
=== gfortran tests ===
Running target unix
=== gfortran Summary ===
# of expected passes 23778
# of expected failures 3
# of unsupported tests 18
/home/toon/compilers/obj-t/gcc/testsuite/gfortran/../../gfortran version 4.4.0 20080228 (experimental) (GCC)
=== objc tests ===
Running target unix
=== objc Summary ===
# of expected passes 1812
# of expected failures 7
# of unsupported tests 24
/home/toon/compilers/obj-t/gcc/xgcc version 4.4.0 20080228 (experimental) (GCC)
=== libffi tests ===
Running target unix
=== libffi Summary ===
# of expected passes 1389
# of unsupported tests 10
=== libgomp tests ===
Running target unix
=== libgomp Summary ===
# of expected passes 1699
=== libjava tests ===
Running target unix
=== libjava Summary ===
# of expected passes 2550
=== libmudflap tests ===
Running target unix
=== libmudflap Summary ===
# of expected passes 1849
=== libstdc++ tests ===
Running target unix
FAIL: abi_check
XPASS: 26_numerics/headers/cmath/c99_classification_macros_c.cc (test for excess errors)
=== libstdc++ Summary ===
# of expected passes 4967
# of unexpected failures 1
# of unexpected successes 1
# of expected failures 60
# of unsupported tests 326
Compiler version: 4.4.0 20080228 (experimental) (GCC)
Platform: x86_64-unknown-linux-gnu
configure flags: --prefix=/usr/snp/ --disable-multilib --disable-nls
More information about the Gcc-testresults
mailing list