Results for 4.2.4 20080224 (prerelease) testsuite on hppa-unknown-linux-gnu
John David Anglin
dave@gsyprf11.external.hp.com
Tue Feb 26 04:38:00 GMT 2008
LAST_UPDATED: Sun Feb 24 01:46:18 UTC 2008 (revision 132583M)
=== acats tests ===
FAIL: c37215h
=== acats Summary ===
# of expected passes 2314
# of unexpected failures 1
Native configuration is hppa-unknown-linux-gnu
=== g++ tests ===
Running target unix
=== g++ Summary ===
# of expected passes 13557
# of expected failures 67
# of unsupported tests 120
/home/dave/gcc-4.2/objdir/gcc/testsuite/g++/../../g++ version 4.2.4 20080224 (prerelease)
=== gcc tests ===
Running target unix
WARNING: program timed out.
FAIL: gcc.c-torture/compile/20001226-1.c -O3 -g (test for excess errors)
UNRESOLVED: gcc.c-torture/execute/mayalias-2.c execution, -O3 -g
XPASS: gcc.dg/tree-ssa/loop-1.c scan-assembler-times foo 5
=== gcc Summary ===
# of expected passes 41102
# of unexpected failures 1
# of unexpected successes 1
# of expected failures 84
# of unresolved testcases 1
# of untested testcases 28
# of unsupported tests 376
/home/dave/gcc-4.2/objdir/gcc/xgcc version 4.2.4 20080224 (prerelease)
=== gfortran tests ===
Running target unix
XPASS: gfortran.dg/csqrt_2.f -O0 execution test
XPASS: gfortran.dg/csqrt_2.f -O1 execution test
XPASS: gfortran.dg/csqrt_2.f -O2 execution test
XPASS: gfortran.dg/csqrt_2.f -O3 -fomit-frame-pointer execution test
XPASS: gfortran.dg/csqrt_2.f -O3 -fomit-frame-pointer -funroll-loops execution test
XPASS: gfortran.dg/csqrt_2.f -O3 -fomit-frame-pointer -funroll-all-loops -finline-functions execution test
XPASS: gfortran.dg/csqrt_2.f -O3 -g execution test
XPASS: gfortran.dg/csqrt_2.f -Os execution test
=== gfortran Summary ===
# of expected passes 16103
# of unexpected successes 8
# of expected failures 6
# of unsupported tests 91
/home/dave/gcc-4.2/objdir/gcc/testsuite/gfortran/../../gfortran version 4.2.4 20080224 (prerelease)
=== gnat tests ===
Running target unix
=== gnat Summary ===
# of expected passes 42
=== obj-c++ tests ===
Running target unix
UNRESOLVED: obj-c++.dg/lookup-2.mm compilation failed to produce executable
UNRESOLVED: obj-c++.dg/try-catch-2.mm compilation failed to produce executable
UNRESOLVED: obj-c++.dg/try-catch-9.mm compilation failed to produce executable
=== obj-c++ Summary ===
# of expected passes 443
# of expected failures 6
# of unresolved testcases 3
# of unsupported tests 13
/home/dave/gcc-4.2/objdir/gcc/testsuite/obj-c++/../../g++ version 4.2.4 20080224 (prerelease)
=== objc tests ===
Running target unix
=== objc Summary ===
# of expected passes 1806
# of expected failures 7
# of unsupported tests 24
/home/dave/gcc-4.2/objdir/gcc/xgcc version 4.2.4 20080224 (prerelease)
=== libffi tests ===
Running target unix
=== libffi Summary ===
# of expected passes 1084
# of unsupported tests 8
=== libgomp tests ===
Running target unix
=== libgomp Summary ===
# of expected passes 1560
# of unsupported tests 7
=== libjava tests ===
Running target unix
=== libjava Summary ===
# of expected passes 7006
# of expected failures 12
# of untested testcases 8
=== libmudflap tests ===
Running target unix
=== libmudflap Summary ===
# of expected passes 1814
=== libstdc++ tests ===
Running target unix
FAIL: abi_check
XPASS: 26_numerics/cmath/c99_classification_macros_c.cc (test for excess errors)
=== libstdc++ Summary ===
# of expected passes 3852
# of unexpected failures 1
# of unexpected successes 1
# of expected failures 14
# of unsupported tests 316
Compiler version: 4.2.4 20080224 (prerelease)
Platform: hppa-unknown-linux-gnu
configure flags: --with-gnu-as --with-gnu-ld --enable-shared --enable-nls --prefix=/home/dave/opt/gnu/gcc/gcc-4.2.4 --with-local-prefix=/home/dave/opt/gnu --enable-threads=posix --enable-__cxa_atexit --host=hppa-linux --enable-clocale=gnu --enable-java-gc=boehm --enable-java-awt=xlib --enable-languages=c,ada,c++,fortran,java,objc,obj-c++
More information about the Gcc-testresults
mailing list