Results for 4.2.4 20080215 (prerelease) testsuite on i386-unknown-freebsd5.5
Loren James Rittle
rittle@latour.labs.mot.com
Sat Feb 16 03:10:00 GMT 2008
Using gmake with objdir configuration on latour (see key)
LAST_UPDATED: Fri Feb 15 16:44:39 UTC 2008 (revision 132346)
Native configuration is i386-unknown-freebsd5.5
=== g++ tests ===
Running target unix/-pthread
FAIL: g++.dg/cpp/_Pragma1.C (test for excess errors)
FAIL: g++.dg/ext/complit4.C (test for excess errors)
WARNING: g++.dg/ext/complit4.C compilation failed to produce executable
XPASS: g++.dg/tree-ssa/ivopts-1.C scan-tree-dump-not offset: -4B
XPASS: g++.dg/tree-ssa/ivopts-1.C scan-tree-dump-not &x\\[5\\]
FAIL: g++.old-deja/g++.eh/badalloc1.C execution test
FAIL: g++.old-deja/g++.law/profile1.C (test for excess errors)
=== g++ Summary ===
# of expected passes 13608
# of unexpected failures 4
# of unexpected successes 2
# of expected failures 70
# of unsupported tests 91
/usr/local/tmp/gcc-build-latour-4.2-0215/gcc/testsuite/g++/../../g++ version 4.2.4 20080215 (prerelease)
=== gcc tests ===
Running target unix/-pthread
FAIL: gcc.c-torture/execute/conversion.c execution, -O0
FAIL: gcc.c-torture/execute/conversion.c execution, -O1
FAIL: gcc.c-torture/execute/conversion.c execution, -O2
UNRESOLVED: gcc.c-torture/execute/mayalias-2.c execution, -O3 -g
FAIL: gcc.c-torture/execute/ieee/copysign1.c execution, -O3 -fomit-frame-pointer
FAIL: gcc.c-torture/execute/ieee/copysign1.c execution, -O3 -fomit-frame-pointer -funroll-loops
FAIL: gcc.c-torture/execute/ieee/copysign1.c execution, -O3 -fomit-frame-pointer -funroll-all-loops -finline-functions
FAIL: gcc.c-torture/execute/ieee/copysign1.c execution, -O3 -g
FAIL: gcc.c-torture/execute/ieee/copysign2.c execution, -O0
FAIL: gcc.c-torture/execute/ieee/copysign2.c execution, -O1
FAIL: gcc.c-torture/execute/ieee/copysign2.c execution, -O2
FAIL: gcc.c-torture/execute/ieee/copysign2.c execution, -O3 -fomit-frame-pointer
FAIL: gcc.c-torture/execute/ieee/copysign2.c execution, -O3 -fomit-frame-pointer -funroll-loops
FAIL: gcc.c-torture/execute/ieee/copysign2.c execution, -O3 -fomit-frame-pointer -funroll-all-loops -finline-functions
FAIL: gcc.c-torture/execute/ieee/copysign2.c execution, -O3 -g
FAIL: gcc.c-torture/execute/ieee/copysign2.c execution, -Os
FAIL: gcc.dg/cpp/_Pragma6.c (test for excess errors)
FAIL: gcc.dg/builtins-20.c (test for excess errors)
FAIL: gcc.dg/wint_t-1.c (test for excess errors)
FAIL: largefile.c -O0 -g -O0 -g (test for excess errors)
FAIL: largefile.c -O0 -O0 (test for excess errors)
FAIL: largefile.c -O1 -O1 (test for excess errors)
FAIL: largefile.c -O2 -O2 (test for excess errors)
FAIL: largefile.c -O3 -fomit-frame-pointer -O3 -fomit-frame-pointer (test for excess errors)
FAIL: largefile.c -O3 -g -O3 -g (test for excess errors)
FAIL: largefile.c -Os -Os (test for excess errors)
FAIL: gcc.dg/torture/builtin-convert-1.c -O1 -O1 (test for excess errors)
FAIL: gcc.dg/torture/builtin-convert-1.c -O2 -O2 (test for excess errors)
FAIL: gcc.dg/torture/builtin-convert-1.c -O3 -fomit-frame-pointer -O3 -fomit-frame-pointer (test for excess errors)
FAIL: gcc.dg/torture/builtin-convert-1.c -O3 -g -O3 -g (test for excess errors)
FAIL: gcc.dg/torture/builtin-convert-1.c -Os -Os (test for excess errors)
FAIL: gcc.dg/torture/builtin-convert-2.c -O1 -O1 (test for excess errors)
FAIL: gcc.dg/torture/builtin-convert-2.c -O2 -O2 (test for excess errors)
FAIL: gcc.dg/torture/builtin-convert-2.c -O3 -fomit-frame-pointer -O3 -fomit-frame-pointer (test for excess errors)
FAIL: gcc.dg/torture/builtin-convert-2.c -O3 -g -O3 -g (test for excess errors)
FAIL: gcc.dg/torture/builtin-convert-2.c -Os -Os (test for excess errors)
FAIL: gcc.dg/torture/builtin-convert-3.c -O1 -O1 (test for excess errors)
FAIL: gcc.dg/torture/builtin-convert-3.c -O2 -O2 (test for excess errors)
FAIL: gcc.dg/torture/builtin-convert-3.c -O3 -fomit-frame-pointer -O3 -fomit-frame-pointer (test for excess errors)
FAIL: gcc.dg/torture/builtin-convert-3.c -O3 -g -O3 -g (test for excess errors)
FAIL: gcc.dg/torture/builtin-convert-3.c -Os -Os (test for excess errors)
FAIL: gcc.dg/torture/builtin-power-1.c -O0 -O0 (test for excess errors)
FAIL: gcc.dg/torture/builtin-power-1.c -O1 -O1 (test for excess errors)
FAIL: gcc.dg/torture/builtin-power-1.c -O2 -O2 (test for excess errors)
FAIL: gcc.dg/torture/builtin-power-1.c -O3 -fomit-frame-pointer -O3 -fomit-frame-pointer (test for excess errors)
FAIL: gcc.dg/torture/builtin-power-1.c -O3 -g -O3 -g (test for excess errors)
FAIL: gcc.dg/torture/builtin-power-1.c -Os -Os (test for excess errors)
FAIL: gcc.dg/torture/fp-int-convert-float.c -O0 -O0 execution test
FAIL: gcc.dg/torture/fp-int-convert-float.c -O1 -O1 execution test
FAIL: gcc.dg/torture/fp-int-convert-float.c -O2 -O2 execution test
FAIL: gcc.dg/torture/fp-int-convert-float.c -O3 -fomit-frame-pointer -O3 -fomit-frame-pointer execution test
FAIL: gcc.dg/torture/fp-int-convert-float.c -O3 -g -O3 -g execution test
FAIL: gcc.dg/torture/fp-int-convert-float.c -Os -Os execution test
FAIL: gcc.dg/torture/fp-int-convert-float80.c -O0 -O0 execution test
FAIL: gcc.dg/torture/fp-int-convert-float80.c -O1 -O1 execution test
FAIL: gcc.dg/torture/fp-int-convert-float80.c -O2 -O2 execution test
FAIL: gcc.dg/torture/fp-int-convert-float80.c -O3 -fomit-frame-pointer -O3 -fomit-frame-pointer execution test
FAIL: gcc.dg/torture/fp-int-convert-float80.c -O3 -g -O3 -g execution test
FAIL: gcc.dg/torture/fp-int-convert-float80.c -Os -Os execution test
FAIL: gcc.dg/torture/fp-int-convert-long-double.c -O0 -O0 execution test
FAIL: gcc.dg/torture/fp-int-convert-long-double.c -O1 -O1 execution test
FAIL: gcc.dg/torture/fp-int-convert-long-double.c -O2 -O2 execution test
FAIL: gcc.dg/torture/fp-int-convert-long-double.c -O3 -fomit-frame-pointer -O3 -fomit-frame-pointer execution test
FAIL: gcc.dg/torture/fp-int-convert-long-double.c -O3 -g -O3 -g execution test
FAIL: gcc.dg/torture/fp-int-convert-long-double.c -Os -Os execution test
XPASS: gcc.dg/tree-ssa/20040204-1.c scan-tree-dump-times link_error 0
=== gcc Summary ===
# of expected passes 42348
# of unexpected failures 64
# of unexpected successes 1
# of expected failures 115
# of unresolved testcases 1
# of untested testcases 35
# of unsupported tests 327
/usr/local/tmp/gcc-build-latour-4.2-0215/gcc/xgcc version 4.2.4 20080215 (prerelease)
=== gfortran tests ===
Running target unix/-pthread
FAIL: gfortran.dg/stat_1.f90 -O0 -O0 execution test
FAIL: gfortran.dg/stat_1.f90 -O1 -O1 execution test
FAIL: gfortran.dg/stat_1.f90 -O2 -O2 execution test
FAIL: gfortran.dg/stat_1.f90 -O3 -fomit-frame-pointer -O3 -fomit-frame-pointer execution test
FAIL: gfortran.dg/stat_1.f90 -O3 -fomit-frame-pointer -funroll-loops -O3 -fomit-frame-pointer -funroll-loops execution test
FAIL: gfortran.dg/stat_1.f90 -O3 -fomit-frame-pointer -funroll-all-loops -finline-functions -O3 -fomit-frame-pointer -funroll-all-loops -finline-functions execution test
FAIL: gfortran.dg/stat_1.f90 -O3 -g -O3 -g execution test
FAIL: gfortran.dg/stat_1.f90 -Os -Os execution test
FAIL: gfortran.dg/stat_2.f90 -O0 -O0 execution test
FAIL: gfortran.dg/stat_2.f90 -O1 -O1 execution test
FAIL: gfortran.dg/stat_2.f90 -O2 -O2 execution test
FAIL: gfortran.dg/stat_2.f90 -O3 -fomit-frame-pointer -O3 -fomit-frame-pointer execution test
FAIL: gfortran.dg/stat_2.f90 -O3 -fomit-frame-pointer -funroll-loops -O3 -fomit-frame-pointer -funroll-loops execution test
FAIL: gfortran.dg/stat_2.f90 -O3 -fomit-frame-pointer -funroll-all-loops -finline-functions -O3 -fomit-frame-pointer -funroll-all-loops -finline-functions execution test
FAIL: gfortran.dg/stat_2.f90 -O3 -g -O3 -g execution test
FAIL: gfortran.dg/stat_2.f90 -Os -Os execution test
=== gfortran Summary ===
# of expected passes 16138
# of unexpected failures 16
# of expected failures 7
# of unsupported tests 80
/usr/local/tmp/gcc-build-latour-4.2-0215/gcc/testsuite/gfortran/../../gfortran version 4.2.4 20080215 (prerelease)
=== objc tests ===
Running target unix/-pthread
=== objc Summary ===
# of expected passes 1806
# of expected failures 7
# of unsupported tests 24
/usr/local/tmp/gcc-build-latour-4.2-0215/gcc/xgcc version 4.2.4 20080215 (prerelease)
=== libffi tests ===
Running target unix/-pthread
FAIL: libffi.call/cls_1_1byte.c -O0 -W -Wall -O0 -W -Wall execution test
FAIL: libffi.call/cls_2byte.c -O0 -W -Wall -O0 -W -Wall execution test
FAIL: libffi.call/cls_3byte1.c -O0 -W -Wall -O0 -W -Wall execution test
FAIL: libffi.call/cls_3byte2.c -O0 -W -Wall -O0 -W -Wall execution test
FAIL: libffi.call/cls_4_1byte.c -O0 -W -Wall -O0 -W -Wall execution test
FAIL: libffi.call/cls_4byte.c -O0 -W -Wall -O0 -W -Wall execution test
FAIL: libffi.call/cls_7byte.c -O0 -W -Wall -O0 -W -Wall execution test
FAIL: libffi.call/cls_8byte.c -O0 -W -Wall -O0 -W -Wall execution test
FAIL: libffi.call/return_fl2.c -O0 -W -Wall -O0 -W -Wall execution test
FAIL: libffi.call/struct3.c -O0 -W -Wall -O0 -W -Wall execution test
FAIL: libffi.call/struct5.c -O0 -W -Wall -O0 -W -Wall execution test
FAIL: libffi.call/struct9.c -O0 -W -Wall -O0 -W -Wall execution test
FAIL: libffi.call/cls_1_1byte.c -O2 -O2 execution test
FAIL: libffi.call/cls_2byte.c -O2 -O2 execution test
FAIL: libffi.call/cls_3byte1.c -O2 -O2 execution test
FAIL: libffi.call/cls_3byte2.c -O2 -O2 execution test
FAIL: libffi.call/cls_4_1byte.c -O2 -O2 execution test
FAIL: libffi.call/cls_4byte.c -O2 -O2 execution test
FAIL: libffi.call/cls_7byte.c -O2 -O2 execution test
FAIL: libffi.call/cls_8byte.c -O2 -O2 execution test
FAIL: libffi.call/return_fl2.c -O2 -O2 execution test
FAIL: libffi.call/struct3.c -O2 -O2 execution test
FAIL: libffi.call/struct5.c -O2 -O2 execution test
FAIL: libffi.call/struct9.c -O2 -O2 execution test
FAIL: libffi.call/cls_1_1byte.c -O3 -O3 execution test
FAIL: libffi.call/cls_2byte.c -O3 -O3 execution test
FAIL: libffi.call/cls_3byte1.c -O3 -O3 execution test
FAIL: libffi.call/cls_3byte2.c -O3 -O3 execution test
FAIL: libffi.call/cls_4_1byte.c -O3 -O3 execution test
FAIL: libffi.call/cls_4byte.c -O3 -O3 execution test
FAIL: libffi.call/cls_7byte.c -O3 -O3 execution test
FAIL: libffi.call/cls_8byte.c -O3 -O3 execution test
FAIL: libffi.call/return_fl2.c -O3 -O3 execution test
FAIL: libffi.call/struct3.c -O3 -O3 execution test
FAIL: libffi.call/struct5.c -O3 -O3 execution test
FAIL: libffi.call/struct9.c -O3 -O3 execution test
FAIL: libffi.call/cls_1_1byte.c -Os -Os execution test
FAIL: libffi.call/cls_2byte.c -Os -Os execution test
FAIL: libffi.call/cls_3byte1.c -Os -Os execution test
FAIL: libffi.call/cls_3byte2.c -Os -Os execution test
FAIL: libffi.call/cls_4_1byte.c -Os -Os execution test
FAIL: libffi.call/cls_4byte.c -Os -Os execution test
FAIL: libffi.call/cls_7byte.c -Os -Os execution test
FAIL: libffi.call/cls_8byte.c -Os -Os execution test
FAIL: libffi.call/return_fl2.c -Os -Os execution test
FAIL: libffi.call/struct3.c -Os -Os execution test
FAIL: libffi.call/struct5.c -Os -Os execution test
FAIL: libffi.call/struct9.c -Os -Os execution test
=== libffi Summary ===
# of expected passes 1004
# of unexpected failures 48
# of unsupported tests 8
=== libgomp tests ===
Running target unix/-pthread
=== libgomp Summary ===
# of expected passes 1574
=== libjava tests ===
Running target unix/-pthread
FAIL: PR9577 run
FAIL: longfield run
FAIL: shortfield run
FAIL: simple run
FAIL: /usr/users/rittle/outside-svn-src/gcc-4.2/libjava/testsuite/libjava.jar/simple.jar execution - gij test
FAIL: PR15133 run
FAIL: PR18116 run
FAIL: PR28178 run
FAIL: bytebuffer run
FAIL: calls run
FAIL: cxxtest run
FAIL: directbuffer run
FAIL: field run
FAIL: final_method run
FAIL: findclass run
FAIL: iface run
FAIL: invoke run
FAIL: jniutf run
FAIL: martin run
FAIL: noclass run
FAIL: overload run
FAIL: pr11951 run
FAIL: pr18278 run
FAIL: pr23739 run
FAIL: register run
FAIL: register2 run
FAIL: simple_int run
FAIL: throwit run
FAIL: virtual run
FAIL: PR16923.c compilation
FAIL: events run
FAIL: geterrorname run
FAIL: ArrayStore execution - source compiled test
FAIL: ArrayStore execution - gij test
FAIL: ArrayStore execution - bytecode->native test
FAIL: ArrayStore execution - gij test
FAIL: ArrayStore -findirect-dispatch execution - bytecode->native test
FAIL: ArrayStore -O3 execution - source compiled test
FAIL: ArrayStore execution - gij test
FAIL: ArrayStore -O3 execution - bytecode->native test
FAIL: ArrayStore execution - gij test
FAIL: ArrayStore -O3 -findirect-dispatch execution - bytecode->native test
FAIL: ArrayStore2 execution - source compiled test
FAIL: ArrayStore2 execution - gij test
FAIL: ArrayStore2 execution - bytecode->native test
FAIL: ArrayStore2 execution - gij test
FAIL: ArrayStore2 -findirect-dispatch execution - bytecode->native test
FAIL: ArrayStore2 -O3 execution - source compiled test
FAIL: ArrayStore2 execution - gij test
FAIL: ArrayStore2 -O3 execution - bytecode->native test
FAIL: ArrayStore2 execution - gij test
FAIL: ArrayStore2 -O3 -findirect-dispatch execution - bytecode->native test
FAIL: Array_1 execution - source compiled test
FAIL: Array_1 execution - gij test
FAIL: Array_1 execution - bytecode->native test
FAIL: Array_1 execution - gij test
FAIL: Array_1 -findirect-dispatch execution - bytecode->native test
FAIL: Array_1 -O3 execution - source compiled test
FAIL: Array_1 execution - gij test
FAIL: Array_1 -O3 execution - bytecode->native test
FAIL: Array_1 execution - gij test
FAIL: Array_1 -O3 -findirect-dispatch execution - bytecode->native test
FAIL: Array_2 execution - source compiled test
FAIL: Array_2 execution - gij test
FAIL: Array_2 execution - bytecode->native test
FAIL: Array_2 execution - gij test
FAIL: Array_2 -findirect-dispatch execution - bytecode->native test
FAIL: Array_2 -O3 execution - source compiled test
FAIL: Array_2 execution - gij test
FAIL: Array_2 -O3 execution - bytecode->native test
FAIL: Array_2 execution - gij test
FAIL: Array_2 -O3 -findirect-dispatch execution - bytecode->native test
FAIL: Array_3 execution - source compiled test
FAIL: Array_3 execution - gij test
FAIL: Array_3 execution - bytecode->native test
FAIL: Array_3 execution - gij test
FAIL: Array_3 -findirect-dispatch execution - bytecode->native test
FAIL: Array_3 -O3 execution - source compiled test
FAIL: Array_3 execution - gij test
FAIL: Array_3 -O3 execution - bytecode->native test
FAIL: Array_3 execution - gij test
FAIL: Array_3 -O3 -findirect-dispatch execution - bytecode->native test
FAIL: Class_1 execution - source compiled test
FAIL: Class_1 execution - gij test
FAIL: Class_1 execution - bytecode->native test
FAIL: Class_1 execution - gij test
FAIL: Class_1 -findirect-dispatch execution - bytecode->native test
FAIL: Class_1 -O3 execution - source compiled test
FAIL: Class_1 execution - gij test
FAIL: Class_1 -O3 execution - bytecode->native test
FAIL: Class_1 execution - gij test
FAIL: Class_1 -O3 -findirect-dispatch execution - bytecode->native test
FAIL: CompareNaN execution - source compiled test
FAIL: CompareNaN execution - gij test
FAIL: CompareNaN execution - bytecode->native test
FAIL: CompareNaN execution - gij test
FAIL: CompareNaN -findirect-dispatch execution - bytecode->native test
FAIL: CompareNaN -O3 execution - source compiled test
FAIL: CompareNaN execution - gij test
FAIL: CompareNaN -O3 execution - bytecode->native test
FAIL: CompareNaN execution - gij test
FAIL: CompareNaN -O3 -findirect-dispatch execution - bytecode->native test
FAIL: Divide_1 execution - source compiled test
FAIL: Divide_1 execution - gij test
FAIL: Divide_1 execution - bytecode->native test
FAIL: Divide_1 execution - gij test
FAIL: Divide_1 -findirect-dispatch execution - bytecode->native test
FAIL: Divide_1 -O3 execution - source compiled test
FAIL: Divide_1 execution - gij test
FAIL: Divide_1 -O3 execution - bytecode->native test
FAIL: Divide_1 execution - gij test
FAIL: Divide_1 -O3 -findirect-dispatch execution - bytecode->native test
FAIL: EvaluationOrder execution - source compiled test
FAIL: EvaluationOrder execution - gij test
FAIL: EvaluationOrder execution - bytecode->native test
FAIL: EvaluationOrder execution - gij test
FAIL: EvaluationOrder -findirect-dispatch execution - bytecode->native test
FAIL: EvaluationOrder -O3 execution - source compiled test
FAIL: EvaluationOrder execution - gij test
FAIL: EvaluationOrder -O3 execution - bytecode->native test
FAIL: EvaluationOrder execution - gij test
FAIL: EvaluationOrder -O3 -findirect-dispatch execution - bytecode->native test
FAIL: ExtraClassLoader execution - source compiled test
FAIL: ExtraClassLoader execution - gij test
FAIL: ExtraClassLoader execution - bytecode->native test
FAIL: ExtraClassLoader execution - gij test
FAIL: ExtraClassLoader -findirect-dispatch execution - bytecode->native test
FAIL: ExtraClassLoader -O3 execution - source compiled test
FAIL: ExtraClassLoader execution - gij test
FAIL: ExtraClassLoader -O3 execution - bytecode->native test
FAIL: ExtraClassLoader execution - gij test
FAIL: ExtraClassLoader -O3 -findirect-dispatch execution - bytecode->native test
FAIL: FileHandleGcTest execution - source compiled test
FAIL: FileHandleGcTest execution - gij test
FAIL: FileHandleGcTest execution - bytecode->native test
FAIL: FileHandleGcTest execution - gij test
FAIL: FileHandleGcTest -findirect-dispatch execution - bytecode->native test
FAIL: FileHandleGcTest -O3 execution - source compiled test
FAIL: FileHandleGcTest execution - gij test
FAIL: FileHandleGcTest -O3 execution - bytecode->native test
FAIL: FileHandleGcTest execution - gij test
FAIL: FileHandleGcTest -O3 -findirect-dispatch execution - bytecode->native test
FAIL: Final execution - source compiled test
FAIL: Final execution - gij test
FAIL: Final execution - bytecode->native test
FAIL: Final execution - gij test
FAIL: Final -findirect-dispatch execution - bytecode->native test
FAIL: Final -O3 execution - source compiled test
FAIL: Final execution - gij test
FAIL: Final -O3 execution - bytecode->native test
FAIL: Final execution - gij test
FAIL: Final -O3 -findirect-dispatch execution - bytecode->native test
FAIL: Float_1 execution - source compiled test
FAIL: Float_1 execution - gij test
FAIL: Float_1 execution - bytecode->native test
FAIL: Float_1 execution - gij test
FAIL: Float_1 -findirect-dispatch execution - bytecode->native test
FAIL: Float_1 -O3 execution - source compiled test
FAIL: Float_1 execution - gij test
FAIL: Float_1 -O3 execution - bytecode->native test
FAIL: Float_1 execution - gij test
FAIL: Float_1 -O3 -findirect-dispatch execution - bytecode->native test
FAIL: Float_2 execution - source compiled test
FAIL: Float_2 execution - gij test
FAIL: Float_2 execution - bytecode->native test
FAIL: Float_2 execution - gij test
FAIL: Float_2 -findirect-dispatch execution - bytecode->native test
FAIL: Float_2 -O3 execution - source compiled test
FAIL: Float_2 execution - gij test
FAIL: Float_2 -O3 execution - bytecode->native test
FAIL: Float_2 execution - gij test
FAIL: Float_2 -O3 -findirect-dispatch execution - bytecode->native test
FAIL: G19990301_01 execution - source compiled test
FAIL: G19990301_01 execution - gij test
FAIL: G19990301_01 execution - bytecode->native test
FAIL: G19990301_01 execution - gij test
FAIL: G19990301_01 -findirect-dispatch execution - bytecode->native test
FAIL: G19990301_01 -O3 execution - source compiled test
FAIL: G19990301_01 execution - gij test
FAIL: G19990301_01 -O3 execution - bytecode->native test
FAIL: G19990301_01 execution - gij test
FAIL: G19990301_01 -O3 -findirect-dispatch execution - bytecode->native test
FAIL: G19990302_02 execution - source compiled test
FAIL: G19990302_02 execution - gij test
FAIL: G19990302_02 execution - bytecode->native test
FAIL: G19990302_02 execution - gij test
FAIL: G19990302_02 -findirect-dispatch execution - bytecode->native test
FAIL: G19990302_02 -O3 execution - source compiled test
FAIL: G19990302_02 execution - gij test
FAIL: G19990302_02 -O3 execution - bytecode->native test
FAIL: G19990302_02 execution - gij test
FAIL: G19990302_02 -O3 -findirect-dispatch execution - bytecode->native test
FAIL: G19990303_01 execution - source compiled test
FAIL: G19990303_01 execution - gij test
FAIL: G19990303_01 execution - bytecode->native test
FAIL: G19990303_01 execution - gij test
FAIL: G19990303_01 -findirect-dispatch execution - bytecode->native test
FAIL: G19990303_01 -O3 execution - source compiled test
FAIL: G19990303_01 execution - gij test
FAIL: G19990303_01 -O3 execution - bytecode->native test
FAIL: G19990303_01 execution - gij test
FAIL: G19990303_01 -O3 -findirect-dispatch execution - bytecode->native test
FAIL: G19990303_02 execution - source compiled test
FAIL: G19990303_02 execution - gij test
FAIL: G19990303_02 execution - bytecode->native test
FAIL: G19990303_02 execution - gij test
FAIL: G19990303_02 -findirect-dispatch execution - bytecode->native test
FAIL: G19990303_02 -O3 execution - source compiled test
FAIL: G19990303_02 execution - gij test
FAIL: G19990303_02 -O3 execution - bytecode->native test
FAIL: G19990303_02 execution - gij test
FAIL: G19990303_02 -O3 -findirect-dispatch execution - bytecode->native test
FAIL: G19990304_01 execution - source compiled test
FAIL: G19990304_01 execution - gij test
FAIL: G19990304_01 execution - bytecode->native test
FAIL: G19990304_01 execution - gij test
FAIL: G19990304_01 -findirect-dispatch execution - bytecode->native test
FAIL: G19990304_01 -O3 execution - source compiled test
FAIL: G19990304_01 execution - gij test
FAIL: G19990304_01 -O3 execution - bytecode->native test
FAIL: G19990304_01 execution - gij test
FAIL: G19990304_01 -O3 -findirect-dispatch execution - bytecode->native test
FAIL: G19990310_01 execution - source compiled test
FAIL: G19990310_01 execution - gij test
FAIL: G19990310_01 execution - bytecode->native test
FAIL: G19990310_01 execution - gij test
FAIL: G19990310_01 -findirect-dispatch execution - bytecode->native test
FAIL: G19990310_01 -O3 execution - source compiled test
FAIL: G19990310_01 execution - gij test
FAIL: G19990310_01 -O3 execution - bytecode->native test
FAIL: G19990310_01 execution - gij test
FAIL: G19990310_01 -O3 -findirect-dispatch execution - bytecode->native test
FAIL: II execution - source compiled test
FAIL: II execution - gij test
FAIL: II execution - bytecode->native test
FAIL: II execution - gij test
FAIL: II -findirect-dispatch execution - bytecode->native test
FAIL: II -O3 execution - source compiled test
FAIL: II execution - gij test
FAIL: II -O3 execution - bytecode->native test
FAIL: II execution - gij test
FAIL: II -O3 -findirect-dispatch execution - bytecode->native test
FAIL: InterfaceDispatch execution - source compiled test
FAIL: InterfaceDispatch execution - gij test
FAIL: InterfaceDispatch execution - bytecode->native test
FAIL: InterfaceDispatch execution - gij test
FAIL: InterfaceDispatch -findirect-dispatch execution - bytecode->native test
FAIL: InterfaceDispatch -O3 execution - source compiled test
FAIL: InterfaceDispatch execution - gij test
FAIL: InterfaceDispatch -O3 execution - bytecode->native test
FAIL: InterfaceDispatch execution - gij test
FAIL: InterfaceDispatch -O3 -findirect-dispatch execution - bytecode->native test
FAIL: InvokeInterface execution - source compiled test
FAIL: InvokeInterface execution - gij test
FAIL: InvokeInterface execution - bytecode->native test
FAIL: InvokeInterface execution - gij test
FAIL: InvokeInterface -findirect-dispatch execution - bytecode->native test
FAIL: InvokeInterface -O3 execution - source compiled test
FAIL: InvokeInterface execution - gij test
FAIL: InvokeInterface -O3 execution - bytecode->native test
FAIL: InvokeInterface execution - gij test
FAIL: InvokeInterface -O3 -findirect-dispatch execution - bytecode->native test
FAIL: InvokeReturn execution - source compiled test
FAIL: InvokeReturn execution - gij test
FAIL: InvokeReturn execution - bytecode->native test
FAIL: InvokeReturn execution - gij test
FAIL: InvokeReturn -findirect-dispatch execution - bytecode->native test
FAIL: InvokeReturn -O3 execution - source compiled test
FAIL: InvokeReturn execution - gij test
FAIL: InvokeReturn -O3 execution - bytecode->native test
FAIL: InvokeReturn execution - gij test
FAIL: InvokeReturn -O3 -findirect-dispatch execution - bytecode->native test
FAIL: Invoke_1 execution - source compiled test
FAIL: Invoke_1 execution - gij test
FAIL: Invoke_1 execution - bytecode->native test
FAIL: Invoke_1 execution - gij test
FAIL: Invoke_1 -findirect-dispatch execution - bytecode->native test
FAIL: Invoke_1 -O3 execution - source compiled test
FAIL: Invoke_1 execution - gij test
FAIL: Invoke_1 -O3 execution - bytecode->native test
FAIL: Invoke_1 execution - gij test
FAIL: Invoke_1 -O3 -findirect-dispatch execution - bytecode->native test
FAIL: Invoke_2 execution - source compiled test
FAIL: Invoke_2 execution - gij test
FAIL: Invoke_2 execution - bytecode->native test
FAIL: Invoke_2 execution - gij test
FAIL: Invoke_2 -findirect-dispatch execution - bytecode->native test
FAIL: Invoke_2 -O3 execution - source compiled test
FAIL: Invoke_2 execution - gij test
FAIL: Invoke_2 -O3 execution - bytecode->native test
FAIL: Invoke_2 execution - gij test
FAIL: Invoke_2 -O3 -findirect-dispatch execution - bytecode->native test
FAIL: KeepInline execution - source compiled test
FAIL: KeepInline execution - gij test
FAIL: KeepInline execution - bytecode->native test
FAIL: KeepInline execution - gij test
FAIL: KeepInline -findirect-dispatch execution - bytecode->native test
FAIL: KeepInline -O3 execution - source compiled test
FAIL: KeepInline execution - gij test
FAIL: KeepInline -O3 execution - bytecode->native test
FAIL: KeepInline execution - gij test
FAIL: KeepInline -O3 -findirect-dispatch execution - bytecode->native test
FAIL: LargeFile execution - source compiled test
FAIL: LargeFile execution - gij test
FAIL: LargeFile execution - bytecode->native test
FAIL: LargeFile execution - gij test
FAIL: LargeFile -findirect-dispatch execution - bytecode->native test
FAIL: LargeFile -O3 execution - source compiled test
FAIL: LargeFile execution - gij test
FAIL: LargeFile -O3 execution - bytecode->native test
FAIL: LargeFile execution - gij test
FAIL: LargeFile -O3 -findirect-dispatch execution - bytecode->native test
FAIL: MathBuiltin execution - source compiled test
FAIL: MathBuiltin execution - gij test
FAIL: MathBuiltin execution - bytecode->native test
FAIL: MathBuiltin execution - gij test
FAIL: MathBuiltin -findirect-dispatch execution - bytecode->native test
FAIL: MathBuiltin -O3 execution - source compiled test
FAIL: MathBuiltin execution - gij test
FAIL: MathBuiltin -O3 execution - bytecode->native test
FAIL: MathBuiltin execution - gij test
FAIL: MathBuiltin -O3 -findirect-dispatch execution - bytecode->native test
FAIL: Matrix4f execution - source compiled test
FAIL: Matrix4f execution - gij test
FAIL: Matrix4f execution - bytecode->native test
FAIL: Matrix4f execution - gij test
FAIL: Matrix4f -findirect-dispatch execution - bytecode->native test
FAIL: Matrix4f -O3 execution - source compiled test
FAIL: Matrix4f execution - gij test
FAIL: Matrix4f -O3 execution - bytecode->native test
FAIL: Matrix4f execution - gij test
FAIL: Matrix4f -O3 -findirect-dispatch execution - bytecode->native test
FAIL: N19990310_02 execution - source compiled test
FAIL: N19990310_02 execution - gij test
FAIL: N19990310_02 execution - bytecode->native test
FAIL: N19990310_02 execution - gij test
FAIL: N19990310_02 -findirect-dispatch execution - bytecode->native test
FAIL: N19990310_02 -O3 execution - source compiled test
FAIL: N19990310_02 execution - gij test
FAIL: N19990310_02 -O3 execution - bytecode->native test
FAIL: N19990310_02 execution - gij test
FAIL: N19990310_02 -O3 -findirect-dispatch execution - bytecode->native test
FAIL: N19990310_3 execution - source compiled test
FAIL: N19990310_3 execution - gij test
FAIL: N19990310_3 execution - bytecode->native test
FAIL: N19990310_3 execution - gij test
FAIL: N19990310_3 -findirect-dispatch execution - bytecode->native test
FAIL: N19990310_3 -O3 execution - source compiled test
FAIL: N19990310_3 execution - gij test
FAIL: N19990310_3 -O3 execution - bytecode->native test
FAIL: N19990310_3 execution - gij test
FAIL: N19990310_3 -O3 -findirect-dispatch execution - bytecode->native test
FAIL: N19990310_4 execution - source compiled test
FAIL: N19990310_4 execution - gij test
FAIL: N19990310_4 execution - bytecode->native test
FAIL: N19990310_4 execution - gij test
FAIL: N19990310_4 -findirect-dispatch execution - bytecode->native test
FAIL: N19990310_4 -O3 execution - source compiled test
FAIL: N19990310_4 execution - gij test
FAIL: N19990310_4 -O3 execution - bytecode->native test
FAIL: N19990310_4 execution - gij test
FAIL: N19990310_4 -O3 -findirect-dispatch execution - bytecode->native test
FAIL: N19990310_5 execution - source compiled test
FAIL: N19990310_5 execution - gij test
FAIL: N19990310_5 execution - bytecode->native test
FAIL: N19990310_5 execution - gij test
FAIL: N19990310_5 -findirect-dispatch execution - bytecode->native test
FAIL: N19990310_5 -O3 execution - source compiled test
FAIL: N19990310_5 execution - gij test
FAIL: N19990310_5 -O3 execution - bytecode->native test
FAIL: N19990310_5 execution - gij test
FAIL: N19990310_5 -O3 -findirect-dispatch execution - bytecode->native test
FAIL: Overflow execution - source compiled test
FAIL: Overflow execution - gij test
FAIL: Overflow execution - bytecode->native test
FAIL: Overflow execution - gij test
FAIL: Overflow -findirect-dispatch execution - bytecode->native test
FAIL: Overflow -O3 execution - source compiled test
FAIL: Overflow execution - gij test
FAIL: Overflow -O3 execution - bytecode->native test
FAIL: Overflow execution - gij test
FAIL: Overflow -O3 -findirect-dispatch execution - bytecode->native test
FAIL: PR12350 execution - source compiled test
FAIL: PR12350 execution - gij test
FAIL: PR12350 execution - bytecode->native test
FAIL: PR12350 execution - gij test
FAIL: PR12350 -findirect-dispatch execution - bytecode->native test
FAIL: PR12350 -O3 execution - source compiled test
FAIL: PR12350 execution - gij test
FAIL: PR12350 -O3 execution - bytecode->native test
FAIL: PR12350 execution - gij test
FAIL: PR12350 -O3 -findirect-dispatch execution - bytecode->native test
FAIL: PR12416 execution - source compiled test
FAIL: PR12416 execution - gij test
FAIL: PR12416 execution - bytecode->native test
FAIL: PR12416 execution - gij test
FAIL: PR12416 -findirect-dispatch execution - bytecode->native test
FAIL: PR12416 -O3 execution - source compiled test
FAIL: PR12416 execution - gij test
FAIL: PR12416 -O3 execution - bytecode->native test
FAIL: PR12416 execution - gij test
FAIL: PR12416 -O3 -findirect-dispatch execution - bytecode->native test
FAIL: PR12656 execution - source compiled test
FAIL: PR12656 execution - gij test
FAIL: PR12656 execution - bytecode->native test
FAIL: PR12656 execution - gij test
FAIL: PR12656 -findirect-dispatch execution - bytecode->native test
FAIL: PR12656 -O3 execution - source compiled test
FAIL: PR12656 execution - gij test
FAIL: PR12656 -O3 execution - bytecode->native test
FAIL: PR12656 execution - gij test
FAIL: PR12656 -O3 -findirect-dispatch execution - bytecode->native test
FAIL: PR12915 execution - source compiled test
FAIL: PR12915 execution - gij test
FAIL: PR12915 execution - bytecode->native test
FAIL: PR12915 execution - gij test
FAIL: PR12915 -findirect-dispatch execution - bytecode->native test
FAIL: PR12915 -O3 execution - source compiled test
FAIL: PR12915 execution - gij test
FAIL: PR12915 -O3 execution - bytecode->native test
FAIL: PR12915 execution - gij test
FAIL: PR12915 -O3 -findirect-dispatch execution - bytecode->native test
FAIL: PR141 execution - source compiled test
FAIL: PR141 execution - gij test
FAIL: PR141 execution - bytecode->native test
FAIL: PR141 execution - gij test
FAIL: PR141 -findirect-dispatch execution - bytecode->native test
FAIL: PR141 -O3 execution - source compiled test
FAIL: PR141 execution - gij test
FAIL: PR141 -O3 execution - bytecode->native test
FAIL: PR141 execution - gij test
FAIL: PR141 -O3 -findirect-dispatch execution - bytecode->native test
FAIL: PR160 execution - source compiled test
FAIL: PR160 execution - gij test
FAIL: PR160 execution - bytecode->native test
FAIL: PR160 execution - gij test
FAIL: PR160 -findirect-dispatch execution - bytecode->native test
FAIL: PR160 -O3 execution - source compiled test
FAIL: PR160 execution - gij test
FAIL: PR160 -O3 execution - bytecode->native test
FAIL: PR160 execution - gij test
FAIL: PR160 -O3 -findirect-dispatch execution - bytecode->native test
FAIL: PR162 execution - source compiled test
FAIL: PR162 execution - gij test
FAIL: PR162 execution - bytecode->native test
FAIL: PR162 execution - gij test
FAIL: PR162 -findirect-dispatch execution - bytecode->native test
FAIL: PR162 -O3 execution - source compiled test
FAIL: PR162 execution - gij test
FAIL: PR162 -O3 execution - bytecode->native test
FAIL: PR162 execution - gij test
FAIL: PR162 -O3 -findirect-dispatch execution - bytecode->native test
FAIL: PR16867 execution - source compiled test
FAIL: PR16867 execution - gij test
FAIL: PR16867 execution - bytecode->native test
FAIL: PR16867 execution - gij test
FAIL: PR16867 -findirect-dispatch execution - bytecode->native test
FAIL: PR16867 -O3 execution - source compiled test
FAIL: PR16867 execution - gij test
FAIL: PR16867 -O3 execution - bytecode->native test
FAIL: PR16867 execution - gij test
FAIL: PR16867 -O3 -findirect-dispatch execution - bytecode->native test
FAIL: PR18699 execution - source compiled test
FAIL: PR18699 execution - gij test
FAIL: PR18699 execution - bytecode->native test
FAIL: PR18699 execution - gij test
FAIL: PR18699 -findirect-dispatch execution - bytecode->native test
FAIL: PR18699 -O3 execution - source compiled test
FAIL: PR18699 execution - gij test
FAIL: PR18699 -O3 execution - bytecode->native test
FAIL: PR18699 execution - gij test
FAIL: PR18699 -O3 -findirect-dispatch execution - bytecode->native test
FAIL: PR19870 execution - source compiled test
FAIL: PR19870 execution - gij test
FAIL: PR19870 execution - bytecode->native test
FAIL: PR19870 execution - gij test
FAIL: PR19870 -findirect-dispatch execution - bytecode->native test
FAIL: PR19870 -O3 execution - source compiled test
FAIL: PR19870 execution - gij test
FAIL: PR19870 -O3 execution - bytecode->native test
FAIL: PR19870 execution - gij test
FAIL: PR19870 -O3 -findirect-dispatch execution - bytecode->native test
FAIL: PR19870_2 execution - source compiled test
FAIL: PR19870_2 execution - gij test
FAIL: PR19870_2 execution - bytecode->native test
FAIL: PR19870_2 execution - gij test
FAIL: PR19870_2 -findirect-dispatch execution - bytecode->native test
FAIL: PR19870_2 -O3 execution - source compiled test
FAIL: PR19870_2 execution - gij test
FAIL: PR19870_2 -O3 execution - bytecode->native test
FAIL: PR19870_2 execution - gij test
FAIL: PR19870_2 -O3 -findirect-dispatch execution - bytecode->native test
FAIL: PR19921 execution - source compiled test
FAIL: PR19921 execution - gij test
FAIL: PR19921 execution - bytecode->native test
FAIL: PR19921 execution - gij test
FAIL: PR19921 -findirect-dispatch execution - bytecode->native test
FAIL: PR19921 -O3 execution - source compiled test
FAIL: PR19921 execution - gij test
FAIL: PR19921 -O3 execution - bytecode->native test
FAIL: PR19921 execution - gij test
FAIL: PR19921 -O3 -findirect-dispatch execution - bytecode->native test
FAIL: PR20056 execution - source compiled test
FAIL: PR20056 execution - gij test
FAIL: PR20056 execution - bytecode->native test
FAIL: PR20056 execution - gij test
FAIL: PR20056 -findirect-dispatch execution - bytecode->native test
FAIL: PR20056 -O3 execution - source compiled test
FAIL: PR20056 execution - gij test
FAIL: PR20056 -O3 execution - bytecode->native test
FAIL: PR20056 execution - gij test
FAIL: PR20056 -O3 -findirect-dispatch execution - bytecode->native test
FAIL: PR218 execution - source compiled test
FAIL: PR218 execution - gij test
FAIL: PR218 execution - bytecode->native test
FAIL: PR218 execution - gij test
FAIL: PR218 -findirect-dispatch execution - bytecode->native test
FAIL: PR218 -O3 execution - source compiled test
FAIL: PR218 execution - gij test
FAIL: PR218 -O3 execution - bytecode->native test
FAIL: PR218 execution - gij test
FAIL: PR218 -O3 -findirect-dispatch execution - bytecode->native test
FAIL: PR242 execution - source compiled test
FAIL: PR242 execution - gij test
FAIL: PR242 execution - bytecode->native test
FAIL: PR242 execution - gij test
FAIL: PR242 -findirect-dispatch execution - bytecode->native test
FAIL: PR242 -O3 execution - source compiled test
FAIL: PR242 execution - gij test
FAIL: PR242 -O3 execution - bytecode->native test
FAIL: PR242 execution - gij test
FAIL: PR242 -O3 -findirect-dispatch execution - bytecode->native test
FAIL: PR25535 execution - source compiled test
FAIL: PR25535 execution - gij test
FAIL: PR25535 execution - bytecode->native test
FAIL: PR25535 execution - gij test
FAIL: PR25535 -findirect-dispatch execution - bytecode->native test
FAIL: PR25535 -O3 execution - source compiled test
FAIL: PR25535 execution - gij test
FAIL: PR25535 -O3 execution - bytecode->native test
FAIL: PR25535 execution - gij test
FAIL: PR25535 -O3 -findirect-dispatch execution - bytecode->native test
FAIL: PR260 execution - source compiled test
FAIL: PR260 execution - gij test
FAIL: PR260 execution - bytecode->native test
FAIL: PR260 execution - gij test
FAIL: PR260 -findirect-dispatch execution - bytecode->native test
FAIL: PR260 -O3 execution - source compiled test
FAIL: PR260 execution - gij test
FAIL: PR260 -O3 execution - bytecode->native test
FAIL: PR260 execution - gij test
FAIL: PR260 -O3 -findirect-dispatch execution - bytecode->native test
FAIL: PR26858 execution - source compiled test
FAIL: PR26858 execution - gij test
FAIL: PR26858 execution - bytecode->native test
FAIL: PR26858 execution - gij test
FAIL: PR26858 -findirect-dispatch execution - bytecode->native test
FAIL: PR26858 -O3 execution - source compiled test
FAIL: PR26858 execution - gij test
FAIL: PR26858 -O3 execution - bytecode->native test
FAIL: PR26858 execution - gij test
FAIL: PR26858 -O3 -findirect-dispatch execution - bytecode->native test
FAIL: PR27908 execution - source compiled test
FAIL: PR27908 execution - gij test
FAIL: PR27908 execution - bytecode->native test
FAIL: PR27908 execution - gij test
FAIL: PR27908 -findirect-dispatch execution - bytecode->native test
FAIL: PR27908 -O3 execution - source compiled test
FAIL: PR27908 execution - gij test
FAIL: PR27908 -O3 execution - bytecode->native test
FAIL: PR27908 execution - gij test
FAIL: PR27908 -O3 -findirect-dispatch execution - bytecode->native test
FAIL: PR29013 execution - source compiled test
FAIL: PR29013 execution - gij test
FAIL: PR29013 execution - bytecode->native test
FAIL: PR29013 execution - gij test
FAIL: PR29013 -findirect-dispatch execution - bytecode->native test
FAIL: PR29013 -O3 execution - source compiled test
FAIL: PR29013 execution - gij test
FAIL: PR29013 -O3 execution - bytecode->native test
FAIL: PR29013 execution - gij test
FAIL: PR29013 -O3 -findirect-dispatch execution - bytecode->native test
FAIL: PR3096 execution - source compiled test
FAIL: PR3096 execution - gij test
FAIL: PR3096 execution - bytecode->native test
FAIL: PR3096 execution - gij test
FAIL: PR3096 -findirect-dispatch execution - bytecode->native test
FAIL: PR3096 -O3 execution - source compiled test
FAIL: PR3096 execution - gij test
FAIL: PR3096 -O3 execution - bytecode->native test
FAIL: PR3096 execution - gij test
FAIL: PR3096 -O3 -findirect-dispatch execution - bytecode->native test
FAIL: PR3731 execution - source compiled test
FAIL: PR3731 execution - gij test
FAIL: PR3731 execution - bytecode->native test
FAIL: PR3731 execution - gij test
FAIL: PR3731 -findirect-dispatch execution - bytecode->native test
FAIL: PR3731 -O3 execution - source compiled test
FAIL: PR3731 execution - gij test
FAIL: PR3731 -O3 execution - bytecode->native test
FAIL: PR3731 execution - gij test
FAIL: PR3731 -O3 -findirect-dispatch execution - bytecode->native test
FAIL: PR5057 execution - source compiled test
FAIL: PR5057 execution - gij test
FAIL: PR5057 execution - bytecode->native test
FAIL: PR5057 execution - gij test
FAIL: PR5057 -findirect-dispatch execution - bytecode->native test
FAIL: PR5057 -O3 execution - source compiled test
FAIL: PR5057 execution - gij test
FAIL: PR5057 -O3 execution - bytecode->native test
FAIL: PR5057 execution - gij test
FAIL: PR5057 -O3 -findirect-dispatch execution - bytecode->native test
FAIL: PR5057_2 execution - source compiled test
FAIL: PR5057_2 execution - gij test
FAIL: PR5057_2 execution - bytecode->native test
FAIL: PR5057_2 execution - gij test
FAIL: PR5057_2 -findirect-dispatch execution - bytecode->native test
FAIL: PR5057_2 -O3 execution - source compiled test
FAIL: PR5057_2 execution - gij test
FAIL: PR5057_2 -O3 execution - bytecode->native test
FAIL: PR5057_2 execution - gij test
FAIL: PR5057_2 -O3 -findirect-dispatch execution - bytecode->native test
FAIL: PR55 execution - source compiled test
FAIL: PR55 execution - gij test
FAIL: PR55 execution - bytecode->native test
FAIL: PR55 execution - gij test
FAIL: PR55 -findirect-dispatch execution - bytecode->native test
FAIL: PR55 -O3 execution - source compiled test
FAIL: PR55 execution - gij test
FAIL: PR55 -O3 execution - bytecode->native test
FAIL: PR55 execution - gij test
FAIL: PR55 -O3 -findirect-dispatch execution - bytecode->native test
FAIL: PR56 execution - source compiled test
FAIL: PR56 execution - gij test
FAIL: PR56 execution - bytecode->native test
FAIL: PR56 execution - gij test
FAIL: PR56 -findirect-dispatch execution - bytecode->native test
FAIL: PR56 -O3 execution - source compiled test
FAIL: PR56 execution - gij test
FAIL: PR56 -O3 execution - bytecode->native test
FAIL: PR56 execution - gij test
FAIL: PR56 -O3 -findirect-dispatch execution - bytecode->native test
FAIL: PR6085 execution - source compiled test
FAIL: PR6085 execution - gij test
FAIL: PR6085 execution - bytecode->native test
FAIL: PR6085 execution - gij test
FAIL: PR6085 -findirect-dispatch execution - bytecode->native test
FAIL: PR6085 -O3 execution - source compiled test
FAIL: PR6085 execution - gij test
FAIL: PR6085 -O3 execution - bytecode->native test
FAIL: PR6085 execution - gij test
FAIL: PR6085 -O3 -findirect-dispatch execution - bytecode->native test
FAIL: PR6204 execution - source compiled test
FAIL: PR6204 execution - gij test
FAIL: PR6204 execution - bytecode->native test
FAIL: PR6204 execution - gij test
FAIL: PR6204 -findirect-dispatch execution - bytecode->native test
FAIL: PR6204 -O3 execution - source compiled test
FAIL: PR6204 execution - gij test
FAIL: PR6204 -O3 execution - bytecode->native test
FAIL: PR6204 execution - gij test
FAIL: PR6204 -O3 -findirect-dispatch execution - bytecode->native test
FAIL: PR6729 execution - source compiled test
FAIL: PR6729 execution - gij test
FAIL: PR6729 execution - bytecode->native test
FAIL: PR6729 execution - gij test
FAIL: PR6729 -findirect-dispatch execution - bytecode->native test
FAIL: PR6729 -O3 execution - source compiled test
FAIL: PR6729 execution - gij test
FAIL: PR6729 -O3 execution - bytecode->native test
FAIL: PR6729 execution - gij test
FAIL: PR6729 -O3 -findirect-dispatch execution - bytecode->native test
FAIL: PR6820 execution - source compiled test
FAIL: PR6820 execution - gij test
FAIL: PR6820 execution - bytecode->native test
FAIL: PR6820 execution - gij test
FAIL: PR6820 -findirect-dispatch execution - bytecode->native test
FAIL: PR6820 -O3 execution - source compiled test
FAIL: PR6820 execution - gij test
FAIL: PR6820 -O3 execution - bytecode->native test
FAIL: PR6820 execution - gij test
FAIL: PR6820 -O3 -findirect-dispatch execution - bytecode->native test
FAIL: PR7482 execution - source compiled test
FAIL: PR7482 execution - gij test
FAIL: PR7482 execution - bytecode->native test
FAIL: PR7482 execution - gij test
FAIL: PR7482 -findirect-dispatch execution - bytecode->native test
FAIL: PR7482 -O3 execution - source compiled test
FAIL: PR7482 execution - gij test
FAIL: PR7482 -O3 execution - bytecode->native test
FAIL: PR7482 execution - gij test
FAIL: PR7482 -O3 -findirect-dispatch execution - bytecode->native test
FAIL: Process_1 execution - source compiled test
FAIL: Process_1 execution - gij test
FAIL: Process_1 execution - bytecode->native test
FAIL: Process_1 execution - gij test
FAIL: Process_1 -findirect-dispatch execution - bytecode->native test
FAIL: Process_1 -O3 execution - source compiled test
FAIL: Process_1 execution - gij test
FAIL: Process_1 -O3 execution - bytecode->native test
FAIL: Process_1 execution - gij test
FAIL: Process_1 -O3 -findirect-dispatch execution - bytecode->native test
FAIL: Process_2 execution - source compiled test
FAIL: Process_2 execution - gij test
FAIL: Process_2 execution - bytecode->native test
FAIL: Process_2 execution - gij test
FAIL: Process_2 -findirect-dispatch execution - bytecode->native test
FAIL: Process_2 -O3 execution - source compiled test
FAIL: Process_2 execution - gij test
FAIL: Process_2 -O3 execution - bytecode->native test
FAIL: Process_2 execution - gij test
FAIL: Process_2 -O3 -findirect-dispatch execution - bytecode->native test
FAIL: Process_3 execution - source compiled test
FAIL: Process_3 execution - gij test
FAIL: Process_3 execution - bytecode->native test
FAIL: Process_3 execution - gij test
FAIL: Process_3 -findirect-dispatch execution - bytecode->native test
FAIL: Process_3 -O3 execution - source compiled test
FAIL: Process_3 execution - gij test
FAIL: Process_3 -O3 execution - bytecode->native test
FAIL: Process_3 execution - gij test
FAIL: Process_3 -O3 -findirect-dispatch execution - bytecode->native test
FAIL: Process_4 execution - source compiled test
FAIL: Process_4 execution - gij test
FAIL: Process_4 execution - bytecode->native test
FAIL: Process_4 execution - gij test
FAIL: Process_4 -findirect-dispatch execution - bytecode->native test
FAIL: Process_4 -O3 execution - source compiled test
FAIL: Process_4 execution - gij test
FAIL: Process_4 -O3 execution - bytecode->native test
FAIL: Process_4 execution - gij test
FAIL: Process_4 -O3 -findirect-dispatch execution - bytecode->native test
FAIL: Process_5 execution - source compiled test
FAIL: Process_5 execution - gij test
FAIL: Process_5 execution - bytecode->native test
FAIL: Process_5 execution - gij test
FAIL: Process_5 -findirect-dispatch execution - bytecode->native test
FAIL: Process_5 -O3 execution - source compiled test
FAIL: Process_5 execution - gij test
FAIL: Process_5 -O3 execution - bytecode->native test
FAIL: Process_5 execution - gij test
FAIL: Process_5 -O3 -findirect-dispatch execution - bytecode->native test
FAIL: Process_6 execution - source compiled test
FAIL: Process_6 execution - gij test
FAIL: Process_6 execution - bytecode->native test
FAIL: Process_6 execution - gij test
FAIL: Process_6 -findirect-dispatch execution - bytecode->native test
FAIL: Process_6 -O3 execution - source compiled test
FAIL: Process_6 execution - gij test
FAIL: Process_6 -O3 execution - bytecode->native test
FAIL: Process_6 execution - gij test
FAIL: Process_6 -O3 -findirect-dispatch execution - bytecode->native test
FAIL: RH194522 execution - source compiled test
FAIL: RH194522 execution - gij test
FAIL: RH194522 execution - bytecode->native test
FAIL: RH194522 execution - gij test
FAIL: RH194522 -findirect-dispatch execution - bytecode->native test
FAIL: RH194522 -O3 execution - source compiled test
FAIL: RH194522 execution - gij test
FAIL: RH194522 -O3 execution - bytecode->native test
FAIL: RH194522 execution - gij test
FAIL: RH194522 -O3 -findirect-dispatch execution - bytecode->native test
FAIL: Serialization execution - source compiled test
FAIL: Serialization execution - gij test
FAIL: Serialization execution - bytecode->native test
FAIL: Serialization execution - gij test
FAIL: Serialization -findirect-dispatch execution - bytecode->native test
FAIL: Serialization -O3 execution - source compiled test
FAIL: Serialization execution - gij test
FAIL: Serialization -O3 execution - bytecode->native test
FAIL: Serialization execution - gij test
FAIL: Serialization -O3 -findirect-dispatch execution - bytecode->native test
FAIL: Shazam execution - source compiled test
FAIL: Shazam execution - gij test
FAIL: Shazam execution - bytecode->native test
FAIL: Shazam execution - gij test
FAIL: Shazam -findirect-dispatch execution - bytecode->native test
FAIL: Shazam -O3 execution - source compiled test
FAIL: Shazam execution - gij test
FAIL: Shazam -O3 execution - bytecode->native test
FAIL: Shazam execution - gij test
FAIL: Shazam -O3 -findirect-dispatch execution - bytecode->native test
FAIL: StackTrace2 execution - source compiled test
FAIL: StackTrace2 execution - gij test
FAIL: StackTrace2 execution - bytecode->native test
FAIL: StackTrace2 execution - gij test
FAIL: StackTrace2 -findirect-dispatch execution - bytecode->native test
FAIL: StackTrace2 -O3 execution - source compiled test
FAIL: StackTrace2 execution - gij test
FAIL: StackTrace2 -O3 execution - bytecode->native test
FAIL: StackTrace2 execution - gij test
FAIL: StackTrace2 -O3 -findirect-dispatch execution - bytecode->native test
FAIL: StaticConstructor execution - source compiled test
FAIL: StaticConstructor execution - gij test
FAIL: StaticConstructor execution - bytecode->native test
FAIL: StaticConstructor execution - gij test
FAIL: StaticConstructor -findirect-dispatch execution - bytecode->native test
FAIL: StaticConstructor -O3 execution - source compiled test
FAIL: StaticConstructor execution - gij test
FAIL: StaticConstructor -O3 execution - bytecode->native test
FAIL: StaticConstructor execution - gij test
FAIL: StaticConstructor -O3 -findirect-dispatch execution - bytecode->native test
FAIL: StringBuffer_1 execution - source compiled test
FAIL: StringBuffer_1 execution - gij test
FAIL: StringBuffer_1 execution - bytecode->native test
FAIL: StringBuffer_1 execution - gij test
FAIL: StringBuffer_1 -findirect-dispatch execution - bytecode->native test
FAIL: StringBuffer_1 -O3 execution - source compiled test
FAIL: StringBuffer_1 execution - gij test
FAIL: StringBuffer_1 -O3 execution - bytecode->native test
FAIL: StringBuffer_1 execution - gij test
FAIL: StringBuffer_1 -O3 -findirect-dispatch execution - bytecode->native test
FAIL: StringBuffer_overflow execution - source compiled test
FAIL: StringBuffer_overflow execution - gij test
FAIL: StringBuffer_overflow execution - bytecode->native test
FAIL: StringBuffer_overflow execution - gij test
FAIL: StringBuffer_overflow -findirect-dispatch execution - bytecode->native test
FAIL: StringBuffer_overflow -O3 execution - source compiled test
FAIL: StringBuffer_overflow execution - gij test
FAIL: StringBuffer_overflow -O3 execution - bytecode->native test
FAIL: StringBuffer_overflow execution - gij test
FAIL: StringBuffer_overflow -O3 -findirect-dispatch execution - bytecode->native test
FAIL: String_overflow execution - source compiled test
FAIL: String_overflow execution - gij test
FAIL: String_overflow execution - bytecode->native test
FAIL: String_overflow execution - gij test
FAIL: String_overflow -findirect-dispatch execution - bytecode->native test
FAIL: String_overflow -O3 execution - source compiled test
FAIL: String_overflow execution - gij test
FAIL: String_overflow -O3 execution - bytecode->native test
FAIL: String_overflow execution - gij test
FAIL: String_overflow -O3 -findirect-dispatch execution - bytecode->native test
FAIL: SyncGlobal execution - source compiled test
FAIL: SyncGlobal execution - gij test
FAIL: SyncGlobal execution - bytecode->native test
FAIL: SyncGlobal execution - gij test
FAIL: SyncGlobal -findirect-dispatch execution - bytecode->native test
FAIL: SyncGlobal -O3 execution - source compiled test
FAIL: SyncGlobal execution - gij test
FAIL: SyncGlobal -O3 execution - bytecode->native test
FAIL: SyncGlobal execution - gij test
FAIL: SyncGlobal -O3 -findirect-dispatch execution - bytecode->native test
FAIL: SyncTest execution - source compiled test
FAIL: SyncTest execution - gij test
FAIL: SyncTest execution - bytecode->native test
FAIL: SyncTest execution - gij test
FAIL: SyncTest -findirect-dispatch execution - bytecode->native test
FAIL: SyncTest -O3 execution - source compiled test
FAIL: SyncTest execution - gij test
FAIL: SyncTest -O3 execution - bytecode->native test
FAIL: SyncTest execution - gij test
FAIL: SyncTest -O3 -findirect-dispatch execution - bytecode->native test
FAIL: Synch execution - source compiled test
FAIL: Synch execution - gij test
FAIL: Synch execution - bytecode->native test
FAIL: Synch execution - gij test
FAIL: Synch -findirect-dispatch execution - bytecode->native test
FAIL: Synch -O3 execution - source compiled test
FAIL: Synch execution - gij test
FAIL: Synch -O3 execution - bytecode->native test
FAIL: Synch execution - gij test
FAIL: Synch -O3 -findirect-dispatch execution - bytecode->native test
FAIL: TLtest execution - source compiled test
FAIL: TLtest execution - gij test
FAIL: TLtest execution - bytecode->native test
FAIL: TLtest execution - gij test
FAIL: TLtest -findirect-dispatch execution - bytecode->native test
FAIL: TLtest -O3 execution - source compiled test
FAIL: TLtest execution - gij test
FAIL: TLtest -O3 execution - bytecode->native test
FAIL: TLtest execution - gij test
FAIL: TLtest -O3 -findirect-dispatch execution - bytecode->native test
FAIL: TestProxy execution - source compiled test
FAIL: TestProxy execution - gij test
FAIL: TestProxy execution - bytecode->native test
FAIL: TestProxy execution - gij test
FAIL: TestProxy -findirect-dispatch execution - bytecode->native test
FAIL: TestProxy -O3 execution - source compiled test
FAIL: TestProxy execution - gij test
FAIL: TestProxy -O3 execution - bytecode->native test
FAIL: TestProxy execution - gij test
FAIL: TestProxy -O3 -findirect-dispatch execution - bytecode->native test
FAIL: Thread_Alive execution - source compiled test
FAIL: Thread_Alive execution - gij test
FAIL: Thread_Alive execution - bytecode->native test
FAIL: Thread_Alive execution - gij test
FAIL: Thread_Alive -findirect-dispatch execution - bytecode->native test
FAIL: Thread_Alive -O3 execution - source compiled test
FAIL: Thread_Alive execution - gij test
FAIL: Thread_Alive -O3 execution - bytecode->native test
FAIL: Thread_Alive execution - gij test
FAIL: Thread_Alive -O3 -findirect-dispatch execution - bytecode->native test
FAIL: Thread_HoldsLock execution - source compiled test
FAIL: Thread_HoldsLock execution - gij test
FAIL: Thread_HoldsLock execution - bytecode->native test
FAIL: Thread_HoldsLock execution - gij test
FAIL: Thread_HoldsLock -findirect-dispatch execution - bytecode->native test
FAIL: Thread_HoldsLock -O3 execution - source compiled test
FAIL: Thread_HoldsLock execution - gij test
FAIL: Thread_HoldsLock -O3 execution - bytecode->native test
FAIL: Thread_HoldsLock execution - gij test
FAIL: Thread_HoldsLock -O3 -findirect-dispatch execution - bytecode->native test
FAIL: Thread_Interrupt execution - source compiled test
FAIL: Thread_Interrupt execution - gij test
FAIL: Thread_Interrupt execution - bytecode->native test
FAIL: Thread_Interrupt execution - gij test
FAIL: Thread_Interrupt -findirect-dispatch execution - bytecode->native test
FAIL: Thread_Interrupt -O3 execution - source compiled test
FAIL: Thread_Interrupt execution - gij test
FAIL: Thread_Interrupt -O3 execution - bytecode->native test
FAIL: Thread_Interrupt execution - gij test
FAIL: Thread_Interrupt -O3 -findirect-dispatch execution - bytecode->native test
FAIL: Thread_Join execution - source compiled test
FAIL: Thread_Join execution - gij test
FAIL: Thread_Join execution - bytecode->native test
FAIL: Thread_Join execution - gij test
FAIL: Thread_Join -findirect-dispatch execution - bytecode->native test
FAIL: Thread_Join -O3 execution - source compiled test
FAIL: Thread_Join execution - gij test
FAIL: Thread_Join -O3 execution - bytecode->native test
FAIL: Thread_Join execution - gij test
FAIL: Thread_Join -O3 -findirect-dispatch execution - bytecode->native test
FAIL: Thread_Monitor execution - source compiled test
FAIL: Thread_Monitor execution - gij test
FAIL: Thread_Monitor execution - bytecode->native test
FAIL: Thread_Monitor execution - gij test
FAIL: Thread_Monitor -findirect-dispatch execution - bytecode->native test
FAIL: Thread_Monitor -O3 execution - source compiled test
FAIL: Thread_Monitor execution - gij test
FAIL: Thread_Monitor -O3 execution - bytecode->native test
FAIL: Thread_Monitor execution - gij test
FAIL: Thread_Monitor -O3 -findirect-dispatch execution - bytecode->native test
FAIL: Thread_Sleep execution - source compiled test
FAIL: Thread_Sleep execution - gij test
FAIL: Thread_Sleep execution - bytecode->native test
FAIL: Thread_Sleep execution - gij test
FAIL: Thread_Sleep -findirect-dispatch execution - bytecode->native test
FAIL: Thread_Sleep -O3 execution - source compiled test
FAIL: Thread_Sleep execution - gij test
FAIL: Thread_Sleep -O3 execution - bytecode->native test
FAIL: Thread_Sleep execution - gij test
FAIL: Thread_Sleep -O3 -findirect-dispatch execution - bytecode->native test
FAIL: Thread_Sleep_2 execution - source compiled test
FAIL: Thread_Sleep_2 execution - gij test
FAIL: Thread_Sleep_2 execution - bytecode->native test
FAIL: Thread_Sleep_2 execution - gij test
FAIL: Thread_Sleep_2 -findirect-dispatch execution - bytecode->native test
FAIL: Thread_Sleep_2 -O3 execution - source compiled test
FAIL: Thread_Sleep_2 execution - gij test
FAIL: Thread_Sleep_2 -O3 execution - bytecode->native test
FAIL: Thread_Sleep_2 execution - gij test
FAIL: Thread_Sleep_2 -O3 -findirect-dispatch execution - bytecode->native test
FAIL: Thread_Wait execution - source compiled test
FAIL: Thread_Wait execution - gij test
FAIL: Thread_Wait execution - bytecode->native test
FAIL: Thread_Wait execution - gij test
FAIL: Thread_Wait -findirect-dispatch execution - bytecode->native test
FAIL: Thread_Wait -O3 execution - source compiled test
FAIL: Thread_Wait execution - gij test
FAIL: Thread_Wait -O3 execution - bytecode->native test
FAIL: Thread_Wait execution - gij test
FAIL: Thread_Wait -O3 -findirect-dispatch execution - bytecode->native test
FAIL: Thread_Wait_2 execution - source compiled test
FAIL: Thread_Wait_2 execution - gij test
FAIL: Thread_Wait_2 execution - bytecode->native test
FAIL: Thread_Wait_2 execution - gij test
FAIL: Thread_Wait_2 -findirect-dispatch execution - bytecode->native test
FAIL: Thread_Wait_2 -O3 execution - source compiled test
FAIL: Thread_Wait_2 execution - gij test
FAIL: Thread_Wait_2 -O3 execution - bytecode->native test
FAIL: Thread_Wait_2 execution - gij test
FAIL: Thread_Wait_2 -O3 -findirect-dispatch execution - bytecode->native test
FAIL: Thread_Wait_Interrupt execution - source compiled test
FAIL: Thread_Wait_Interrupt execution - gij test
FAIL: Thread_Wait_Interrupt execution - bytecode->native test
FAIL: Thread_Wait_Interrupt execution - gij test
FAIL: Thread_Wait_Interrupt -findirect-dispatch execution - bytecode->native test
FAIL: Thread_Wait_Interrupt -O3 execution - source compiled test
FAIL: Thread_Wait_Interrupt execution - gij test
FAIL: Thread_Wait_Interrupt -O3 execution - bytecode->native test
FAIL: Thread_Wait_Interrupt execution - gij test
FAIL: Thread_Wait_Interrupt -O3 -findirect-dispatch execution - bytecode->native test
FAIL: Throw_1 execution - source compiled test
FAIL: Throw_1 execution - gij test
FAIL: Throw_1 execution - bytecode->native test
FAIL: Throw_1 execution - gij test
FAIL: Throw_1 -findirect-dispatch execution - bytecode->native test
FAIL: Throw_1 -O3 execution - source compiled test
FAIL: Throw_1 execution - gij test
FAIL: Throw_1 -O3 execution - bytecode->native test
FAIL: Throw_1 execution - gij test
FAIL: Throw_1 -O3 -findirect-dispatch execution - bytecode->native test
FAIL: Throw_2 execution - source compiled test
FAIL: Throw_2 execution - gij test
FAIL: Throw_2 execution - bytecode->native test
FAIL: Throw_2 execution - gij test
FAIL: Throw_2 -findirect-dispatch execution - bytecode->native test
FAIL: Throw_2 -O3 execution - source compiled test
FAIL: Throw_2 execution - gij test
FAIL: Throw_2 -O3 execution - bytecode->native test
FAIL: Throw_2 execution - gij test
FAIL: Throw_2 -O3 -findirect-dispatch execution - bytecode->native test
FAIL: anfi execution - source compiled test
FAIL: anfi execution - gij test
FAIL: anfi execution - bytecode->native test
FAIL: anfi execution - gij test
FAIL: anfi -findirect-dispatch execution - bytecode->native test
FAIL: anfi -O3 execution - source compiled test
FAIL: anfi execution - gij test
FAIL: anfi -O3 execution - bytecode->native test
FAIL: anfi execution - gij test
FAIL: anfi -O3 -findirect-dispatch execution - bytecode->native test
FAIL: anon execution - source compiled test
FAIL: anon execution - gij test
FAIL: anon execution - bytecode->native test
FAIL: anon execution - gij test
FAIL: anon -findirect-dispatch execution - bytecode->native test
FAIL: anon -O3 execution - source compiled test
FAIL: anon execution - gij test
FAIL: anon -O3 execution - bytecode->native test
FAIL: anon execution - gij test
FAIL: anon -O3 -findirect-dispatch execution - bytecode->native test
FAIL: anon2 execution - source compiled test
FAIL: anon2 execution - gij test
FAIL: anon2 execution - bytecode->native test
FAIL: anon2 execution - gij test
FAIL: anon2 -findirect-dispatch execution - bytecode->native test
FAIL: anon2 -O3 execution - source compiled test
FAIL: anon2 execution - gij test
FAIL: anon2 -O3 execution - bytecode->native test
FAIL: anon2 execution - gij test
FAIL: anon2 -O3 -findirect-dispatch execution - bytecode->native test
FAIL: anon3 execution - source compiled test
FAIL: anon3 execution - gij test
FAIL: anon3 execution - bytecode->native test
FAIL: anon3 execution - gij test
FAIL: anon3 -findirect-dispatch execution - bytecode->native test
FAIL: anon3 -O3 execution - source compiled test
FAIL: anon3 execution - gij test
FAIL: anon3 -O3 execution - bytecode->native test
FAIL: anon3 execution - gij test
FAIL: anon3 -O3 -findirect-dispatch execution - bytecode->native test
FAIL: anon4 execution - source compiled test
FAIL: anon4 execution - gij test
FAIL: anon4 execution - bytecode->native test
FAIL: anon4 execution - gij test
FAIL: anon4 -findirect-dispatch execution - bytecode->native test
FAIL: anon4 -O3 execution - source compiled test
FAIL: anon4 execution - gij test
FAIL: anon4 -O3 execution - bytecode->native test
FAIL: anon4 execution - gij test
FAIL: anon4 -O3 -findirect-dispatch execution - bytecode->native test
FAIL: anon_ctor_itf_arg execution - source compiled test
FAIL: anon_ctor_itf_arg execution - gij test
FAIL: anon_ctor_itf_arg execution - bytecode->native test
FAIL: anon_ctor_itf_arg execution - gij test
FAIL: anon_ctor_itf_arg -findirect-dispatch execution - bytecode->native test
FAIL: anon_ctor_itf_arg -O3 execution - source compiled test
FAIL: anon_ctor_itf_arg execution - gij test
FAIL: anon_ctor_itf_arg -O3 execution - bytecode->native test
FAIL: anon_ctor_itf_arg execution - gij test
FAIL: anon_ctor_itf_arg -O3 -findirect-dispatch execution - bytecode->native test
FAIL: anonarray execution - source compiled test
FAIL: anonarray execution - gij test
FAIL: anonarray execution - bytecode->native test
FAIL: anonarray execution - gij test
FAIL: anonarray -findirect-dispatch execution - bytecode->native test
FAIL: anonarray -O3 execution - source compiled test
FAIL: anonarray execution - gij test
FAIL: anonarray -O3 execution - bytecode->native test
FAIL: anonarray execution - gij test
FAIL: anonarray -O3 -findirect-dispatch execution - bytecode->native test
FAIL: anonarray2 execution - source compiled test
FAIL: anonarray2 execution - gij test
FAIL: anonarray2 execution - bytecode->native test
FAIL: anonarray2 execution - gij test
FAIL: anonarray2 -findirect-dispatch execution - bytecode->native test
FAIL: anonarray2 -O3 execution - source compiled test
FAIL: anonarray2 execution - gij test
FAIL: anonarray2 -O3 execution - bytecode->native test
FAIL: anonarray2 execution - gij test
FAIL: anonarray2 -O3 -findirect-dispatch execution - bytecode->native test
FAIL: anonarray3 execution - source compiled test
FAIL: anonarray3 execution - gij test
FAIL: anonarray3 execution - bytecode->native test
FAIL: anonarray3 execution - gij test
FAIL: anonarray3 -findirect-dispatch execution - bytecode->native test
FAIL: anonarray3 -O3 execution - source compiled test
FAIL: anonarray3 execution - gij test
FAIL: anonarray3 -O3 execution - bytecode->native test
FAIL: anonarray3 execution - gij test
FAIL: anonarray3 -O3 -findirect-dispatch execution - bytecode->native test
FAIL: assign execution - source compiled test
FAIL: assign execution - gij test
FAIL: assign execution - bytecode->native test
FAIL: assign execution - gij test
FAIL: assign -findirect-dispatch execution - bytecode->native test
FAIL: assign -O3 execution - source compiled test
FAIL: assign execution - gij test
FAIL: assign -O3 execution - bytecode->native test
FAIL: assign execution - gij test
FAIL: assign -O3 -findirect-dispatch execution - bytecode->native test
FAIL: assign2 execution - source compiled test
FAIL: assign2 execution - gij test
FAIL: assign2 execution - bytecode->native test
FAIL: assign2 execution - gij test
FAIL: assign2 -findirect-dispatch execution - bytecode->native test
FAIL: assign2 -O3 execution - source compiled test
FAIL: assign2 execution - gij test
FAIL: assign2 -O3 execution - bytecode->native test
FAIL: assign2 execution - gij test
FAIL: assign2 -O3 -findirect-dispatch execution - bytecode->native test
FAIL: bclink execution - source compiled test
FAIL: bclink execution - gij test
FAIL: bclink execution - bytecode->native test
FAIL: bclink execution - gij test
FAIL: bclink -findirect-dispatch execution - bytecode->native test
FAIL: bclink -O3 execution - source compiled test
FAIL: bclink execution - gij test
FAIL: bclink -O3 execution - bytecode->native test
FAIL: bclink execution - gij test
FAIL: bclink -O3 -findirect-dispatch execution - bytecode->native test
FAIL: bytearray execution - source compiled test
FAIL: bytearray execution - gij test
FAIL: bytearray execution - bytecode->native test
FAIL: bytearray execution - gij test
FAIL: bytearray -findirect-dispatch execution - bytecode->native test
FAIL: bytearray -O3 execution - source compiled test
FAIL: bytearray execution - gij test
FAIL: bytearray -O3 execution - bytecode->native test
FAIL: bytearray execution - gij test
FAIL: bytearray -O3 -findirect-dispatch execution - bytecode->native test
FAIL: direct_read execution - source compiled test
FAIL: direct_read execution - gij test
FAIL: direct_read execution - bytecode->native test
FAIL: direct_read execution - gij test
FAIL: direct_read -findirect-dispatch execution - bytecode->native test
FAIL: direct_read -O3 execution - source compiled test
FAIL: direct_read execution - gij test
FAIL: direct_read -O3 execution - bytecode->native test
FAIL: direct_read execution - gij test
FAIL: direct_read -O3 -findirect-dispatch execution - bytecode->native test
FAIL: direct_write execution - source compiled test
FAIL: direct_write execution - gij test
FAIL: direct_write execution - bytecode->native test
FAIL: direct_write execution - gij test
FAIL: direct_write -findirect-dispatch execution - bytecode->native test
FAIL: direct_write -O3 execution - source compiled test
FAIL: direct_write execution - gij test
FAIL: direct_write -O3 execution - bytecode->native test
FAIL: direct_write execution - gij test
FAIL: direct_write -O3 -findirect-dispatch execution - bytecode->native test
FAIL: emptystring execution - source compiled test
FAIL: emptystring execution - gij test
FAIL: emptystring execution - bytecode->native test
FAIL: emptystring execution - gij test
FAIL: emptystring -findirect-dispatch execution - bytecode->native test
FAIL: emptystring -O3 execution - source compiled test
FAIL: emptystring execution - gij test
FAIL: emptystring -O3 execution - bytecode->native test
FAIL: emptystring execution - gij test
FAIL: emptystring -O3 -findirect-dispatch execution - bytecode->native test
FAIL: err1 execution - source compiled test
FAIL: err1 execution - gij test
FAIL: err1 execution - bytecode->native test
FAIL: err1 execution - gij test
FAIL: err1 -findirect-dispatch execution - bytecode->native test
FAIL: err1 -O3 execution - source compiled test
FAIL: err1 execution - gij test
FAIL: err1 -O3 execution - bytecode->native test
FAIL: err1 execution - gij test
FAIL: err1 -O3 -findirect-dispatch execution - bytecode->native test
FAIL: err10 execution - source compiled test
FAIL: err10 execution - gij test
FAIL: err10 execution - bytecode->native test
FAIL: err10 execution - gij test
FAIL: err10 -findirect-dispatch execution - bytecode->native test
FAIL: err10 -O3 execution - source compiled test
FAIL: err10 execution - gij test
FAIL: err10 -O3 execution - bytecode->native test
FAIL: err10 execution - gij test
FAIL: err10 -O3 -findirect-dispatch execution - bytecode->native test
FAIL: err11 execution - source compiled test
FAIL: err11 execution - gij test
FAIL: err11 execution - bytecode->native test
FAIL: err11 execution - gij test
FAIL: err11 -findirect-dispatch execution - bytecode->native test
FAIL: err11 -O3 execution - source compiled test
FAIL: err11 execution - gij test
FAIL: err11 -O3 execution - bytecode->native test
FAIL: err11 execution - gij test
FAIL: err11 -O3 -findirect-dispatch execution - bytecode->native test
FAIL: err12 execution - source compiled test
FAIL: err12 execution - gij test
FAIL: err12 execution - bytecode->native test
FAIL: err12 execution - gij test
FAIL: err12 -findirect-dispatch execution - bytecode->native test
FAIL: err12 -O3 execution - source compiled test
FAIL: err12 execution - gij test
FAIL: err12 -O3 execution - bytecode->native test
FAIL: err12 execution - gij test
FAIL: err12 -O3 -findirect-dispatch execution - bytecode->native test
FAIL: err13 execution - source compiled test
FAIL: err13 execution - gij test
FAIL: err13 execution - bytecode->native test
FAIL: err13 execution - gij test
FAIL: err13 -findirect-dispatch execution - bytecode->native test
FAIL: err13 -O3 execution - source compiled test
FAIL: err13 execution - gij test
FAIL: err13 -O3 execution - bytecode->native test
FAIL: err13 execution - gij test
FAIL: err13 -O3 -findirect-dispatch execution - bytecode->native test
FAIL: err14 execution - source compiled test
FAIL: err14 execution - gij test
FAIL: err14 execution - bytecode->native test
FAIL: err14 execution - gij test
FAIL: err14 -findirect-dispatch execution - bytecode->native test
FAIL: err14 -O3 execution - source compiled test
FAIL: err14 execution - gij test
FAIL: err14 -O3 execution - bytecode->native test
FAIL: err14 execution - gij test
FAIL: err14 -O3 -findirect-dispatch execution - bytecode->native test
FAIL: err2 execution - source compiled test
FAIL: err2 execution - gij test
FAIL: err2 execution - bytecode->native test
FAIL: err2 execution - gij test
FAIL: err2 -findirect-dispatch execution - bytecode->native test
FAIL: err2 -O3 execution - source compiled test
FAIL: err2 execution - gij test
FAIL: err2 -O3 execution - bytecode->native test
FAIL: err2 execution - gij test
FAIL: err2 -O3 -findirect-dispatch execution - bytecode->native test
FAIL: err3 execution - source compiled test
FAIL: err3 execution - gij test
FAIL: err3 execution - bytecode->native test
FAIL: err3 execution - gij test
FAIL: err3 -findirect-dispatch execution - bytecode->native test
FAIL: err3 -O3 execution - source compiled test
FAIL: err3 execution - gij test
FAIL: err3 -O3 execution - bytecode->native test
FAIL: err3 execution - gij test
FAIL: err3 -O3 -findirect-dispatch execution - bytecode->native test
FAIL: err4 execution - source compiled test
FAIL: err4 execution - gij test
FAIL: err4 execution - bytecode->native test
FAIL: err4 execution - gij test
FAIL: err4 -findirect-dispatch execution - bytecode->native test
FAIL: err4 -O3 execution - source compiled test
FAIL: err4 execution - gij test
FAIL: err4 -O3 execution - bytecode->native test
FAIL: err4 execution - gij test
FAIL: err4 -O3 -findirect-dispatch execution - bytecode->native test
FAIL: err5 execution - source compiled test
FAIL: err5 execution - gij test
FAIL: err5 execution - bytecode->native test
FAIL: err5 execution - gij test
FAIL: err5 -findirect-dispatch execution - bytecode->native test
FAIL: err5 -O3 execution - source compiled test
FAIL: err5 execution - gij test
FAIL: err5 -O3 execution - bytecode->native test
FAIL: err5 execution - gij test
FAIL: err5 -O3 -findirect-dispatch execution - bytecode->native test
FAIL: err6 execution - source compiled test
FAIL: err6 execution - gij test
FAIL: err6 execution - bytecode->native test
FAIL: err6 execution - gij test
FAIL: err6 -findirect-dispatch execution - bytecode->native test
FAIL: err6 -O3 execution - source compiled test
FAIL: err6 execution - gij test
FAIL: err6 -O3 execution - bytecode->native test
FAIL: err6 execution - gij test
FAIL: err6 -O3 -findirect-dispatch execution - bytecode->native test
FAIL: err7 execution - source compiled test
FAIL: err7 execution - gij test
FAIL: err7 execution - bytecode->native test
FAIL: err7 execution - gij test
FAIL: err7 -findirect-dispatch execution - bytecode->native test
FAIL: err7 -O3 execution - source compiled test
FAIL: err7 execution - gij test
FAIL: err7 -O3 execution - bytecode->native test
FAIL: err7 execution - gij test
FAIL: err7 -O3 -findirect-dispatch execution - bytecode->native test
FAIL: err8 execution - source compiled test
FAIL: err8 execution - gij test
FAIL: err8 execution - bytecode->native test
FAIL: err8 execution - gij test
FAIL: err8 -findirect-dispatch execution - bytecode->native test
FAIL: err8 -O3 execution - source compiled test
FAIL: err8 execution - gij test
FAIL: err8 -O3 execution - bytecode->native test
FAIL: err8 execution - gij test
FAIL: err8 -O3 -findirect-dispatch execution - bytecode->native test
FAIL: err9 execution - source compiled test
FAIL: err9 execution - gij test
FAIL: err9 execution - bytecode->native test
FAIL: err9 execution - gij test
FAIL: err9 -findirect-dispatch execution - bytecode->native test
FAIL: err9 -O3 execution - source compiled test
FAIL: err9 execution - gij test
FAIL: err9 -O3 execution - bytecode->native test
FAIL: err9 execution - gij test
FAIL: err9 -O3 -findirect-dispatch execution - bytecode->native test
FAIL: final_inner execution - source compiled test
FAIL: final_inner execution - gij test
FAIL: final_inner execution - bytecode->native test
FAIL: final_inner execution - gij test
FAIL: final_inner -findirect-dispatch execution - bytecode->native test
FAIL: final_inner -O3 execution - source compiled test
FAIL: final_inner execution - gij test
FAIL: final_inner -O3 execution - bytecode->native test
FAIL: final_inner execution - gij test
FAIL: final_inner -O3 -findirect-dispatch execution - bytecode->native test
FAIL: final_int execution - source compiled test
FAIL: final_int execution - gij test
FAIL: final_int execution - bytecode->native test
FAIL: final_int execution - gij test
FAIL: final_int -findirect-dispatch execution - bytecode->native test
FAIL: final_int -O3 execution - source compiled test
FAIL: final_int execution - gij test
FAIL: final_int -O3 execution - bytecode->native test
FAIL: final_int execution - gij test
FAIL: final_int -O3 -findirect-dispatch execution - bytecode->native test
FAIL: final_static_and_friend execution - source compiled test
FAIL: final_static_and_friend execution - gij test
FAIL: final_static_and_friend execution - bytecode->native test
FAIL: final_static_and_friend execution - gij test
FAIL: final_static_and_friend -findirect-dispatch execution - bytecode->native test
FAIL: final_static_and_friend -O3 execution - source compiled test
FAIL: final_static_and_friend execution - gij test
FAIL: final_static_and_friend -O3 execution - bytecode->native test
FAIL: final_static_and_friend execution - gij test
FAIL: final_static_and_friend -O3 -findirect-dispatch execution - bytecode->native test
FAIL: indirect execution - source compiled test
FAIL: indirect execution - gij test
FAIL: indirect execution - bytecode->native test
FAIL: indirect execution - gij test
FAIL: indirect -findirect-dispatch execution - bytecode->native test
FAIL: indirect -O3 execution - source compiled test
FAIL: indirect execution - gij test
FAIL: indirect -O3 execution - bytecode->native test
FAIL: indirect execution - gij test
FAIL: indirect -O3 -findirect-dispatch execution - bytecode->native test
FAIL: indirect_read execution - source compiled test
FAIL: indirect_read execution - gij test
FAIL: indirect_read execution - bytecode->native test
FAIL: indirect_read execution - gij test
FAIL: indirect_read -findirect-dispatch execution - bytecode->native test
FAIL: indirect_read -O3 execution - source compiled test
FAIL: indirect_read execution - gij test
FAIL: indirect_read -O3 execution - bytecode->native test
FAIL: indirect_read execution - gij test
FAIL: indirect_read -O3 -findirect-dispatch execution - bytecode->native test
FAIL: indirect_write execution - source compiled test
FAIL: indirect_write execution - gij test
FAIL: indirect_write execution - bytecode->native test
FAIL: indirect_write execution - gij test
FAIL: indirect_write -findirect-dispatch execution - bytecode->native test
FAIL: indirect_write -O3 execution - source compiled test
FAIL: indirect_write execution - gij test
FAIL: indirect_write -O3 execution - bytecode->native test
FAIL: indirect_write execution - gij test
FAIL: indirect_write -O3 -findirect-dispatch execution - bytecode->native test
FAIL: initexc execution - source compiled test
FAIL: initexc execution - gij test
FAIL: initexc execution - bytecode->native test
FAIL: initexc execution - gij test
FAIL: initexc -findirect-dispatch execution - bytecode->native test
FAIL: initexc -O3 execution - source compiled test
FAIL: initexc execution - gij test
FAIL: initexc -O3 execution - bytecode->native test
FAIL: initexc execution - gij test
FAIL: initexc -O3 -findirect-dispatch execution - bytecode->native test
FAIL: initfield execution - source compiled test
FAIL: initfield execution - gij test
FAIL: initfield execution - bytecode->native test
FAIL: initfield execution - gij test
FAIL: initfield -findirect-dispatch execution - bytecode->native test
FAIL: initfield -O3 execution - source compiled test
FAIL: initfield execution - gij test
FAIL: initfield -O3 execution - bytecode->native test
FAIL: initfield execution - gij test
FAIL: initfield -O3 -findirect-dispatch execution - bytecode->native test
FAIL: inline execution - source compiled test
FAIL: inline execution - gij test
FAIL: inline execution - bytecode->native test
FAIL: inline execution - gij test
FAIL: inline -findirect-dispatch execution - bytecode->native test
FAIL: inline -O3 execution - source compiled test
FAIL: inline execution - gij test
FAIL: inline -O3 execution - bytecode->native test
FAIL: inline execution - gij test
FAIL: inline -O3 -findirect-dispatch execution - bytecode->native test
FAIL: inner1 execution - source compiled test
FAIL: inner1 execution - gij test
FAIL: inner1 execution - bytecode->native test
FAIL: inner1 execution - gij test
FAIL: inner1 -findirect-dispatch execution - bytecode->native test
FAIL: inner1 -O3 execution - source compiled test
FAIL: inner1 execution - gij test
FAIL: inner1 -O3 execution - bytecode->native test
FAIL: inner1 execution - gij test
FAIL: inner1 -O3 -findirect-dispatch execution - bytecode->native test
FAIL: inner2 execution - source compiled test
FAIL: inner2 execution - gij test
FAIL: inner2 execution - bytecode->native test
FAIL: inner2 execution - gij test
FAIL: inner2 -findirect-dispatch execution - bytecode->native test
FAIL: inner2 -O3 execution - source compiled test
FAIL: inner2 execution - gij test
FAIL: inner2 -O3 execution - bytecode->native test
FAIL: inner2 execution - gij test
FAIL: inner2 -O3 -findirect-dispatch execution - bytecode->native test
FAIL: inner3 execution - source compiled test
FAIL: inner3 execution - gij test
FAIL: inner3 execution - bytecode->native test
FAIL: inner3 execution - gij test
FAIL: inner3 -findirect-dispatch execution - bytecode->native test
FAIL: inner3 -O3 execution - source compiled test
FAIL: inner3 execution - gij test
FAIL: inner3 -O3 execution - bytecode->native test
FAIL: inner3 execution - gij test
FAIL: inner3 -O3 -findirect-dispatch execution - bytecode->native test
FAIL: inner4 execution - source compiled test
FAIL: inner4 execution - gij test
FAIL: inner4 execution - bytecode->native test
FAIL: inner4 execution - gij test
FAIL: inner4 -findirect-dispatch execution - bytecode->native test
FAIL: inner4 -O3 execution - source compiled test
FAIL: inner4 execution - gij test
FAIL: inner4 -O3 execution - bytecode->native test
FAIL: inner4 execution - gij test
FAIL: inner4 -O3 -findirect-dispatch execution - bytecode->native test
FAIL: inner_array execution - source compiled test
FAIL: inner_array execution - gij test
FAIL: inner_array execution - bytecode->native test
FAIL: inner_array execution - gij test
FAIL: inner_array -findirect-dispatch execution - bytecode->native test
FAIL: inner_array -O3 execution - source compiled test
FAIL: inner_array execution - gij test
FAIL: inner_array -O3 execution - bytecode->native test
FAIL: inner_array execution - gij test
FAIL: inner_array -O3 -findirect-dispatch execution - bytecode->native test
FAIL: inner_interface execution - source compiled test
FAIL: inner_interface execution - gij test
FAIL: inner_interface execution - bytecode->native test
FAIL: inner_interface execution - gij test
FAIL: inner_interface -findirect-dispatch execution - bytecode->native test
FAIL: inner_interface -O3 execution - source compiled test
FAIL: inner_interface execution - gij test
FAIL: inner_interface -O3 execution - bytecode->native test
FAIL: inner_interface execution - gij test
FAIL: inner_interface -O3 -findirect-dispatch execution - bytecode->native test
FAIL: instance execution - source compiled test
FAIL: instance execution - gij test
FAIL: instance execution - bytecode->native test
FAIL: instance execution - gij test
FAIL: instance -findirect-dispatch execution - bytecode->native test
FAIL: instance -O3 execution - source compiled test
FAIL: instance execution - gij test
FAIL: instance -O3 execution - bytecode->native test
FAIL: instance execution - gij test
FAIL: instance -O3 -findirect-dispatch execution - bytecode->native test
FAIL: instinit execution - source compiled test
FAIL: instinit execution - gij test
FAIL: instinit execution - bytecode->native test
FAIL: instinit execution - gij test
FAIL: instinit -findirect-dispatch execution - bytecode->native test
FAIL: instinit -O3 execution - source compiled test
FAIL: instinit execution - gij test
FAIL: instinit -O3 execution - bytecode->native test
FAIL: instinit execution - gij test
FAIL: instinit -O3 -findirect-dispatch execution - bytecode->native test
FAIL: instinit2 execution - source compiled test
FAIL: instinit2 execution - gij test
FAIL: instinit2 execution - bytecode->native test
FAIL: instinit2 execution - gij test
FAIL: instinit2 -findirect-dispatch execution - bytecode->native test
FAIL: instinit2 -O3 execution - source compiled test
FAIL: instinit2 execution - gij test
FAIL: instinit2 -O3 execution - bytecode->native test
FAIL: instinit2 execution - gij test
FAIL: instinit2 -O3 -findirect-dispatch execution - bytecode->native test
FAIL: invoke_from_inner execution - source compiled test
FAIL: invoke_from_inner execution - gij test
FAIL: invoke_from_inner execution - bytecode->native test
FAIL: invoke_from_inner execution - gij test
FAIL: invoke_from_inner -findirect-dispatch execution - bytecode->native test
FAIL: invoke_from_inner -O3 execution - source compiled test
FAIL: invoke_from_inner execution - gij test
FAIL: invoke_from_inner -O3 execution - bytecode->native test
FAIL: invoke_from_inner execution - gij test
FAIL: invoke_from_inner -O3 -findirect-dispatch execution - bytecode->native test
FAIL: invokethrow execution - source compiled test
FAIL: invokethrow execution - gij test
FAIL: invokethrow execution - bytecode->native test
FAIL: invokethrow execution - gij test
FAIL: invokethrow -findirect-dispatch execution - bytecode->native test
FAIL: invokethrow -O3 execution - source compiled test
FAIL: invokethrow execution - gij test
FAIL: invokethrow -O3 execution - bytecode->native test
FAIL: invokethrow execution - gij test
FAIL: invokethrow -O3 -findirect-dispatch execution - bytecode->native test
FAIL: klass execution - source compiled test
FAIL: klass execution - gij test
FAIL: klass execution - bytecode->native test
FAIL: klass execution - gij test
FAIL: klass -findirect-dispatch execution - bytecode->native test
FAIL: klass -O3 execution - source compiled test
FAIL: klass execution - gij test
FAIL: klass -O3 execution - bytecode->native test
FAIL: klass execution - gij test
FAIL: klass -O3 -findirect-dispatch execution - bytecode->native test
FAIL: md5test execution - source compiled test
FAIL: md5test execution - gij test
FAIL: md5test execution - bytecode->native test
FAIL: md5test execution - gij test
FAIL: md5test -findirect-dispatch execution - bytecode->native test
FAIL: md5test -O3 execution - source compiled test
FAIL: md5test execution - gij test
FAIL: md5test -O3 execution - bytecode->native test
FAIL: md5test execution - gij test
FAIL: md5test -O3 -findirect-dispatch execution - bytecode->native test
FAIL: multiple_finit execution - source compiled test
FAIL: multiple_finit execution - gij test
FAIL: multiple_finit execution - bytecode->native test
FAIL: multiple_finit execution - gij test
FAIL: multiple_finit -findirect-dispatch execution - bytecode->native test
FAIL: multiple_finit -O3 execution - source compiled test
FAIL: multiple_finit execution - gij test
FAIL: multiple_finit -O3 execution - bytecode->native test
FAIL: multiple_finit execution - gij test
FAIL: multiple_finit -O3 -findirect-dispatch execution - bytecode->native test
FAIL: negzero execution - source compiled test
FAIL: negzero execution - gij test
FAIL: negzero execution - bytecode->native test
FAIL: negzero execution - gij test
FAIL: negzero -findirect-dispatch execution - bytecode->native test
FAIL: negzero -O3 execution - source compiled test
FAIL: negzero execution - gij test
FAIL: negzero -O3 execution - bytecode->native test
FAIL: negzero execution - gij test
FAIL: negzero -O3 -findirect-dispatch execution - bytecode->native test
FAIL: nested_with_ctor execution - source compiled test
FAIL: nested_with_ctor execution - gij test
FAIL: nested_with_ctor execution - bytecode->native test
FAIL: nested_with_ctor execution - gij test
FAIL: nested_with_ctor -findirect-dispatch execution - bytecode->native test
FAIL: nested_with_ctor -O3 execution - source compiled test
FAIL: nested_with_ctor execution - gij test
FAIL: nested_with_ctor -O3 execution - bytecode->native test
FAIL: nested_with_ctor execution - gij test
FAIL: nested_with_ctor -O3 -findirect-dispatch execution - bytecode->native test
FAIL: newarray_overflow execution - source compiled test
FAIL: newarray_overflow execution - gij test
FAIL: newarray_overflow execution - bytecode->native test
FAIL: newarray_overflow execution - gij test
FAIL: newarray_overflow -findirect-dispatch execution - bytecode->native test
FAIL: newarray_overflow -O3 execution - source compiled test
FAIL: newarray_overflow execution - gij test
FAIL: newarray_overflow -O3 execution - bytecode->native test
FAIL: newarray_overflow execution - gij test
FAIL: newarray_overflow -O3 -findirect-dispatch execution - bytecode->native test
FAIL: override execution - source compiled test
FAIL: override execution - gij test
FAIL: override execution - bytecode->native test
FAIL: override execution - gij test
FAIL: override -findirect-dispatch execution - bytecode->native test
FAIL: override -O3 execution - source compiled test
FAIL: override execution - gij test
FAIL: override -O3 execution - bytecode->native test
FAIL: override execution - gij test
FAIL: override -O3 -findirect-dispatch execution - bytecode->native test
FAIL: pr109 execution - source compiled test
FAIL: pr109 execution - gij test
FAIL: pr109 execution - bytecode->native test
FAIL: pr109 execution - gij test
FAIL: pr109 -findirect-dispatch execution - bytecode->native test
FAIL: pr109 -O3 execution - source compiled test
FAIL: pr109 execution - gij test
FAIL: pr109 -O3 execution - bytecode->native test
FAIL: pr109 execution - gij test
FAIL: pr109 -O3 -findirect-dispatch execution - bytecode->native test
FAIL: pr13107 execution - source compiled test
FAIL: pr13107 execution - gij test
FAIL: pr13107 execution - bytecode->native test
FAIL: pr13107 execution - gij test
FAIL: pr13107 -findirect-dispatch execution - bytecode->native test
FAIL: pr13107 -O3 execution - source compiled test
FAIL: pr13107 execution - gij test
FAIL: pr13107 -O3 execution - bytecode->native test
FAIL: pr13107 execution - gij test
FAIL: pr13107 -O3 -findirect-dispatch execution - bytecode->native test
FAIL: pr13107_2 execution - source compiled test
FAIL: pr13107_2 execution - gij test
FAIL: pr13107_2 execution - bytecode->native test
FAIL: pr13107_2 execution - gij test
FAIL: pr13107_2 -findirect-dispatch execution - bytecode->native test
FAIL: pr13107_2 -O3 execution - source compiled test
FAIL: pr13107_2 execution - gij test
FAIL: pr13107_2 -O3 execution - bytecode->native test
FAIL: pr13107_2 execution - gij test
FAIL: pr13107_2 -O3 -findirect-dispatch execution - bytecode->native test
FAIL: pr13107_3 execution - source compiled test
FAIL: pr13107_3 execution - gij test
FAIL: pr13107_3 execution - bytecode->native test
FAIL: pr13107_3 execution - gij test
FAIL: pr13107_3 -findirect-dispatch execution - bytecode->native test
FAIL: pr13107_3 -O3 execution - source compiled test
FAIL: pr13107_3 execution - gij test
FAIL: pr13107_3 -O3 execution - bytecode->native test
FAIL: pr13107_3 execution - gij test
FAIL: pr13107_3 -O3 -findirect-dispatch execution - bytecode->native test
FAIL: pr133 execution - source compiled test
FAIL: pr133 execution - gij test
FAIL: pr133 execution - bytecode->native test
FAIL: pr133 execution - gij test
FAIL: pr133 -findirect-dispatch execution - bytecode->native test
FAIL: pr133 -O3 execution - source compiled test
FAIL: pr133 execution - gij test
FAIL: pr133 -O3 execution - bytecode->native test
FAIL: pr133 execution - gij test
FAIL: pr133 -O3 -findirect-dispatch execution - bytecode->native test
FAIL: pr16789 execution - source compiled test
FAIL: pr16789 execution - gij test
FAIL: pr16789 execution - bytecode->native test
FAIL: pr16789 execution - gij test
FAIL: pr16789 -findirect-dispatch execution - bytecode->native test
FAIL: pr16789 -O3 execution - source compiled test
FAIL: pr16789 execution - gij test
FAIL: pr16789 -O3 execution - bytecode->native test
FAIL: pr16789 execution - gij test
FAIL: pr16789 -O3 -findirect-dispatch execution - bytecode->native test
FAIL: pr17536 execution - source compiled test
FAIL: pr17536 execution - gij test
FAIL: pr17536 execution - bytecode->native test
FAIL: pr17536 execution - gij test
FAIL: pr17536 -findirect-dispatch execution - bytecode->native test
FAIL: pr17536 -O3 execution - source compiled test
FAIL: pr17536 execution - gij test
FAIL: pr17536 -O3 execution - bytecode->native test
FAIL: pr17536 execution - gij test
FAIL: pr17536 -O3 -findirect-dispatch execution - bytecode->native test
FAIL: pr179 execution - source compiled test
FAIL: pr179 execution - gij test
FAIL: pr179 execution - bytecode->native test
FAIL: pr179 execution - gij test
FAIL: pr179 -findirect-dispatch execution - bytecode->native test
FAIL: pr179 -O3 execution - source compiled test
FAIL: pr179 execution - gij test
FAIL: pr179 -O3 execution - bytecode->native test
FAIL: pr179 execution - gij test
FAIL: pr179 -O3 -findirect-dispatch execution - bytecode->native test
FAIL: pr184 execution - source compiled test
FAIL: pr184 execution - gij test
FAIL: pr184 execution - bytecode->native test
FAIL: pr184 execution - gij test
FAIL: pr184 -findirect-dispatch execution - bytecode->native test
FAIL: pr184 -O3 execution - source compiled test
FAIL: pr184 execution - gij test
FAIL: pr184 -O3 execution - bytecode->native test
FAIL: pr184 execution - gij test
FAIL: pr184 -O3 -findirect-dispatch execution - bytecode->native test
FAIL: pr21785 execution - source compiled test
FAIL: pr21785 execution - gij test
FAIL: pr21785 execution - bytecode->native test
FAIL: pr21785 execution - gij test
FAIL: pr21785 -findirect-dispatch execution - bytecode->native test
FAIL: pr21785 -O3 execution - source compiled test
FAIL: pr21785 execution - gij test
FAIL: pr21785 -O3 execution - bytecode->native test
FAIL: pr21785 execution - gij test
FAIL: pr21785 -O3 -findirect-dispatch execution - bytecode->native test
FAIL: pr21844 execution - source compiled test
FAIL: pr21844 execution - gij test
FAIL: pr21844 execution - bytecode->native test
FAIL: pr21844 execution - gij test
FAIL: pr21844 -findirect-dispatch execution - bytecode->native test
FAIL: pr21844 -O3 execution - source compiled test
FAIL: pr21844 execution - gij test
FAIL: pr21844 -O3 execution - bytecode->native test
FAIL: pr21844 execution - gij test
FAIL: pr21844 -O3 -findirect-dispatch execution - bytecode->native test
FAIL: pr24321 execution - source compiled test
FAIL: pr24321 execution - gij test
FAIL: pr24321 execution - bytecode->native test
FAIL: pr24321 execution - gij test
FAIL: pr24321 -findirect-dispatch execution - bytecode->native test
FAIL: pr24321 -O3 execution - source compiled test
FAIL: pr24321 execution - gij test
FAIL: pr24321 -O3 execution - bytecode->native test
FAIL: pr24321 execution - gij test
FAIL: pr24321 -O3 -findirect-dispatch execution - bytecode->native test
FAIL: pr25676 execution - source compiled test
FAIL: pr25676 execution - gij test
FAIL: pr25676 execution - bytecode->native test
FAIL: pr25676 execution - gij test
FAIL: pr25676 -findirect-dispatch execution - bytecode->native test
FAIL: pr25676 -O3 execution - source compiled test
FAIL: pr25676 execution - gij test
FAIL: pr25676 -O3 execution - bytecode->native test
FAIL: pr25676 execution - gij test
FAIL: pr25676 -O3 -findirect-dispatch execution - bytecode->native test
FAIL: pr26390 execution - source compiled test
FAIL: pr26390 execution - gij test
FAIL: pr26390 execution - bytecode->native test
FAIL: pr26390 execution - gij test
FAIL: pr26390 -findirect-dispatch execution - bytecode->native test
FAIL: pr26390 -O3 execution - source compiled test
FAIL: pr26390 execution - gij test
FAIL: pr26390 -O3 execution - bytecode->native test
FAIL: pr26390 execution - gij test
FAIL: pr26390 -O3 -findirect-dispatch execution - bytecode->native test
FAIL: pr26990 execution - source compiled test
FAIL: pr26990 execution - gij test
FAIL: pr26990 execution - bytecode->native test
FAIL: pr26990 execution - gij test
FAIL: pr26990 -findirect-dispatch execution - bytecode->native test
FAIL: pr26990 -O3 execution - source compiled test
FAIL: pr26990 execution - gij test
FAIL: pr26990 -O3 execution - bytecode->native test
FAIL: pr26990 execution - gij test
FAIL: pr26990 -O3 -findirect-dispatch execution - bytecode->native test
FAIL: pr27171 execution - source compiled test
FAIL: pr27171 execution - gij test
FAIL: pr27171 execution - bytecode->native test
FAIL: pr27171 execution - gij test
FAIL: pr27171 -findirect-dispatch execution - bytecode->native test
FAIL: pr27171 -O3 execution - source compiled test
FAIL: pr27171 execution - gij test
FAIL: pr27171 -O3 execution - bytecode->native test
FAIL: pr27171 execution - gij test
FAIL: pr27171 -O3 -findirect-dispatch execution - bytecode->native test
FAIL: pr6388 execution - source compiled test
FAIL: pr6388 execution - gij test
FAIL: pr6388 execution - bytecode->native test
FAIL: pr6388 execution - gij test
FAIL: pr6388 -findirect-dispatch execution - bytecode->native test
FAIL: pr6388 -O3 execution - source compiled test
FAIL: pr6388 execution - gij test
FAIL: pr6388 -O3 execution - bytecode->native test
FAIL: pr6388 execution - gij test
FAIL: pr6388 -O3 -findirect-dispatch execution - bytecode->native test
FAIL: pr83 execution - source compiled test
FAIL: pr83 execution - gij test
FAIL: pr83 execution - bytecode->native test
FAIL: pr83 execution - gij test
FAIL: pr83 -findirect-dispatch execution - bytecode->native test
FAIL: pr83 -O3 execution - source compiled test
FAIL: pr83 execution - gij test
FAIL: pr83 -O3 execution - bytecode->native test
FAIL: pr83 execution - gij test
FAIL: pr83 -O3 -findirect-dispatch execution - bytecode->native test
FAIL: pr8415 execution - source compiled test
FAIL: pr8415 execution - gij test
FAIL: pr8415 execution - bytecode->native test
FAIL: pr8415 execution - gij test
FAIL: pr8415 -findirect-dispatch execution - bytecode->native test
FAIL: pr8415 -O3 execution - source compiled test
FAIL: pr8415 execution - gij test
FAIL: pr8415 -O3 execution - bytecode->native test
FAIL: pr8415 execution - gij test
FAIL: pr8415 -O3 -findirect-dispatch execution - bytecode->native test
FAIL: pr8676 execution - source compiled test
FAIL: pr8676 execution - gij test
FAIL: pr8676 execution - bytecode->native test
FAIL: pr8676 execution - gij test
FAIL: pr8676 -findirect-dispatch execution - bytecode->native test
FAIL: pr8676 -O3 execution - source compiled test
FAIL: pr8676 execution - gij test
FAIL: pr8676 -O3 execution - bytecode->native test
FAIL: pr8676 execution - gij test
FAIL: pr8676 -O3 -findirect-dispatch execution - bytecode->native test
FAIL: pr8823 execution - source compiled test
FAIL: pr8823 execution - gij test
FAIL: pr8823 execution - bytecode->native test
FAIL: pr8823 execution - gij test
FAIL: pr8823 -findirect-dispatch execution - bytecode->native test
FAIL: pr8823 -O3 execution - source compiled test
FAIL: pr8823 execution - gij test
FAIL: pr8823 -O3 execution - bytecode->native test
FAIL: pr8823 execution - gij test
FAIL: pr8823 -O3 -findirect-dispatch execution - bytecode->native test
FAIL: pr8945 execution - source compiled test
FAIL: pr8945 execution - gij test
FAIL: pr8945 execution - bytecode->native test
FAIL: pr8945 execution - gij test
FAIL: pr8945 -findirect-dispatch execution - bytecode->native test
FAIL: pr8945 -O3 execution - source compiled test
FAIL: pr8945 execution - gij test
FAIL: pr8945 -O3 execution - bytecode->native test
FAIL: pr8945 execution - gij test
FAIL: pr8945 -O3 -findirect-dispatch execution - bytecode->native test
FAIL: private_direct_read execution - source compiled test
FAIL: private_direct_read execution - gij test
FAIL: private_direct_read execution - bytecode->native test
FAIL: private_direct_read execution - gij test
FAIL: private_direct_read -findirect-dispatch execution - bytecode->native test
FAIL: private_direct_read -O3 execution - source compiled test
FAIL: private_direct_read execution - gij test
FAIL: private_direct_read -O3 execution - bytecode->native test
FAIL: private_direct_read execution - gij test
FAIL: private_direct_read -O3 -findirect-dispatch execution - bytecode->native test
FAIL: search_outer execution - source compiled test
FAIL: search_outer execution - gij test
FAIL: search_outer execution - bytecode->native test
FAIL: search_outer execution - gij test
FAIL: search_outer -findirect-dispatch execution - bytecode->native test
FAIL: search_outer -O3 execution - source compiled test
FAIL: search_outer execution - gij test
FAIL: search_outer -O3 execution - bytecode->native test
FAIL: search_outer execution - gij test
FAIL: search_outer -O3 -findirect-dispatch execution - bytecode->native test
FAIL: shatest execution - source compiled test
FAIL: shatest execution - gij test
FAIL: shatest execution - bytecode->native test
FAIL: shatest execution - gij test
FAIL: shatest -findirect-dispatch execution - bytecode->native test
FAIL: shatest -O3 execution - source compiled test
FAIL: shatest execution - gij test
FAIL: shatest -O3 execution - bytecode->native test
FAIL: shatest execution - gij test
FAIL: shatest -O3 -findirect-dispatch execution - bytecode->native test
FAIL: stacktrace execution - source compiled test
FAIL: stacktrace execution - gij test
FAIL: stacktrace execution - bytecode->native test
FAIL: stacktrace execution - gij test
FAIL: stacktrace -findirect-dispatch execution - bytecode->native test
FAIL: stacktrace -O3 execution - source compiled test
FAIL: stacktrace execution - gij test
FAIL: stacktrace -O3 execution - bytecode->native test
FAIL: stacktrace execution - gij test
FAIL: stacktrace -O3 -findirect-dispatch execution - bytecode->native test
FAIL: stringconst execution - source compiled test
FAIL: stringconst execution - gij test
FAIL: stringconst execution - bytecode->native test
FAIL: stringconst execution - gij test
FAIL: stringconst -findirect-dispatch execution - bytecode->native test
FAIL: stringconst -O3 execution - source compiled test
FAIL: stringconst execution - gij test
FAIL: stringconst -O3 execution - bytecode->native test
FAIL: stringconst execution - gij test
FAIL: stringconst -O3 -findirect-dispatch execution - bytecode->native test
FAIL: stringconst2 execution - source compiled test
FAIL: stringconst2 execution - gij test
FAIL: stringconst2 execution - bytecode->native test
FAIL: stringconst2 execution - gij test
FAIL: stringconst2 -findirect-dispatch execution - bytecode->native test
FAIL: stringconst2 -O3 execution - source compiled test
FAIL: stringconst2 execution - gij test
FAIL: stringconst2 -O3 execution - bytecode->native test
FAIL: stringconst2 execution - gij test
FAIL: stringconst2 -O3 -findirect-dispatch execution - bytecode->native test
FAIL: stub execution - source compiled test
FAIL: stub execution - gij test
FAIL: stub execution - bytecode->native test
FAIL: stub execution - gij test
FAIL: stub -findirect-dispatch execution - bytecode->native test
FAIL: stub -O3 execution - source compiled test
FAIL: stub execution - gij test
FAIL: stub -O3 execution - bytecode->native test
FAIL: stub execution - gij test
FAIL: stub -O3 -findirect-dispatch execution - bytecode->native test
FAIL: test_long execution - source compiled test
FAIL: test_long execution - gij test
FAIL: test_long execution - bytecode->native test
FAIL: test_long execution - gij test
FAIL: test_long -findirect-dispatch execution - bytecode->native test
FAIL: test_long -O3 execution - source compiled test
FAIL: test_long execution - gij test
FAIL: test_long -O3 execution - bytecode->native test
FAIL: test_long execution - gij test
FAIL: test_long -O3 -findirect-dispatch execution - bytecode->native test
FAIL: tmi execution - source compiled test
FAIL: tmi execution - gij test
FAIL: tmi execution - bytecode->native test
FAIL: tmi execution - gij test
FAIL: tmi -findirect-dispatch execution - bytecode->native test
FAIL: tmi -O3 execution - source compiled test
FAIL: tmi execution - gij test
FAIL: tmi -O3 execution - bytecode->native test
FAIL: tmi execution - gij test
FAIL: tmi -O3 -findirect-dispatch execution - bytecode->native test
FAIL: tp execution - source compiled test
FAIL: tp execution - gij test
FAIL: tp execution - bytecode->native test
FAIL: tp execution - gij test
FAIL: tp -findirect-dispatch execution - bytecode->native test
FAIL: tp -O3 execution - source compiled test
FAIL: tp execution - gij test
FAIL: tp -O3 execution - bytecode->native test
FAIL: tp execution - gij test
FAIL: tp -O3 -findirect-dispatch execution - bytecode->native test
FAIL: update_outer execution - source compiled test
FAIL: update_outer execution - gij test
FAIL: update_outer execution - bytecode->native test
FAIL: update_outer execution - gij test
FAIL: update_outer -findirect-dispatch execution - bytecode->native test
FAIL: update_outer -O3 execution - source compiled test
FAIL: update_outer execution - gij test
FAIL: update_outer -O3 execution - bytecode->native test
FAIL: update_outer execution - gij test
FAIL: update_outer -O3 -findirect-dispatch execution - bytecode->native test
FAIL: utf8concat execution - source compiled test
FAIL: utf8concat execution - gij test
FAIL: utf8concat execution - bytecode->native test
FAIL: utf8concat execution - gij test
FAIL: utf8concat -findirect-dispatch execution - bytecode->native test
FAIL: utf8concat -O3 execution - source compiled test
FAIL: utf8concat execution - gij test
FAIL: utf8concat -O3 execution - bytecode->native test
FAIL: utf8concat execution - gij test
FAIL: utf8concat -O3 -findirect-dispatch execution - bytecode->native test
FAIL: utilTest execution - source compiled test
FAIL: utilTest execution - gij test
FAIL: utilTest execution - bytecode->native test
FAIL: utilTest execution - gij test
FAIL: utilTest -findirect-dispatch execution - bytecode->native test
FAIL: utilTest -O3 execution - source compiled test
FAIL: utilTest execution - gij test
FAIL: utilTest -O3 execution - bytecode->native test
FAIL: utilTest execution - gij test
FAIL: utilTest -O3 -findirect-dispatch execution - bytecode->native test
FAIL: verify execution - source compiled test
FAIL: verify execution - gij test
FAIL: verify execution - bytecode->native test
FAIL: verify execution - gij test
FAIL: verify -findirect-dispatch execution - bytecode->native test
FAIL: verify -O3 execution - source compiled test
FAIL: verify execution - gij test
FAIL: verify -O3 execution - bytecode->native test
FAIL: verify execution - gij test
FAIL: verify -O3 -findirect-dispatch execution - bytecode->native test
FAIL: /usr/local/tmp/gcc-build-latour-4.2-0215/i386-unknown-freebsd5.5/libjava/testsuite/TestEarlyGC.exe execution - /usr/local/tmp/gcc-build-latour-4.2-0215/i386-unknown-freebsd5.5/libjava/testsuite/TestEarlyGC.exe
FAIL: /usr/local/tmp/gcc-build-latour-4.2-0215/i386-unknown-freebsd5.5/libjava/testsuite/TestLeak.exe execution - /usr/local/tmp/gcc-build-latour-4.2-0215/i386-unknown-freebsd5.5/libjava/testsuite/TestLeak.exe
FAIL: /usr/local/tmp/gcc-build-latour-4.2-0215/i386-unknown-freebsd5.5/libjava/testsuite/TestMultiple.exe execution - /usr/local/tmp/gcc-build-latour-4.2-0215/i386-unknown-freebsd5.5/libjava/testsuite/TestMultiple.exe
FAIL: /usr/local/tmp/gcc-build-latour-4.2-0215/i386-unknown-freebsd5.5/libjava/testsuite/TestParent.exe execution - /usr/local/tmp/gcc-build-latour-4.2-0215/i386-unknown-freebsd5.5/libjava/testsuite/TestParent.exe
FAIL: pr21115 run
FAIL: Lazy run
=== libjava Summary ===
# of expected passes 3122
# of unexpected failures 1938
# of expected failures 4
# of untested testcases 1945
=== libmudflap tests ===
Running target unix/-pthread
FAIL: libmudflap.c/fail1-frag.c output pattern test
FAIL: libmudflap.c/fail10-frag.c output pattern test
FAIL: libmudflap.c/fail11-frag.c output pattern test
FAIL: libmudflap.c/fail12-frag.c output pattern test
FAIL: libmudflap.c/fail13-frag.c output pattern test
FAIL: libmudflap.c/fail14-frag.c output pattern test
FAIL: libmudflap.c/fail15-frag.c output pattern test
FAIL: libmudflap.c/fail16-frag.c output pattern test
FAIL: libmudflap.c/fail17-frag.c output pattern test
FAIL: libmudflap.c/fail18-frag.c output pattern test
FAIL: libmudflap.c/fail19-frag.c output pattern test
FAIL: libmudflap.c/fail2-frag.c output pattern test
FAIL: libmudflap.c/fail20-frag.c output pattern test
FAIL: libmudflap.c/fail21-frag.c output pattern test
FAIL: libmudflap.c/fail22-frag.c output pattern test
FAIL: libmudflap.c/fail23-frag.c output pattern test
FAIL: libmudflap.c/fail25-frag.c output pattern test
FAIL: libmudflap.c/fail26-frag.c output pattern test
FAIL: libmudflap.c/fail27-frag.c output pattern test
FAIL: libmudflap.c/fail28-frag.c output pattern test
FAIL: libmudflap.c/fail29-frag.c output pattern test
FAIL: libmudflap.c/fail3-frag.c output pattern test
FAIL: libmudflap.c/fail30-frag.c output pattern test
FAIL: libmudflap.c/fail31-frag.c output pattern test
FAIL: libmudflap.c/fail32-frag.c output pattern test
FAIL: libmudflap.c/fail33-frag.c output pattern test
FAIL: libmudflap.c/fail34-frag.c output pattern test
FAIL: libmudflap.c/fail35-frag.c output pattern test
FAIL: libmudflap.c/fail36-frag.c output pattern test
FAIL: libmudflap.c/fail37-frag.c output pattern test
FAIL: libmudflap.c/fail38-frag.c output pattern test
FAIL: libmudflap.c/fail39-frag.c output pattern test
FAIL: libmudflap.c/fail4-frag.c output pattern test
FAIL: libmudflap.c/fail40-frag.c output pattern test
FAIL: libmudflap.c/fail5-frag.c output pattern test
FAIL: libmudflap.c/fail6-frag.c output pattern test
FAIL: libmudflap.c/fail7-frag.c output pattern test
FAIL: libmudflap.c/fail8-frag.c output pattern test
FAIL: libmudflap.c/fail9-frag.c output pattern test
FAIL: libmudflap.c/heap-scalestress.c execution test
FAIL: libmudflap.c/heap-scalestress.c output pattern test
FAIL: libmudflap.c/hook-allocstuff.c execution test
FAIL: libmudflap.c/hook-allocstuff.c output pattern test
FAIL: libmudflap.c/hook2-allocstuff.c execution test
FAIL: libmudflap.c/pass-stratcliff.c execution test
FAIL: libmudflap.c/pass1-frag.c execution test
FAIL: libmudflap.c/pass1-frag.c execution test
FAIL: libmudflap.c/pass10-frag.c execution test
FAIL: libmudflap.c/pass10-frag.c execution test
FAIL: libmudflap.c/pass11-frag.c execution test
FAIL: libmudflap.c/pass11-frag.c execution test
FAIL: libmudflap.c/pass12-frag.c execution test
FAIL: libmudflap.c/pass12-frag.c execution test
FAIL: libmudflap.c/pass13-frag.c execution test
FAIL: libmudflap.c/pass13-frag.c execution test
FAIL: libmudflap.c/pass14-frag.c execution test
FAIL: libmudflap.c/pass14-frag.c execution test
FAIL: libmudflap.c/pass15-frag.c execution test
FAIL: libmudflap.c/pass15-frag.c execution test
FAIL: libmudflap.c/pass16-frag.c execution test
FAIL: libmudflap.c/pass16-frag.c execution test
FAIL: libmudflap.c/pass17-frag.c execution test
FAIL: libmudflap.c/pass17-frag.c execution test
FAIL: libmudflap.c/pass18-frag.c execution test
FAIL: libmudflap.c/pass18-frag.c execution test
FAIL: libmudflap.c/pass19-frag.c execution test
FAIL: libmudflap.c/pass19-frag.c execution test
FAIL: libmudflap.c/pass2-frag.c execution test
FAIL: libmudflap.c/pass2-frag.c execution test
FAIL: libmudflap.c/pass20-frag.c execution test
FAIL: libmudflap.c/pass20-frag.c execution test
FAIL: libmudflap.c/pass21-frag.c execution test
FAIL: libmudflap.c/pass21-frag.c execution test
FAIL: libmudflap.c/pass22-frag.c execution test
FAIL: libmudflap.c/pass22-frag.c execution test
FAIL: libmudflap.c/pass23-frag.c execution test
FAIL: libmudflap.c/pass23-frag.c execution test
FAIL: libmudflap.c/pass24-frag.c execution test
FAIL: libmudflap.c/pass24-frag.c execution test
FAIL: libmudflap.c/pass25-frag.c execution test
FAIL: libmudflap.c/pass25-frag.c execution test
FAIL: libmudflap.c/pass26-frag.c execution test
FAIL: libmudflap.c/pass26-frag.c execution test
FAIL: libmudflap.c/pass29-frag.c execution test
FAIL: libmudflap.c/pass29-frag.c execution test
FAIL: libmudflap.c/pass3-frag.c execution test
FAIL: libmudflap.c/pass3-frag.c execution test
FAIL: libmudflap.c/pass30-frag.c execution test
FAIL: libmudflap.c/pass30-frag.c execution test
FAIL: libmudflap.c/pass32-frag.c execution test
FAIL: libmudflap.c/pass32-frag.c execution test
FAIL: libmudflap.c/pass33-frag.c execution test
FAIL: libmudflap.c/pass33-frag.c execution test
FAIL: libmudflap.c/pass34-frag.c execution test
FAIL: libmudflap.c/pass34-frag.c execution test
FAIL: libmudflap.c/pass35-frag.c execution test
FAIL: libmudflap.c/pass35-frag.c execution test
FAIL: libmudflap.c/pass36-frag.c execution test
FAIL: libmudflap.c/pass36-frag.c output pattern test
FAIL: libmudflap.c/pass36-frag.c execution test
FAIL: libmudflap.c/pass36-frag.c output pattern test
FAIL: libmudflap.c/pass38-frag.c execution test
FAIL: libmudflap.c/pass38-frag.c execution test
FAIL: libmudflap.c/pass4-frag.c execution test
FAIL: libmudflap.c/pass4-frag.c execution test
FAIL: libmudflap.c/pass42-frag.c execution test
FAIL: libmudflap.c/pass42-frag.c output pattern test
FAIL: libmudflap.c/pass42-frag.c execution test
FAIL: libmudflap.c/pass42-frag.c output pattern test
FAIL: libmudflap.c/pass43-frag.c execution test
FAIL: libmudflap.c/pass43-frag.c execution test
FAIL: libmudflap.c/pass44-frag.c execution test
FAIL: libmudflap.c/pass44-frag.c execution test
FAIL: libmudflap.c/pass45-frag.c execution test
FAIL: libmudflap.c/pass45-frag.c output pattern test
FAIL: libmudflap.c/pass45-frag.c execution test
FAIL: libmudflap.c/pass45-frag.c output pattern test
FAIL: libmudflap.c/pass46-frag.c execution test
FAIL: libmudflap.c/pass46-frag.c execution test
FAIL: libmudflap.c/pass47-frag.c execution test
FAIL: libmudflap.c/pass47-frag.c execution test
FAIL: libmudflap.c/pass48-frag.c execution test
FAIL: libmudflap.c/pass48-frag.c execution test
FAIL: libmudflap.c/pass49-frag.c execution test
FAIL: libmudflap.c/pass49-frag.c output pattern test
FAIL: libmudflap.c/pass49-frag.c execution test
FAIL: libmudflap.c/pass49-frag.c output pattern test
FAIL: libmudflap.c/pass5-frag.c execution test
FAIL: libmudflap.c/pass5-frag.c execution test
FAIL: libmudflap.c/pass50-frag.c execution test
FAIL: libmudflap.c/pass50-frag.c execution test
FAIL: libmudflap.c/pass51-frag.c execution test
FAIL: libmudflap.c/pass51-frag.c execution test
FAIL: libmudflap.c/pass52-frag.c execution test
FAIL: libmudflap.c/pass52-frag.c execution test
FAIL: libmudflap.c/pass53-frag.c execution test
FAIL: libmudflap.c/pass53-frag.c execution test
FAIL: libmudflap.c/pass54-frag.c execution test
FAIL: libmudflap.c/pass54-frag.c execution test
FAIL: libmudflap.c/pass56-frag.c execution test
FAIL: libmudflap.c/pass56-frag.c execution test
FAIL: libmudflap.c/pass6-frag.c execution test
FAIL: libmudflap.c/pass6-frag.c execution test
FAIL: libmudflap.c/pass7-frag.c execution test
FAIL: libmudflap.c/pass7-frag.c execution test
FAIL: libmudflap.c/pass8-frag.c execution test
FAIL: libmudflap.c/pass8-frag.c execution test
FAIL: libmudflap.c/pass9-frag.c execution test
FAIL: libmudflap.c/pass9-frag.c execution test
FAIL: libmudflap.c/fail1-frag.c (-static) output pattern test
FAIL: libmudflap.c/fail10-frag.c (-static) output pattern test
FAIL: libmudflap.c/fail11-frag.c (-static) output pattern test
FAIL: libmudflap.c/fail12-frag.c (-static) output pattern test
FAIL: libmudflap.c/fail13-frag.c (-static) output pattern test
FAIL: libmudflap.c/fail14-frag.c (-static) output pattern test
FAIL: libmudflap.c/fail15-frag.c (-static) output pattern test
FAIL: libmudflap.c/fail16-frag.c (-static) output pattern test
FAIL: libmudflap.c/fail17-frag.c (-static) output pattern test
FAIL: libmudflap.c/fail18-frag.c (-static) output pattern test
FAIL: libmudflap.c/fail19-frag.c (-static) output pattern test
FAIL: libmudflap.c/fail2-frag.c (-static) output pattern test
FAIL: libmudflap.c/fail20-frag.c (-static) output pattern test
FAIL: libmudflap.c/fail21-frag.c (-static) output pattern test
FAIL: libmudflap.c/fail22-frag.c (-static) output pattern test
FAIL: libmudflap.c/fail23-frag.c (-static) output pattern test
FAIL: libmudflap.c/fail25-frag.c (-static) output pattern test
FAIL: libmudflap.c/fail26-frag.c (-static) output pattern test
FAIL: libmudflap.c/fail27-frag.c (-static) output pattern test
FAIL: libmudflap.c/fail28-frag.c (-static) output pattern test
FAIL: libmudflap.c/fail29-frag.c (-static) output pattern test
FAIL: libmudflap.c/fail3-frag.c (-static) output pattern test
FAIL: libmudflap.c/fail30-frag.c (-static) output pattern test
FAIL: libmudflap.c/fail31-frag.c (-static) output pattern test
FAIL: libmudflap.c/fail32-frag.c (-static) output pattern test
FAIL: libmudflap.c/fail33-frag.c (-static) output pattern test
FAIL: libmudflap.c/fail34-frag.c (-static) output pattern test
FAIL: libmudflap.c/fail35-frag.c (-static) output pattern test
FAIL: libmudflap.c/fail36-frag.c (-static) output pattern test
FAIL: libmudflap.c/fail37-frag.c (-static) output pattern test
FAIL: libmudflap.c/fail38-frag.c (-static) output pattern test
FAIL: libmudflap.c/fail39-frag.c (-static) output pattern test
FAIL: libmudflap.c/fail4-frag.c (-static) output pattern test
FAIL: libmudflap.c/fail40-frag.c (-static) output pattern test
FAIL: libmudflap.c/fail5-frag.c (-static) output pattern test
FAIL: libmudflap.c/fail6-frag.c (-static) output pattern test
FAIL: libmudflap.c/fail7-frag.c (-static) output pattern test
FAIL: libmudflap.c/fail8-frag.c (-static) output pattern test
FAIL: libmudflap.c/fail9-frag.c (-static) output pattern test
FAIL: libmudflap.c/heap-scalestress.c (-static) execution test
FAIL: libmudflap.c/heap-scalestress.c (-static) output pattern test
FAIL: libmudflap.c/hook-allocstuff.c (-static) execution test
FAIL: libmudflap.c/hook-allocstuff.c (-static) output pattern test
FAIL: libmudflap.c/hook2-allocstuff.c (-static) execution test
FAIL: libmudflap.c/pass-stratcliff.c (-static) execution test
FAIL: libmudflap.c/pass1-frag.c (-static) execution test
FAIL: libmudflap.c/pass1-frag.c (-static) execution test
FAIL: libmudflap.c/pass10-frag.c (-static) execution test
FAIL: libmudflap.c/pass10-frag.c (-static) execution test
FAIL: libmudflap.c/pass11-frag.c (-static) execution test
FAIL: libmudflap.c/pass11-frag.c (-static) execution test
FAIL: libmudflap.c/pass12-frag.c (-static) execution test
FAIL: libmudflap.c/pass12-frag.c (-static) execution test
FAIL: libmudflap.c/pass13-frag.c (-static) execution test
FAIL: libmudflap.c/pass13-frag.c (-static) execution test
FAIL: libmudflap.c/pass14-frag.c (-static) execution test
FAIL: libmudflap.c/pass14-frag.c (-static) execution test
FAIL: libmudflap.c/pass15-frag.c (-static) execution test
FAIL: libmudflap.c/pass15-frag.c (-static) execution test
FAIL: libmudflap.c/pass16-frag.c (-static) execution test
FAIL: libmudflap.c/pass16-frag.c (-static) execution test
FAIL: libmudflap.c/pass17-frag.c (-static) execution test
FAIL: libmudflap.c/pass17-frag.c (-static) execution test
FAIL: libmudflap.c/pass18-frag.c (-static) execution test
FAIL: libmudflap.c/pass18-frag.c (-static) execution test
FAIL: libmudflap.c/pass19-frag.c (-static) execution test
FAIL: libmudflap.c/pass19-frag.c (-static) execution test
FAIL: libmudflap.c/pass2-frag.c (-static) execution test
FAIL: libmudflap.c/pass2-frag.c (-static) execution test
FAIL: libmudflap.c/pass20-frag.c (-static) execution test
FAIL: libmudflap.c/pass20-frag.c (-static) execution test
FAIL: libmudflap.c/pass21-frag.c (-static) execution test
FAIL: libmudflap.c/pass21-frag.c (-static) execution test
FAIL: libmudflap.c/pass22-frag.c (-static) execution test
FAIL: libmudflap.c/pass22-frag.c (-static) execution test
FAIL: libmudflap.c/pass23-frag.c (-static) execution test
FAIL: libmudflap.c/pass23-frag.c (-static) execution test
FAIL: libmudflap.c/pass24-frag.c (-static) execution test
FAIL: libmudflap.c/pass24-frag.c (-static) execution test
FAIL: libmudflap.c/pass25-frag.c (-static) execution test
FAIL: libmudflap.c/pass25-frag.c (-static) execution test
FAIL: libmudflap.c/pass26-frag.c (-static) execution test
FAIL: libmudflap.c/pass26-frag.c (-static) execution test
FAIL: libmudflap.c/pass29-frag.c (-static) execution test
FAIL: libmudflap.c/pass29-frag.c (-static) execution test
FAIL: libmudflap.c/pass3-frag.c (-static) execution test
FAIL: libmudflap.c/pass3-frag.c (-static) execution test
FAIL: libmudflap.c/pass30-frag.c (-static) execution test
FAIL: libmudflap.c/pass30-frag.c (-static) execution test
FAIL: libmudflap.c/pass32-frag.c (-static) execution test
FAIL: libmudflap.c/pass32-frag.c (-static) execution test
FAIL: libmudflap.c/pass33-frag.c (-static) execution test
FAIL: libmudflap.c/pass33-frag.c (-static) execution test
FAIL: libmudflap.c/pass34-frag.c (-static) execution test
FAIL: libmudflap.c/pass34-frag.c (-static) execution test
FAIL: libmudflap.c/pass35-frag.c (-static) execution test
FAIL: libmudflap.c/pass35-frag.c (-static) execution test
FAIL: libmudflap.c/pass36-frag.c (-static) execution test
FAIL: libmudflap.c/pass36-frag.c (-static) output pattern test
FAIL: libmudflap.c/pass36-frag.c (-static) execution test
FAIL: libmudflap.c/pass36-frag.c (-static) output pattern test
FAIL: libmudflap.c/pass38-frag.c (-static) execution test
FAIL: libmudflap.c/pass38-frag.c (-static) execution test
FAIL: libmudflap.c/pass4-frag.c (-static) execution test
FAIL: libmudflap.c/pass4-frag.c (-static) execution test
FAIL: libmudflap.c/pass42-frag.c (-static) execution test
FAIL: libmudflap.c/pass42-frag.c (-static) output pattern test
FAIL: libmudflap.c/pass42-frag.c (-static) execution test
FAIL: libmudflap.c/pass42-frag.c (-static) output pattern test
FAIL: libmudflap.c/pass43-frag.c (-static) execution test
FAIL: libmudflap.c/pass43-frag.c (-static) execution test
FAIL: libmudflap.c/pass44-frag.c (-static) execution test
FAIL: libmudflap.c/pass44-frag.c (-static) execution test
FAIL: libmudflap.c/pass45-frag.c (-static) execution test
FAIL: libmudflap.c/pass45-frag.c (-static) output pattern test
FAIL: libmudflap.c/pass45-frag.c (-static) execution test
FAIL: libmudflap.c/pass45-frag.c (-static) output pattern test
FAIL: libmudflap.c/pass46-frag.c (-static) execution test
FAIL: libmudflap.c/pass46-frag.c (-static) execution test
FAIL: libmudflap.c/pass47-frag.c (-static) execution test
FAIL: libmudflap.c/pass47-frag.c (-static) execution test
FAIL: libmudflap.c/pass48-frag.c (-static) execution test
FAIL: libmudflap.c/pass48-frag.c (-static) execution test
FAIL: libmudflap.c/pass49-frag.c (-static) execution test
FAIL: libmudflap.c/pass49-frag.c (-static) output pattern test
FAIL: libmudflap.c/pass49-frag.c (-static) execution test
FAIL: libmudflap.c/pass49-frag.c (-static) output pattern test
FAIL: libmudflap.c/pass5-frag.c (-static) execution test
FAIL: libmudflap.c/pass5-frag.c (-static) execution test
FAIL: libmudflap.c/pass50-frag.c (-static) execution test
FAIL: libmudflap.c/pass50-frag.c (-static) execution test
FAIL: libmudflap.c/pass51-frag.c (-static) execution test
FAIL: libmudflap.c/pass51-frag.c (-static) execution test
FAIL: libmudflap.c/pass52-frag.c (-static) execution test
FAIL: libmudflap.c/pass52-frag.c (-static) execution test
FAIL: libmudflap.c/pass53-frag.c (-static) execution test
FAIL: libmudflap.c/pass53-frag.c (-static) execution test
FAIL: libmudflap.c/pass54-frag.c (-static) execution test
FAIL: libmudflap.c/pass54-frag.c (-static) execution test
FAIL: libmudflap.c/pass56-frag.c (-static) execution test
FAIL: libmudflap.c/pass56-frag.c (-static) execution test
FAIL: libmudflap.c/pass6-frag.c (-static) execution test
FAIL: libmudflap.c/pass6-frag.c (-static) execution test
FAIL: libmudflap.c/pass7-frag.c (-static) execution test
FAIL: libmudflap.c/pass7-frag.c (-static) execution test
FAIL: libmudflap.c/pass8-frag.c (-static) execution test
FAIL: libmudflap.c/pass8-frag.c (-static) execution test
FAIL: libmudflap.c/pass9-frag.c (-static) execution test
FAIL: libmudflap.c/pass9-frag.c (-static) execution test
FAIL: libmudflap.c/fail1-frag.c (-O2) output pattern test
FAIL: libmudflap.c/fail10-frag.c (-O2) output pattern test
FAIL: libmudflap.c/fail11-frag.c (-O2) output pattern test
FAIL: libmudflap.c/fail12-frag.c (-O2) output pattern test
FAIL: libmudflap.c/fail13-frag.c (-O2) output pattern test
FAIL: libmudflap.c/fail14-frag.c (-O2) output pattern test
FAIL: libmudflap.c/fail15-frag.c (-O2) output pattern test
FAIL: libmudflap.c/fail16-frag.c (-O2) output pattern test
FAIL: libmudflap.c/fail17-frag.c (-O2) output pattern test
FAIL: libmudflap.c/fail18-frag.c (-O2) output pattern test
FAIL: libmudflap.c/fail19-frag.c (-O2) output pattern test
FAIL: libmudflap.c/fail2-frag.c (-O2) output pattern test
FAIL: libmudflap.c/fail20-frag.c (-O2) output pattern test
FAIL: libmudflap.c/fail21-frag.c (-O2) output pattern test
FAIL: libmudflap.c/fail22-frag.c (-O2) output pattern test
FAIL: libmudflap.c/fail23-frag.c (-O2) output pattern test
FAIL: libmudflap.c/fail25-frag.c (-O2) output pattern test
FAIL: libmudflap.c/fail26-frag.c (-O2) output pattern test
FAIL: libmudflap.c/fail27-frag.c (-O2) output pattern test
FAIL: libmudflap.c/fail28-frag.c (-O2) output pattern test
FAIL: libmudflap.c/fail29-frag.c (-O2) output pattern test
FAIL: libmudflap.c/fail3-frag.c (-O2) output pattern test
FAIL: libmudflap.c/fail30-frag.c (-O2) output pattern test
FAIL: libmudflap.c/fail31-frag.c (-O2) output pattern test
FAIL: libmudflap.c/fail32-frag.c (-O2) output pattern test
FAIL: libmudflap.c/fail33-frag.c (-O2) output pattern test
FAIL: libmudflap.c/fail34-frag.c (-O2) output pattern test
FAIL: libmudflap.c/fail35-frag.c (-O2) output pattern test
FAIL: libmudflap.c/fail36-frag.c (-O2) output pattern test
FAIL: libmudflap.c/fail37-frag.c (-O2) output pattern test
FAIL: libmudflap.c/fail38-frag.c (-O2) output pattern test
FAIL: libmudflap.c/fail39-frag.c (-O2) output pattern test
FAIL: libmudflap.c/fail4-frag.c (-O2) output pattern test
FAIL: libmudflap.c/fail40-frag.c (-O2) output pattern test
FAIL: libmudflap.c/fail5-frag.c (-O2) output pattern test
FAIL: libmudflap.c/fail6-frag.c (-O2) output pattern test
FAIL: libmudflap.c/fail7-frag.c (-O2) output pattern test
FAIL: libmudflap.c/fail8-frag.c (-O2) output pattern test
FAIL: libmudflap.c/fail9-frag.c (-O2) output pattern test
FAIL: libmudflap.c/heap-scalestress.c (-O2) execution test
FAIL: libmudflap.c/heap-scalestress.c (-O2) output pattern test
FAIL: libmudflap.c/hook-allocstuff.c (-O2) execution test
FAIL: libmudflap.c/hook-allocstuff.c (-O2) output pattern test
FAIL: libmudflap.c/hook2-allocstuff.c (-O2) execution test
FAIL: libmudflap.c/pass-stratcliff.c (-O2) execution test
FAIL: libmudflap.c/pass1-frag.c (-O2) execution test
FAIL: libmudflap.c/pass1-frag.c (-O2) execution test
FAIL: libmudflap.c/pass10-frag.c (-O2) execution test
FAIL: libmudflap.c/pass10-frag.c (-O2) execution test
FAIL: libmudflap.c/pass11-frag.c (-O2) execution test
FAIL: libmudflap.c/pass11-frag.c (-O2) execution test
FAIL: libmudflap.c/pass12-frag.c (-O2) execution test
FAIL: libmudflap.c/pass12-frag.c (-O2) execution test
FAIL: libmudflap.c/pass13-frag.c (-O2) execution test
FAIL: libmudflap.c/pass13-frag.c (-O2) execution test
FAIL: libmudflap.c/pass14-frag.c (-O2) execution test
FAIL: libmudflap.c/pass14-frag.c (-O2) execution test
FAIL: libmudflap.c/pass15-frag.c (-O2) execution test
FAIL: libmudflap.c/pass15-frag.c (-O2) execution test
FAIL: libmudflap.c/pass16-frag.c (-O2) execution test
FAIL: libmudflap.c/pass16-frag.c (-O2) execution test
FAIL: libmudflap.c/pass17-frag.c (-O2) execution test
FAIL: libmudflap.c/pass17-frag.c (-O2) execution test
FAIL: libmudflap.c/pass18-frag.c (-O2) execution test
FAIL: libmudflap.c/pass18-frag.c (-O2) execution test
FAIL: libmudflap.c/pass19-frag.c (-O2) execution test
FAIL: libmudflap.c/pass19-frag.c (-O2) execution test
FAIL: libmudflap.c/pass2-frag.c (-O2) execution test
FAIL: libmudflap.c/pass2-frag.c (-O2) execution test
FAIL: libmudflap.c/pass20-frag.c (-O2) execution test
FAIL: libmudflap.c/pass20-frag.c (-O2) execution test
FAIL: libmudflap.c/pass21-frag.c (-O2) execution test
FAIL: libmudflap.c/pass21-frag.c (-O2) execution test
FAIL: libmudflap.c/pass22-frag.c (-O2) execution test
FAIL: libmudflap.c/pass22-frag.c (-O2) execution test
FAIL: libmudflap.c/pass23-frag.c (-O2) execution test
FAIL: libmudflap.c/pass23-frag.c (-O2) execution test
FAIL: libmudflap.c/pass24-frag.c (-O2) execution test
FAIL: libmudflap.c/pass24-frag.c (-O2) execution test
FAIL: libmudflap.c/pass25-frag.c (-O2) execution test
FAIL: libmudflap.c/pass25-frag.c (-O2) execution test
FAIL: libmudflap.c/pass26-frag.c (-O2) execution test
FAIL: libmudflap.c/pass26-frag.c (-O2) execution test
FAIL: libmudflap.c/pass29-frag.c (-O2) execution test
FAIL: libmudflap.c/pass29-frag.c (-O2) execution test
FAIL: libmudflap.c/pass3-frag.c (-O2) execution test
FAIL: libmudflap.c/pass3-frag.c (-O2) execution test
FAIL: libmudflap.c/pass30-frag.c (-O2) execution test
FAIL: libmudflap.c/pass30-frag.c (-O2) execution test
FAIL: libmudflap.c/pass32-frag.c (-O2) execution test
FAIL: libmudflap.c/pass32-frag.c (-O2) execution test
FAIL: libmudflap.c/pass33-frag.c (-O2) execution test
FAIL: libmudflap.c/pass33-frag.c (-O2) execution test
FAIL: libmudflap.c/pass34-frag.c (-O2) execution test
FAIL: libmudflap.c/pass34-frag.c (-O2) execution test
FAIL: libmudflap.c/pass35-frag.c (-O2) execution test
FAIL: libmudflap.c/pass35-frag.c (-O2) execution test
FAIL: libmudflap.c/pass36-frag.c (-O2) execution test
FAIL: libmudflap.c/pass36-frag.c (-O2) output pattern test
FAIL: libmudflap.c/pass36-frag.c (-O2) execution test
FAIL: libmudflap.c/pass36-frag.c (-O2) output pattern test
FAIL: libmudflap.c/pass38-frag.c (-O2) execution test
FAIL: libmudflap.c/pass38-frag.c (-O2) execution test
FAIL: libmudflap.c/pass4-frag.c (-O2) execution test
FAIL: libmudflap.c/pass4-frag.c (-O2) execution test
FAIL: libmudflap.c/pass42-frag.c (-O2) execution test
FAIL: libmudflap.c/pass42-frag.c (-O2) output pattern test
FAIL: libmudflap.c/pass42-frag.c (-O2) execution test
FAIL: libmudflap.c/pass42-frag.c (-O2) output pattern test
FAIL: libmudflap.c/pass43-frag.c (-O2) execution test
FAIL: libmudflap.c/pass43-frag.c (-O2) execution test
FAIL: libmudflap.c/pass44-frag.c (-O2) execution test
FAIL: libmudflap.c/pass44-frag.c (-O2) execution test
FAIL: libmudflap.c/pass45-frag.c (-O2) execution test
FAIL: libmudflap.c/pass45-frag.c (-O2) output pattern test
FAIL: libmudflap.c/pass45-frag.c (-O2) execution test
FAIL: libmudflap.c/pass45-frag.c (-O2) output pattern test
FAIL: libmudflap.c/pass46-frag.c (-O2) execution test
FAIL: libmudflap.c/pass46-frag.c (-O2) execution test
FAIL: libmudflap.c/pass47-frag.c (-O2) execution test
FAIL: libmudflap.c/pass47-frag.c (-O2) execution test
FAIL: libmudflap.c/pass48-frag.c (-O2) execution test
FAIL: libmudflap.c/pass48-frag.c (-O2) execution test
FAIL: libmudflap.c/pass49-frag.c (-O2) execution test
FAIL: libmudflap.c/pass49-frag.c (-O2) output pattern test
FAIL: libmudflap.c/pass49-frag.c (-O2) execution test
FAIL: libmudflap.c/pass49-frag.c (-O2) output pattern test
FAIL: libmudflap.c/pass5-frag.c (-O2) execution test
FAIL: libmudflap.c/pass5-frag.c (-O2) execution test
FAIL: libmudflap.c/pass50-frag.c (-O2) execution test
FAIL: libmudflap.c/pass50-frag.c (-O2) execution test
FAIL: libmudflap.c/pass51-frag.c (-O2) execution test
FAIL: libmudflap.c/pass51-frag.c (-O2) execution test
FAIL: libmudflap.c/pass52-frag.c (-O2) execution test
FAIL: libmudflap.c/pass52-frag.c (-O2) execution test
FAIL: libmudflap.c/pass53-frag.c (-O2) execution test
FAIL: libmudflap.c/pass53-frag.c (-O2) execution test
FAIL: libmudflap.c/pass54-frag.c (-O2) execution test
FAIL: libmudflap.c/pass54-frag.c (-O2) execution test
FAIL: libmudflap.c/pass56-frag.c (-O2) execution test
FAIL: libmudflap.c/pass56-frag.c (-O2) execution test
FAIL: libmudflap.c/pass6-frag.c (-O2) execution test
FAIL: libmudflap.c/pass6-frag.c (-O2) execution test
FAIL: libmudflap.c/pass7-frag.c (-O2) execution test
FAIL: libmudflap.c/pass7-frag.c (-O2) execution test
FAIL: libmudflap.c/pass8-frag.c (-O2) execution test
FAIL: libmudflap.c/pass8-frag.c (-O2) execution test
FAIL: libmudflap.c/pass9-frag.c (-O2) execution test
FAIL: libmudflap.c/pass9-frag.c (-O2) execution test
FAIL: libmudflap.c/fail1-frag.c (-O3) output pattern test
FAIL: libmudflap.c/fail10-frag.c (-O3) output pattern test
FAIL: libmudflap.c/fail11-frag.c (-O3) output pattern test
FAIL: libmudflap.c/fail12-frag.c (-O3) output pattern test
FAIL: libmudflap.c/fail13-frag.c (-O3) output pattern test
FAIL: libmudflap.c/fail14-frag.c (-O3) output pattern test
FAIL: libmudflap.c/fail15-frag.c (-O3) output pattern test
FAIL: libmudflap.c/fail16-frag.c (-O3) output pattern test
FAIL: libmudflap.c/fail17-frag.c (-O3) output pattern test
FAIL: libmudflap.c/fail18-frag.c (-O3) output pattern test
FAIL: libmudflap.c/fail19-frag.c (-O3) output pattern test
FAIL: libmudflap.c/fail2-frag.c (-O3) output pattern test
FAIL: libmudflap.c/fail20-frag.c (-O3) output pattern test
FAIL: libmudflap.c/fail21-frag.c (-O3) output pattern test
FAIL: libmudflap.c/fail22-frag.c (-O3) output pattern test
FAIL: libmudflap.c/fail23-frag.c (-O3) output pattern test
FAIL: libmudflap.c/fail25-frag.c (-O3) output pattern test
FAIL: libmudflap.c/fail26-frag.c (-O3) output pattern test
FAIL: libmudflap.c/fail27-frag.c (-O3) output pattern test
FAIL: libmudflap.c/fail28-frag.c (-O3) output pattern test
FAIL: libmudflap.c/fail29-frag.c (-O3) output pattern test
FAIL: libmudflap.c/fail3-frag.c (-O3) output pattern test
FAIL: libmudflap.c/fail30-frag.c (-O3) output pattern test
FAIL: libmudflap.c/fail31-frag.c (-O3) output pattern test
FAIL: libmudflap.c/fail32-frag.c (-O3) output pattern test
FAIL: libmudflap.c/fail33-frag.c (-O3) output pattern test
FAIL: libmudflap.c/fail34-frag.c (-O3) output pattern test
FAIL: libmudflap.c/fail35-frag.c (-O3) output pattern test
FAIL: libmudflap.c/fail36-frag.c (-O3) output pattern test
FAIL: libmudflap.c/fail37-frag.c (-O3) output pattern test
FAIL: libmudflap.c/fail38-frag.c (-O3) output pattern test
FAIL: libmudflap.c/fail39-frag.c (-O3) output pattern test
FAIL: libmudflap.c/fail4-frag.c (-O3) output pattern test
FAIL: libmudflap.c/fail40-frag.c (-O3) output pattern test
FAIL: libmudflap.c/fail5-frag.c (-O3) output pattern test
FAIL: libmudflap.c/fail6-frag.c (-O3) output pattern test
FAIL: libmudflap.c/fail7-frag.c (-O3) output pattern test
FAIL: libmudflap.c/fail8-frag.c (-O3) output pattern test
FAIL: libmudflap.c/fail9-frag.c (-O3) output pattern test
FAIL: libmudflap.c/heap-scalestress.c (-O3) execution test
FAIL: libmudflap.c/heap-scalestress.c (-O3) output pattern test
FAIL: libmudflap.c/hook-allocstuff.c (-O3) execution test
FAIL: libmudflap.c/hook-allocstuff.c (-O3) output pattern test
FAIL: libmudflap.c/hook2-allocstuff.c (-O3) execution test
FAIL: libmudflap.c/pass-stratcliff.c (-O3) execution test
FAIL: libmudflap.c/pass1-frag.c (-O3) execution test
FAIL: libmudflap.c/pass1-frag.c (-O3) execution test
FAIL: libmudflap.c/pass10-frag.c (-O3) execution test
FAIL: libmudflap.c/pass10-frag.c (-O3) execution test
FAIL: libmudflap.c/pass11-frag.c (-O3) execution test
FAIL: libmudflap.c/pass11-frag.c (-O3) execution test
FAIL: libmudflap.c/pass12-frag.c (-O3) execution test
FAIL: libmudflap.c/pass12-frag.c (-O3) execution test
FAIL: libmudflap.c/pass13-frag.c (-O3) execution test
FAIL: libmudflap.c/pass13-frag.c (-O3) execution test
FAIL: libmudflap.c/pass14-frag.c (-O3) execution test
FAIL: libmudflap.c/pass14-frag.c (-O3) execution test
FAIL: libmudflap.c/pass15-frag.c (-O3) execution test
FAIL: libmudflap.c/pass15-frag.c (-O3) execution test
FAIL: libmudflap.c/pass16-frag.c (-O3) execution test
FAIL: libmudflap.c/pass16-frag.c (-O3) execution test
FAIL: libmudflap.c/pass17-frag.c (-O3) execution test
FAIL: libmudflap.c/pass17-frag.c (-O3) execution test
FAIL: libmudflap.c/pass18-frag.c (-O3) execution test
FAIL: libmudflap.c/pass18-frag.c (-O3) execution test
FAIL: libmudflap.c/pass19-frag.c (-O3) execution test
FAIL: libmudflap.c/pass19-frag.c (-O3) execution test
FAIL: libmudflap.c/pass2-frag.c (-O3) execution test
FAIL: libmudflap.c/pass2-frag.c (-O3) execution test
FAIL: libmudflap.c/pass20-frag.c (-O3) execution test
FAIL: libmudflap.c/pass20-frag.c (-O3) execution test
FAIL: libmudflap.c/pass21-frag.c (-O3) execution test
FAIL: libmudflap.c/pass21-frag.c (-O3) execution test
FAIL: libmudflap.c/pass22-frag.c (-O3) execution test
FAIL: libmudflap.c/pass22-frag.c (-O3) execution test
FAIL: libmudflap.c/pass23-frag.c (-O3) execution test
FAIL: libmudflap.c/pass23-frag.c (-O3) execution test
FAIL: libmudflap.c/pass24-frag.c (-O3) execution test
FAIL: libmudflap.c/pass24-frag.c (-O3) execution test
FAIL: libmudflap.c/pass25-frag.c (-O3) execution test
FAIL: libmudflap.c/pass25-frag.c (-O3) execution test
FAIL: libmudflap.c/pass26-frag.c (-O3) execution test
FAIL: libmudflap.c/pass26-frag.c (-O3) execution test
FAIL: libmudflap.c/pass29-frag.c (-O3) execution test
FAIL: libmudflap.c/pass29-frag.c (-O3) execution test
FAIL: libmudflap.c/pass3-frag.c (-O3) execution test
FAIL: libmudflap.c/pass3-frag.c (-O3) execution test
FAIL: libmudflap.c/pass30-frag.c (-O3) execution test
FAIL: libmudflap.c/pass30-frag.c (-O3) execution test
FAIL: libmudflap.c/pass32-frag.c (-O3) execution test
FAIL: libmudflap.c/pass32-frag.c (-O3) execution test
FAIL: libmudflap.c/pass33-frag.c (-O3) execution test
FAIL: libmudflap.c/pass33-frag.c (-O3) execution test
FAIL: libmudflap.c/pass34-frag.c (-O3) execution test
FAIL: libmudflap.c/pass34-frag.c (-O3) execution test
FAIL: libmudflap.c/pass35-frag.c (-O3) execution test
FAIL: libmudflap.c/pass35-frag.c (-O3) execution test
FAIL: libmudflap.c/pass36-frag.c (-O3) execution test
FAIL: libmudflap.c/pass36-frag.c (-O3) output pattern test
FAIL: libmudflap.c/pass36-frag.c (-O3) execution test
FAIL: libmudflap.c/pass36-frag.c (-O3) output pattern test
FAIL: libmudflap.c/pass38-frag.c (-O3) execution test
FAIL: libmudflap.c/pass38-frag.c (-O3) execution test
FAIL: libmudflap.c/pass4-frag.c (-O3) execution test
FAIL: libmudflap.c/pass4-frag.c (-O3) execution test
FAIL: libmudflap.c/pass42-frag.c (-O3) execution test
FAIL: libmudflap.c/pass42-frag.c (-O3) output pattern test
FAIL: libmudflap.c/pass42-frag.c (-O3) execution test
FAIL: libmudflap.c/pass42-frag.c (-O3) output pattern test
FAIL: libmudflap.c/pass43-frag.c (-O3) execution test
FAIL: libmudflap.c/pass43-frag.c (-O3) execution test
FAIL: libmudflap.c/pass44-frag.c (-O3) execution test
FAIL: libmudflap.c/pass44-frag.c (-O3) execution test
FAIL: libmudflap.c/pass45-frag.c (-O3) execution test
FAIL: libmudflap.c/pass45-frag.c (-O3) output pattern test
FAIL: libmudflap.c/pass45-frag.c (-O3) execution test
FAIL: libmudflap.c/pass45-frag.c (-O3) output pattern test
FAIL: libmudflap.c/pass46-frag.c (-O3) execution test
FAIL: libmudflap.c/pass46-frag.c (-O3) execution test
FAIL: libmudflap.c/pass47-frag.c (-O3) execution test
FAIL: libmudflap.c/pass47-frag.c (-O3) execution test
FAIL: libmudflap.c/pass48-frag.c (-O3) execution test
FAIL: libmudflap.c/pass48-frag.c (-O3) execution test
FAIL: libmudflap.c/pass49-frag.c (-O3) execution test
FAIL: libmudflap.c/pass49-frag.c (-O3) output pattern test
FAIL: libmudflap.c/pass49-frag.c (-O3) execution test
FAIL: libmudflap.c/pass49-frag.c (-O3) output pattern test
FAIL: libmudflap.c/pass5-frag.c (-O3) execution test
FAIL: libmudflap.c/pass5-frag.c (-O3) execution test
FAIL: libmudflap.c/pass50-frag.c (-O3) execution test
FAIL: libmudflap.c/pass50-frag.c (-O3) execution test
FAIL: libmudflap.c/pass51-frag.c (-O3) execution test
FAIL: libmudflap.c/pass51-frag.c (-O3) execution test
FAIL: libmudflap.c/pass52-frag.c (-O3) execution test
FAIL: libmudflap.c/pass52-frag.c (-O3) execution test
FAIL: libmudflap.c/pass53-frag.c (-O3) execution test
FAIL: libmudflap.c/pass53-frag.c (-O3) execution test
FAIL: libmudflap.c/pass54-frag.c (-O3) execution test
FAIL: libmudflap.c/pass54-frag.c (-O3) execution test
FAIL: libmudflap.c/pass56-frag.c (-O3) execution test
FAIL: libmudflap.c/pass56-frag.c (-O3) execution test
FAIL: libmudflap.c/pass6-frag.c (-O3) execution test
FAIL: libmudflap.c/pass6-frag.c (-O3) execution test
FAIL: libmudflap.c/pass7-frag.c (-O3) execution test
FAIL: libmudflap.c/pass7-frag.c (-O3) execution test
FAIL: libmudflap.c/pass8-frag.c (-O3) execution test
FAIL: libmudflap.c/pass8-frag.c (-O3) execution test
FAIL: libmudflap.c/pass9-frag.c (-O3) execution test
FAIL: libmudflap.c/pass9-frag.c (-O3) execution test
FAIL: externs-12 execution
FAIL: externs-21 execution
FAIL: externs-12 execution -static
FAIL: externs-21 execution -static
FAIL: externs-12 execution -O2
FAIL: externs-21 execution -O2
FAIL: externs-12 execution -O3
FAIL: externs-21 execution -O3
FAIL: libmudflap.c++/fail24-frag.cxx output pattern test
FAIL: libmudflap.c++/pass27-frag.cxx execution test
FAIL: libmudflap.c++/pass28-frag.cxx execution test
FAIL: libmudflap.c++/pass31-frag.cxx execution test
FAIL: libmudflap.c++/pass41-frag.cxx execution test
FAIL: libmudflap.c++/pass55-frag.cxx execution test
FAIL: libmudflap.c++/pass57-frag.cxx execution test
FAIL: libmudflap.c++/pass58-frag.cxx execution test
FAIL: libmudflap.c++/fail24-frag.cxx ( -O) output pattern test
FAIL: libmudflap.c++/pass27-frag.cxx ( -O) execution test
FAIL: libmudflap.c++/pass28-frag.cxx ( -O) execution test
FAIL: libmudflap.c++/pass31-frag.cxx ( -O) execution test
FAIL: libmudflap.c++/pass41-frag.cxx ( -O) execution test
FAIL: libmudflap.c++/pass55-frag.cxx ( -O) execution test
FAIL: libmudflap.c++/pass57-frag.cxx ( -O) execution test
FAIL: libmudflap.c++/pass58-frag.cxx ( -O) execution test
FAIL: libmudflap.c++/fail24-frag.cxx (-O2) output pattern test
FAIL: libmudflap.c++/pass27-frag.cxx (-O2) execution test
FAIL: libmudflap.c++/pass28-frag.cxx (-O2) execution test
FAIL: libmudflap.c++/pass31-frag.cxx (-O2) execution test
FAIL: libmudflap.c++/pass41-frag.cxx (-O2) execution test
FAIL: libmudflap.c++/pass55-frag.cxx (-O2) execution test
FAIL: libmudflap.c++/pass57-frag.cxx (-O2) execution test
FAIL: libmudflap.c++/pass58-frag.cxx (-O2) execution test
FAIL: libmudflap.c++/fail24-frag.cxx (-O3) output pattern test
FAIL: libmudflap.c++/pass27-frag.cxx (-O3) execution test
FAIL: libmudflap.c++/pass28-frag.cxx (-O3) execution test
FAIL: libmudflap.c++/pass31-frag.cxx (-O3) execution test
FAIL: libmudflap.c++/pass41-frag.cxx (-O3) execution test
FAIL: libmudflap.c++/pass55-frag.cxx (-O3) execution test
FAIL: libmudflap.c++/pass57-frag.cxx (-O3) execution test
FAIL: libmudflap.c++/pass58-frag.cxx (-O3) execution test
FAIL: ctors-12 execution
FAIL: ctors-21 execution
FAIL: ctors-12 execution -static
FAIL: ctors-21 execution -static
FAIL: ctors-12 execution -O2
FAIL: ctors-21 execution -O2
FAIL: ctors-12 execution -O3
FAIL: ctors-21 execution -O3
FAIL: libmudflap.cth/pass37-frag.c execution test
FAIL: libmudflap.cth/pass37-frag.c output pattern test
FAIL: libmudflap.cth/pass37-frag.c (rerun 1) execution test
FAIL: libmudflap.cth/pass37-frag.c (rerun 1) output pattern test
FAIL: libmudflap.cth/pass37-frag.c (rerun 2) execution test
FAIL: libmudflap.cth/pass37-frag.c (rerun 2) output pattern test
FAIL: libmudflap.cth/pass37-frag.c (rerun 3) execution test
FAIL: libmudflap.cth/pass37-frag.c (rerun 3) output pattern test
FAIL: libmudflap.cth/pass37-frag.c (rerun 4) execution test
FAIL: libmudflap.cth/pass37-frag.c (rerun 4) output pattern test
FAIL: libmudflap.cth/pass37-frag.c (rerun 5) execution test
FAIL: libmudflap.cth/pass37-frag.c (rerun 5) output pattern test
FAIL: libmudflap.cth/pass37-frag.c (rerun 6) execution test
FAIL: libmudflap.cth/pass37-frag.c (rerun 6) output pattern test
FAIL: libmudflap.cth/pass37-frag.c (rerun 7) execution test
FAIL: libmudflap.cth/pass37-frag.c (rerun 7) output pattern test
FAIL: libmudflap.cth/pass37-frag.c (rerun 8) execution test
FAIL: libmudflap.cth/pass37-frag.c (rerun 8) output pattern test
FAIL: libmudflap.cth/pass37-frag.c (rerun 9) execution test
FAIL: libmudflap.cth/pass37-frag.c (rerun 9) output pattern test
FAIL: libmudflap.cth/pass37-frag.c (rerun 10) execution test
FAIL: libmudflap.cth/pass37-frag.c (rerun 10) output pattern test
FAIL: libmudflap.cth/pass37-frag.c (rerun 11) execution test
FAIL: libmudflap.cth/pass37-frag.c (rerun 11) output pattern test
FAIL: libmudflap.cth/pass37-frag.c (rerun 12) execution test
FAIL: libmudflap.cth/pass37-frag.c (rerun 12) output pattern test
FAIL: libmudflap.cth/pass37-frag.c (rerun 13) execution test
FAIL: libmudflap.cth/pass37-frag.c (rerun 13) output pattern test
FAIL: libmudflap.cth/pass37-frag.c (rerun 14) execution test
FAIL: libmudflap.cth/pass37-frag.c (rerun 14) output pattern test
FAIL: libmudflap.cth/pass37-frag.c (rerun 15) execution test
FAIL: libmudflap.cth/pass37-frag.c (rerun 15) output pattern test
FAIL: libmudflap.cth/pass37-frag.c (rerun 16) execution test
FAIL: libmudflap.cth/pass37-frag.c (rerun 16) output pattern test
FAIL: libmudflap.cth/pass37-frag.c (rerun 17) execution test
FAIL: libmudflap.cth/pass37-frag.c (rerun 17) output pattern test
FAIL: libmudflap.cth/pass37-frag.c (rerun 18) execution test
FAIL: libmudflap.cth/pass37-frag.c (rerun 18) output pattern test
FAIL: libmudflap.cth/pass37-frag.c (rerun 19) execution test
FAIL: libmudflap.cth/pass37-frag.c (rerun 19) output pattern test
FAIL: libmudflap.cth/pass39-frag.c execution test
FAIL: libmudflap.cth/pass39-frag.c output pattern test
FAIL: libmudflap.cth/pass39-frag.c (rerun 1) execution test
FAIL: libmudflap.cth/pass39-frag.c (rerun 1) output pattern test
FAIL: libmudflap.cth/pass39-frag.c (rerun 2) execution test
FAIL: libmudflap.cth/pass39-frag.c (rerun 2) output pattern test
FAIL: libmudflap.cth/pass39-frag.c (rerun 3) execution test
FAIL: libmudflap.cth/pass39-frag.c (rerun 3) output pattern test
FAIL: libmudflap.cth/pass39-frag.c (rerun 4) execution test
FAIL: libmudflap.cth/pass39-frag.c (rerun 4) output pattern test
FAIL: libmudflap.cth/pass39-frag.c (rerun 5) execution test
FAIL: libmudflap.cth/pass39-frag.c (rerun 5) output pattern test
FAIL: libmudflap.cth/pass39-frag.c (rerun 6) execution test
FAIL: libmudflap.cth/pass39-frag.c (rerun 6) output pattern test
FAIL: libmudflap.cth/pass39-frag.c (rerun 7) execution test
FAIL: libmudflap.cth/pass39-frag.c (rerun 7) output pattern test
FAIL: libmudflap.cth/pass39-frag.c (rerun 8) execution test
FAIL: libmudflap.cth/pass39-frag.c (rerun 8) output pattern test
FAIL: libmudflap.cth/pass39-frag.c (rerun 9) execution test
FAIL: libmudflap.cth/pass39-frag.c (rerun 9) output pattern test
FAIL: libmudflap.cth/pass39-frag.c (rerun 10) execution test
FAIL: libmudflap.cth/pass39-frag.c (rerun 10) output pattern test
FAIL: libmudflap.cth/pass39-frag.c (rerun 11) execution test
FAIL: libmudflap.cth/pass39-frag.c (rerun 11) output pattern test
FAIL: libmudflap.cth/pass39-frag.c (rerun 12) execution test
FAIL: libmudflap.cth/pass39-frag.c (rerun 12) output pattern test
FAIL: libmudflap.cth/pass39-frag.c (rerun 13) execution test
FAIL: libmudflap.cth/pass39-frag.c (rerun 13) output pattern test
FAIL: libmudflap.cth/pass39-frag.c (rerun 14) execution test
FAIL: libmudflap.cth/pass39-frag.c (rerun 14) output pattern test
FAIL: libmudflap.cth/pass39-frag.c (rerun 15) execution test
FAIL: libmudflap.cth/pass39-frag.c (rerun 15) output pattern test
FAIL: libmudflap.cth/pass39-frag.c (rerun 16) execution test
FAIL: libmudflap.cth/pass39-frag.c (rerun 16) output pattern test
FAIL: libmudflap.cth/pass39-frag.c (rerun 17) execution test
FAIL: libmudflap.cth/pass39-frag.c (rerun 17) output pattern test
FAIL: libmudflap.cth/pass39-frag.c (rerun 18) execution test
FAIL: libmudflap.cth/pass39-frag.c (rerun 18) output pattern test
FAIL: libmudflap.cth/pass39-frag.c (rerun 19) execution test
FAIL: libmudflap.cth/pass39-frag.c (rerun 19) output pattern test
FAIL: libmudflap.cth/pass40-frag.c execution test
FAIL: libmudflap.cth/pass40-frag.c output pattern test
FAIL: libmudflap.cth/pass37-frag.c (-static -DSTATIC) execution test
FAIL: libmudflap.cth/pass37-frag.c (-static -DSTATIC) output pattern test
FAIL: libmudflap.cth/pass37-frag.c (-static -DSTATIC) (rerun 1) execution test
FAIL: libmudflap.cth/pass37-frag.c (-static -DSTATIC) (rerun 1) output pattern test
FAIL: libmudflap.cth/pass37-frag.c (-static -DSTATIC) (rerun 2) execution test
FAIL: libmudflap.cth/pass37-frag.c (-static -DSTATIC) (rerun 2) output pattern test
FAIL: libmudflap.cth/pass37-frag.c (-static -DSTATIC) (rerun 3) execution test
FAIL: libmudflap.cth/pass37-frag.c (-static -DSTATIC) (rerun 3) output pattern test
FAIL: libmudflap.cth/pass37-frag.c (-static -DSTATIC) (rerun 4) execution test
FAIL: libmudflap.cth/pass37-frag.c (-static -DSTATIC) (rerun 4) output pattern test
FAIL: libmudflap.cth/pass37-frag.c (-static -DSTATIC) (rerun 5) execution test
FAIL: libmudflap.cth/pass37-frag.c (-static -DSTATIC) (rerun 5) output pattern test
FAIL: libmudflap.cth/pass37-frag.c (-static -DSTATIC) (rerun 6) execution test
FAIL: libmudflap.cth/pass37-frag.c (-static -DSTATIC) (rerun 6) output pattern test
FAIL: libmudflap.cth/pass37-frag.c (-static -DSTATIC) (rerun 7) execution test
FAIL: libmudflap.cth/pass37-frag.c (-static -DSTATIC) (rerun 7) output pattern test
FAIL: libmudflap.cth/pass37-frag.c (-static -DSTATIC) (rerun 8) execution test
FAIL: libmudflap.cth/pass37-frag.c (-static -DSTATIC) (rerun 8) output pattern test
FAIL: libmudflap.cth/pass37-frag.c (-static -DSTATIC) (rerun 9) execution test
FAIL: libmudflap.cth/pass37-frag.c (-static -DSTATIC) (rerun 9) output pattern test
FAIL: libmudflap.cth/pass37-frag.c (-static -DSTATIC) (rerun 10) execution test
FAIL: libmudflap.cth/pass37-frag.c (-static -DSTATIC) (rerun 10) output pattern test
FAIL: libmudflap.cth/pass37-frag.c (-static -DSTATIC) (rerun 11) execution test
FAIL: libmudflap.cth/pass37-frag.c (-static -DSTATIC) (rerun 11) output pattern test
FAIL: libmudflap.cth/pass37-frag.c (-static -DSTATIC) (rerun 12) execution test
FAIL: libmudflap.cth/pass37-frag.c (-static -DSTATIC) (rerun 12) output pattern test
FAIL: libmudflap.cth/pass37-frag.c (-static -DSTATIC) (rerun 13) execution test
FAIL: libmudflap.cth/pass37-frag.c (-static -DSTATIC) (rerun 13) output pattern test
FAIL: libmudflap.cth/pass37-frag.c (-static -DSTATIC) (rerun 14) execution test
FAIL: libmudflap.cth/pass37-frag.c (-static -DSTATIC) (rerun 14) output pattern test
FAIL: libmudflap.cth/pass37-frag.c (-static -DSTATIC) (rerun 15) execution test
FAIL: libmudflap.cth/pass37-frag.c (-static -DSTATIC) (rerun 15) output pattern test
FAIL: libmudflap.cth/pass37-frag.c (-static -DSTATIC) (rerun 16) execution test
FAIL: libmudflap.cth/pass37-frag.c (-static -DSTATIC) (rerun 16) output pattern test
FAIL: libmudflap.cth/pass37-frag.c (-static -DSTATIC) (rerun 17) execution test
FAIL: libmudflap.cth/pass37-frag.c (-static -DSTATIC) (rerun 17) output pattern test
FAIL: libmudflap.cth/pass37-frag.c (-static -DSTATIC) (rerun 18) execution test
FAIL: libmudflap.cth/pass37-frag.c (-static -DSTATIC) (rerun 18) output pattern test
FAIL: libmudflap.cth/pass37-frag.c (-static -DSTATIC) (rerun 19) execution test
FAIL: libmudflap.cth/pass37-frag.c (-static -DSTATIC) (rerun 19) output pattern test
FAIL: libmudflap.cth/pass39-frag.c (-static -DSTATIC) execution test
FAIL: libmudflap.cth/pass39-frag.c (-static -DSTATIC) output pattern test
FAIL: libmudflap.cth/pass39-frag.c (-static -DSTATIC) (rerun 1) execution test
FAIL: libmudflap.cth/pass39-frag.c (-static -DSTATIC) (rerun 1) output pattern test
FAIL: libmudflap.cth/pass39-frag.c (-static -DSTATIC) (rerun 2) execution test
FAIL: libmudflap.cth/pass39-frag.c (-static -DSTATIC) (rerun 2) output pattern test
FAIL: libmudflap.cth/pass39-frag.c (-static -DSTATIC) (rerun 3) execution test
FAIL: libmudflap.cth/pass39-frag.c (-static -DSTATIC) (rerun 3) output pattern test
FAIL: libmudflap.cth/pass39-frag.c (-static -DSTATIC) (rerun 4) execution test
FAIL: libmudflap.cth/pass39-frag.c (-static -DSTATIC) (rerun 4) output pattern test
FAIL: libmudflap.cth/pass39-frag.c (-static -DSTATIC) (rerun 5) execution test
FAIL: libmudflap.cth/pass39-frag.c (-static -DSTATIC) (rerun 5) output pattern test
FAIL: libmudflap.cth/pass39-frag.c (-static -DSTATIC) (rerun 6) execution test
FAIL: libmudflap.cth/pass39-frag.c (-static -DSTATIC) (rerun 6) output pattern test
FAIL: libmudflap.cth/pass39-frag.c (-static -DSTATIC) (rerun 7) execution test
FAIL: libmudflap.cth/pass39-frag.c (-static -DSTATIC) (rerun 7) output pattern test
FAIL: libmudflap.cth/pass39-frag.c (-static -DSTATIC) (rerun 8) execution test
FAIL: libmudflap.cth/pass39-frag.c (-static -DSTATIC) (rerun 8) output pattern test
FAIL: libmudflap.cth/pass39-frag.c (-static -DSTATIC) (rerun 9) execution test
FAIL: libmudflap.cth/pass39-frag.c (-static -DSTATIC) (rerun 9) output pattern test
FAIL: libmudflap.cth/pass39-frag.c (-static -DSTATIC) (rerun 10) execution test
FAIL: libmudflap.cth/pass39-frag.c (-static -DSTATIC) (rerun 10) output pattern test
FAIL: libmudflap.cth/pass39-frag.c (-static -DSTATIC) (rerun 11) execution test
FAIL: libmudflap.cth/pass39-frag.c (-static -DSTATIC) (rerun 11) output pattern test
FAIL: libmudflap.cth/pass39-frag.c (-static -DSTATIC) (rerun 12) execution test
FAIL: libmudflap.cth/pass39-frag.c (-static -DSTATIC) (rerun 12) output pattern test
FAIL: libmudflap.cth/pass39-frag.c (-static -DSTATIC) (rerun 13) execution test
FAIL: libmudflap.cth/pass39-frag.c (-static -DSTATIC) (rerun 13) output pattern test
FAIL: libmudflap.cth/pass39-frag.c (-static -DSTATIC) (rerun 14) execution test
FAIL: libmudflap.cth/pass39-frag.c (-static -DSTATIC) (rerun 14) output pattern test
FAIL: libmudflap.cth/pass39-frag.c (-static -DSTATIC) (rerun 15) execution test
FAIL: libmudflap.cth/pass39-frag.c (-static -DSTATIC) (rerun 15) output pattern test
FAIL: libmudflap.cth/pass39-frag.c (-static -DSTATIC) (rerun 16) execution test
FAIL: libmudflap.cth/pass39-frag.c (-static -DSTATIC) (rerun 16) output pattern test
FAIL: libmudflap.cth/pass39-frag.c (-static -DSTATIC) (rerun 17) execution test
FAIL: libmudflap.cth/pass39-frag.c (-static -DSTATIC) (rerun 17) output pattern test
FAIL: libmudflap.cth/pass39-frag.c (-static -DSTATIC) (rerun 18) execution test
FAIL: libmudflap.cth/pass39-frag.c (-static -DSTATIC) (rerun 18) output pattern test
FAIL: libmudflap.cth/pass39-frag.c (-static -DSTATIC) (rerun 19) execution test
FAIL: libmudflap.cth/pass39-frag.c (-static -DSTATIC) (rerun 19) output pattern test
FAIL: libmudflap.cth/pass40-frag.c (-static -DSTATIC) execution test
FAIL: libmudflap.cth/pass40-frag.c (-static -DSTATIC) output pattern test
FAIL: libmudflap.cth/pass37-frag.c (-O2) execution test
FAIL: libmudflap.cth/pass37-frag.c (-O2) output pattern test
FAIL: libmudflap.cth/pass37-frag.c (-O2) (rerun 1) execution test
FAIL: libmudflap.cth/pass37-frag.c (-O2) (rerun 1) output pattern test
FAIL: libmudflap.cth/pass37-frag.c (-O2) (rerun 2) execution test
FAIL: libmudflap.cth/pass37-frag.c (-O2) (rerun 2) output pattern test
FAIL: libmudflap.cth/pass37-frag.c (-O2) (rerun 3) execution test
FAIL: libmudflap.cth/pass37-frag.c (-O2) (rerun 3) output pattern test
FAIL: libmudflap.cth/pass37-frag.c (-O2) (rerun 4) execution test
FAIL: libmudflap.cth/pass37-frag.c (-O2) (rerun 4) output pattern test
FAIL: libmudflap.cth/pass37-frag.c (-O2) (rerun 5) execution test
FAIL: libmudflap.cth/pass37-frag.c (-O2) (rerun 5) output pattern test
FAIL: libmudflap.cth/pass37-frag.c (-O2) (rerun 6) execution test
FAIL: libmudflap.cth/pass37-frag.c (-O2) (rerun 6) output pattern test
FAIL: libmudflap.cth/pass37-frag.c (-O2) (rerun 7) execution test
FAIL: libmudflap.cth/pass37-frag.c (-O2) (rerun 7) output pattern test
FAIL: libmudflap.cth/pass37-frag.c (-O2) (rerun 8) execution test
FAIL: libmudflap.cth/pass37-frag.c (-O2) (rerun 8) output pattern test
FAIL: libmudflap.cth/pass37-frag.c (-O2) (rerun 9) execution test
FAIL: libmudflap.cth/pass37-frag.c (-O2) (rerun 9) output pattern test
FAIL: libmudflap.cth/pass37-frag.c (-O2) (rerun 10) execution test
FAIL: libmudflap.cth/pass37-frag.c (-O2) (rerun 10) output pattern test
FAIL: libmudflap.cth/pass37-frag.c (-O2) (rerun 11) execution test
FAIL: libmudflap.cth/pass37-frag.c (-O2) (rerun 11) output pattern test
FAIL: libmudflap.cth/pass37-frag.c (-O2) (rerun 12) execution test
FAIL: libmudflap.cth/pass37-frag.c (-O2) (rerun 12) output pattern test
FAIL: libmudflap.cth/pass37-frag.c (-O2) (rerun 13) execution test
FAIL: libmudflap.cth/pass37-frag.c (-O2) (rerun 13) output pattern test
FAIL: libmudflap.cth/pass37-frag.c (-O2) (rerun 14) execution test
FAIL: libmudflap.cth/pass37-frag.c (-O2) (rerun 14) output pattern test
FAIL: libmudflap.cth/pass37-frag.c (-O2) (rerun 15) execution test
FAIL: libmudflap.cth/pass37-frag.c (-O2) (rerun 15) output pattern test
FAIL: libmudflap.cth/pass37-frag.c (-O2) (rerun 16) execution test
FAIL: libmudflap.cth/pass37-frag.c (-O2) (rerun 16) output pattern test
FAIL: libmudflap.cth/pass37-frag.c (-O2) (rerun 17) execution test
FAIL: libmudflap.cth/pass37-frag.c (-O2) (rerun 17) output pattern test
FAIL: libmudflap.cth/pass37-frag.c (-O2) (rerun 18) execution test
FAIL: libmudflap.cth/pass37-frag.c (-O2) (rerun 18) output pattern test
FAIL: libmudflap.cth/pass37-frag.c (-O2) (rerun 19) execution test
FAIL: libmudflap.cth/pass37-frag.c (-O2) (rerun 19) output pattern test
FAIL: libmudflap.cth/pass39-frag.c (-O2) execution test
FAIL: libmudflap.cth/pass39-frag.c (-O2) output pattern test
FAIL: libmudflap.cth/pass39-frag.c (-O2) (rerun 1) execution test
FAIL: libmudflap.cth/pass39-frag.c (-O2) (rerun 1) output pattern test
FAIL: libmudflap.cth/pass39-frag.c (-O2) (rerun 2) execution test
FAIL: libmudflap.cth/pass39-frag.c (-O2) (rerun 2) output pattern test
FAIL: libmudflap.cth/pass39-frag.c (-O2) (rerun 3) execution test
FAIL: libmudflap.cth/pass39-frag.c (-O2) (rerun 3) output pattern test
FAIL: libmudflap.cth/pass39-frag.c (-O2) (rerun 4) execution test
FAIL: libmudflap.cth/pass39-frag.c (-O2) (rerun 4) output pattern test
FAIL: libmudflap.cth/pass39-frag.c (-O2) (rerun 5) execution test
FAIL: libmudflap.cth/pass39-frag.c (-O2) (rerun 5) output pattern test
FAIL: libmudflap.cth/pass39-frag.c (-O2) (rerun 6) execution test
FAIL: libmudflap.cth/pass39-frag.c (-O2) (rerun 6) output pattern test
FAIL: libmudflap.cth/pass39-frag.c (-O2) (rerun 7) execution test
FAIL: libmudflap.cth/pass39-frag.c (-O2) (rerun 7) output pattern test
FAIL: libmudflap.cth/pass39-frag.c (-O2) (rerun 8) execution test
FAIL: libmudflap.cth/pass39-frag.c (-O2) (rerun 8) output pattern test
FAIL: libmudflap.cth/pass39-frag.c (-O2) (rerun 9) execution test
FAIL: libmudflap.cth/pass39-frag.c (-O2) (rerun 9) output pattern test
FAIL: libmudflap.cth/pass39-frag.c (-O2) (rerun 10) execution test
FAIL: libmudflap.cth/pass39-frag.c (-O2) (rerun 10) output pattern test
FAIL: libmudflap.cth/pass39-frag.c (-O2) (rerun 11) execution test
FAIL: libmudflap.cth/pass39-frag.c (-O2) (rerun 11) output pattern test
FAIL: libmudflap.cth/pass39-frag.c (-O2) (rerun 12) execution test
FAIL: libmudflap.cth/pass39-frag.c (-O2) (rerun 12) output pattern test
FAIL: libmudflap.cth/pass39-frag.c (-O2) (rerun 13) execution test
FAIL: libmudflap.cth/pass39-frag.c (-O2) (rerun 13) output pattern test
FAIL: libmudflap.cth/pass39-frag.c (-O2) (rerun 14) execution test
FAIL: libmudflap.cth/pass39-frag.c (-O2) (rerun 14) output pattern test
FAIL: libmudflap.cth/pass39-frag.c (-O2) (rerun 15) execution test
FAIL: libmudflap.cth/pass39-frag.c (-O2) (rerun 15) output pattern test
FAIL: libmudflap.cth/pass39-frag.c (-O2) (rerun 16) execution test
FAIL: libmudflap.cth/pass39-frag.c (-O2) (rerun 16) output pattern test
FAIL: libmudflap.cth/pass39-frag.c (-O2) (rerun 17) execution test
FAIL: libmudflap.cth/pass39-frag.c (-O2) (rerun 17) output pattern test
FAIL: libmudflap.cth/pass39-frag.c (-O2) (rerun 18) execution test
FAIL: libmudflap.cth/pass39-frag.c (-O2) (rerun 18) output pattern test
FAIL: libmudflap.cth/pass39-frag.c (-O2) (rerun 19) execution test
FAIL: libmudflap.cth/pass39-frag.c (-O2) (rerun 19) output pattern test
FAIL: libmudflap.cth/pass40-frag.c (-O2) execution test
FAIL: libmudflap.cth/pass40-frag.c (-O2) output pattern test
FAIL: libmudflap.cth/pass37-frag.c (-O3) execution test
FAIL: libmudflap.cth/pass37-frag.c (-O3) output pattern test
FAIL: libmudflap.cth/pass37-frag.c (-O3) (rerun 1) execution test
FAIL: libmudflap.cth/pass37-frag.c (-O3) (rerun 1) output pattern test
FAIL: libmudflap.cth/pass37-frag.c (-O3) (rerun 2) execution test
FAIL: libmudflap.cth/pass37-frag.c (-O3) (rerun 2) output pattern test
FAIL: libmudflap.cth/pass37-frag.c (-O3) (rerun 3) execution test
FAIL: libmudflap.cth/pass37-frag.c (-O3) (rerun 3) output pattern test
FAIL: libmudflap.cth/pass37-frag.c (-O3) (rerun 4) execution test
FAIL: libmudflap.cth/pass37-frag.c (-O3) (rerun 4) output pattern test
FAIL: libmudflap.cth/pass37-frag.c (-O3) (rerun 5) execution test
FAIL: libmudflap.cth/pass37-frag.c (-O3) (rerun 5) output pattern test
FAIL: libmudflap.cth/pass37-frag.c (-O3) (rerun 6) execution test
FAIL: libmudflap.cth/pass37-frag.c (-O3) (rerun 6) output pattern test
FAIL: libmudflap.cth/pass37-frag.c (-O3) (rerun 7) execution test
FAIL: libmudflap.cth/pass37-frag.c (-O3) (rerun 7) output pattern test
FAIL: libmudflap.cth/pass37-frag.c (-O3) (rerun 8) execution test
FAIL: libmudflap.cth/pass37-frag.c (-O3) (rerun 8) output pattern test
FAIL: libmudflap.cth/pass37-frag.c (-O3) (rerun 9) execution test
FAIL: libmudflap.cth/pass37-frag.c (-O3) (rerun 9) output pattern test
FAIL: libmudflap.cth/pass37-frag.c (-O3) (rerun 10) execution test
FAIL: libmudflap.cth/pass37-frag.c (-O3) (rerun 10) output pattern test
FAIL: libmudflap.cth/pass37-frag.c (-O3) (rerun 11) execution test
FAIL: libmudflap.cth/pass37-frag.c (-O3) (rerun 11) output pattern test
FAIL: libmudflap.cth/pass37-frag.c (-O3) (rerun 12) execution test
FAIL: libmudflap.cth/pass37-frag.c (-O3) (rerun 12) output pattern test
FAIL: libmudflap.cth/pass37-frag.c (-O3) (rerun 13) execution test
FAIL: libmudflap.cth/pass37-frag.c (-O3) (rerun 13) output pattern test
FAIL: libmudflap.cth/pass37-frag.c (-O3) (rerun 14) execution test
FAIL: libmudflap.cth/pass37-frag.c (-O3) (rerun 14) output pattern test
FAIL: libmudflap.cth/pass37-frag.c (-O3) (rerun 15) execution test
FAIL: libmudflap.cth/pass37-frag.c (-O3) (rerun 15) output pattern test
FAIL: libmudflap.cth/pass37-frag.c (-O3) (rerun 16) execution test
FAIL: libmudflap.cth/pass37-frag.c (-O3) (rerun 16) output pattern test
FAIL: libmudflap.cth/pass37-frag.c (-O3) (rerun 17) execution test
FAIL: libmudflap.cth/pass37-frag.c (-O3) (rerun 17) output pattern test
FAIL: libmudflap.cth/pass37-frag.c (-O3) (rerun 18) execution test
FAIL: libmudflap.cth/pass37-frag.c (-O3) (rerun 18) output pattern test
FAIL: libmudflap.cth/pass37-frag.c (-O3) (rerun 19) execution test
FAIL: libmudflap.cth/pass37-frag.c (-O3) (rerun 19) output pattern test
FAIL: libmudflap.cth/pass39-frag.c (-O3) execution test
FAIL: libmudflap.cth/pass39-frag.c (-O3) output pattern test
FAIL: libmudflap.cth/pass39-frag.c (-O3) (rerun 1) execution test
FAIL: libmudflap.cth/pass39-frag.c (-O3) (rerun 1) output pattern test
FAIL: libmudflap.cth/pass39-frag.c (-O3) (rerun 2) execution test
FAIL: libmudflap.cth/pass39-frag.c (-O3) (rerun 2) output pattern test
FAIL: libmudflap.cth/pass39-frag.c (-O3) (rerun 3) execution test
FAIL: libmudflap.cth/pass39-frag.c (-O3) (rerun 3) output pattern test
FAIL: libmudflap.cth/pass39-frag.c (-O3) (rerun 4) execution test
FAIL: libmudflap.cth/pass39-frag.c (-O3) (rerun 4) output pattern test
FAIL: libmudflap.cth/pass39-frag.c (-O3) (rerun 5) execution test
FAIL: libmudflap.cth/pass39-frag.c (-O3) (rerun 5) output pattern test
FAIL: libmudflap.cth/pass39-frag.c (-O3) (rerun 6) execution test
FAIL: libmudflap.cth/pass39-frag.c (-O3) (rerun 6) output pattern test
FAIL: libmudflap.cth/pass39-frag.c (-O3) (rerun 7) execution test
FAIL: libmudflap.cth/pass39-frag.c (-O3) (rerun 7) output pattern test
FAIL: libmudflap.cth/pass39-frag.c (-O3) (rerun 8) execution test
FAIL: libmudflap.cth/pass39-frag.c (-O3) (rerun 8) output pattern test
FAIL: libmudflap.cth/pass39-frag.c (-O3) (rerun 9) execution test
FAIL: libmudflap.cth/pass39-frag.c (-O3) (rerun 9) output pattern test
FAIL: libmudflap.cth/pass39-frag.c (-O3) (rerun 10) execution test
FAIL: libmudflap.cth/pass39-frag.c (-O3) (rerun 10) output pattern test
FAIL: libmudflap.cth/pass39-frag.c (-O3) (rerun 11) execution test
FAIL: libmudflap.cth/pass39-frag.c (-O3) (rerun 11) output pattern test
FAIL: libmudflap.cth/pass39-frag.c (-O3) (rerun 12) execution test
FAIL: libmudflap.cth/pass39-frag.c (-O3) (rerun 12) output pattern test
FAIL: libmudflap.cth/pass39-frag.c (-O3) (rerun 13) execution test
FAIL: libmudflap.cth/pass39-frag.c (-O3) (rerun 13) output pattern test
FAIL: libmudflap.cth/pass39-frag.c (-O3) (rerun 14) execution test
FAIL: libmudflap.cth/pass39-frag.c (-O3) (rerun 14) output pattern test
FAIL: libmudflap.cth/pass39-frag.c (-O3) (rerun 15) execution test
FAIL: libmudflap.cth/pass39-frag.c (-O3) (rerun 15) output pattern test
FAIL: libmudflap.cth/pass39-frag.c (-O3) (rerun 16) execution test
FAIL: libmudflap.cth/pass39-frag.c (-O3) (rerun 16) output pattern test
FAIL: libmudflap.cth/pass39-frag.c (-O3) (rerun 17) execution test
FAIL: libmudflap.cth/pass39-frag.c (-O3) (rerun 17) output pattern test
FAIL: libmudflap.cth/pass39-frag.c (-O3) (rerun 18) execution test
FAIL: libmudflap.cth/pass39-frag.c (-O3) (rerun 18) output pattern test
FAIL: libmudflap.cth/pass39-frag.c (-O3) (rerun 19) execution test
FAIL: libmudflap.cth/pass39-frag.c (-O3) (rerun 19) output pattern test
FAIL: libmudflap.cth/pass40-frag.c (-O3) execution test
FAIL: libmudflap.cth/pass40-frag.c (-O3) output pattern test
=== libmudflap Summary ===
# of expected passes 842
# of unexpected failures 972
=== libstdc++ tests ===
Running target unix/-pthread
FAIL: 27_io/basic_filebuf/seekoff/char/26777.cc execution test
FAIL: tr1/8_c_compatibility/cinttypes/functions.cc (test for excess errors)
=== libstdc++ Summary ===
# of expected passes 3839
# of unexpected failures 2
# of expected failures 14
# of unsupported tests 322
Compiler version: 4.2.4 20080215 (prerelease)
Platform: i386-unknown-freebsd5.5
configure flags: --prefix=/usr/local/beta-gcc --with-gnu-as --with-as=/usr/local/beta-gcc/bin/as --with-gnu-ld --with-ld=/usr/local/beta-gcc/bin/ld --enable-languages=c,c++,fortran,java,objc
BOOT_CFLAGS=-g -O2
Key: gmake is GNU make
make is BSD make as shipped on i386-unknown-freebsd5.5
srcdir means in-source configuration was done within the gcc source tree
objdir means out-source configuration was done within a fresh directory
See http://people.freebsd.org/~ljrittle/daily-gcc-bootstrap-reports
for all related transcript logs and log.sent files (not staged
until after all daily bootstraps for a machine complete).
More information about the Gcc-testresults
mailing list