Results for 4.1.3 20080214 (prerelease) testsuite on s390-ibm-linux-gnu
Andreas Krebbel
Andreas.Krebbel@de.ibm.com
Thu Feb 14 20:41:00 GMT 2008
LAST_UPDATED: Thu Feb 14 19:07:34 UTC 2008 (revision 132319M)
=== acats tests ===
=== acats Summary ===
# of expected passes 2317
# of unexpected failures 0
Native configuration is s390-ibm-linux-gnu
=== g++ tests ===
Running target unix
XPASS: g++.old-deja/g++.other/init5.C execution test
=== g++ Summary ===
# of expected passes 12408
# of unexpected successes 1
# of expected failures 66
# of unsupported tests 109
/build/BUILD/gcc/obj-s390-redhat-linux/gcc/testsuite/g++/../../g++ version 4.1.3 20080214 (prerelease)
=== gcc tests ===
Running target unix
XPASS: gcc.dg/cpp/cmdlne-dI-M.c scan-file (^|\\\\n)cmdlne-dI-M.*:[^\\\\n]*cmdlne-dI-M.c
XPASS: gcc.dg/cpp/cmdlne-dM-M.c scan-file (^|\\\\n)cmdlne-dM-M[^\\\\n]*:[^\\\\n]*cmdlne-dM-M.c
FAIL: gcc.dg/cpp/direct2s.c (test for excess errors)
XPASS: gcc.dg/tree-ssa/20040204-1.c scan-tree-dump-times link_error 0
=== gcc Summary ===
# of expected passes 38167
# of unexpected failures 1
# of unexpected successes 3
# of expected failures 74
# of untested testcases 28
# of unsupported tests 298
/build/BUILD/gcc/obj-s390-redhat-linux/gcc/xgcc version 4.1.3 20080214 (prerelease)
=== gfortran tests ===
Running target unix
FAIL: gfortran.dg/char_result_6.f90 -O2 execution test
FAIL: gfortran.dg/char_result_6.f90 -O3 -fomit-frame-pointer execution test
FAIL: gfortran.dg/char_result_6.f90 -O3 -fomit-frame-pointer -funroll-loops execution test
FAIL: gfortran.dg/char_result_6.f90 -O3 -fomit-frame-pointer -funroll-all-loops -finline-functions execution test
FAIL: gfortran.dg/char_result_6.f90 -O3 -g execution test
FAIL: gfortran.dg/char_result_6.f90 -Os execution test
XPASS: gfortran.dg/csqrt_2.f -O0 execution test
XPASS: gfortran.dg/csqrt_2.f -O1 execution test
XPASS: gfortran.dg/csqrt_2.f -O2 execution test
XPASS: gfortran.dg/csqrt_2.f -O3 -fomit-frame-pointer execution test
XPASS: gfortran.dg/csqrt_2.f -O3 -fomit-frame-pointer -funroll-loops execution test
XPASS: gfortran.dg/csqrt_2.f -O3 -fomit-frame-pointer -funroll-all-loops -finline-functions execution test
XPASS: gfortran.dg/csqrt_2.f -O3 -g execution test
XPASS: gfortran.dg/csqrt_2.f -Os execution test
=== gfortran Summary ===
# of expected passes 13647
# of unexpected failures 6
# of unexpected successes 8
# of expected failures 4
# of unsupported tests 34
/build/BUILD/gcc/obj-s390-redhat-linux/gcc/testsuite/gfortran/../../gfortran version 4.1.3 20080214 (prerelease)
=== obj-c++ tests ===
Running target unix
WARNING: obj-c++.dg/lookup-2.mm compilation failed to produce executable
WARNING: obj-c++.dg/try-catch-2.mm compilation failed to produce executable
WARNING: obj-c++.dg/try-catch-9.mm compilation failed to produce executable
=== obj-c++ Summary ===
# of expected passes 437
# of expected failures 6
# of unsupported tests 13
/build/BUILD/gcc/obj-s390-redhat-linux/gcc/testsuite/obj-c++/../../g++ version 4.1.3 20080214 (prerelease)
=== objc tests ===
Running target unix
=== objc Summary ===
# of expected passes 1722
# of unsupported tests 22
/build/BUILD/gcc/obj-s390-redhat-linux/gcc/xgcc version 4.1.3 20080214 (prerelease)
=== libffi tests ===
Running target unix
FAIL: libffi.call/float.c execution test
FAIL: libffi.call/float2.c execution test
=== libffi Summary ===
# of expected passes 226
# of unexpected failures 2
# of unsupported tests 2
=== libjava tests ===
Running target unix
=== libjava Summary ===
# of expected passes 4060
# of expected failures 10
# of untested testcases 8
=== libmudflap tests ===
Running target unix
FAIL: libmudflap.cth/pass39-frag.c (rerun 5) execution test
FAIL: libmudflap.cth/pass39-frag.c (rerun 5) output pattern test
=== libmudflap Summary ===
# of expected passes 1797
# of unexpected failures 2
=== libstdc++ tests ===
Running target unix
FAIL: abi_check
XPASS: 26_numerics/cmath/c99_classification_macros_c.cc (test for excess errors)
=== libstdc++ Summary ===
# of expected passes 4019
# of unexpected failures 1
# of unexpected successes 1
# of expected failures 12
# of unsupported tests 13
Compiler version: 4.1.3 20080214 (prerelease)
Platform: s390-ibm-linux-gnu
configure flags: --prefix=/usr --mandir=/usr/share/man --infodir=/usr/share/info --enable-shared --enable-threads=posix --enable-checking=release --with-system-zlib --enable-__cxa_atexit --disable-libunwind-exceptions --with-long-double-128 --host=s390-redhat-linux --enable-languages=c,ada,c++,fortran,java,objc,obj-c++
More information about the Gcc-testresults
mailing list