Results for 4.3.0 20080201 (experimental) [trunk revision 132053] (GCC) gcc testsuite on cris-axis-elf
Mike Stein
mstein.lists@googlemail.com
Sat Feb 2 22:50:00 GMT 2008
Debian 4 on x86_64
cross tool versions:
GNU assembler (GNU Binutils) 2.18.50.20080128
GNU gdb 6.7.50.20080127-cvs
GNU ld (GNU Binutils) 2.18.50.20080128
GNU Make 3.81
expect version 5.43.0
host gcc version: gcc (GCC) 4.3.0 20080201 (experimental) [trunk revision 132053]
LAST_UPDATED: Fri Feb 1 23:02:45 UTC 2008 (revision 132053)
Target is cris-axis-elf
Host is x86_64-unknown-linux-gnu
=== gcc tests ===
Running target cris-sim
FAIL: gcc.c-torture/compile/limits-structnest.c -O2 (test for excess errors)
FAIL: gcc.c-torture/compile/limits-structnest.c -O3 -fomit-frame-pointer (test for excess errors)
FAIL: gcc.c-torture/compile/limits-structnest.c -O3 -g (test for excess errors)
FAIL: gcc.c-torture/compile/limits-structnest.c -Os (test for excess errors)
WARNING: Could not compile gcc.dg/compat/struct-layout-1 generator
FAIL: gcc.dg/large-size-array-2.c (internal compiler error)
FAIL: gcc.dg/large-size-array-2.c (test for errors, line 6)
FAIL: gcc.dg/large-size-array-2.c (test for excess errors)
FAIL: gcc.dg/large-size-array-4.c (internal compiler error)
FAIL: gcc.dg/large-size-array-4.c (test for errors, line 6)
FAIL: gcc.dg/large-size-array-4.c (test for excess errors)
XPASS: gcc.dg/pr30957-1.c execution test
FAIL: gcc.dg/pr30957-1.c scan-rtl-dump loop2_unroll "Expanding Accumulator"
FAIL: gcc.dg/setjmp-1.c spurious clobbered warning (test for bogus messages, line 16)
FAIL: gcc.dg/trampoline-1.c execution test
FAIL: gcc.dg/var-expand1.c scan-rtl-dump loop2_unroll "Expanding Accumulator"
FAIL: gcc.dg/torture/builtin-math-2.c -O0 (test for excess errors)
ERROR: gcc.dg/torture/builtin-math-2.c -O0 : error executing dg-final: no files matched glob pattern "builtin-math-2.c.[0-9][0-9][0-9]t.original"
UNRESOLVED: gcc.dg/torture/builtin-math-2.c -O0 : error executing dg-final: no files matched glob pattern "builtin-math-2.c.[0-9][0-9][0-9]t.original"
FAIL: gcc.dg/torture/builtin-math-2.c -O1 (test for excess errors)
ERROR: gcc.dg/torture/builtin-math-2.c -O1 : error executing dg-final: no files matched glob pattern "builtin-math-2.c.[0-9][0-9][0-9]t.original"
UNRESOLVED: gcc.dg/torture/builtin-math-2.c -O1 : error executing dg-final: no files matched glob pattern "builtin-math-2.c.[0-9][0-9][0-9]t.original"
FAIL: gcc.dg/torture/builtin-math-2.c -O2 (test for excess errors)
ERROR: gcc.dg/torture/builtin-math-2.c -O2 : error executing dg-final: no files matched glob pattern "builtin-math-2.c.[0-9][0-9][0-9]t.original"
UNRESOLVED: gcc.dg/torture/builtin-math-2.c -O2 : error executing dg-final: no files matched glob pattern "builtin-math-2.c.[0-9][0-9][0-9]t.original"
FAIL: gcc.dg/torture/builtin-math-2.c -O3 -fomit-frame-pointer (test for excess errors)
ERROR: gcc.dg/torture/builtin-math-2.c -O3 -fomit-frame-pointer : error executing dg-final: no files matched glob pattern "builtin-math-2.c.[0-9][0-9][0-9]t.original"
UNRESOLVED: gcc.dg/torture/builtin-math-2.c -O3 -fomit-frame-pointer : error executing dg-final: no files matched glob pattern "builtin-math-2.c.[0-9][0-9][0-9]t.original"
FAIL: gcc.dg/torture/builtin-math-2.c -O3 -fomit-frame-pointer -funroll-loops (test for excess errors)
ERROR: gcc.dg/torture/builtin-math-2.c -O3 -fomit-frame-pointer -funroll-loops : error executing dg-final: no files matched glob pattern "builtin-math-2.c.[0-9][0-9][0-9]t.original"
UNRESOLVED: gcc.dg/torture/builtin-math-2.c -O3 -fomit-frame-pointer -funroll-loops : error executing dg-final: no files matched glob pattern "builtin-math-2.c.[0-9][0-9][0-9]t.original"
FAIL: gcc.dg/torture/builtin-math-2.c -O3 -fomit-frame-pointer -funroll-all-loops -finline-functions (test for excess errors)
ERROR: gcc.dg/torture/builtin-math-2.c -O3 -fomit-frame-pointer -funroll-all-loops -finline-functions : error executing dg-final: no files matched glob pattern "builtin-math-2.c.[0-9][0-9][0-9]t.original"
UNRESOLVED: gcc.dg/torture/builtin-math-2.c -O3 -fomit-frame-pointer -funroll-all-loops -finline-functions : error executing dg-final: no files matched glob pattern "builtin-math-2.c.[0-9][0-9][0-9]t.original"
FAIL: gcc.dg/torture/builtin-math-2.c -O3 -g (test for excess errors)
ERROR: gcc.dg/torture/builtin-math-2.c -O3 -g : error executing dg-final: no files matched glob pattern "builtin-math-2.c.[0-9][0-9][0-9]t.original"
UNRESOLVED: gcc.dg/torture/builtin-math-2.c -O3 -g : error executing dg-final: no files matched glob pattern "builtin-math-2.c.[0-9][0-9][0-9]t.original"
FAIL: gcc.dg/torture/builtin-math-2.c -Os (test for excess errors)
ERROR: gcc.dg/torture/builtin-math-2.c -Os : error executing dg-final: no files matched glob pattern "builtin-math-2.c.[0-9][0-9][0-9]t.original"
UNRESOLVED: gcc.dg/torture/builtin-math-2.c -Os : error executing dg-final: no files matched glob pattern "builtin-math-2.c.[0-9][0-9][0-9]t.original"
FAIL: gcc.dg/torture/builtin-math-4.c -O0 (test for excess errors)
FAIL: gcc.dg/torture/builtin-math-4.c -O1 (test for excess errors)
FAIL: gcc.dg/torture/builtin-math-4.c -O2 (test for excess errors)
FAIL: gcc.dg/torture/builtin-math-4.c -O3 -fomit-frame-pointer (test for excess errors)
FAIL: gcc.dg/torture/builtin-math-4.c -O3 -fomit-frame-pointer -funroll-loops (test for excess errors)
FAIL: gcc.dg/torture/builtin-math-4.c -O3 -fomit-frame-pointer -funroll-all-loops -finline-functions (test for excess errors)
FAIL: gcc.dg/torture/builtin-math-4.c -O3 -g (test for excess errors)
FAIL: gcc.dg/torture/builtin-math-4.c -Os (test for excess errors)
FAIL: gcc.dg/torture/builtin-pow-mpfr-1.c -O0 scan-tree-dump original "pow"
FAIL: gcc.dg/torture/builtin-pow-mpfr-1.c -O1 scan-tree-dump original "pow"
FAIL: gcc.dg/torture/builtin-pow-mpfr-1.c -O2 scan-tree-dump original "pow"
FAIL: gcc.dg/torture/builtin-pow-mpfr-1.c -O3 -fomit-frame-pointer scan-tree-dump original "pow"
FAIL: gcc.dg/torture/builtin-pow-mpfr-1.c -O3 -g scan-tree-dump original "pow"
FAIL: gcc.dg/torture/builtin-pow-mpfr-1.c -Os scan-tree-dump original "pow"
FAIL: gcc.target/cris/torture/pr34773.c -O0 (test for excess errors)
UNRESOLVED: gcc.target/cris/torture/pr34773.c -O0 compilation failed to produce executable
FAIL: gcc.target/cris/torture/pr34773.c -O1 (test for excess errors)
UNRESOLVED: gcc.target/cris/torture/pr34773.c -O1 compilation failed to produce executable
FAIL: gcc.target/cris/torture/pr34773.c -O2 (test for excess errors)
UNRESOLVED: gcc.target/cris/torture/pr34773.c -O2 compilation failed to produce executable
FAIL: gcc.target/cris/torture/pr34773.c -O3 -fomit-frame-pointer (test for excess errors)
UNRESOLVED: gcc.target/cris/torture/pr34773.c -O3 -fomit-frame-pointer compilation failed to produce executable
FAIL: gcc.target/cris/torture/pr34773.c -O3 -g (test for excess errors)
UNRESOLVED: gcc.target/cris/torture/pr34773.c -O3 -g compilation failed to produce executable
FAIL: gcc.target/cris/torture/pr34773.c -Os (test for excess errors)
UNRESOLVED: gcc.target/cris/torture/pr34773.c -Os compilation failed to produce executable
=== gcc Summary ===
# of expected passes 43955
# of unexpected failures 42
# of unexpected successes 1
# of expected failures 86
# of unresolved testcases 14
# of untested testcases 35
# of unsupported tests 419
/home/mstein/sim/trunk/cris-elf/build/gcc/xgcc version 4.3.0 20080201 (experimental) [trunk revision 132053] (GCC)
Compiler version: 4.3.0 20080201 (experimental) [trunk revision 132053] (GCC) gcc
Platform: cris-axis-elf
configure flags: --target=cris-elf --prefix=/n/11/mstein/cross-local/cris-elf --enable-languages=c --disable-nls --disable-build-warnings --with-ld=/n/11/mstein/cross-local/cris-elf/bin/cris-elf-ld --with-as=/n/11/mstein/cross-local/cris-elf/bin/cris-elf-as --disable-libssp --with-mpfr=/n/11/mstein/mpfr-2.3.0
More information about the Gcc-testresults
mailing list