Results for 4.1.3 20080131 (prerelease) gcc testsuite on cris-axis-elf
Mike Stein
mstein.lists@googlemail.com
Fri Feb 1 22:50:00 GMT 2008
Debian 4 on x86_64
cross tool versions:
GNU assembler (GNU Binutils) 2.18.50.20080128
GNU gdb 6.7.50.20080127-cvs
GNU ld (GNU Binutils) 2.18.50.20080128
GNU Make 3.81
expect version 5.43.0
host gcc version: gcc (GCC) 4.3.0 20080131 (experimental) [trunk revision 131985]
LAST_UPDATED: Thu Jan 31 23:04:49 UTC 2008 (revision 131985)
Target is cris-axis-elf
Host is x86_64-unknown-linux-gnu
=== gcc tests ===
Running target cris-sim
FAIL: gcc.c-torture/execute/20061101-1.c execution, -O2
FAIL: gcc.dg/Wpadded.c (test for warnings, line 10)
FAIL: gcc.dg/pr28243.c (test for excess errors)
FAIL: gcc.dg/pr30643.c scan-assembler-not undefined
FAIL: gcc.dg/setjmp-1.c spurious clobbered warning (test for bogus messages, line 16)
FAIL: gcc.dg/trampoline-1.c execution test
=== gcc Summary ===
# of expected passes 37941
# of unexpected failures 6
# of expected failures 78
# of untested testcases 28
# of unsupported tests 393
/home/mstein/sim/gcc-4_1-branch/cris-elf/build/gcc/xgcc version 4.1.3 20080131 (prerelease)
Compiler version: 4.1.3 20080131 (prerelease) gcc
Platform: cris-axis-elf
configure flags: --target=cris-elf --prefix=/n/11/mstein/cross-local/cris-elf --disable-nls --disable-build-warnings --with-ld=/n/11/mstein/cross-local/cris-elf/bin/cris-elf-ld --with-as=/n/11/mstein/cross-local/cris-elf/bin/cris-elf-as --disable-libssp --enable-languages=c
More information about the Gcc-testresults
mailing list