Results for 4.4.0 20081231 (experimental) [trunk revision 142977] (GCC) testsuite on powerpc-ibm-aix5.3.0.0

David Edelsohn dje@watson.ibm.com
Wed Dec 31 14:36:00 GMT 2008


LAST_UPDATED: Wed Dec 31 03:33:54 UTC 2008 (revision 142977)

Native configuration is powerpc-ibm-aix5.3.0.0

		=== g++ tests ===


Running target unix
FAIL: tmpdir-g++.dg-struct-layout-1/t024 cp_compat_x_tst.o-cp_compat_y_tst.o execute 
FAIL: tmpdir-g++.dg-struct-layout-1/t027 cp_compat_x_tst.o-cp_compat_y_tst.o execute 
FAIL: tmpdir-g++.dg-struct-layout-1/t028 cp_compat_x_tst.o-cp_compat_y_tst.o execute 
FAIL: tmpdir-g++.dg-struct-layout-1/t029 cp_compat_x_tst.o-cp_compat_y_tst.o execute 
FAIL: tmpdir-g++.dg-struct-layout-1/t030 cp_compat_x_tst.o-cp_compat_y_tst.o execute 
FAIL: g++.dg/abi/local1.C execution test
FAIL: g++.dg/conversion/simd1.C (test for excess errors)
XPASS: g++.dg/eh/simd-2.C (test for excess errors)
FAIL: g++.dg/ext/alignof2.C execution test
FAIL: g++.dg/ext/attribute-test-1.C (test for excess errors)
FAIL: g++.dg/ext/attribute-test-2.C (test for excess errors)
FAIL: g++.dg/ext/attribute-test-3.C (test for excess errors)
FAIL: g++.dg/ext/attribute-test-4.C (test for excess errors)
FAIL: g++.dg/ext/visibility/anon1.C scan-assembler-not globl.*_ZN.*1fEv
FAIL: g++.dg/ext/visibility/anon2.C scan-assembler-not globl.*_Z1fv
FAIL: g++.dg/other/anon5.C undefined (test for warnings, line )
FAIL: g++.dg/other/anon5.C (test for excess errors)
WARNING: g++.dg/other/ucnid-1.C compilation failed to produce executable
FAIL: g++.dg/other/unused1.C scan-assembler (string|ascii?)z?[\\t ]"printer("|\\\\\\\\0)
FAIL: g++.dg/torture/pr38565.C  -O0  (test for excess errors)
FAIL: g++.dg/torture/pr38565.C  -O1  (test for excess errors)
FAIL: g++.dg/torture/pr38565.C  -O2  (test for excess errors)
FAIL: g++.dg/torture/pr38565.C  -O3 -fomit-frame-pointer  (test for excess errors)
FAIL: g++.dg/torture/pr38565.C  -O3 -g  (test for excess errors)
FAIL: g++.dg/torture/pr38565.C  -Os  (test for excess errors)
XPASS: g++.old-deja/g++.other/init19.C execution test
FAIL: g++.old-deja/g++.pt/instantiate4.C (test for excess errors)
FAIL: g++.old-deja/g++.pt/repo4.C (test for excess errors)

		=== g++ Summary ===

# of expected passes		17508
# of unexpected failures	25
# of unexpected successes	2
# of expected failures		140
# of unsupported tests		233
/tmp/20081230/gcc/testsuite/g++/../../g++  version 4.4.0 20081231 (experimental) [trunk revision 142977] (GCC) 

		=== gcc tests ===


Running target unix
FAIL: gcc.dg/alias-7.c execution test
FAIL: gcc.dg/asm-names.c scan-assembler-not ____frob14
FAIL: gcc.dg/memcpy-1.c scan-tree-dump-times optimized "nasty_local" 0
FAIL: gcc.dg/pr34856.c (test for excess errors)
FAIL: gcc.dg/pr35729.c scan-rtl-dump-times loop2_invariant "Decided to move invariant" 0
FAIL: gcc.dg/pthread-init-1.c (test for excess errors)
FAIL: gcc.dg/pthread-init-2.c (test for excess errors)
WARNING: gcc.dg/ucnid-2.c compilation failed to produce executable
WARNING: gcc.dg/ucnid-3.c compilation failed to produce executable
WARNING: gcc.dg/ucnid-4.c compilation failed to produce executable
XPASS: gcc.dg/ucnid-5.c (test for excess errors)
XPASS: gcc.dg/ucnid-6.c (test for excess errors)
FAIL: gcc.dg/utf32-4.c  (test for warnings, line 18)
FAIL: gcc.dg/tree-ssa/vrp47.c scan-tree-dump-times vrp1 "[xy][^ ]* !=" 0
FAIL: gcc.dg/tree-ssa/vrp47.c scan-tree-dump-times dom1 "x[^ ]* & y" 1
FAIL: gcc.dg/vect/vect-44.c scan-tree-dump-times vect "Alignment of access forced using peeling" 1
FAIL: gcc.dg/vect/vect-50.c scan-tree-dump-times vect "Alignment of access forced using peeling" 1
FAIL: gcc.dg/vect/vect-82_64.c (test for excess errors)
FAIL: gcc.dg/vect/vect-82_64.c scan-tree-dump-times vect "vectorized 1 loops" 1: dump file does not exist
FAIL: gcc.dg/vect/vect-83_64.c (test for excess errors)
FAIL: gcc.dg/vect/vect-83_64.c scan-tree-dump-times vect "vectorized 1 loops" 1: dump file does not exist
XPASS: gcc.target/powerpc/darwin-longlong.c (test for excess errors)
FAIL: gcc.target/powerpc/ppc64-double-1.c (test for excess errors)
ERROR: gcc.target/powerpc/ppc64-double-1.c: error executing dg-final: couldn't open "ppc64-double-1.s": no such file or directory
UNRESOLVED: gcc.target/powerpc/ppc64-double-1.c: error executing dg-final: couldn't open "ppc64-double-1.s": no such file or directory

		=== gcc Summary ===

# of expected passes		48468
# of unexpected failures	17
# of unexpected successes	3
# of expected failures		208
# of unresolved testcases	1
# of unsupported tests		680
/tmp/20081230/gcc/xgcc  version 4.4.0 20081231 (experimental) [trunk revision 142977] (GCC) 

		=== gfortran tests ===


Running target unix
FAIL: gfortran.dg/default_format_1.f90  -O0  execution test
FAIL: gfortran.dg/default_format_1.f90  -O1  execution test
FAIL: gfortran.dg/default_format_1.f90  -O2  execution test
FAIL: gfortran.dg/default_format_1.f90  -O3 -fomit-frame-pointer  execution test
FAIL: gfortran.dg/default_format_1.f90  -O3 -fomit-frame-pointer -funroll-loops  execution test
FAIL: gfortran.dg/default_format_1.f90  -O3 -fomit-frame-pointer -funroll-all-loops -finline-functions  execution test
FAIL: gfortran.dg/default_format_1.f90  -O3 -g  execution test
FAIL: gfortran.dg/default_format_1.f90  -Os  execution test
FAIL: gfortran.dg/default_format_denormal_1.f90  -O0  execution test
FAIL: gfortran.dg/default_format_denormal_1.f90  -O1  execution test
FAIL: gfortran.dg/default_format_denormal_1.f90  -O2  execution test
FAIL: gfortran.dg/default_format_denormal_1.f90  -O3 -fomit-frame-pointer  execution test
FAIL: gfortran.dg/default_format_denormal_1.f90  -O3 -fomit-frame-pointer -funroll-loops  execution test
FAIL: gfortran.dg/default_format_denormal_1.f90  -O3 -fomit-frame-pointer -funroll-all-loops -finline-functions  execution test
FAIL: gfortran.dg/default_format_denormal_1.f90  -O3 -g  execution test
FAIL: gfortran.dg/default_format_denormal_1.f90  -Os  execution test
FAIL: gfortran.dg/include_2.f90  -O  (test for excess errors)
FAIL: gfortran.dg/integer_exponentiation_4.f90  -O  (internal compiler error)
FAIL: gfortran.dg/integer_exponentiation_4.f90  -O   (test for errors, line 24)
FAIL: gfortran.dg/integer_exponentiation_4.f90  -O   (test for errors, line 25)
FAIL: gfortran.dg/integer_exponentiation_4.f90  -O   (test for errors, line 26)
FAIL: gfortran.dg/integer_exponentiation_4.f90  -O   (test for errors, line 27)
FAIL: gfortran.dg/integer_exponentiation_4.f90  -O   (test for errors, line 35)
FAIL: gfortran.dg/integer_exponentiation_4.f90  -O   (test for errors, line 36)
FAIL: gfortran.dg/integer_exponentiation_4.f90  -O   (test for errors, line 37)
FAIL: gfortran.dg/integer_exponentiation_4.f90  -O   (test for errors, line 38)
FAIL: gfortran.dg/integer_exponentiation_4.f90  -O   (test for errors, line 41)
FAIL: gfortran.dg/integer_exponentiation_4.f90  -O   (test for errors, line 42)
FAIL: gfortran.dg/integer_exponentiation_4.f90  -O  (test for excess errors)
FAIL: gfortran.dg/nint_2.f90  -O0  execution test
FAIL: gfortran.dg/pr19155.f  -O0  execution test
FAIL: gfortran.dg/pr19155.f  -O1  execution test
FAIL: gfortran.dg/pr19155.f  -O2  execution test
FAIL: gfortran.dg/pr19155.f  -O3 -fomit-frame-pointer  execution test
FAIL: gfortran.dg/pr19155.f  -O3 -fomit-frame-pointer -funroll-loops  execution test
FAIL: gfortran.dg/pr19155.f  -O3 -fomit-frame-pointer -funroll-all-loops -finline-functions  execution test
FAIL: gfortran.dg/pr19155.f  -O3 -g  execution test
FAIL: gfortran.dg/pr19155.f  -Os  execution test
FAIL: gfortran.fortran-torture/execute/intrinsic_nearest.f90 execution,  -O0 
FAIL: gfortran.fortran-torture/execute/intrinsic_nearest.f90 execution,  -O1 
FAIL: gfortran.fortran-torture/execute/intrinsic_nearest.f90 execution,  -O2 
FAIL: gfortran.fortran-torture/execute/intrinsic_nearest.f90 execution,  -O2 -fomit-frame-pointer -finline-functions 
FAIL: gfortran.fortran-torture/execute/intrinsic_nearest.f90 execution,  -O2 -fomit-frame-pointer -finline-functions -funroll-loops 
FAIL: gfortran.fortran-torture/execute/intrinsic_nearest.f90 execution,  -O2 -fbounds-check 
FAIL: gfortran.fortran-torture/execute/intrinsic_nearest.f90 execution,  -O3 -g 
FAIL: gfortran.fortran-torture/execute/intrinsic_nearest.f90 execution,  -Os 

		=== gfortran Summary ===

# of expected passes		28014
# of unexpected failures	46
# of expected failures		14
# of unsupported tests		271
/tmp/20081230/gcc/testsuite/gfortran/../../gfortran  version 4.4.0 20081231 (experimental) [trunk revision 142977] (GCC) 

		=== objc tests ===


Running target unix
FAIL: objc/execute/forward-1.m execution,  -O0 -fgnu-runtime
FAIL: objc/execute/forward-1.m execution,  -O1 -fgnu-runtime
FAIL: objc/execute/forward-1.m execution,  -O2 -fgnu-runtime
FAIL: objc/execute/forward-1.m execution,  -O3 -fomit-frame-pointer -fgnu-runtime
FAIL: objc/execute/forward-1.m execution,  -O3 -fomit-frame-pointer -funroll-loops -fgnu-runtime
FAIL: objc/execute/forward-1.m execution,  -O3 -fomit-frame-pointer -funroll-all-loops -finline-functions -fgnu-runtime
FAIL: objc/execute/forward-1.m execution,  -O3 -g -fgnu-runtime
FAIL: objc/execute/forward-1.m execution,  -Os -fgnu-runtime

		=== objc Summary ===

# of expected passes		1776
# of unexpected failures	8
# of expected failures		17
# of unsupported tests		28
/tmp/20081230/gcc/xgcc  version 4.4.0 20081231 (experimental) [trunk revision 142977] (GCC) 

		=== libgomp tests ===


Running target unix
FAIL: libgomp.c/sort-1.c execution test

		=== libgomp Summary ===

# of expected passes		2340
# of unexpected failures	1
# of unsupported tests		2
		=== libstdc++ tests ===


Running target unix
FAIL: 22_locale/ctype/is/char/3.cc execution test
FAIL: 27_io/ios_base/storage/11584.cc execution test
FAIL: 27_io/objects/char/6.cc execution test
FAIL: 27_io/objects/wchar_t/6.cc execution test
FAIL: ext/mt_allocator/check_new.cc execution test
FAIL: ext/pool_allocator/check_new.cc execution test

		=== libstdc++ Summary ===

# of expected passes		5522
# of unexpected failures	6
# of expected failures		74
# of unsupported tests		334

Compiler version: 4.4.0 20081231 (experimental) [trunk revision 142977] (GCC) 
Platform: powerpc-ibm-aix5.3.0.0
configure flags: --prefix=/farm/dje/install/powerpc-ibm-aix5.3.0.0-20081230 --disable-werror --enable-languages=c,c++,fortran,objc --with-gmp=/usr/gnu --with-mpfr=/usr/gnu --with-ppl=/usr/gnu --with-cloog=/usr/gnu



More information about the Gcc-testresults mailing list