Results for 4.4.0 20081226 (experimental) [ revision ] (GCC) testsuite on alphaev56-unknown-linux-gnu

Uros Bizjak ubizjak@gmail.com
Mon Dec 29 17:42:00 GMT 2008


Includes

Native configuration is alphaev56-unknown-linux-gnu

        === libffi tests ===


Running target unix

        === libffi Summary ===

# of expected passes        1389
# of unsupported tests        10
        === libgomp tests ===


Running target unix

        === libgomp Summary ===

# of expected passes        2327
        === libjava tests ===


Running target unix
FAIL: TestClosureGC run
FAIL: natgetargssize.cc compilation
FAIL: natgetlocalvartable.cc compilation
FAIL: natgetstacktrace.cc compilation
FAIL: natevents.cc compilation
FAIL: natgetallthreads.cc compilation
FAIL: natgeterrorname.cc compilation
FAIL: natgetmethodname.cc compilation
FAIL: Array_3 execution - source compiled test
FAIL: Array_3 -findirect-dispatch execution - source compiled test
FAIL: Array_3 -O3 execution - source compiled test
FAIL: Array_3 -O3 -findirect-dispatch execution - source compiled test
FAIL: Invoke_1 execution - source compiled test
FAIL: Invoke_1 -findirect-dispatch execution - source compiled test
FAIL: Invoke_1 -O3 execution - source compiled test
FAIL: Invoke_1 -O3 -findirect-dispatch execution - source compiled test
FAIL: PR218 output - source compiled test
FAIL: PR218 -O3 output - source compiled test
FAIL: StackTrace2 execution - source compiled test
FAIL: StackTrace2 -findirect-dispatch execution - source compiled test
FAIL: StackTrace2 -O3 execution - source compiled test
FAIL: StackTrace2 -O3 -findirect-dispatch execution - source compiled test
FAIL: Throw_2 execution - source compiled test
FAIL: Throw_2 -findirect-dispatch execution - source compiled test
FAIL: Throw_2 -O3 execution - source compiled test
FAIL: Throw_2 -O3 -findirect-dispatch execution - source compiled test
FAIL: Throw_3 output - source compiled test
FAIL: Throw_3 -findirect-dispatch output - source compiled test
FAIL: Throw_3 -O3 output - source compiled test
FAIL: Throw_3 -O3 -findirect-dispatch output - source compiled test
FAIL: pr83 -findirect-dispatch execution - source compiled test
FAIL: pr83 -O3 -findirect-dispatch execution - source compiled test

        === libjava Summary ===

# of expected passes        2513
# of unexpected failures    32
# of untested testcases        19
        === libmudflap tests ===


Running target unix
FAIL: libmudflap.c++/pass41-frag.cxx execution test
FAIL: libmudflap.c++/pass41-frag.cxx (-static) execution test
FAIL: libmudflap.c++/pass41-frag.cxx (-O2) execution test
FAIL: libmudflap.c++/pass41-frag.cxx (-O3) execution test

        === libmudflap Summary ===

# of expected passes        1890
# of unexpected failures    4
        === libstdc++ tests ===


Running target unix
FAIL: abi_check
FAIL: 22_locale/time_get/get_date/wchar_t/4.cc execution test
XPASS: 26_numerics/headers/cmath/c99_classification_macros_c.cc (test 
for excess errors)
FAIL: ext/pb_ds/regression/priority_queue_rand.cc execution test
WARNING: program timed out.
FAIL: ext/pb_ds/regression/tree_data_map_rand.cc (test for excess errors)
UNRESOLVED: ext/pb_ds/regression/tree_data_map_rand.cc compilation 
failed to produce executable
WARNING: program timed out.
FAIL: ext/pb_ds/regression/tree_no_data_map_rand.cc (test for excess errors)
UNRESOLVED: ext/pb_ds/regression/tree_no_data_map_rand.cc compilation 
failed to produce executable
FAIL: ext/pb_ds/regression/trie_no_data_map_rand.cc execution test

        === libstdc++ Summary ===

# of expected passes        6409
# of unexpected failures    6
# of unexpected successes    1
# of expected failures        79
# of unresolved testcases    2
# of unsupported tests        10
        === gcc tests ===


Running target unix
FAIL: tmpdir-gcc.dg-struct-layout-1/t003 
c_compat_x_tst.o-c_compat_y_tst.o execute
FAIL: tmpdir-gcc.dg-struct-layout-1/t024 
c_compat_x_tst.o-c_compat_y_tst.o execute
FAIL: tmpdir-gcc.dg-struct-layout-1/t025 
c_compat_x_tst.o-c_compat_y_tst.o execute
FAIL: tmpdir-gcc.dg-struct-layout-1/t028 
c_compat_x_tst.o-c_compat_y_tst.o execute
WARNING: program timed out.
FAIL: gcc.dg/20020425-1.c (test for excess errors)
FAIL: gcc.dg/cleanup-10.c execution test
FAIL: gcc.dg/cleanup-11.c execution test
FAIL: gcc.dg/cleanup-8.c execution test
FAIL: gcc.dg/cleanup-9.c execution test
FAIL: gcc.dg/pr35729.c scan-rtl-dump-times loop2_invariant "Decided to 
move invariant" 0
FAIL: gcc.dg/struct-ret-3.c execution test

        === gcc Summary ===

# of expected passes        48750
# of unexpected failures    11
# of expected failures        126
# of unsupported tests        492
/home/uros/gcc-build-all/gcc/xgcc  version 4.4.0 20081226 (experimental) 
[ revision ] (GCC)

        === gfortran tests ===


Running target unix
FAIL: gfortran.fortran-torture/execute/intrinsic_len.f90 execution,  -O2 
-fomit-frame-pointer -finline-functions -funroll-loops

        === gfortran Summary ===

# of expected passes        28536
# of unexpected failures    1
# of expected failures        18
# of unsupported tests        45
/home/uros/gcc-build-all/gcc/testsuite/gfortran/../../gfortran  version 
4.4.0 20081226 (experimental) [ revision ] (GCC)

        === g++ tests ===


Running target unix
FAIL: tmpdir-g++.dg-struct-layout-1/t001 
cp_compat_x_tst.o-cp_compat_y_tst.o execute
FAIL: tmpdir-g++.dg-struct-layout-1/t024 
cp_compat_x_tst.o-cp_compat_y_tst.o execute
FAIL: g++.dg/ext/cleanup-10.C execution test
FAIL: g++.dg/ext/cleanup-11.C execution test
FAIL: g++.dg/ext/cleanup-8.C execution test
FAIL: g++.dg/ext/cleanup-9.C execution test

        === g++ Summary ===

# of expected passes        18693
# of unexpected failures    6
# of expected failures        135
# of unsupported tests        155
/home/uros/gcc-build-all/gcc/testsuite/g++/../../g++  version 4.4.0 
20081226 (experimental) [ revision ] (GCC)

        === objc tests ===


Running target unix

        === objc Summary ===

# of expected passes        1812
# of expected failures        7
# of unsupported tests        25
/home/uros/gcc-build-all/gcc/xgcc  version 4.4.0 20081226 (experimental) 
[ revision ] (GCC)


Compiler version: 4.4.0 20081226 (experimental) [ revision ] (GCC)
Platform: alphaev56-unknown-linux-gnu

BOOT_CFLAGS=-g -O2

==========
Included patches:

[1] [PATCH] Build broken for x86_64 -> alpha cross
http://gcc.gnu.org/ml/gcc-patches/2008-12/msg01157.html

[2] [PATCH, middle-end - RTL]: scheduling, UNSPEC_VOLATILEs should also 
represent insn blockage for insns with mem only operands
http://gcc.gnu.org/ml/gcc-patches/2008-12/msg01170.html

[3] [PATCH, libgomp]: Add -mieee for testsuite/libgomp.c/atomic-6.c for 
alpha
http://gcc.gnu.org/ml/gcc-patches/2008-12/msg01171.html



More information about the Gcc-testresults mailing list