Results for 4.4.0 20081223 (experimental) [trunk revision 142901] (GCC) testsuite on hppa-unknown-linux-gnu
John David Anglin
dave@mx3210.hia.nrc.ca
Wed Dec 24 14:16:00 GMT 2008
LAST_UPDATED: Tue Dec 23 05:05:02 UTC 2008 (revision 142901)
=== acats tests ===
=== acats Summary ===
# of expected passes 2315
# of unexpected failures 0
Native configuration is hppa-unknown-linux-gnu
=== g++ tests ===
Running target unix
=== g++ Summary ===
# of expected passes 18728
# of expected failures 135
# of unsupported tests 152
/home/dave/gnu/gcc/objdir/gcc/testsuite/g++/../../g++ version 4.4.0 20081223 (experimental) [trunk revision 142901] (GCC)
=== gcc tests ===
Running target unix
WARNING: program timed out.
FAIL: gcc.c-torture/execute/20030928-1.c compilation, -O3 -fomit-frame-pointer
UNRESOLVED: gcc.c-torture/execute/20030928-1.c execution, -O3 -fomit-frame-pointer
WARNING: program timed out.
FAIL: gcc.c-torture/execute/20040218-1.c compilation, -O3 -fomit-frame-pointer
UNRESOLVED: gcc.c-torture/execute/20040218-1.c execution, -O3 -fomit-frame-pointer
WARNING: program timed out.
FAIL: gcc.c-torture/execute/20041201-1.c compilation, -O2
UNRESOLVED: gcc.c-torture/execute/20041201-1.c execution, -O2
FAIL: gcc.dg/pr35729.c scan-rtl-dump-times loop2_invariant "Decided to move invariant" 0
XPASS: gcc.dg/tree-ssa/loop-1.c scan-assembler-times foo 5
=== gcc Summary ===
# of expected passes 48660
# of unexpected failures 4
# of unexpected successes 1
# of expected failures 125
# of unresolved testcases 3
# of unsupported tests 506
/home/dave/gnu/gcc/objdir/gcc/xgcc version 4.4.0 20081223 (experimental) [trunk revision 142901] (GCC)
=== gfortran tests ===
Running target unix
WARNING: program timed out.
FAIL: gfortran.dg/alloc_comp_assign_1.f90 -O2 (test for excess errors)
UNRESOLVED: gfortran.dg/alloc_comp_assign_1.f90 -O2 compilation failed to produce executable
WARNING: program timed out.
FAIL: gfortran.dg/alloc_comp_constructor_1.f90 -O3 -fomit-frame-pointer -funroll-all-loops -finline-functions (test for excess errors)
UNRESOLVED: gfortran.dg/alloc_comp_constructor_1.f90 -O3 -fomit-frame-pointer -funroll-all-loops -finline-functions compilation failed to produce executable
WARNING: program timed out.
FAIL: gfortran.dg/bind_c_usage_10.f03 -O1 (test for excess errors)
UNRESOLVED: gfortran.dg/bind_c_usage_10.f03 -O1 compilation failed to produce executable
=== gfortran Summary ===
# of expected passes 28118
# of unexpected failures 3
# of expected failures 10
# of unresolved testcases 3
# of unsupported tests 254
/home/dave/gnu/gcc/objdir/gcc/testsuite/gfortran/../../gfortran version 4.4.0 20081223 (experimental) [trunk revision 142901] (GCC)
=== gnat tests ===
Running target unix
WARNING: program timed out.
FAIL: gnat.dg/test_image.adb (test for excess errors)
FAIL: gnat.dg/test_image.adb execution test
=== gnat Summary ===
# of expected passes 601
# of unexpected failures 2
# of expected failures 6
=== obj-c++ tests ===
Running target unix
UNRESOLVED: obj-c++.dg/lookup-2.mm compilation failed to produce executable
UNRESOLVED: obj-c++.dg/try-catch-2.mm compilation failed to produce executable
UNRESOLVED: obj-c++.dg/try-catch-9.mm compilation failed to produce executable
=== obj-c++ Summary ===
# of expected passes 438
# of expected failures 10
# of unresolved testcases 3
# of unsupported tests 13
/home/dave/gnu/gcc/objdir/gcc/testsuite/obj-c++/../../g++ version 4.4.0 20081223 (experimental) [trunk revision 142901] (GCC)
=== objc tests ===
Running target unix
WARNING: program timed out.
FAIL: objc/execute/load-2.m compilation, -O1 -fgnu-runtime
UNRESOLVED: objc/execute/load-2.m execution, -O1 -fgnu-runtime
WARNING: program timed out.
FAIL: objc/execute/static-1.m compilation, -O1 -fgnu-runtime
UNRESOLVED: objc/execute/static-1.m execution, -O1 -fgnu-runtime
=== objc Summary ===
# of expected passes 1810
# of unexpected failures 2
# of expected failures 7
# of unresolved testcases 2
# of unsupported tests 24
/home/dave/gnu/gcc/objdir/gcc/xgcc version 4.4.0 20081223 (experimental) [trunk revision 142901] (GCC)
=== libffi tests ===
Running target unix
=== libffi Summary ===
# of expected passes 1389
# of unsupported tests 10
=== libgomp tests ===
Running target unix
FAIL: libgomp.fortran/vla6.f90 -O0 execution test
=== libgomp Summary ===
# of expected passes 2312
# of unexpected failures 1
# of unsupported tests 7
=== libjava tests ===
Running target unix
FAIL: events output
=== libjava Summary ===
# of expected passes 2573
# of unexpected failures 1
=== libmudflap tests ===
Running target unix
FAIL: libmudflap.c++/pass41-frag.cxx execution test
FAIL: libmudflap.c++/pass41-frag.cxx (-static) execution test
FAIL: libmudflap.c++/pass41-frag.cxx (-O2) execution test
FAIL: libmudflap.c++/pass41-frag.cxx (-O3) execution test
WARNING: program timed out.
FAIL: libmudflap.cth/pass40-frag.c execution test
FAIL: libmudflap.cth/pass40-frag.c output pattern test
WARNING: program timed out.
FAIL: libmudflap.cth/pass40-frag.c (-static -DSTATIC) execution test
FAIL: libmudflap.cth/pass40-frag.c (-static -DSTATIC) output pattern test
WARNING: program timed out.
FAIL: libmudflap.cth/pass40-frag.c (-O2) execution test
FAIL: libmudflap.cth/pass40-frag.c (-O2) output pattern test
WARNING: program timed out.
FAIL: libmudflap.cth/pass40-frag.c (-O3) execution test
FAIL: libmudflap.cth/pass40-frag.c (-O3) output pattern test
=== libmudflap Summary ===
# of expected passes 1882
# of unexpected failures 12
=== libstdc++ tests ===
Running target unix
FAIL: abi_check
FAIL: 22_locale/time_get/get_date/wchar_t/4.cc execution test
XPASS: 26_numerics/headers/cmath/c99_classification_macros_c.cc (test for excess errors)
WARNING: program timed out.
FAIL: thread/pthread7-rope.cc execution test
=== libstdc++ Summary ===
# of expected passes 6408
# of unexpected failures 3
# of unexpected successes 1
# of expected failures 79
# of unsupported tests 13
Compiler version: 4.4.0 20081223 (experimental) [trunk revision 142901] (GCC)
Platform: hppa-unknown-linux-gnu
configure flags: --with-gnu-as --with-gnu-ld --enable-shared --prefix=/home/dave/opt/gnu/gcc/gcc-4.4.0 --with-local-prefix=/home/dave/opt/gnu --enable-threads=posix --enable-__cxa_atexit --build=hppa-linux --enable-clocale=gnu --enable-java-gc=boehm --enable-java-awt=xlib --enable-languages=c,c++,objc,fortran,obj-c++,java,ada
More information about the Gcc-testresults
mailing list