Results for 4.4.020081210(experimental)[trunkrevision142663](GCC) testsuite on mips64-unknown-linux-gnu

David Daney ddaney@caviumnetworks.com
Mon Dec 22 19:07:00 GMT 2008


LAST_UPDATED: Wed Dec 10 23:30:25 UTC 2008 (revision 142663)

Native configuration is mips64-unknown-linux-gnu

		=== gcc tests ===


Running target unix/-mabi=64
WARNING: program timed out.
FAIL: gcc.c-torture/compile/20001226-1.c  -O2  (test for excess errors)
WARNING: program timed out.
FAIL: gcc.c-torture/compile/20001226-1.c  -O3 -fomit-frame-pointer  (test for excess errors)
WARNING: program timed out.
FAIL: gcc.c-torture/compile/20001226-1.c  -O3 -g  (test for excess errors)
WARNING: program timed out.
FAIL: gcc.c-torture/compile/20001226-1.c  -Os  (test for excess errors)
WARNING: program timed out.
FAIL: gcc.c-torture/compile/limits-fnargs.c  -O2  (test for excess errors)
WARNING: program timed out.
FAIL: gcc.c-torture/compile/limits-fnargs.c  -O3 -fomit-frame-pointer  (test for excess errors)
WARNING: program timed out.
FAIL: gcc.c-torture/compile/limits-fnargs.c  -O3 -g  (test for excess errors)
WARNING: program timed out.
FAIL: gcc.c-torture/compile/limits-fnargs.c  -Os  (test for excess errors)
WARNING: program timed out.
FAIL: gcc.c-torture/compile/limits-fndefn.c  -O1  (test for excess errors)
WARNING: program timed out.
FAIL: gcc.c-torture/compile/limits-fndefn.c  -O2  (test for excess errors)
WARNING: program timed out.
FAIL: gcc.c-torture/compile/limits-fndefn.c  -O3 -fomit-frame-pointer  (test for excess errors)
WARNING: program timed out.
FAIL: gcc.c-torture/compile/limits-fndefn.c  -O3 -g  (test for excess errors)
WARNING: program timed out.
FAIL: gcc.c-torture/compile/limits-fndefn.c  -Os  (test for excess errors)
WARNING: program timed out.
FAIL: gcc.dg/20020425-1.c (test for excess errors)
FAIL: gcc.dg/pr35729.c scan-rtl-dump-times loop2_invariant "Decided to move invariant" 0
FAIL: gcc.dg/pr37106-1.c (internal compiler error)
FAIL: gcc.dg/pr37106-1.c (test for excess errors)
FAIL: gcc.dg/torture/pr37969.c  -O3 -fomit-frame-pointer -funroll-all-loops -finline-functions  (internal compiler error)
FAIL: gcc.dg/torture/pr37969.c  -O3 -fomit-frame-pointer -funroll-all-loops -finline-functions  (test for excess errors)
FAIL: gcc.dg/tree-ssa/ssa-store-ccp-3.c scan-tree-dump-times optimized "conststaticvariable" 1
FAIL: gcc.dg/tree-ssa/vrp47.c scan-tree-dump-times vrp1 "[xy][^ ]* !=" 0
FAIL: gcc.dg/tree-ssa/vrp47.c scan-tree-dump-times dom1 "x[^ ]* & y" 1
FAIL: gcc.dg/tree-ssa/vrp47.c scan-tree-dump-times vrp1 "x[^ ]* [|] y" 1
FAIL: gcc.misc-tests/linkage.c link
FAIL: gcc.target/mips/madd-7.c scan-assembler-not \\tmul\\t
FAIL: gcc.target/mips/madd-7.c scan-assembler \\tmadd\\t
FAIL: gcc.target/mips/msub-7.c scan-assembler-not \\tmul\\t
FAIL: gcc.target/mips/msub-7.c scan-assembler \\tmsub\\t

		=== gcc Summary for unix/-mabi=64 ===

# of expected passes		49120
# of unexpected failures	28
# of expected failures		125
# of unsupported tests		560

Running target unix/-mabi=n32
WARNING: program timed out.
FAIL: gcc.c-torture/compile/20001226-1.c  -O2  (test for excess errors)
WARNING: program timed out.
FAIL: gcc.c-torture/compile/20001226-1.c  -O3 -fomit-frame-pointer  (test for excess errors)
WARNING: program timed out.
FAIL: gcc.c-torture/compile/20001226-1.c  -O3 -g  (test for excess errors)
WARNING: program timed out.
FAIL: gcc.c-torture/compile/20001226-1.c  -Os  (test for excess errors)
WARNING: program timed out.
FAIL: gcc.c-torture/compile/limits-fnargs.c  -O2  (test for excess errors)
WARNING: program timed out.
FAIL: gcc.c-torture/compile/limits-fnargs.c  -O3 -fomit-frame-pointer  (test for excess errors)
WARNING: program timed out.
FAIL: gcc.c-torture/compile/limits-fnargs.c  -O3 -g  (test for excess errors)
WARNING: program timed out.
FAIL: gcc.c-torture/compile/limits-fnargs.c  -Os  (test for excess errors)
WARNING: program timed out.
FAIL: gcc.c-torture/compile/limits-fndefn.c  -O3 -g  (test for excess errors)
WARNING: program timed out.
FAIL: gcc.dg/20020425-1.c (test for excess errors)
FAIL: gcc.dg/pr35729.c scan-rtl-dump-times loop2_invariant "Decided to move invariant" 0
FAIL: gcc.dg/pr37106-1.c (internal compiler error)
FAIL: gcc.dg/pr37106-1.c (test for excess errors)
FAIL: gcc.dg/torture/pr37969.c  -O3 -fomit-frame-pointer -funroll-all-loops -finline-functions  (internal compiler error)
FAIL: gcc.dg/torture/pr37969.c  -O3 -fomit-frame-pointer -funroll-all-loops -finline-functions  (test for excess errors)
FAIL: gcc.dg/tree-ssa/ssa-store-ccp-3.c scan-tree-dump-times optimized "conststaticvariable" 1
FAIL: gcc.dg/tree-ssa/vrp47.c scan-tree-dump-times vrp1 "[xy][^ ]* !=" 0
FAIL: gcc.dg/tree-ssa/vrp47.c scan-tree-dump-times dom1 "x[^ ]* & y" 1
FAIL: gcc.dg/tree-ssa/vrp47.c scan-tree-dump-times vrp1 "x[^ ]* [|] y" 1

		=== gcc Summary for unix/-mabi=n32 ===

# of expected passes		49080
# of unexpected failures	19
# of expected failures		124
# of unsupported tests		576

Running target unix/-mabi=32
WARNING: program timed out.
FAIL: gcc.c-torture/compile/20001226-1.c  -O2  (test for excess errors)
WARNING: program timed out.
FAIL: gcc.c-torture/compile/20001226-1.c  -O3 -fomit-frame-pointer  (test for excess errors)
WARNING: program timed out.
FAIL: gcc.c-torture/compile/20001226-1.c  -O3 -g  (test for excess errors)
WARNING: program timed out.
FAIL: gcc.c-torture/compile/20001226-1.c  -Os  (test for excess errors)
WARNING: program timed out.
FAIL: gcc.c-torture/compile/limits-fnargs.c  -O2  (test for excess errors)
WARNING: program timed out.
FAIL: gcc.c-torture/compile/limits-fnargs.c  -O3 -fomit-frame-pointer  (test for excess errors)
WARNING: program timed out.
FAIL: gcc.c-torture/compile/limits-fnargs.c  -O3 -g  (test for excess errors)
WARNING: program timed out.
FAIL: gcc.c-torture/compile/limits-fnargs.c  -Os  (test for excess errors)
WARNING: program timed out.
FAIL: gcc.dg/20020425-1.c (test for excess errors)
FAIL: gcc.dg/pr35729.c scan-rtl-dump-times loop2_invariant "Decided to move invariant" 0
FAIL: gcc.dg/pr37106-1.c (internal compiler error)
FAIL: gcc.dg/pr37106-1.c (test for excess errors)
FAIL: gcc.dg/torture/pr37969.c  -O3 -fomit-frame-pointer -funroll-all-loops -finline-functions  (internal compiler error)
FAIL: gcc.dg/torture/pr37969.c  -O3 -fomit-frame-pointer -funroll-all-loops -finline-functions  (test for excess errors)
FAIL: gcc.dg/tree-ssa/ssa-store-ccp-3.c scan-tree-dump-times optimized "conststaticvariable" 1
FAIL: gcc.dg/tree-ssa/vrp47.c scan-tree-dump-times vrp1 "[xy][^ ]* !=" 0
FAIL: gcc.dg/tree-ssa/vrp47.c scan-tree-dump-times dom1 "x[^ ]* & y" 1
FAIL: gcc.dg/tree-ssa/vrp47.c scan-tree-dump-times vrp1 "x[^ ]* [|] y" 1
FAIL: gcc.misc-tests/linkage.c link

		=== gcc Summary for unix/-mabi=32 ===

# of expected passes		49323
# of unexpected failures	19
# of expected failures		124
# of unsupported tests		539

		=== gcc Summary ===

# of expected passes		147523
# of unexpected failures	66
# of expected failures		373
# of unsupported tests		1675
/home/daney/gccsvn/trunk-build/gcc/xgcc  version 4.4.0 20081210 (experimental) [trunk revision 142663] (GCC) 

		=== g++ tests ===


Running target unix/-mabi=64
WARNING: program timed out.
FAIL: g++.dg/eh/cleanup1.C (test for excess errors)
FAIL: g++.dg/ipa/iinline-1.C scan-ipa-dump inline "String::funcOne[^\\n]*inline copy in int main"
FAIL: g++.dg/other/anon5.C (test for excess errors)
WARNING: program timed out.
FAIL: g++.dg/torture/pr31863.C  -O2  (test for excess errors)
WARNING: program timed out.
FAIL: g++.dg/torture/pr31863.C  -O3 -fomit-frame-pointer  (test for excess errors)
WARNING: program timed out.
FAIL: g++.dg/torture/pr31863.C  -O3 -g  (test for excess errors)
WARNING: program timed out.
FAIL: g++.dg/torture/pr31863.C  -Os  (test for excess errors)

		=== g++ Summary for unix/-mabi=64 ===

# of expected passes		18649
# of unexpected failures	7
# of expected failures		135
# of unsupported tests		153

Running target unix/-mabi=n32
WARNING: program timed out.
FAIL: g++.dg/eh/cleanup1.C (test for excess errors)
FAIL: g++.dg/ipa/iinline-1.C scan-ipa-dump inline "String::funcOne[^\\n]*inline copy in int main"
WARNING: program timed out.
FAIL: g++.dg/torture/pr31863.C  -O2  (test for excess errors)
WARNING: program timed out.
FAIL: g++.dg/torture/pr31863.C  -O3 -fomit-frame-pointer  (test for excess errors)
WARNING: program timed out.
FAIL: g++.dg/torture/pr31863.C  -O3 -g  (test for excess errors)
WARNING: program timed out.
FAIL: g++.dg/torture/pr31863.C  -Os  (test for excess errors)

		=== g++ Summary for unix/-mabi=n32 ===

# of expected passes		18684
# of unexpected failures	6
# of expected failures		135
# of unsupported tests		151

Running target unix/-mabi=32
WARNING: program timed out.
FAIL: g++.dg/eh/cleanup1.C (test for excess errors)
FAIL: g++.dg/ipa/iinline-1.C scan-ipa-dump inline "String::funcOne[^\\n]*inline copy in int main"
WARNING: program timed out.
FAIL: g++.dg/torture/pr31863.C  -O2  (test for excess errors)
WARNING: program timed out.
FAIL: g++.dg/torture/pr31863.C  -O3 -fomit-frame-pointer  (test for excess errors)
WARNING: program timed out.
FAIL: g++.dg/torture/pr31863.C  -O3 -g  (test for excess errors)
WARNING: program timed out.
FAIL: g++.dg/torture/pr31863.C  -Os  (test for excess errors)

		=== g++ Summary for unix/-mabi=32 ===

# of expected passes		18680
# of unexpected failures	6
# of expected failures		135
# of unsupported tests		151

		=== g++ Summary ===

# of expected passes		56013
# of unexpected failures	19
# of expected failures		405
# of unsupported tests		455
/home/daney/gccsvn/trunk-build/gcc/testsuite/g++/../../g++  version 4.4.0 20081210 (experimental) [trunk revision 142663] (GCC) 

		=== libffi tests ===


Running target unix/-mabi=64

		=== libffi Summary for unix/-mabi=64 ===

# of expected passes		1389
# of unsupported tests		10

Running target unix/-mabi=n32

		=== libffi Summary for unix/-mabi=n32 ===

# of expected passes		1389
# of unsupported tests		10

Running target unix/-mabi=32

		=== libffi Summary for unix/-mabi=32 ===

# of expected passes		1389
# of unsupported tests		10

		=== libffi Summary ===

# of expected passes		4167
# of unsupported tests		30
		=== libjava tests ===


Running target unix/-mabi=64

		=== libjava Summary for unix/-mabi=64 ===

# of expected passes		2574

Running target unix/-mabi=n32

		=== libjava Summary for unix/-mabi=n32 ===

# of expected passes		2574

Running target unix/-mabi=32

		=== libjava Summary for unix/-mabi=32 ===

# of expected passes		2574

		=== libjava Summary ===

# of expected passes		7722
		=== libstdc++ tests ===


Running target unix/-mabi=64
FAIL: abi_check
XPASS: 26_numerics/headers/cmath/c99_classification_macros_c.cc (test for excess errors)
WARNING: program timed out.
FAIL: ext/pb_ds/regression/hash_data_map_rand.cc (test for excess errors)
UNRESOLVED: ext/pb_ds/regression/hash_data_map_rand.cc compilation failed to produce executable
WARNING: program timed out.
FAIL: ext/pb_ds/regression/hash_no_data_map_rand.cc (test for excess errors)
UNRESOLVED: ext/pb_ds/regression/hash_no_data_map_rand.cc compilation failed to produce executable
WARNING: program timed out.
FAIL: ext/pb_ds/regression/tree_data_map_rand.cc (test for excess errors)
UNRESOLVED: ext/pb_ds/regression/tree_data_map_rand.cc compilation failed to produce executable
WARNING: program timed out.
FAIL: ext/pb_ds/regression/tree_no_data_map_rand.cc (test for excess errors)
UNRESOLVED: ext/pb_ds/regression/tree_no_data_map_rand.cc compilation failed to produce executable
WARNING: program timed out.
FAIL: ext/pb_ds/regression/trie_data_map_rand.cc (test for excess errors)
UNRESOLVED: ext/pb_ds/regression/trie_data_map_rand.cc compilation failed to produce executable
WARNING: program timed out.
FAIL: ext/pb_ds/regression/trie_no_data_map_rand.cc (test for excess errors)
UNRESOLVED: ext/pb_ds/regression/trie_no_data_map_rand.cc compilation failed to produce executable
FAIL: tr1/5_numerical_facilities/special_functions/12_ellint_1/check_nan.cc (test for excess errors)
UNRESOLVED: tr1/5_numerical_facilities/special_functions/12_ellint_1/check_nan.cc compilation failed to produce executable
FAIL: tr1/5_numerical_facilities/special_functions/12_ellint_1/check_value.cc (test for excess errors)
UNRESOLVED: tr1/5_numerical_facilities/special_functions/12_ellint_1/check_value.cc compilation failed to produce executable
FAIL: tr1/5_numerical_facilities/special_functions/13_ellint_2/check_nan.cc (test for excess errors)
UNRESOLVED: tr1/5_numerical_facilities/special_functions/13_ellint_2/check_nan.cc compilation failed to produce executable
FAIL: tr1/5_numerical_facilities/special_functions/13_ellint_2/check_value.cc (test for excess errors)
UNRESOLVED: tr1/5_numerical_facilities/special_functions/13_ellint_2/check_value.cc compilation failed to produce executable
FAIL: tr1/5_numerical_facilities/special_functions/14_ellint_3/check_nan.cc (test for excess errors)
UNRESOLVED: tr1/5_numerical_facilities/special_functions/14_ellint_3/check_nan.cc compilation failed to produce executable
FAIL: tr1/5_numerical_facilities/special_functions/14_ellint_3/check_value.cc (test for excess errors)
UNRESOLVED: tr1/5_numerical_facilities/special_functions/14_ellint_3/check_value.cc compilation failed to produce executable

		=== libstdc++ Summary for unix/-mabi=64 ===

# of expected passes		5710
# of unexpected failures	13
# of unexpected successes	1
# of expected failures		74
# of unresolved testcases	12
# of unsupported tests		328

Running target unix/-mabi=n32
FAIL: abi_check
XPASS: 26_numerics/headers/cmath/c99_classification_macros_c.cc (test for excess errors)
WARNING: program timed out.
FAIL: ext/pb_ds/regression/hash_data_map_rand.cc (test for excess errors)
UNRESOLVED: ext/pb_ds/regression/hash_data_map_rand.cc compilation failed to produce executable
WARNING: program timed out.
FAIL: ext/pb_ds/regression/hash_no_data_map_rand.cc (test for excess errors)
UNRESOLVED: ext/pb_ds/regression/hash_no_data_map_rand.cc compilation failed to produce executable
WARNING: program timed out.
FAIL: ext/pb_ds/regression/tree_data_map_rand.cc (test for excess errors)
UNRESOLVED: ext/pb_ds/regression/tree_data_map_rand.cc compilation failed to produce executable
WARNING: program timed out.
FAIL: ext/pb_ds/regression/tree_no_data_map_rand.cc (test for excess errors)
UNRESOLVED: ext/pb_ds/regression/tree_no_data_map_rand.cc compilation failed to produce executable
WARNING: program timed out.
FAIL: ext/pb_ds/regression/trie_data_map_rand.cc (test for excess errors)
UNRESOLVED: ext/pb_ds/regression/trie_data_map_rand.cc compilation failed to produce executable
WARNING: program timed out.
FAIL: ext/pb_ds/regression/trie_no_data_map_rand.cc (test for excess errors)
UNRESOLVED: ext/pb_ds/regression/trie_no_data_map_rand.cc compilation failed to produce executable
FAIL: tr1/5_numerical_facilities/special_functions/12_ellint_1/check_nan.cc (test for excess errors)
UNRESOLVED: tr1/5_numerical_facilities/special_functions/12_ellint_1/check_nan.cc compilation failed to produce executable
FAIL: tr1/5_numerical_facilities/special_functions/12_ellint_1/check_value.cc (test for excess errors)
UNRESOLVED: tr1/5_numerical_facilities/special_functions/12_ellint_1/check_value.cc compilation failed to produce executable
FAIL: tr1/5_numerical_facilities/special_functions/13_ellint_2/check_nan.cc (test for excess errors)
UNRESOLVED: tr1/5_numerical_facilities/special_functions/13_ellint_2/check_nan.cc compilation failed to produce executable
FAIL: tr1/5_numerical_facilities/special_functions/13_ellint_2/check_value.cc (test for excess errors)
UNRESOLVED: tr1/5_numerical_facilities/special_functions/13_ellint_2/check_value.cc compilation failed to produce executable
FAIL: tr1/5_numerical_facilities/special_functions/14_ellint_3/check_nan.cc (test for excess errors)
UNRESOLVED: tr1/5_numerical_facilities/special_functions/14_ellint_3/check_nan.cc compilation failed to produce executable
FAIL: tr1/5_numerical_facilities/special_functions/14_ellint_3/check_value.cc (test for excess errors)
UNRESOLVED: tr1/5_numerical_facilities/special_functions/14_ellint_3/check_value.cc compilation failed to produce executable

		=== libstdc++ Summary for unix/-mabi=n32 ===

# of expected passes		5710
# of unexpected failures	13
# of unexpected successes	1
# of expected failures		74
# of unresolved testcases	12
# of unsupported tests		328

Running target unix/-mabi=32
FAIL: abi_check
XPASS: 26_numerics/headers/cmath/c99_classification_macros_c.cc (test for excess errors)
WARNING: program timed out.
FAIL: ext/pb_ds/regression/hash_data_map_rand.cc (test for excess errors)
UNRESOLVED: ext/pb_ds/regression/hash_data_map_rand.cc compilation failed to produce executable
WARNING: program timed out.
FAIL: ext/pb_ds/regression/hash_no_data_map_rand.cc (test for excess errors)
UNRESOLVED: ext/pb_ds/regression/hash_no_data_map_rand.cc compilation failed to produce executable
WARNING: program timed out.
FAIL: ext/pb_ds/regression/tree_data_map_rand.cc (test for excess errors)
UNRESOLVED: ext/pb_ds/regression/tree_data_map_rand.cc compilation failed to produce executable
WARNING: program timed out.
FAIL: ext/pb_ds/regression/tree_no_data_map_rand.cc (test for excess errors)
UNRESOLVED: ext/pb_ds/regression/tree_no_data_map_rand.cc compilation failed to produce executable
WARNING: program timed out.
FAIL: ext/pb_ds/regression/trie_data_map_rand.cc (test for excess errors)
UNRESOLVED: ext/pb_ds/regression/trie_data_map_rand.cc compilation failed to produce executable
WARNING: program timed out.
FAIL: ext/pb_ds/regression/trie_no_data_map_rand.cc (test for excess errors)
UNRESOLVED: ext/pb_ds/regression/trie_no_data_map_rand.cc compilation failed to produce executable
FAIL: tr1/5_numerical_facilities/special_functions/12_ellint_1/check_nan.cc (test for excess errors)
UNRESOLVED: tr1/5_numerical_facilities/special_functions/12_ellint_1/check_nan.cc compilation failed to produce executable
FAIL: tr1/5_numerical_facilities/special_functions/12_ellint_1/check_value.cc (test for excess errors)
UNRESOLVED: tr1/5_numerical_facilities/special_functions/12_ellint_1/check_value.cc compilation failed to produce executable
FAIL: tr1/5_numerical_facilities/special_functions/13_ellint_2/check_nan.cc (test for excess errors)
UNRESOLVED: tr1/5_numerical_facilities/special_functions/13_ellint_2/check_nan.cc compilation failed to produce executable
FAIL: tr1/5_numerical_facilities/special_functions/13_ellint_2/check_value.cc (test for excess errors)
UNRESOLVED: tr1/5_numerical_facilities/special_functions/13_ellint_2/check_value.cc compilation failed to produce executable
FAIL: tr1/5_numerical_facilities/special_functions/14_ellint_3/check_nan.cc (test for excess errors)
UNRESOLVED: tr1/5_numerical_facilities/special_functions/14_ellint_3/check_nan.cc compilation failed to produce executable
FAIL: tr1/5_numerical_facilities/special_functions/14_ellint_3/check_value.cc (test for excess errors)
UNRESOLVED: tr1/5_numerical_facilities/special_functions/14_ellint_3/check_value.cc compilation failed to produce executable

		=== libstdc++ Summary for unix/-mabi=32 ===

# of expected passes		5692
# of unexpected failures	13
# of unexpected successes	1
# of expected failures		74
# of unresolved testcases	12
# of unsupported tests		337

		=== libstdc++ Summary ===

# of expected passes		17112
# of unexpected failures	39
# of unexpected successes	3
# of expected failures		222
# of unresolved testcases	36
# of unsupported tests		993

Compiler version: 4.4.020081210(experimental)[trunkrevision142663](GCC) 
Platform: mips64-unknown-linux-gnu
configure flags: --with-arch=native --disable-java-awt --without-x --enable-__cxa_atexit --disable-libgomp --disable-static --enable-languages=c,c++,java --disable-fixed-point --enable-checking=release --with-gmp=/home/daney/mp --with-mpfr=/home/daney/mp --disable-libmudflap



More information about the Gcc-testresults mailing list