Results for 4.3.3 20081221 (prerelease) [gcc-4_3-branch revision 142879] (GCC) testsuite on x86_64-unknown-linux-gnu

guerby guerby@gcc12.fsffrance.org
Mon Dec 22 02:35:00 GMT 2008


LAST_UPDATED: Sun Dec 21 23:42:32 UTC 2008 (revision 142879)

		=== acats tests ===

		=== acats Summary ===
# of expected passes		2313
# of unexpected failures	0
Native configuration is x86_64-unknown-linux-gnu

		=== gcc tests ===


Running target unix

		=== gcc Summary ===

# of expected passes		49517
# of expected failures		168
# of untested testcases		35
# of unsupported tests		469
/home/guerby/build43/gcc/xgcc  version 4.3.3 20081221 (prerelease) [gcc-4_3-branch revision 142879] (GCC) 

		=== gnat tests ===


Running target unix

		=== gnat Summary ===

# of expected passes		374
# of expected failures		1
		=== libgomp tests ===


Running target unix

		=== libgomp Summary ===

# of expected passes		185
		=== libmudflap tests ===


Running target unix
WARNING: program timed out.
FAIL: libmudflap.cth/pass39-frag.c (-O3) (rerun 11) execution test

		=== libmudflap Summary ===

# of expected passes		1699
# of unexpected failures	1
# of unsupported tests		2

Compiler version: 4.3.3 20081221 (prerelease) [gcc-4_3-branch revision 142879] (GCC) 
Platform: x86_64-unknown-linux-gnu
configure flags: --prefix=/n/12/guerby/install-4.3 --enable-languages=c,ada --enable-__cxa_atexit --disable-nls --enable-threads=posix --disable-multilib --with-mpfr=/opt/cfarm/mpfr-2.3.1



More information about the Gcc-testresults mailing list