Results for 4.4.0 20081220 (experimental) [trunk revision 142850] (GCC) gcc testsuite on mips-unknown-elf

Mike Stein mstein.lists@googlemail.com
Sun Dec 21 22:56:00 GMT 2008


Debian 4 on x86_64
cross tool versions:
GNU assembler (GNU Binutils) 2.18.50.20080419
GNU gdb 6.8.50.20080419-cvs
GNU ld (GNU Binutils) 2.18.50.20080419

GNU Make 3.81
expect version 5.43.0
host gcc version: gcc (GCC) 4.4.0 20081220 (experimental) [trunk revision 142850]
LAST_UPDATED: Sat Dec 20 23:02:22 UTC 2008 (revision 142850)

Target is mips-unknown-elf
Host   is x86_64-unknown-linux-gnu

		=== gcc tests ===


Running target mips-sim
FAIL: gcc.dg/20061124-1.c (test for excess errors)
UNRESOLVED: gcc.dg/20061124-1.c compilation failed to produce executable
FAIL: gcc.dg/ia64-sync-1.c (test for excess errors)
UNRESOLVED: gcc.dg/ia64-sync-1.c compilation failed to produce executable
FAIL: gcc.dg/ia64-sync-2.c (test for excess errors)
UNRESOLVED: gcc.dg/ia64-sync-2.c compilation failed to produce executable
FAIL: gcc.dg/ia64-sync-3.c (test for excess errors)
UNRESOLVED: gcc.dg/ia64-sync-3.c compilation failed to produce executable
FAIL: gcc.dg/pr37106-1.c (internal compiler error)
FAIL: gcc.dg/pr37106-1.c (test for excess errors)
FAIL: gcc.dg/pr37908.c (test for excess errors)
UNRESOLVED: gcc.dg/pr37908.c compilation failed to produce executable
FAIL: gcc.dg/sync-2.c (test for excess errors)
UNRESOLVED: gcc.dg/sync-2.c compilation failed to produce executable
FAIL: gcc.dg/sync-3.c (test for excess errors)
UNRESOLVED: gcc.dg/sync-3.c compilation failed to produce executable
FAIL: gcc.dg/fixed-point/allop.c (internal compiler error)
FAIL: gcc.dg/fixed-point/allop.c (test for excess errors)
FAIL: gcc.dg/fixed-point/binary.c (internal compiler error)
FAIL: gcc.dg/fixed-point/binary.c (test for excess errors)
UNRESOLVED: gcc.dg/fixed-point/binary.c compilation failed to produce executable
FAIL: gcc.dg/fixed-point/composite-type.c  (test for errors, line 35)
FAIL: gcc.dg/fixed-point/composite-type.c  (test for errors, line 36)
FAIL: gcc.dg/fixed-point/composite-type.c  (test for errors, line 37)
FAIL: gcc.dg/fixed-point/composite-type.c  (test for errors, line 38)
FAIL: gcc.dg/fixed-point/composite-type.c  (test for errors, line 39)
FAIL: gcc.dg/fixed-point/composite-type.c  (test for errors, line 40)
FAIL: gcc.dg/fixed-point/composite-type.c  (test for errors, line 41)
FAIL: gcc.dg/fixed-point/composite-type.c  (test for errors, line 42)
FAIL: gcc.dg/fixed-point/composite-type.c  (test for errors, line 43)
FAIL: gcc.dg/fixed-point/composite-type.c  (test for errors, line 44)
FAIL: gcc.dg/fixed-point/composite-type.c  (test for errors, line 45)
FAIL: gcc.dg/fixed-point/composite-type.c  (test for errors, line 46)
FAIL: gcc.dg/fixed-point/composite-type.c  (test for errors, line 47)
FAIL: gcc.dg/fixed-point/composite-type.c  (test for errors, line 48)
FAIL: gcc.dg/fixed-point/composite-type.c  (test for errors, line 49)
FAIL: gcc.dg/fixed-point/composite-type.c  (test for errors, line 50)
FAIL: gcc.dg/fixed-point/composite-type.c  (test for errors, line 52)
FAIL: gcc.dg/fixed-point/composite-type.c  (test for errors, line 53)
FAIL: gcc.dg/fixed-point/composite-type.c  (test for errors, line 54)
FAIL: gcc.dg/fixed-point/composite-type.c  (test for errors, line 55)
FAIL: gcc.dg/fixed-point/composite-type.c  (test for errors, line 56)
FAIL: gcc.dg/fixed-point/composite-type.c  (test for errors, line 57)
FAIL: gcc.dg/fixed-point/composite-type.c  (test for errors, line 58)
FAIL: gcc.dg/fixed-point/composite-type.c  (test for errors, line 59)
FAIL: gcc.dg/fixed-point/composite-type.c  (test for errors, line 60)
FAIL: gcc.dg/fixed-point/composite-type.c  (test for errors, line 61)
FAIL: gcc.dg/fixed-point/composite-type.c  (test for errors, line 62)
FAIL: gcc.dg/fixed-point/composite-type.c  (test for errors, line 63)
FAIL: gcc.dg/fixed-point/composite-type.c  (test for errors, line 64)
FAIL: gcc.dg/fixed-point/composite-type.c  (test for errors, line 65)
FAIL: gcc.dg/fixed-point/composite-type.c  (test for errors, line 66)
FAIL: gcc.dg/fixed-point/composite-type.c  (test for errors, line 67)
FAIL: gcc.dg/fixed-point/composite-type.c (test for excess errors)
FAIL: gcc.dg/tree-ssa/vrp47.c scan-tree-dump-times vrp1 "[xy][^ ]* !=" 0
FAIL: gcc.dg/tree-ssa/vrp47.c scan-tree-dump-times dom1 "x[^ ]* & y" 1
FAIL: gcc.dg/tree-ssa/vrp47.c scan-tree-dump-times vrp1 "x[^ ]* [|] y" 1
FAIL: gcc.target/mips/atomic-memory-1.c  (test for warnings, line )
FAIL: gcc.target/mips/cache-1.c scan-assembler \\tcache\\t0x14,0\\\\(\\\\\$4\\\\)
FAIL: gcc.target/mips/cache-1.c scan-assembler \\tcache\\t0x18,20\\\\(\\\\\$4\\\\)
FAIL: gcc.target/mips/cache-1.c scan-assembler \\tcache\\t0x0,0\\\\(\\\\\$.\\\\)
FAIL: gcc.target/mips/cache-1.c scan-assembler \\tcache\\t0x4,-80\\\\(\\\\\$4\\\\)

		=== gcc Summary ===

# of expected passes		49740
# of unexpected failures	54
# of expected failures		119
# of unresolved testcases	8
# of unsupported tests		538
/home/mstein/sim/trunk/mips-elf/build/gcc/xgcc  version 4.4.0 20081220 (experimental) [trunk revision 142850] (GCC) 


Compiler version: 4.4.0 20081220 (experimental) [trunk revision 142850] (GCC) gcc 
Platform: mips-unknown-elf
configure flags: --target=mips-elf --prefix=/home/mstein/cross-local/mips-elf --enable-languages=c --disable-nls --disable-build-warnings --with-sysroot=/home/mstein/cross-local/mips-elf --with-build-sysroot=/home/mstein/cross-local/mips-elf --with-ld=/home/mstein/cross-local/mips-elf/usr/bin/ld --with-as=/home/mstein/cross-local/mips-elf/usr/bin/as --disable-libssp --with-mpfr=/opt/cfarm/mpfr-2.3.1



More information about the Gcc-testresults mailing list