Results for 4.3.3 20081219 (prerelease) [gcc-4_3-branch revision 142842] (GCC) gcc testsuite on sh-unknown-elf

Mike Stein mstein.lists@googlemail.com
Sat Dec 20 22:57:00 GMT 2008


Debian 4 on x86_64
cross tool versions:
GNU assembler (GNU Binutils) 2.18.50.20080419
GNU gdb 6.8.50.20080419-cvs
GNU ld (GNU Binutils) 2.18.50.20080419

GNU Make 3.81
expect version 5.43.0
host gcc version: gcc (GCC) 4.4.0 20081219 (experimental) [trunk revision 142842]
LAST_UPDATED: Fri Dec 19 23:07:14 UTC 2008 (revision 142842)

Target is sh-unknown-elf
Host   is x86_64-unknown-linux-gnu

		=== gcc tests ===


Running target sh-sim
FAIL: gcc.dg/builtin-apply4.c execution test
FAIL: gcc.dg/memcpy-1.c scan-tree-dump-times optimized "nasty_local" 0
FAIL: gcc.dg/unsigned-long-compare.c (internal compiler error)
FAIL: gcc.dg/unsigned-long-compare.c (test for excess errors)
UNRESOLVED: gcc.dg/unsigned-long-compare.c compilation failed to produce executable
FAIL: gcc.dg/struct/wo_prof_malloc_size_var.c execution test
FAIL: gcc.dg/tls/opt-12.c (test for excess errors)
UNRESOLVED: gcc.dg/tls/opt-12.c compilation failed to produce executable
FAIL: gcc.dg/torture/pr37868.c  -O0  execution test
FAIL: gcc.dg/torture/pr37868.c  -O1  execution test
FAIL: gcc.dg/torture/pr37868.c  -O2  execution test
FAIL: gcc.dg/torture/pr37868.c  -O3 -fomit-frame-pointer  execution test
FAIL: gcc.dg/torture/pr37868.c  -O3 -g  execution test
FAIL: gcc.dg/torture/pr37868.c  -Os  execution test

		=== gcc Summary ===

# of expected passes		45773
# of unexpected failures	12
# of expected failures		87
# of unresolved testcases	2
# of untested testcases		35
# of unsupported tests		399
/home/mstein/sim/gcc-4_3-branch/sh-elf/build/gcc/xgcc  version 4.3.3 20081219 (prerelease) [gcc-4_3-branch revision 142842] (GCC) 


Compiler version: 4.3.3 20081219 (prerelease) [gcc-4_3-branch revision 142842] (GCC) gcc 
Platform: sh-unknown-elf
configure flags: --target=sh-elf --prefix=/home/mstein/cross-local/sh-elf --enable-languages=c --disable-nls --disable-build-warnings --with-sysroot=/home/mstein/cross-local/sh-elf --with-build-sysroot=/home/mstein/cross-local/sh-elf --with-ld=/home/mstein/cross-local/sh-elf/usr/bin/ld --with-as=/home/mstein/cross-local/sh-elf/usr/bin/as --disable-libssp --with-mpfr=/opt/cfarm/mpfr-2.3.1



More information about the Gcc-testresults mailing list