Results for 4.4.0 20080823 (experimental) [ira revision 142842] (GCC) testsuite on x86_64-unknown-linux-gnu

Mike Stein mstein.lists@googlemail.com
Sat Dec 20 22:56:00 GMT 2008


LAST_UPDATED: Fri Dec 19 23:12:49 UTC 2008 (revision 142842)

Native configuration is x86_64-unknown-linux-gnu

		=== gcc tests ===


Running target unix/-fira
FAIL: gcc.c-torture/compile/limits-structnest.c  -O2  (test for excess errors)
FAIL: gcc.c-torture/compile/limits-structnest.c  -O3 -fomit-frame-pointer  (test for excess errors)
FAIL: gcc.c-torture/compile/limits-structnest.c  -O3 -g  (test for excess errors)
FAIL: gcc.c-torture/compile/limits-structnest.c  -Os  (test for excess errors)
FAIL: gcc.dg/debug/dwarf2/dwarf-die3.c scan-assembler-not DW_AT_inline
FAIL: gcc.dg/matrix/transpose-3.c compilation,  -fprofile-use -fipa-matrix-reorg -fdump-ipa-matrix-reorg -O3 -fwhole-program -combine (internal compiler error)
UNRESOLVED: gcc.dg/matrix/transpose-3.c execution,    -fprofile-use -fipa-matrix-reorg -fdump-ipa-matrix-reorg -O3 -fwhole-program -combine
FAIL: gcc.dg/tree-prof/bb-reorg.c compilation,  -fprofile-use -D_PROFILE_USE
UNRESOLVED: gcc.dg/tree-prof/bb-reorg.c execution,    -fprofile-use -D_PROFILE_USE
FAIL: gcc.dg/tree-prof/pr34999.c compilation,  -fprofile-use -D_PROFILE_USE
UNRESOLVED: gcc.dg/tree-prof/pr34999.c execution,    -fprofile-use -D_PROFILE_USE
FAIL: gcc.dg/vect/vect-67.c scan-tree-dump-times vect "vectorized 1 loops" 1
FAIL: gcc.dg/vect/no-scevccp-outer-13.c scan-tree-dump-times vect "OUTER LOOP VECTORIZED." 1
FAIL: gcc.dg/vect/no-scevccp-outer-7.c scan-tree-dump-times vect "OUTER LOOP VECTORIZED." 1
FAIL: gcc.target/i386/pr34256.c scan-assembler-times mov 2
FAIL: gcc.target/i386/pr36222-1.c scan-assembler-not movdqa
FAIL: gcc.target/i386/pr36246.c scan-assembler-not movq

		=== gcc Summary ===

# of expected passes		52602
# of unexpected failures	14
# of expected failures		194
# of unresolved testcases	3
# of unsupported tests		818
/home/mstein/obj/ira/gcc/xgcc  version 4.4.0 20080823 (experimental) [ira revision 142842] (GCC) 

		=== libgomp tests ===


Running target unix/-fira

		=== libgomp Summary ===

# of expected passes		241
		=== libmudflap tests ===


Running target unix/-fira
WARNING: program timed out.
FAIL: libmudflap.cth/pass40-frag.c execution test
FAIL: libmudflap.cth/pass40-frag.c output pattern test

		=== libmudflap Summary ===

# of expected passes		1714
# of unexpected failures	2
# of unsupported tests		2

Compiler version: 4.4.0 20080823 (experimental) [ira revision 142842] (GCC) 
Platform: x86_64-unknown-linux-gnu
configure flags: --enable-languages=c --disable-nls --prefix=/home/mstein/host-gcc/ira-2008-12-20 --enable-checking=yes,rtl --with-mpfr=/opt/cfarm/mpfr-2.3.1



More information about the Gcc-testresults mailing list