Results for 4.4.0 20081220 (experimental) [trunk revision 142848] (GCC) testsuite on i686-pc-linux-gnu

Joey Ye jye2@shgcc-16.sh.intel.com
Sat Dec 20 19:30:00 GMT 2008


LAST_UPDATED: Sat Dec 20 17:45:15 UTC 2008 (revision 142848)

Native configuration is i686-pc-linux-gnu

		=== g++ tests ===


Running target unix

		=== g++ Summary ===

# of expected passes		19332
# of expected failures		135
# of unsupported tests		97
/home/jye2/gcc/build-daily/gcc/testsuite/g++/../../g++  version 4.4.0 20081220 (experimental) [trunk revision 142848] (GCC) 

		=== gcc tests ===


Running target unix
FAIL: gcc.dg/pr30286.c execution test
FAIL: gcc.target/i386/pr37843-3.c scan-assembler-not call[\\\\t ]*foo
FAIL: gcc.target/i386/pr37843-3.c scan-assembler jmp[\\\\t ]*foo

		=== gcc Summary ===

# of expected passes		55092
# of unexpected failures	3
# of expected failures		184
# of unsupported tests		877
/home/jye2/gcc/build-daily/gcc/xgcc  version 4.4.0 20081220 (experimental) [trunk revision 142848] (GCC) 

		=== gfortran tests ===


Running target unix

		=== gfortran Summary ===

# of expected passes		28967
# of expected failures		10
# of unsupported tests		97
/home/jye2/gcc/build-daily/gcc/testsuite/gfortran/../../gfortran  version 4.4.0 20081220 (experimental) [trunk revision 142848] (GCC) 

		=== objc tests ===


Running target unix

		=== objc Summary ===

# of expected passes		1814
# of expected failures		7
# of unsupported tests		24
/home/jye2/gcc/build-daily/gcc/xgcc  version 4.4.0 20081220 (experimental) [trunk revision 142848] (GCC) 

		=== libffi tests ===


Running target unix

		=== libffi Summary ===

# of expected passes		1389
# of unsupported tests		10
		=== libgomp tests ===


Running target unix

		=== libgomp Summary ===

# of expected passes		2327
		=== libjava tests ===


Running target unix

		=== libjava Summary ===

# of expected passes		2574
		=== libmudflap tests ===


Running target unix
FAIL: libmudflap.c++/pass41-frag.cxx execution test
FAIL: libmudflap.c++/pass41-frag.cxx (-static) execution test
FAIL: libmudflap.c++/pass41-frag.cxx (-O2) execution test
FAIL: libmudflap.c++/pass41-frag.cxx (-O3) execution test

		=== libmudflap Summary ===

# of expected passes		1890
# of unexpected failures	4
		=== libstdc++ tests ===


Running target unix
XPASS: 26_numerics/headers/cmath/c99_classification_macros_c.cc (test for excess errors)

		=== libstdc++ Summary ===

# of expected passes		6411
# of unexpected successes	1
# of expected failures		79
# of unsupported tests		13

Compiler version: 4.4.0 20081220 (experimental) [trunk revision 142848] (GCC) 
Platform: i686-pc-linux-gnu
configure flags: --enable-clocale=gnu --with-system-zlib --enable-decimal-float=bid --with-demangler-in-ld --enable-shared --enable-threads=posix --enable-haifa --enable-checking=assert



More information about the Gcc-testresults mailing list