Results for 4.4.0 20081220 (experimental) (GCC) testsuite on ia64-hp-hpux11.23

Steve Ellcey sje@cup.hp.com
Sat Dec 20 13:12:00 GMT 2008


LAST_UPDATED: 
Native configuration is ia64-hp-hpux11.23

		=== g++ tests ===


Running target unix/-mlp64

		=== g++ Summary for unix/-mlp64 ===

# of expected passes		17916
# of expected failures		141
# of unsupported tests		177

Running target unix/-milp32

		=== g++ Summary for unix/-milp32 ===

# of expected passes		17950
# of expected failures		141
# of unsupported tests		175

		=== g++ Summary ===

# of expected passes		35866
# of expected failures		282
# of unsupported tests		352
/proj/opensrc_nobackup/nightly2/build-ia64-hp-hpux11.23-trunk/obj_gcc/gcc/testsuite/g++/../../g++  version 4.4.0 20081220 (experimental) (GCC) 

		=== gcc tests ===


Running target unix/-mlp64
XPASS: gcc.c-torture/compile/pr11832.c  -O3 -fomit-frame-pointer  (test for excess errors)
XPASS: gcc.c-torture/compile/pr11832.c  -O3 -fomit-frame-pointer -funroll-loops  (test for excess errors)
XPASS: gcc.c-torture/compile/pr11832.c  -O3 -fomit-frame-pointer -funroll-all-loops -finline-functions  (test for excess errors)
XPASS: gcc.c-torture/compile/pr11832.c  -O3 -g  (test for excess errors)
XPASS: gcc.c-torture/compile/pr11832.c  -Os  (test for excess errors)
XPASS: gcc.c-torture/compile/pr33009.c  -O1  (test for excess errors)
XPASS: gcc.c-torture/compile/pr33009.c  -O2  (test for excess errors)
XPASS: gcc.c-torture/compile/pr33009.c  -O3 -fomit-frame-pointer  (test for excess errors)
XPASS: gcc.c-torture/compile/pr33009.c  -O3 -fomit-frame-pointer -funroll-loops  (test for excess errors)
XPASS: gcc.c-torture/compile/pr33009.c  -O3 -fomit-frame-pointer -funroll-all-loops -finline-functions  (test for excess errors)
XPASS: gcc.c-torture/compile/pr33009.c  -O3 -g  (test for excess errors)
XPASS: gcc.c-torture/compile/pr33009.c  -Os  (test for excess errors)
FAIL: gcc.dg/builtin-apply4.c execution test
FAIL: gcc.dg/pr35729.c scan-rtl-dump-times loop2_invariant "Decided to move invariant" 0
FAIL: gcc.dg/pr37106-1.c (internal compiler error)
FAIL: gcc.dg/pr37106-1.c (test for excess errors)
XPASS: gcc.dg/torture/fp-int-convert-timode.c  -O0  execution test
XPASS: gcc.dg/torture/fp-int-convert-timode.c  -O1  execution test
XPASS: gcc.dg/torture/fp-int-convert-timode.c  -O2  execution test
XPASS: gcc.dg/torture/fp-int-convert-timode.c  -O3 -fomit-frame-pointer  execution test
XPASS: gcc.dg/torture/fp-int-convert-timode.c  -O3 -g  execution test
XPASS: gcc.dg/torture/fp-int-convert-timode.c  -Os  execution test

		=== gcc Summary for unix/-mlp64 ===

# of expected passes		48906
# of unexpected failures	4
# of unexpected successes	18
# of expected failures		244
# of unsupported tests		520

Running target unix/-milp32
XPASS: gcc.c-torture/compile/pr11832.c  -O3 -fomit-frame-pointer  (test for excess errors)
XPASS: gcc.c-torture/compile/pr11832.c  -O3 -fomit-frame-pointer -funroll-loops  (test for excess errors)
XPASS: gcc.c-torture/compile/pr11832.c  -O3 -fomit-frame-pointer -funroll-all-loops -finline-functions  (test for excess errors)
XPASS: gcc.c-torture/compile/pr11832.c  -O3 -g  (test for excess errors)
XPASS: gcc.c-torture/compile/pr11832.c  -Os  (test for excess errors)
XPASS: gcc.c-torture/compile/pr33009.c  -O1  (test for excess errors)
XPASS: gcc.c-torture/compile/pr33009.c  -O2  (test for excess errors)
XPASS: gcc.c-torture/compile/pr33009.c  -O3 -fomit-frame-pointer  (test for excess errors)
XPASS: gcc.c-torture/compile/pr33009.c  -O3 -g  (test for excess errors)
XPASS: gcc.c-torture/compile/pr33009.c  -Os  (test for excess errors)
FAIL: gcc.dg/builtin-apply4.c execution test
FAIL: gcc.dg/pr35729.c scan-rtl-dump-times loop2_invariant "Decided to move invariant" 0
FAIL: gcc.dg/pr37106-1.c (internal compiler error)
FAIL: gcc.dg/pr37106-1.c (test for excess errors)
FAIL: gcc.dg/var-expand1.c scan-rtl-dump loop2_unroll "Expanding Accumulator"

		=== gcc Summary for unix/-milp32 ===

# of expected passes		48897
# of unexpected failures	5
# of unexpected successes	10
# of expected failures		245
# of unsupported tests		530

		=== gcc Summary ===

# of expected passes		97803
# of unexpected failures	9
# of unexpected successes	28
# of expected failures		489
# of unsupported tests		1050
/proj/opensrc_nobackup/nightly2/build-ia64-hp-hpux11.23-trunk/obj_gcc/gcc/xgcc  version 4.4.0 20081220 (experimental) (GCC) 

		=== gfortran tests ===


Running target unix/-mlp64

		=== gfortran Summary for unix/-mlp64 ===

# of expected passes		29023
# of expected failures		18
# of unsupported tests		44

Running target unix/-milp32

		=== gfortran Summary for unix/-milp32 ===

# of expected passes		29023
# of expected failures		18
# of unsupported tests		44

		=== gfortran Summary ===

# of expected passes		58046
# of expected failures		36
# of unsupported tests		88
/proj/opensrc_nobackup/nightly2/build-ia64-hp-hpux11.23-trunk/obj_gcc/gcc/testsuite/gfortran/../../gfortran  version 4.4.0 20081220 (experimental) (GCC) 

		=== libgomp tests ===


Running target unix/-mlp64

		=== libgomp Summary for unix/-mlp64 ===

# of expected passes		2323
# of unsupported tests		2

Running target unix/-milp32

		=== libgomp Summary for unix/-milp32 ===

# of expected passes		2323
# of unsupported tests		2

		=== libgomp Summary ===

# of expected passes		4646
# of unsupported tests		4
		=== libstdc++ tests ===


Running target unix/-mlp64
XPASS: 22_locale/collate/hash/char/1.cc (test for excess errors)
XPASS: 22_locale/collate/requirements/base_classes.cc (test for excess errors)
XPASS: 22_locale/collate/transform/wchar_t/28277.cc (test for excess errors)
XPASS: 22_locale/collate_byname/requirements/base_classes.cc (test for excess errors)
FAIL: ext/codecvt/wchar_t.cc execution test

		=== libstdc++ Summary for unix/-mlp64 ===

# of expected passes		5386
# of unexpected failures	1
# of unexpected successes	4
# of expected failures		72
# of unsupported tests		532

Running target unix/-milp32
XPASS: 22_locale/collate/hash/char/1.cc (test for excess errors)
XPASS: 22_locale/collate/requirements/base_classes.cc (test for excess errors)
XPASS: 22_locale/collate/transform/wchar_t/28277.cc (test for excess errors)
XPASS: 22_locale/collate_byname/requirements/base_classes.cc (test for excess errors)
FAIL: ext/codecvt/wchar_t.cc execution test

		=== libstdc++ Summary for unix/-milp32 ===

# of expected passes		5386
# of unexpected failures	1
# of unexpected successes	4
# of expected failures		72
# of unsupported tests		532

		=== libstdc++ Summary ===

# of expected passes		10772
# of unexpected failures	2
# of unexpected successes	8
# of expected failures		144
# of unsupported tests		1064

Compiler version: 4.4.0 20081220 (experimental) (GCC) 
Platform: ia64-hp-hpux11.23
configure flags: --host=ia64-hp-hpux11.23 --build=ia64-hp-hpux11.23 --prefix=/proj/opensrc/nightly2/gcc-ia64-hp-hpux11.23-trunk --with-local-prefix=/proj/opensrc/nightly2/gcc-ia64-hp-hpux11.23-trunk --disable-nls --with-gmp=/proj/opensrc/be/ia64-hp-hpux11.23 --with-mpfr=/proj/opensrc/be/ia64-hp-hpux11.23 --enable-libunwind-exceptions --enable-languages=c,c++,fortran



More information about the Gcc-testresults mailing list