Results for 4.4.0 20081212 (experimental) [trunk revision 142725] (Debian 20081213-1) testsuite on hppa-unknown-linux-gnu
Matthias Klose
doko@debian.org
Thu Dec 18 00:55:00 GMT 2008
LAST_UPDATED: Fri Dec 12 22:38:34 UTC 2008 (revision 142725)
Target: hppa-linux-gnu
gcc version 4.4.0 20081212 (experimental) [trunk revision 142725] (Debian 20081213-1)
=== acats tests ===
=== acats Summary ===
# of expected passes 2315
# of unexpected failures 0
Native configuration is hppa-unknown-linux-gnu
=== g++ tests ===
Running target unix
=== g++ Summary ===
# of expected passes 18683
# of expected failures 135
# of unsupported tests 152
/build/buildd/gcc-snapshot-20081213/build/gcc/testsuite/g++/../../g++ version 4.4.0 20081212 (experimental) [trunk revision 142725] (Debian 20081213-1)
=== gcc tests ===
Running target unix
FAIL: gcc.dg/pr35729.c scan-rtl-dump-times loop2_invariant "Decided to move invariant" 0
FAIL: gcc.dg/graphite/pr38409.c (test for excess errors)
XPASS: gcc.dg/tree-ssa/loop-1.c scan-assembler-times foo 5
=== gcc Summary ===
# of expected passes 48691
# of unexpected failures 2
# of unexpected successes 1
# of expected failures 128
# of unsupported tests 506
/build/buildd/gcc-snapshot-20081213/build/gcc/xgcc version 4.4.0 20081212 (experimental) [trunk revision 142725] (Debian 20081213-1)
=== gfortran tests ===
Running target unix
=== gfortran Summary ===
# of expected passes 28024
# of expected failures 14
# of unsupported tests 254
/build/buildd/gcc-snapshot-20081213/build/gcc/testsuite/gfortran/../../gfortran version 4.4.0 20081212 (experimental) [trunk revision 142725] (Debian 20081213-1)
=== gnat tests ===
Running target unix
=== gnat Summary ===
# of expected passes 603
# of expected failures 6
=== obj-c++ tests ===
Running target unix
UNRESOLVED: obj-c++.dg/lookup-2.mm compilation failed to produce executable
UNRESOLVED: obj-c++.dg/try-catch-2.mm compilation failed to produce executable
UNRESOLVED: obj-c++.dg/try-catch-9.mm compilation failed to produce executable
=== obj-c++ Summary ===
# of expected passes 438
# of expected failures 10
# of unresolved testcases 3
# of unsupported tests 13
/build/buildd/gcc-snapshot-20081213/build/gcc/testsuite/obj-c++/../../g++ version 4.4.0 20081212 (experimental) [trunk revision 142725] (Debian 20081213-1)
=== objc tests ===
Running target unix
=== objc Summary ===
# of expected passes 1814
# of expected failures 7
# of unsupported tests 24
/build/buildd/gcc-snapshot-20081213/build/gcc/xgcc version 4.4.0 20081212 (experimental) [trunk revision 142725] (Debian 20081213-1)
=== libffi tests ===
Running target unix
=== libffi Summary ===
# of expected passes 1389
# of unsupported tests 10
=== libgomp tests ===
Running target unix
=== libgomp Summary ===
# of expected passes 2313
# of unsupported tests 7
=== libjava tests ===
Running target unix
=== libjava Summary ===
# of expected passes 2574
=== libmudflap tests ===
Running target unix
FAIL: libmudflap.c++/pass41-frag.cxx execution test
FAIL: libmudflap.c++/pass41-frag.cxx (-static) execution test
FAIL: libmudflap.c++/pass41-frag.cxx (-O2) execution test
FAIL: libmudflap.c++/pass41-frag.cxx (-O3) execution test
=== libmudflap Summary ===
# of expected passes 1890
# of unexpected failures 4
=== libstdc++ tests ===
Running target unix
FAIL: abi_check
XPASS: 26_numerics/headers/cmath/c99_classification_macros_c.cc (test for excess errors)
FAIL: 29_atomics/atomic/operators/integral_assignment.cc (test for excess errors)
UNRESOLVED: 29_atomics/atomic/operators/integral_assignment.cc compilation failed to produce executable
FAIL: 29_atomics/atomic/operators/integral_conversion.cc (test for excess errors)
UNRESOLVED: 29_atomics/atomic/operators/integral_conversion.cc compilation failed to produce executable
FAIL: 29_atomics/atomic_flag/requirements/standard_layout.cc (test for excess errors)
UNRESOLVED: 29_atomics/atomic_flag/requirements/standard_layout.cc compilation failed to produce executable
FAIL: 29_atomics/atomic_integral/operators/integral_assignment.cc (test for excess errors)
UNRESOLVED: 29_atomics/atomic_integral/operators/integral_assignment.cc compilation failed to produce executable
FAIL: 29_atomics/atomic_integral/operators/integral_conversion.cc (test for excess errors)
UNRESOLVED: 29_atomics/atomic_integral/operators/integral_conversion.cc compilation failed to produce executable
=== libstdc++ Summary ===
# of expected passes 5764
# of unexpected failures 6
# of unexpected successes 1
# of expected failures 79
# of unresolved testcases 5
# of unsupported tests 331
Compiler version: 4.4.0 20081212 (experimental) [trunk revision 142725] (Debian 20081213-1)
Platform: hppa-unknown-linux-gnu
configure flags: -v --with-pkgversion='Debian 20081213-1' --with-bugurl=file:///usr/share/doc/gcc-snapshot/README.Bugs --enable-languages=c,c++,java,fortran,objc,obj-c++,ada --prefix=/usr/lib/gcc-snapshot --enable-shared --with-system-zlib --disable-nls --enable-clocale=gnu --enable-libstdcxx-debug --enable-java-awt=gtk --enable-gtk-cairo --disable-plugin --with-java-home=/usr/lib/gcc-snapshot/java-1.5.0-gcj-4.4-1.5.0.0/jre --enable-java-home --with-jvm-root-dir=/usr/lib/gcc-snapshot/jvm --with-jvm-jar-dir=/usr/lib/gcc-snapshot/jvm-exports --with-ecj-jar=/usr/share/java/eclipse-ecj.jar --enable-objc-gc --enable-mpfr --disable-libssp --disable-werror --build=hppa-linux-gnu --host=hppa-linux-gnu --target=hppa-linux-gnu
BOOT_CFLAGS=
Build Dependencies:
Desired=Unknown/Install/Remove/Purge/Hold
| Status=Not/Inst/Cfg-files/Unpacked/Failed-cfg/Half-inst/trig-aWait/Trig-pend
|/ Err?=(none)/Hold/Reinst-required/X=both-problems (Status,Err: uppercase=bad)
||/ Name Version Description
+++-====================================-====================-==============================================
ii binutils 2.18.1~cvs20080103-7 The GNU assembler, linker and binary utilities
ii libc6 2.7-15 GNU C Library: Shared libraries
Patches that Debian applied in this version:
remove-old-ra:
remove old RA
remove-old-ra-add:
remove old RA (additions)
armel-atomic-builtins:
Atomic builtins using kernel helpers for ARM Linux/EABI.
cpu-default-i486:
set default 32bit ix86 architecture to i486
gcc-ice-hack-trunk:
Retry the build on an ice, save the calling options and preprocessed
source when the ice is reproducible.
gcc-ice-apport-trunk:
Report an ICE to apport (if apport is available
and the environment variable GCC_NOAPPORT is not set)
libjava-disable-static:
Disable building the static libjava.
multiarch-include-trunk:
biarch-include.dpatch
Adds biarch include directories
/usr/local/include/<arch>-linux-gnu
/usr/include/<arch>-linux-gnu
to the system include paths, depending on 32/64 bit mode.
Counting all warnings,
there are 0 warnings in stage3 of this bootstrap.
Number of warnings per file:
Number of warning types:
More information about the Gcc-testresults
mailing list