Results for 4.4.0 20081217 (experimental) [trunk revision 142790] (GCC) testsuite on x86_64-unknown-linux-gnu

David Daney ddaney@caviumnetworks.com
Wed Dec 17 16:45:00 GMT 2008


LAST_UPDATED: Wed Dec 17 05:12:51 UTC 2008 (revision 142790)

Native configuration is x86_64-unknown-linux-gnu

		=== gcc tests ===


Running target unix
FAIL: gcc.dg/tree-prof/bb-reorg.c compilation,  -fprofile-use -D_PROFILE_USE
UNRESOLVED: gcc.dg/tree-prof/bb-reorg.c execution,    -fprofile-use -D_PROFILE_USE
FAIL: gcc.dg/tree-prof/pr34999.c compilation,  -fprofile-use -D_PROFILE_USE
UNRESOLVED: gcc.dg/tree-prof/pr34999.c execution,    -fprofile-use -D_PROFILE_USE
FAIL: gcc.target/i386/pr34256.c scan-assembler-times mov 2

		=== gcc Summary ===

# of expected passes		55544
# of unexpected failures	3
# of expected failures		184
# of unresolved testcases	2
# of unsupported tests		703
/home/daney/gccsvn/native-trunk/gcc/xgcc  version 4.4.0 20081217 (experimental) [trunk revision 142790] (GCC) 

		=== g++ tests ===


Running target unix
FAIL: g++.old-deja/g++.law/weak.C (test for excess errors)

		=== g++ Summary ===

# of expected passes		18983
# of unexpected failures	1
# of expected failures		135
# of unsupported tests		247
/home/daney/gccsvn/native-trunk/gcc/testsuite/g++/../../g++  version 4.4.0 20081217 (experimental) [trunk revision 142790] (GCC) 

		=== libffi tests ===


Running target unix

		=== libffi Summary ===

# of expected passes		1389
# of unsupported tests		10
		=== libgomp tests ===


Running target unix

		=== libgomp Summary ===

# of expected passes		928
		=== libjava tests ===


Running target unix

		=== libjava Summary ===

# of expected passes		2574
		=== libmudflap tests ===


Running target unix
FAIL: libmudflap.c++/pass41-frag.cxx execution test
FAIL: libmudflap.c++/pass41-frag.cxx (-O2) execution test
FAIL: libmudflap.c++/pass41-frag.cxx (-O3) execution test

		=== libmudflap Summary ===

# of expected passes		1424
# of unexpected failures	3
		=== libstdc++ tests ===


Running target unix
XPASS: 26_numerics/headers/cmath/c99_classification_macros_c.cc (test for excess errors)

		=== libstdc++ Summary ===

# of expected passes		6417
# of unexpected successes	1
# of expected failures		79
# of unsupported tests		10

Compiler version: 4.4.0 20081217 (experimental) [trunk revision 142790] (GCC) 
Platform: x86_64-unknown-linux-gnu
configure flags: --disable-static --enable-languages=c,c++,java



More information about the Gcc-testresults mailing list