Results for 4.4.0 20081214 (experimental) [trunk revision 142751] (GCC) testsuite on x86_64-unknown-linux-gnu

Joey Ye jye2@shgcc-2.sh.intel.com
Mon Dec 15 01:36:00 GMT 2008


LAST_UPDATED: Sun Dec 14 17:47:04 UTC 2008 (revision 142751)

Native configuration is x86_64-unknown-linux-gnu

		=== g++ tests ===


Running target unix/-m32

		=== g++ Summary for unix/-m32 ===

# of expected passes		19297
# of expected failures		135
# of unsupported tests		97

Running target unix

		=== g++ Summary for unix ===

# of expected passes		18984
# of expected failures		135
# of unsupported tests		247

		=== g++ Summary ===

# of expected passes		38281
# of expected failures		270
# of unsupported tests		344
/home/jye2/gcc/build-daily/gcc/testsuite/g++/../../g++  version 4.4.0 20081214 (experimental) [trunk revision 142751] (GCC) 

		=== gcc tests ===


Running target unix/-m32
FAIL: gcc.dg/pr30286.c execution test
FAIL: gcc.target/i386/pr37843-3.c scan-assembler-not call[\\\\t ]*foo
FAIL: gcc.target/i386/pr37843-3.c scan-assembler jmp[\\\\t ]*foo

		=== gcc Summary for unix/-m32 ===

# of expected passes		54880
# of unexpected failures	3
# of expected failures		184
# of unsupported tests		974

Running target unix
FAIL: gcc.dg/tree-prof/bb-reorg.c compilation,  -fprofile-use -D_PROFILE_USE
UNRESOLVED: gcc.dg/tree-prof/bb-reorg.c execution,    -fprofile-use -D_PROFILE_USE
FAIL: gcc.dg/tree-prof/pr34999.c compilation,  -fprofile-use -D_PROFILE_USE
UNRESOLVED: gcc.dg/tree-prof/pr34999.c execution,    -fprofile-use -D_PROFILE_USE
FAIL: gcc.target/i386/pr34256.c scan-assembler-times mov 2

		=== gcc Summary for unix ===

# of expected passes		54419
# of unexpected failures	3
# of expected failures		184
# of unresolved testcases	2
# of unsupported tests		1263

		=== gcc Summary ===

# of expected passes		109299
# of unexpected failures	6
# of expected failures		368
# of unresolved testcases	2
# of unsupported tests		2237
/home/jye2/gcc/build-daily/gcc/xgcc  version 4.4.0 20081214 (experimental) [trunk revision 142751] (GCC) 

		=== gfortran tests ===


Running target unix/-m32

		=== gfortran Summary for unix/-m32 ===

# of expected passes		28902
# of expected failures		10
# of unsupported tests		97

Running target unix

		=== gfortran Summary for unix ===

# of expected passes		29017
# of expected failures		10
# of unsupported tests		42

		=== gfortran Summary ===

# of expected passes		57919
# of expected failures		20
# of unsupported tests		139
/home/jye2/gcc/build-daily/gcc/testsuite/gfortran/../../gfortran  version 4.4.0 20081214 (experimental) [trunk revision 142751] (GCC) 

		=== objc tests ===


Running target unix/-m32

		=== objc Summary for unix/-m32 ===

# of expected passes		1814
# of expected failures		7
# of unsupported tests		24

Running target unix

		=== objc Summary for unix ===

# of expected passes		1814
# of expected failures		7
# of unsupported tests		24

		=== objc Summary ===

# of expected passes		3628
# of expected failures		14
# of unsupported tests		48
/home/jye2/gcc/build-daily/gcc/xgcc  version 4.4.0 20081214 (experimental) [trunk revision 142751] (GCC) 

		=== libffi tests ===


Running target unix/-m32

		=== libffi Summary for unix/-m32 ===

# of expected passes		1389
# of unsupported tests		10

Running target unix

		=== libffi Summary for unix ===

# of expected passes		1389
# of unsupported tests		10

		=== libffi Summary ===

# of expected passes		2778
# of unsupported tests		20
		=== libgomp tests ===


Running target unix/-m32

		=== libgomp Summary for unix/-m32 ===

# of expected passes		2327

Running target unix

		=== libgomp Summary for unix ===

# of expected passes		2327

		=== libgomp Summary ===

# of expected passes		4654
		=== libjava tests ===


Running target unix/-m32

		=== libjava Summary for unix/-m32 ===

# of expected passes		2574

Running target unix

		=== libjava Summary for unix ===

# of expected passes		2574

		=== libjava Summary ===

# of expected passes		5148
		=== libmudflap tests ===


Running target unix/-m32
FAIL: libmudflap.c++/pass41-frag.cxx execution test
FAIL: libmudflap.c++/pass41-frag.cxx (-static) execution test
FAIL: libmudflap.c++/pass41-frag.cxx (-O2) execution test
FAIL: libmudflap.c++/pass41-frag.cxx (-O3) execution test

		=== libmudflap Summary for unix/-m32 ===

# of expected passes		1890
# of unexpected failures	4

Running target unix
FAIL: libmudflap.c++/pass41-frag.cxx execution test
FAIL: libmudflap.c++/pass41-frag.cxx (-static) execution test
FAIL: libmudflap.c++/pass41-frag.cxx (-O2) execution test
FAIL: libmudflap.c++/pass41-frag.cxx (-O3) execution test

		=== libmudflap Summary for unix ===

# of expected passes		1890
# of unexpected failures	4

		=== libmudflap Summary ===

# of expected passes		3780
# of unexpected failures	8
		=== libstdc++ tests ===


Running target unix/-m32
XPASS: 26_numerics/headers/cmath/c99_classification_macros_c.cc (test for excess errors)

		=== libstdc++ Summary for unix/-m32 ===

# of expected passes		6411
# of unexpected successes	1
# of expected failures		79
# of unsupported tests		13

Running target unix
XPASS: 26_numerics/headers/cmath/c99_classification_macros_c.cc (test for excess errors)

		=== libstdc++ Summary for unix ===

# of expected passes		6417
# of unexpected successes	1
# of expected failures		79
# of unsupported tests		10

		=== libstdc++ Summary ===

# of expected passes		12828
# of unexpected successes	2
# of expected failures		158
# of unsupported tests		23

Compiler version: 4.4.0 20081214 (experimental) [trunk revision 142751] (GCC) 
Platform: x86_64-unknown-linux-gnu
configure flags: --enable-clocale=gnu --with-system-zlib --enable-decimal-float=bid --with-demangler-in-ld --enable-shared --enable-threads=posix --enable-haifa --enable-checking=assert



More information about the Gcc-testresults mailing list