Results for 4.4.0 20081212 (experimental) [trunk revision 142701] (GCC) testsuite on hppa64-hp-hpux11.11

John David Anglin dave@hiauly3.hia.nrc.ca
Sun Dec 14 22:56:00 GMT 2008


LAST_UPDATED: Fri Dec 12 04:21:28 UTC 2008 (revision 142701)

Native configuration is hppa64-hp-hpux11.11

		=== g++ tests ===


Running target unix

		=== g++ Summary ===

# of expected passes		17714
# of expected failures		137
# of unsupported tests		197
/test/gnu/gcc/objdir/gcc/testsuite/g++/../../g++  version 4.4.0 20081212 (experimental) [trunk revision 142701] (GCC) 

		=== gcc tests ===


Running target unix
WARNING: program timed out.
FAIL: gcc.dg/20020425-1.c (test for excess errors)
XPASS: gcc.dg/funcorder.c scan-assembler-not link_error,%r
FAIL: gcc.dg/pr35729.c scan-rtl-dump-times loop2_invariant "Decided to move invariant" 0

		=== gcc Summary ===

# of expected passes		47414
# of unexpected failures	2
# of unexpected successes	1
# of expected failures		128
# of unsupported tests		567
/test/gnu/gcc/objdir/gcc/xgcc  version 4.4.0 20081212 (experimental) [trunk revision 142701] (GCC) 

		=== gfortran tests ===


Running target unix
FAIL: gfortran.dg/integer_exponentiation_2.f90  -O1  execution test
FAIL: gfortran.dg/integer_exponentiation_2.f90  -O2  execution test
FAIL: gfortran.dg/integer_exponentiation_2.f90  -O3 -fomit-frame-pointer  execution test
FAIL: gfortran.dg/integer_exponentiation_2.f90  -O3 -fomit-frame-pointer -funroll-loops  execution test
FAIL: gfortran.dg/integer_exponentiation_2.f90  -O3 -fomit-frame-pointer -funroll-all-loops -finline-functions  execution test
FAIL: gfortran.dg/integer_exponentiation_2.f90  -O3 -g  execution test
FAIL: gfortran.dg/integer_exponentiation_2.f90  -Os  execution test
FAIL: gfortran.dg/nint_2.f90  -O0  execution test

		=== gfortran Summary ===

# of expected passes		27896
# of unexpected failures	8
# of expected failures		10
# of unsupported tests		259
/test/gnu/gcc/objdir/gcc/testsuite/gfortran/../../gfortran  version 4.4.0 20081212 (experimental) [trunk revision 142701] (GCC) 

		=== obj-c++ tests ===


Running target unix
XPASS: obj-c++.dg/bitfield-1.mm  (test for warnings, line 26)
WARNING: obj-c++.dg/lookup-2.mm compilation failed to produce executable
WARNING: obj-c++.dg/try-catch-2.mm compilation failed to produce executable
WARNING: obj-c++.dg/try-catch-9.mm compilation failed to produce executable

		=== obj-c++ Summary ===

# of expected passes		426
# of unexpected successes	1
# of expected failures		21
# of unsupported tests		13
/test/gnu/gcc/objdir/gcc/testsuite/obj-c++/../../g++  version 4.4.0 20081212 (experimental) [trunk revision 142701] (GCC) 

		=== objc tests ===


Running target unix

		=== objc Summary ===

# of expected passes		1812
# of expected failures		7
# of unsupported tests		25
/test/gnu/gcc/objdir/gcc/xgcc  version 4.4.0 20081212 (experimental) [trunk revision 142701] (GCC) 

		=== libgomp tests ===


Running target unix

		=== libgomp Summary ===

# of expected passes		2309
# of unsupported tests		9
		=== libstdc++ tests ===


Running target unix

		=== libstdc++ Summary ===

# of expected passes		5397
# of expected failures		67
# of unsupported tests		499

Compiler version: 4.4.0 20081212 (experimental) [trunk revision 142701] (GCC) 
Platform: hppa64-hp-hpux11.11
configure flags: --with-gnu-as --with-as=/opt/gnu64/bin/as --with-ld=/usr/ccs/bin/ld --enable-shared --disable-nls --with-local-prefix=/opt/gnu64 --prefix=/opt/gnu64/gcc/gcc-4.4.0 --build=hppa64-hp-hpux11.11 --enable-threads=posix --disable-libmudflap --with-gmp=/opt/gnu64/gcc/gcc-4.4.0 --enable-languages=c,c++,fortran,objc,obj-c++



More information about the Gcc-testresults mailing list