Results for 4.4.0 20081212 (experimental) [trunk revision 142725] (Debian 20081213-1) testsuite on i486-pc-linux-gnu

Matthias Klose doko@debian.org
Sun Dec 14 00:55:00 GMT 2008


LAST_UPDATED: Fri Dec 12 22:38:34 UTC 2008 (revision 142725)

Target: i486-linux-gnu
gcc version 4.4.0 20081212 (experimental) [trunk revision 142725] (Debian 20081213-1) 

		=== acats tests ===
FAIL:	c94001c
FAIL:	cxa4004
FAIL:	cxa4005
FAIL:	cxa4026

		=== acats Summary ===
# of expected passes		2311
# of unexpected failures	4
Native configuration is i486-pc-linux-gnu

		=== g++ tests ===


Running target unix

		=== g++ Summary for unix ===

# of expected passes		19298
# of expected failures		135
# of unsupported tests		96

Running target unix/-m64

		=== g++ Summary for unix/-m64 ===

# of expected passes		18984
# of expected failures		135
# of unsupported tests		247

		=== g++ Summary ===

# of expected passes		38282
# of expected failures		270
# of unsupported tests		343
/scratch/packages/gcc/snap/gcc-snapshot-20081213/build/gcc/testsuite/g++/../../g++  version 4.4.0 20081212 (experimental) [trunk revision 142725] (Debian 20081213-1) 

		=== gcc tests ===


Running target unix
FAIL: gcc.dg/pr30286.c execution test
FAIL: gcc.dg/graphite/pr38409.c (test for excess errors)
FAIL: gcc.target/i386/pr37843-3.c scan-assembler-not call[\\\\t ]*foo
FAIL: gcc.target/i386/pr37843-3.c scan-assembler jmp[\\\\t ]*foo

		=== gcc Summary for unix ===

# of expected passes		55119
# of unexpected failures	4
# of expected failures		187
# of unsupported tests		884

Running target unix/-m64
FAIL: gcc.dg/graphite/pr38409.c (test for excess errors)
FAIL: gcc.dg/tree-prof/bb-reorg.c compilation,  -fprofile-use -D_PROFILE_USE
UNRESOLVED: gcc.dg/tree-prof/bb-reorg.c execution,    -fprofile-use -D_PROFILE_USE
FAIL: gcc.dg/tree-prof/pr34999.c compilation,  -fprofile-use -D_PROFILE_USE
UNRESOLVED: gcc.dg/tree-prof/pr34999.c execution,    -fprofile-use -D_PROFILE_USE
FAIL: gcc.misc-tests/linkage.c link

		=== gcc Summary for unix/-m64 ===

# of expected passes		54666
# of unexpected failures	4
# of expected failures		187
# of unresolved testcases	2
# of unsupported tests		1169

		=== gcc Summary ===

# of expected passes		109785
# of unexpected failures	8
# of expected failures		374
# of unresolved testcases	2
# of unsupported tests		2053
/scratch/packages/gcc/snap/gcc-snapshot-20081213/build/gcc/xgcc  version 4.4.0 20081212 (experimental) [trunk revision 142725] (Debian 20081213-1) 

		=== gfortran tests ===


Running target unix

		=== gfortran Summary for unix ===

# of expected passes		28867
# of expected failures		14
# of unsupported tests		105

Running target unix/-m64

		=== gfortran Summary for unix/-m64 ===

# of expected passes		28998
# of expected failures		14
# of unsupported tests		42

		=== gfortran Summary ===

# of expected passes		57865
# of expected failures		28
# of unsupported tests		147
/scratch/packages/gcc/snap/gcc-snapshot-20081213/build/gcc/testsuite/gfortran/../../gfortran  version 4.4.0 20081212 (experimental) [trunk revision 142725] (Debian 20081213-1) 

		=== gnat tests ===


Running target unix

		=== gnat Summary ===

# of expected passes		602
# of expected failures		6
		=== obj-c++ tests ===


Running target unix
UNRESOLVED: obj-c++.dg/lookup-2.mm compilation failed to produce executable
UNRESOLVED: obj-c++.dg/try-catch-2.mm compilation failed to produce executable
UNRESOLVED: obj-c++.dg/try-catch-9.mm compilation failed to produce executable

		=== obj-c++ Summary ===

# of expected passes		438
# of expected failures		10
# of unresolved testcases	3
# of unsupported tests		13
/scratch/packages/gcc/snap/gcc-snapshot-20081213/build/gcc/testsuite/obj-c++/../../g++  version 4.4.0 20081212 (experimental) [trunk revision 142725] (Debian 20081213-1) 

		=== objc tests ===


Running target unix

		=== objc Summary ===

# of expected passes		1814
# of expected failures		7
# of unsupported tests		24
/scratch/packages/gcc/snap/gcc-snapshot-20081213/build/gcc/xgcc  version 4.4.0 20081212 (experimental) [trunk revision 142725] (Debian 20081213-1) 

		=== libffi tests ===


Running target unix

		=== libffi Summary for unix ===

# of expected passes		1389
# of unsupported tests		10

Running target unix/-m64

		=== libffi Summary for unix/-m64 ===

# of expected passes		1389
# of unsupported tests		10

		=== libffi Summary ===

# of expected passes		2778
# of unsupported tests		20
		=== libgomp tests ===


Running target unix

		=== libgomp Summary for unix ===

# of expected passes		2327

Running target unix/-m64

		=== libgomp Summary for unix/-m64 ===

# of expected passes		2327

		=== libgomp Summary ===

# of expected passes		4654
		=== libjava tests ===


Running target unix

		=== libjava Summary ===

# of expected passes		2574
		=== libmudflap tests ===


Running target unix
FAIL: libmudflap.c++/pass41-frag.cxx execution test
FAIL: libmudflap.c++/pass41-frag.cxx (-static) execution test
FAIL: libmudflap.c++/pass41-frag.cxx (-O2) execution test
FAIL: libmudflap.c++/pass41-frag.cxx (-O3) execution test

		=== libmudflap Summary for unix ===

# of expected passes		1890
# of unexpected failures	4

Running target unix/-m64
FAIL: libmudflap.c++/pass41-frag.cxx execution test
FAIL: libmudflap.c++/pass41-frag.cxx (-static) execution test
FAIL: libmudflap.c++/pass41-frag.cxx (-O2) execution test
FAIL: libmudflap.c++/pass41-frag.cxx (-O3) execution test

		=== libmudflap Summary for unix/-m64 ===

# of expected passes		1890
# of unexpected failures	4

		=== libmudflap Summary ===

# of expected passes		3780
# of unexpected failures	8
		=== libstdc++ tests ===


Running target unix
XPASS: 26_numerics/headers/cmath/c99_classification_macros_c.cc (test for excess errors)
FAIL: 29_atomics/atomic/operators/integral_assignment.cc (test for excess errors)
UNRESOLVED: 29_atomics/atomic/operators/integral_assignment.cc compilation failed to produce executable
FAIL: 29_atomics/atomic/operators/integral_conversion.cc (test for excess errors)
UNRESOLVED: 29_atomics/atomic/operators/integral_conversion.cc compilation failed to produce executable
FAIL: 29_atomics/atomic_flag/requirements/standard_layout.cc (test for excess errors)
UNRESOLVED: 29_atomics/atomic_flag/requirements/standard_layout.cc compilation failed to produce executable
FAIL: 29_atomics/atomic_integral/operators/integral_assignment.cc (test for excess errors)
UNRESOLVED: 29_atomics/atomic_integral/operators/integral_assignment.cc compilation failed to produce executable
FAIL: 29_atomics/atomic_integral/operators/integral_conversion.cc (test for excess errors)
UNRESOLVED: 29_atomics/atomic_integral/operators/integral_conversion.cc compilation failed to produce executable

		=== libstdc++ Summary for unix ===

# of expected passes		5771
# of unexpected successes	1
# of unexpected failures	5
# of expected failures		79
# of unresolved testcases	5
# of unsupported tests		328

Running target unix/-m64
XPASS: 26_numerics/headers/cmath/c99_classification_macros_c.cc (test for excess errors)
FAIL: 29_atomics/atomic/operators/integral_assignment.cc (test for excess errors)
UNRESOLVED: 29_atomics/atomic/operators/integral_assignment.cc compilation failed to produce executable
FAIL: 29_atomics/atomic/operators/integral_conversion.cc (test for excess errors)
UNRESOLVED: 29_atomics/atomic/operators/integral_conversion.cc compilation failed to produce executable
FAIL: 29_atomics/atomic_flag/requirements/standard_layout.cc (test for excess errors)
UNRESOLVED: 29_atomics/atomic_flag/requirements/standard_layout.cc compilation failed to produce executable
FAIL: 29_atomics/atomic_integral/operators/integral_assignment.cc (test for excess errors)
UNRESOLVED: 29_atomics/atomic_integral/operators/integral_assignment.cc compilation failed to produce executable
FAIL: 29_atomics/atomic_integral/operators/integral_conversion.cc (test for excess errors)
UNRESOLVED: 29_atomics/atomic_integral/operators/integral_conversion.cc compilation failed to produce executable

		=== libstdc++ Summary for unix/-m64 ===

# of expected passes		5771
# of unexpected successes	1
# of unexpected failures	5
# of expected failures		79
# of unresolved testcases	5
# of unsupported tests		328

		=== libstdc++ Summary ===

# of expected passes		11542
# of unexpected failures	10
# of unexpected successes	2
# of expected failures		158
# of unresolved testcases	10
# of unsupported tests		656

Compiler version: 4.4.0 20081212 (experimental) [trunk revision 142725] (Debian 20081213-1) 
Platform: i486-pc-linux-gnu
configure flags: -v --with-pkgversion='Debian 20081213-1' --with-bugurl=file:///usr/share/doc/gcc-snapshot/README.Bugs --enable-languages=c,c++,java,fortran,objc,obj-c++,ada --prefix=/usr/lib/gcc-snapshot --enable-shared --with-system-zlib --disable-nls --enable-clocale=gnu --enable-libstdcxx-debug --enable-java-awt=gtk --enable-gtk-cairo --disable-plugin --with-java-home=/usr/lib/gcc-snapshot/java-1.5.0-gcj-4.4-1.5.0.0/jre --enable-java-home --with-jvm-root-dir=/usr/lib/gcc-snapshot/jvm --with-jvm-jar-dir=/usr/lib/gcc-snapshot/jvm-exports --with-ecj-jar=/usr/share/java/eclipse-ecj.jar --enable-objc-gc --enable-mpfr --enable-targets=all --with-tune=generic --disable-werror --build=i486-linux-gnu --host=i486-linux-gnu --target=i486-linux-gnu
BOOT_CFLAGS=


Build Dependencies:
Desired=Unknown/Install/Remove/Purge/Hold
| Status=Not/Inst/Cfg-files/Unpacked/Failed-cfg/Half-inst/trig-aWait/Trig-pend
|/ Err?=(none)/Hold/Reinst-required/X=both-problems (Status,Err: uppercase=bad)
||/ Name                                                     Version                    Description
+++-========================================================-==========================-==============================================
ii  binutils                                                 2.18.1~cvs20080103-7       The GNU assembler, linker and binary utilities
ii  libc6                                                    2.7-16                     GNU C Library: Shared libraries


Patches that Debian applied in this version:

remove-old-ra:
  remove old RA

remove-old-ra-add:
  remove old RA (additions)

armel-atomic-builtins:
  Atomic builtins using kernel helpers for ARM Linux/EABI.

cpu-default-i486:
  set default 32bit ix86 architecture to i486

gcc-ice-hack-trunk:
  Retry the build on an ice, save the calling options and preprocessed
  source when the ice is reproducible.

gcc-ice-apport-trunk:
  Report an ICE to apport (if apport is available
  and the environment variable GCC_NOAPPORT is not set)

libjava-disable-static:
  Disable building the static libjava.

multiarch-include-trunk:
  biarch-include.dpatch
  
  Adds biarch include directories
  /usr/local/include/<arch>-linux-gnu
  /usr/include/<arch>-linux-gnu
  to the system include paths, depending on 32/64 bit mode.

libjava-nobiarch-check:
  For biarch builds, disable the testsuite for the non-default architecture
  for runtime libraries, which are not built by default (libjava).

ada-nobiarch-check:
  For biarch builds, disable the gnat testsuite for the non-default

config-ml:
  disable some biarch libraries for biarch builds

Counting all warnings,
there are 0 warnings in stage3 of this bootstrap.

Number of warnings per file:

Number of warning types:



More information about the Gcc-testresults mailing list