Results for 4.4.0 20081213 (experimental) (GCC) testsuite on x86_64-unknown-linux-gnu

Toon Moene toon@moene.org
Sat Dec 13 10:13:00 GMT 2008


LAST_UPDATED: Sat Dec 13 09:14:54 UTC 2008 (revision 142738)

		=== acats tests ===

		=== acats Summary ===
# of expected passes		2315
# of unexpected failures	0
Native configuration is x86_64-unknown-linux-gnu

		=== gcc tests ===


Running target unix
FAIL: gcc.dg/tree-prof/bb-reorg.c compilation,  -fprofile-use -D_PROFILE_USE
UNRESOLVED: gcc.dg/tree-prof/bb-reorg.c execution,    -fprofile-use -D_PROFILE_USE
FAIL: gcc.dg/tree-prof/pr34999.c compilation,  -fprofile-use -D_PROFILE_USE
UNRESOLVED: gcc.dg/tree-prof/pr34999.c execution,    -fprofile-use -D_PROFILE_USE
FAIL: gcc.target/i386/pr34256.c scan-assembler-times mov 2

		=== gcc Summary ===

# of expected passes		54610
# of unexpected failures	3
# of expected failures		184
# of unresolved testcases	2
# of unsupported tests		1167
/home/toon/compilers/obj-t/gcc/xgcc  version 4.4.0 20081213 (experimental) (GCC) 

		=== gfortran tests ===


Running target unix

		=== gfortran Summary ===

# of expected passes		28985
# of expected failures		10
# of unsupported tests		42
/home/toon/compilers/obj-t/gcc/testsuite/gfortran/../../gfortran  version 4.4.0 20081213 (experimental) (GCC) 

		=== g++ tests ===


Running target unix

		=== g++ Summary ===

# of expected passes		18984
# of expected failures		135
# of unsupported tests		247
/home/toon/compilers/obj-t/gcc/testsuite/g++/../../g++  version 4.4.0 20081213 (experimental) (GCC) 

		=== gnat tests ===


Running target unix

		=== gnat Summary ===

# of expected passes		602
# of expected failures		6
		=== objc tests ===


Running target unix

		=== objc Summary ===

# of expected passes		1814
# of expected failures		7
# of unsupported tests		24
/home/toon/compilers/obj-t/gcc/xgcc  version 4.4.0 20081213 (experimental) (GCC) 

		=== libffi tests ===


Running target unix

		=== libffi Summary ===

# of expected passes		1389
# of unsupported tests		10
		=== libgomp tests ===


Running target unix

		=== libgomp Summary ===

# of expected passes		2327
		=== libjava tests ===


Running target unix

		=== libjava Summary ===

# of expected passes		2574
		=== libmudflap tests ===


Running target unix
FAIL: libmudflap.c++/pass41-frag.cxx execution test
FAIL: libmudflap.c++/pass41-frag.cxx (-static) execution test
FAIL: libmudflap.c++/pass41-frag.cxx (-O2) execution test
FAIL: libmudflap.c++/pass41-frag.cxx (-O3) execution test

		=== libmudflap Summary ===

# of expected passes		1890
# of unexpected failures	4
		=== libstdc++ tests ===


Running target unix
FAIL: abi_check
XPASS: 26_numerics/headers/cmath/c99_classification_macros_c.cc (test for excess errors)
FAIL: 29_atomics/atomic/operators/integral_assignment.cc (test for excess errors)
UNRESOLVED: 29_atomics/atomic/operators/integral_assignment.cc compilation failed to produce executable
FAIL: 29_atomics/atomic/operators/integral_conversion.cc (test for excess errors)
UNRESOLVED: 29_atomics/atomic/operators/integral_conversion.cc compilation failed to produce executable
FAIL: 29_atomics/atomic_flag/requirements/standard_layout.cc (test for excess errors)
UNRESOLVED: 29_atomics/atomic_flag/requirements/standard_layout.cc compilation failed to produce executable
FAIL: 29_atomics/atomic_integral/operators/integral_assignment.cc (test for excess errors)
UNRESOLVED: 29_atomics/atomic_integral/operators/integral_assignment.cc compilation failed to produce executable
FAIL: 29_atomics/atomic_integral/operators/integral_conversion.cc (test for excess errors)
UNRESOLVED: 29_atomics/atomic_integral/operators/integral_conversion.cc compilation failed to produce executable

		=== libstdc++ Summary ===

# of expected passes		5770
# of unexpected failures	6
# of unexpected successes	1
# of expected failures		79
# of unresolved testcases	5
# of unsupported tests		328

Compiler version: 4.4.0 20081213 (experimental) (GCC) 
Platform: x86_64-unknown-linux-gnu
configure flags: --enable-checking=release --prefix=/usr/snp --disable-multilib --disable-nls --enable-languages=all,ada



More information about the Gcc-testresults mailing list