Results for 4.4.0 20081210 (experimental) [trunk revision 142663] (GCC) testsuite on hppa-unknown-linux-gnu

John David Anglin dave@mx3210.hia.nrc.ca
Sat Dec 13 02:13:00 GMT 2008


LAST_UPDATED: Fri Dec 12 03:39:50 UTC 2008 (revision 142701)

		=== acats tests ===

		=== acats Summary ===
# of expected passes		2315
# of unexpected failures	0
Native configuration is hppa-unknown-linux-gnu

		=== g++ tests ===


Running target unix

		=== g++ Summary ===

# of expected passes		18683
# of expected failures		135
# of unsupported tests		152
/home/dave/gnu/gcc/objdir/gcc/testsuite/g++/../../g++  version 4.4.0 20081210 (experimental) [trunk revision 142663] (GCC) 

		=== gcc tests ===


Running target unix
WARNING: program timed out.
FAIL: gcc.c-torture/execute/920501-2.c compilation,  -O3 -fomit-frame-pointer -funroll-all-loops -finline-functions 
UNRESOLVED: gcc.c-torture/execute/920501-2.c execution,  -O3 -fomit-frame-pointer -funroll-all-loops -finline-functions 
FAIL: gcc.dg/pr35729.c scan-rtl-dump-times loop2_invariant "Decided to move invariant" 0
XPASS: gcc.dg/tree-ssa/loop-1.c scan-assembler-times foo 5

		=== gcc Summary ===

# of expected passes		48623
# of unexpected failures	2
# of unexpected successes	1
# of expected failures		125
# of unresolved testcases	1
# of unsupported tests		506
/home/dave/gnu/gcc/objdir/gcc/xgcc  version 4.4.0 20081210 (experimental) [trunk revision 142663] (GCC) 

		=== gfortran tests ===


Running target unix

		=== gfortran Summary ===

# of expected passes		28003
# of expected failures		10
# of unsupported tests		254
/home/dave/gnu/gcc/objdir/gcc/testsuite/gfortran/../../gfortran  version 4.4.0 20081210 (experimental) [trunk revision 142663] (GCC) 

		=== gnat tests ===


Running target unix

		=== gnat Summary ===

# of expected passes		603
# of expected failures		6
		=== obj-c++ tests ===


Running target unix
XPASS: obj-c++.dg/bitfield-1.mm  (test for warnings, line 26)
UNRESOLVED: obj-c++.dg/lookup-2.mm compilation failed to produce executable
UNRESOLVED: obj-c++.dg/try-catch-2.mm compilation failed to produce executable
UNRESOLVED: obj-c++.dg/try-catch-9.mm compilation failed to produce executable

		=== obj-c++ Summary ===

# of expected passes		437
# of unexpected successes	1
# of expected failures		10
# of unresolved testcases	3
# of unsupported tests		13
/home/dave/gnu/gcc/objdir/gcc/testsuite/obj-c++/../../g++  version 4.4.0 20081210 (experimental) [trunk revision 142663] (GCC) 

		=== objc tests ===


Running target unix

		=== objc Summary ===

# of expected passes		1814
# of expected failures		7
# of unsupported tests		24
/home/dave/gnu/gcc/objdir/gcc/xgcc  version 4.4.0 20081210 (experimental) [trunk revision 142663] (GCC) 

		=== libffi tests ===


Running target unix

		=== libffi Summary ===

# of expected passes		1389
# of unsupported tests		10
		=== libgomp tests ===


Running target unix
FAIL: libgomp.fortran/vla6.f90  -O0  execution test

		=== libgomp Summary ===

# of expected passes		2312
# of unexpected failures	1
# of unsupported tests		7
		=== libjava tests ===


Running target unix

		=== libjava Summary ===

# of expected passes		2574
		=== libmudflap tests ===


Running target unix
FAIL: libmudflap.c++/pass41-frag.cxx execution test
FAIL: libmudflap.c++/pass41-frag.cxx (-static) execution test
FAIL: libmudflap.c++/pass41-frag.cxx (-O2) execution test
FAIL: libmudflap.c++/pass41-frag.cxx (-O3) execution test
WARNING: program timed out.
FAIL: libmudflap.cth/pass40-frag.c execution test
FAIL: libmudflap.cth/pass40-frag.c output pattern test
WARNING: program timed out.
FAIL: libmudflap.cth/pass40-frag.c (-static -DSTATIC) execution test
FAIL: libmudflap.cth/pass40-frag.c (-static -DSTATIC) output pattern test
WARNING: program timed out.
FAIL: libmudflap.cth/pass40-frag.c (-O2) execution test
FAIL: libmudflap.cth/pass40-frag.c (-O2) output pattern test
WARNING: program timed out.
FAIL: libmudflap.cth/pass40-frag.c (-O3) execution test
FAIL: libmudflap.cth/pass40-frag.c (-O3) output pattern test

		=== libmudflap Summary ===

# of expected passes		1882
# of unexpected failures	12
		=== libstdc++ tests ===


Running target unix
FAIL: abi_check
FAIL: 22_locale/time_get/get_date/wchar_t/4.cc execution test
XPASS: 26_numerics/headers/cmath/c99_classification_macros_c.cc (test for excess errors)
WARNING: program timed out.
FAIL: thread/pthread7-rope.cc execution test

		=== libstdc++ Summary ===

# of expected passes		6362
# of unexpected failures	3
# of unexpected successes	1
# of expected failures		74
# of unsupported tests		13

Compiler version: 4.4.0 20081210 (experimental) [trunk revision 142663] (GCC) 
Platform: hppa-unknown-linux-gnu
configure flags: --with-gnu-as --with-gnu-ld --enable-shared --prefix=/home/dave/opt/gnu/gcc/gcc-4.4.0 --with-local-prefix=/home/dave/opt/gnu --enable-threads=posix --enable-__cxa_atexit --build=hppa-linux --enable-clocale=gnu --enable-java-gc=boehm --enable-java-awt=xlib --enable-languages=c,c++,objc,fortran,obj-c++,java,ada



More information about the Gcc-testresults mailing list