Results for 4.4.0 20081210 (experimental) [trunk revision 142638] (GCC) testsuite on mips64octeon-unknown-linux-gnu

Adam Nemet anemet@caviumnetworks.com
Thu Dec 11 19:13:00 GMT 2008


With this patch:

	* config/mips/mips.md (*branch_bit<bbv><mode>,
	*branch_bit<bbv><mode>_inverted): Renumber operands so that the
	label becomes operands[1].

Index: mips.md
===================================================================
--- mips.md	(revision 142638)
+++ mips.md	(working copy)
@@ -5203,18 +5203,18 @@ (define_insn "*branch_bit<bbv><mode>"
   [(set (pc)
 	(if_then_else
 	 (equality_op (zero_extract:GPR
-		       (match_operand:GPR 1 "register_operand" "d")
+		       (match_operand:GPR 0 "register_operand" "d")
 		       (const_int 1)
 		       (match_operand 2 "const_int_operand" ""))
 		      (const_int 0))
-	 (label_ref (match_operand 0 ""))
+	 (label_ref (match_operand 1 ""))
 	 (pc)))]
   "ISA_HAS_BBIT && UINTVAL (operands[2]) < GET_MODE_BITSIZE (<MODE>mode)"
 {
   return
     mips_output_conditional_branch (insn, operands,
-				    MIPS_BRANCH ("bbit<bbv>", "%1,%2,%0"),
-				    MIPS_BRANCH ("bbit<bbinv>", "%1,%2,%0"));
+				    MIPS_BRANCH ("bbit<bbv>", "%0,%2,%1"),
+				    MIPS_BRANCH ("bbit<bbinv>", "%0,%2,%1"));
 }
   [(set_attr "type"	     "branch")
    (set_attr "mode"	     "none")
@@ -5224,18 +5224,18 @@ (define_insn "*branch_bit<bbv><mode>_inv
   [(set (pc)
 	(if_then_else
 	 (equality_op (zero_extract:GPR
-		       (match_operand:GPR 1 "register_operand" "d")
+		       (match_operand:GPR 0 "register_operand" "d")
 		       (const_int 1)
 		       (match_operand 2 "const_int_operand" ""))
 		      (const_int 0))
 	 (pc)
-	 (label_ref (match_operand 0 ""))))]
+	 (label_ref (match_operand 1 ""))))]
   "ISA_HAS_BBIT && UINTVAL (operands[2]) < GET_MODE_BITSIZE (<MODE>mode)"
 {
   return
     mips_output_conditional_branch (insn, operands,
-				    MIPS_BRANCH ("bbit<bbinv>", "%1,%2,%0"),
-				    MIPS_BRANCH ("bbit<bbv>", "%1,%2,%0"));
+				    MIPS_BRANCH ("bbit<bbinv>", "%0,%2,%1"),
+				    MIPS_BRANCH ("bbit<bbv>", "%0,%2,%1"));
 }
   [(set_attr "type"	     "branch")
    (set_attr "mode"	     "none")


LAST_UPDATED: Wed Dec 10 06:15:39 UTC 2008 (revision 142638)

Native configuration is mips64octeon-unknown-linux-gnu

		=== g++ tests ===


Running target unix
FAIL: g++.dg/cdce3.C execution test
FAIL: g++.dg/ipa/iinline-1.C scan-ipa-dump inline "String::funcOne[^\\n]*inline copy in int main"
FAIL: g++.dg/torture/pr33887-1.C  -O2  execution test
FAIL: g++.dg/torture/pr33887-1.C  -O3 -fomit-frame-pointer  execution test
FAIL: g++.dg/torture/pr33887-1.C  -O3 -g  execution test
FAIL: g++.dg/torture/pr33887-1.C  -Os  execution test
FAIL: g++.old-deja/g++.other/overload12.C (test for excess errors)

		=== g++ Summary for unix ===

# of expected passes		18682
# of unexpected failures	7
# of expected failures		135
# of unsupported tests		151

Running target unix/-mabi=64
FAIL: g++.dg/cdce3.C execution test
FAIL: g++.dg/ipa/iinline-1.C scan-ipa-dump inline "String::funcOne[^\\n]*inline copy in int main"
FAIL: g++.dg/torture/pr33887-1.C  -O2  execution test
FAIL: g++.dg/torture/pr33887-1.C  -O3 -fomit-frame-pointer  execution test
FAIL: g++.dg/torture/pr33887-1.C  -O3 -g  execution test
FAIL: g++.dg/torture/pr33887-1.C  -Os  execution test
FAIL: g++.old-deja/g++.other/overload12.C (test for excess errors)

		=== g++ Summary for unix/-mabi=64 ===

# of expected passes		18648
# of unexpected failures	7
# of expected failures		135
# of unsupported tests		153

		=== g++ Summary ===

# of expected passes		37330
# of unexpected failures	14
# of expected failures		270
# of unsupported tests		304
/mnt/src/gcc-clean/mips64octeon-unknown-linux-gnu/gcc/testsuite/g++/../../g++  version 4.4.0 20081210 (experimental) [trunk revision 142638] (GCC) 

		=== gcc tests ===


Running target unix
FAIL: gcc.c-torture/execute/bf-sign-1.c execution,  -O1 
FAIL: gcc.c-torture/execute/bf-sign-1.c execution,  -O2 
FAIL: gcc.c-torture/execute/bf-sign-1.c execution,  -O3 -fomit-frame-pointer 
FAIL: gcc.c-torture/execute/bf-sign-1.c execution,  -O3 -g 
FAIL: gcc.c-torture/execute/bf-sign-1.c execution,  -Os 
FAIL: gcc.c-torture/execute/loop-2f.c execution,  -O0 
FAIL: gcc.c-torture/execute/loop-2f.c execution,  -O1 
FAIL: gcc.c-torture/execute/loop-2f.c execution,  -O2 
FAIL: gcc.c-torture/execute/loop-2f.c execution,  -O3 -fomit-frame-pointer 
FAIL: gcc.c-torture/execute/loop-2f.c execution,  -O3 -fomit-frame-pointer -funroll-loops 
FAIL: gcc.c-torture/execute/loop-2f.c execution,  -O3 -fomit-frame-pointer -funroll-all-loops -finline-functions 
FAIL: gcc.c-torture/execute/loop-2f.c execution,  -O3 -g 
FAIL: gcc.c-torture/execute/loop-2f.c execution,  -Os 
FAIL: gcc.c-torture/execute/loop-2g.c execution,  -O0 
FAIL: gcc.c-torture/execute/loop-2g.c execution,  -O1 
FAIL: gcc.c-torture/execute/loop-2g.c execution,  -O2 
FAIL: gcc.c-torture/execute/loop-2g.c execution,  -O3 -fomit-frame-pointer 
FAIL: gcc.c-torture/execute/loop-2g.c execution,  -O3 -fomit-frame-pointer -funroll-loops 
FAIL: gcc.c-torture/execute/loop-2g.c execution,  -O3 -fomit-frame-pointer -funroll-all-loops -finline-functions 
FAIL: gcc.c-torture/execute/loop-2g.c execution,  -O3 -g 
FAIL: gcc.c-torture/execute/loop-2g.c execution,  -Os 
FAIL: gcc.c-torture/execute/pr19689.c execution,  -O2 
FAIL: gcc.c-torture/execute/pr19689.c execution,  -O3 -fomit-frame-pointer 
FAIL: gcc.c-torture/execute/pr19689.c execution,  -O3 -g 
FAIL: gcc.c-torture/execute/pr19689.c execution,  -Os 
FAIL: gcc.dg/pr35729.c scan-rtl-dump-times loop2_invariant "Decided to move invariant" 0
FAIL: gcc.dg/pr37106-1.c (internal compiler error)
FAIL: gcc.dg/pr37106-1.c (test for excess errors)
FAIL: gcc.dg/pch/valid-1b.c -O0 -g -I. (test for excess errors)
FAIL: gcc.dg/pch/valid-1b.c -O0 -g assembly comparison
FAIL: gcc.dg/pch/valid-1b.c  -O0  -I. (test for excess errors)
FAIL: gcc.dg/pch/valid-1b.c  -O0  assembly comparison
FAIL: gcc.dg/pch/valid-1b.c  -O1  -I. (test for excess errors)
FAIL: gcc.dg/pch/valid-1b.c  -O1  assembly comparison
FAIL: gcc.dg/pch/valid-1b.c  -O2  -I. (test for excess errors)
FAIL: gcc.dg/pch/valid-1b.c  -O2  assembly comparison
FAIL: gcc.dg/pch/valid-1b.c  -O3 -fomit-frame-pointer  -I. (test for excess errors)
FAIL: gcc.dg/pch/valid-1b.c  -O3 -fomit-frame-pointer  assembly comparison
FAIL: gcc.dg/pch/valid-1b.c  -O3 -g  -I. (test for excess errors)
FAIL: gcc.dg/pch/valid-1b.c  -O3 -g  assembly comparison
FAIL: gcc.dg/pch/valid-1b.c  -Os  -I. (test for excess errors)
FAIL: gcc.dg/pch/valid-1b.c  -Os  assembly comparison
FAIL: gcc.dg/tree-ssa/ssa-store-ccp-3.c scan-tree-dump-times optimized "conststaticvariable" 1
FAIL: gcc.dg/tree-ssa/vrp47.c scan-tree-dump-times vrp1 "[xy][^ ]* !=" 0
FAIL: gcc.dg/tree-ssa/vrp47.c scan-tree-dump-times dom1 "x[^ ]* & y" 1
FAIL: gcc.dg/tree-ssa/vrp47.c scan-tree-dump-times vrp1 "x[^ ]* [|] y" 1
FAIL: gcc.target/mips/branch-1.c scan-assembler \\tandi\\t.*\\tandi\\t.*\\tandi\\t.*\\tandi\\t
FAIL: gcc.target/mips/fpr-moves-5.c scan-assembler \\tdmfc1\\t\\\\\$9,\\\\\$f13\\n
FAIL: gcc.target/mips/fpr-moves-5.c scan-assembler \\tdmtc1\\t\\\\\$0,\\\\\$f21\\n
FAIL: gcc.target/mips/fpr-moves-6.c scan-assembler \\tdmfc1\\t\\\\\$8,\\\\\$f12\\n
FAIL: gcc.target/mips/fpr-moves-6.c scan-assembler \\tdmtc1\\t\\\\\$0,\\\\\$f20\\n

		=== gcc Summary for unix ===

# of expected passes		49426
# of unexpected failures	51
# of expected failures		123
# of unsupported tests		496

Running target unix/-mabi=64
FAIL: gcc.c-torture/execute/bf-sign-1.c execution,  -O1 
FAIL: gcc.c-torture/execute/bf-sign-1.c execution,  -O2 
FAIL: gcc.c-torture/execute/bf-sign-1.c execution,  -O3 -fomit-frame-pointer 
FAIL: gcc.c-torture/execute/bf-sign-1.c execution,  -O3 -g 
FAIL: gcc.c-torture/execute/bf-sign-1.c execution,  -Os 
FAIL: gcc.c-torture/execute/pr19689.c execution,  -O2 
FAIL: gcc.c-torture/execute/pr19689.c execution,  -O3 -fomit-frame-pointer 
FAIL: gcc.c-torture/execute/pr19689.c execution,  -O3 -g 
FAIL: gcc.c-torture/execute/pr19689.c execution,  -Os 
FAIL: gcc.dg/pr35729.c scan-rtl-dump-times loop2_invariant "Decided to move invariant" 0
FAIL: gcc.dg/pr37106-1.c (internal compiler error)
FAIL: gcc.dg/pr37106-1.c (test for excess errors)
FAIL: gcc.dg/pch/valid-1b.c -O0 -g -I. (test for excess errors)
FAIL: gcc.dg/pch/valid-1b.c -O0 -g assembly comparison
FAIL: gcc.dg/pch/valid-1b.c  -O0  -I. (test for excess errors)
FAIL: gcc.dg/pch/valid-1b.c  -O0  assembly comparison
FAIL: gcc.dg/pch/valid-1b.c  -O1  -I. (test for excess errors)
FAIL: gcc.dg/pch/valid-1b.c  -O1  assembly comparison
FAIL: gcc.dg/pch/valid-1b.c  -O2  -I. (test for excess errors)
FAIL: gcc.dg/pch/valid-1b.c  -O2  assembly comparison
FAIL: gcc.dg/pch/valid-1b.c  -O3 -fomit-frame-pointer  -I. (test for excess errors)
FAIL: gcc.dg/pch/valid-1b.c  -O3 -fomit-frame-pointer  assembly comparison
FAIL: gcc.dg/pch/valid-1b.c  -O3 -g  -I. (test for excess errors)
FAIL: gcc.dg/pch/valid-1b.c  -O3 -g  assembly comparison
FAIL: gcc.dg/pch/valid-1b.c  -Os  -I. (test for excess errors)
FAIL: gcc.dg/pch/valid-1b.c  -Os  assembly comparison
FAIL: gcc.dg/tree-ssa/ssa-store-ccp-3.c scan-tree-dump-times optimized "conststaticvariable" 1
FAIL: gcc.dg/tree-ssa/vrp47.c scan-tree-dump-times vrp1 "[xy][^ ]* !=" 0
FAIL: gcc.dg/tree-ssa/vrp47.c scan-tree-dump-times dom1 "x[^ ]* & y" 1
FAIL: gcc.dg/tree-ssa/vrp47.c scan-tree-dump-times vrp1 "x[^ ]* [|] y" 1
FAIL: gcc.target/mips/branch-1.c scan-assembler \\tandi\\t.*\\tandi\\t.*\\tandi\\t.*\\tandi\\t
FAIL: gcc.target/mips/fpr-moves-5.c scan-assembler \\tdmfc1\\t\\\\\$9,\\\\\$f13\\n
FAIL: gcc.target/mips/fpr-moves-5.c scan-assembler \\tdmtc1\\t\\\\\$0,\\\\\$f21\\n
FAIL: gcc.target/mips/fpr-moves-6.c scan-assembler \\tdmfc1\\t\\\\\$8,\\\\\$f12\\n
FAIL: gcc.target/mips/fpr-moves-6.c scan-assembler \\tdmtc1\\t\\\\\$0,\\\\\$f20\\n
FAIL: gcc.target/mips/madd-7.c scan-assembler-not \\tmul\\t
FAIL: gcc.target/mips/madd-7.c scan-assembler \\tmadd\\t
FAIL: gcc.target/mips/msub-7.c scan-assembler-not \\tmul\\t
FAIL: gcc.target/mips/msub-7.c scan-assembler \\tmsub\\t

		=== gcc Summary for unix/-mabi=64 ===

# of expected passes		49107
# of unexpected failures	39
# of expected failures		124
# of unsupported tests		555

		=== gcc Summary ===

# of expected passes		98533
# of unexpected failures	90
# of expected failures		247
# of unsupported tests		1051
/mnt/src/gcc-clean/mips64octeon-unknown-linux-gnu/gcc/xgcc  version 4.4.0 20081210 (experimental) [trunk revision 142638] (GCC) 

		=== objc tests ===


Running target unix

		=== objc Summary for unix ===

# of expected passes		1814
# of expected failures		7
# of unsupported tests		24

Running target unix/-mabi=64

		=== objc Summary for unix/-mabi=64 ===

# of expected passes		1814
# of expected failures		7
# of unsupported tests		24

		=== objc Summary ===

# of expected passes		3628
# of expected failures		14
# of unsupported tests		48
/mnt/src/gcc-clean/mips64octeon-unknown-linux-gnu/gcc/xgcc  version 4.4.0 20081210 (experimental) [trunk revision 142638] (GCC) 

		=== libffi tests ===


Running target unix
FAIL: libffi.call/closure_fn1.c -O0 -W -Wall output pattern test, is 0 0 0 0 127 0 0 8 9 10 11 12 13 19 21 1 3: 234
FAIL: libffi.call/closure_fn2.c -O0 -W -Wall output pattern test, is 0 0 0 0 127 0 0 8 9 10 11 12 13 19 21 1 3: 234
FAIL: libffi.call/closure_fn3.c -O0 -W -Wall output pattern test, is 0 0 0 0 0 0 0 0 9 10 11 12 13 19 21 1 3: 99
FAIL: libffi.call/closure_fn6.c -O0 -W -Wall output pattern test, is 1 2 3 4 127 0 0 0 9 10 11 12 13 19 21 1 3: 236
FAIL: libffi.call/cls_16byte.c -O0 -W -Wall output pattern test, is 7 0 9 1 0 3: 8 0 12
FAIL: libffi.call/cls_18byte.c -O0 -W -Wall output pattern test, is 1.05888e-314 127 126 1.05888e-314 3.95253e-323 125 124 0: 1.05888e-314 252 250 1.05888e-314
FAIL: libffi.call/cls_19byte.c -O0 -W -Wall output pattern test, is 1.05984e-314 127 126 1.05984e-314 120 0 125 124 2.59029e-319 119: 1.05984e-314 252 250 1.05987e-314 239
FAIL: libffi.call/cls_20byte.c -O0 -W -Wall output pattern test, is 1.05722e-314 0 3 3.95253e-323 0 7: 1.05722e-314 0 10
FAIL: libffi.call/cls_20byte1.c -O0 -W -Wall output pattern test, is 1 0 1.05896e-314 4 0 0: 5 0 1.05896e-314
FAIL: libffi.call/cls_24byte.c -O0 -W -Wall output pattern test, is 1.06022e-314 0 6 5 3.95253e-323 0 3 7 2.62112e-319 5 7 9 8 6 1 9: 8 11 17 25
FAIL: libffi.call/cls_64byte.c -O0 -W -Wall output pattern test, is 13 13 11 20 6 12 12 18
FAIL: libffi.call/cls_9byte1.c -O0 -W -Wall output pattern test, is 7 1.06004e-314 1 1.06004e-314: 8 2.12009e-314
FAIL: libffi.call/cls_9byte2.c -O0 -W -Wall output pattern test, is 1.05763e-314 8 0 9: 1.05763e-314 17
FAIL: libffi.call/cls_align_double.c -O0 -W -Wall output pattern test, is 12 0 127 1 0 13: 13 0 140
FAIL: libffi.call/cls_double.c -O0 -W -Wall output pattern test, is nan: nan
FAIL: libffi.call/cls_float.c -O0 -W -Wall output pattern test, is nan: nan
FAIL: libffi.call/float.c -O0 -W -Wall execution test
FAIL: libffi.call/float1.c -O0 -W -Wall execution test
FAIL: libffi.call/float2.c -O0 -W -Wall execution test
FAIL: libffi.call/float3.c -O0 -W -Wall execution test
FAIL: libffi.call/float4.c -O0 -W -Wall execution test
FAIL: libffi.call/many.c -O0 -W -Wall execution test
FAIL: libffi.call/nested_struct.c -O0 -W -Wall execution test
FAIL: libffi.call/nested_struct1.c -O0 -W -Wall execution test
FAIL: libffi.call/nested_struct4.c -O0 -W -Wall execution test
FAIL: libffi.call/nested_struct6.c -O0 -W -Wall execution test
FAIL: libffi.call/problem1.c -O0 -W -Wall output pattern test, is 1.05834e-314 0 1.05834e-314 3.95253e-323 0 0: 1.05834e-314 0 1.05834e-314
FAIL: libffi.call/return_dbl.c -O0 -W -Wall execution test
FAIL: libffi.call/return_dbl1.c -O0 -W -Wall execution test
FAIL: libffi.call/return_dbl2.c -O0 -W -Wall execution test
FAIL: libffi.call/return_fl.c -O0 -W -Wall execution test
FAIL: libffi.call/return_fl1.c -O0 -W -Wall execution test
FAIL: libffi.call/return_fl2.c -O0 -W -Wall execution test
FAIL: libffi.call/return_fl3.c -O0 -W -Wall execution test
FAIL: libffi.call/return_ldl.c -O0 -W -Wall execution test
FAIL: libffi.call/struct1.c -O0 -W -Wall execution test
FAIL: libffi.call/struct2.c -O0 -W -Wall execution test
FAIL: libffi.call/struct6.c -O0 -W -Wall execution test
FAIL: libffi.call/struct7.c -O0 -W -Wall execution test
FAIL: libffi.call/closure_fn1.c -O2 output pattern test, is 0 0 0 0 127 0 0 8 9 10 11 12 13 19 21 1 3: 234
FAIL: libffi.call/closure_fn2.c -O2 output pattern test, is 0 0 0 0 127 0 0 8 9 10 11 12 13 19 21 1 3: 234
FAIL: libffi.call/closure_fn3.c -O2 output pattern test, is 0 0 0 0 0 0 0 0 9 10 11 12 13 19 21 1 3: 99
FAIL: libffi.call/closure_fn6.c -O2 output pattern test, is 1 2 3 4 127 0 0 0 9 10 11 12 13 19 21 1 3: 236
FAIL: libffi.call/cls_16byte.c -O2 output pattern test, is 7 0 9 1 0 3: 8 0 12
FAIL: libffi.call/cls_18byte.c -O2 output pattern test, is 1.05965e-314 127 126 1.05965e-314 3.95253e-323 125 124 0: 1.05965e-314 252 250 1.05965e-314
FAIL: libffi.call/cls_19byte.c -O2 output pattern test, is 1.05844e-314 127 126 1.05844e-314 120 0 125 124 2.59029e-319 119: 1.05844e-314 252 250 1.05847e-314 239
FAIL: libffi.call/cls_20byte.c -O2 output pattern test, is 1.05936e-314 0 3 3.95253e-323 0 7: 1.05936e-314 0 10
FAIL: libffi.call/cls_20byte1.c -O2 output pattern test, is 1 0 1.05863e-314 4 0 0: 5 0 1.05863e-314
FAIL: libffi.call/cls_24byte.c -O2 output pattern test, is 1.06005e-314 0 6 5 3.95253e-323 0 3 7 2.62112e-319 5 7 9 8 6 1 9: 8 11 17 25
FAIL: libffi.call/cls_64byte.c -O2 output pattern test, is 13 13 11 20 6 12 12 18
FAIL: libffi.call/cls_9byte1.c -O2 output pattern test, is 7 1.05842e-314 1 1.05842e-314: 8 2.11684e-314
FAIL: libffi.call/cls_9byte2.c -O2 output pattern test, is 1.05728e-314 8 0 9: 1.05728e-314 17
FAIL: libffi.call/cls_align_double.c -O2 output pattern test, is 12 0 127 1 0 13: 13 0 140
FAIL: libffi.call/cls_double.c -O2 output pattern test, is nan: nan
FAIL: libffi.call/cls_float.c -O2 output pattern test, is nan: nan
FAIL: libffi.call/float.c -O2 execution test
FAIL: libffi.call/float1.c -O2 execution test
FAIL: libffi.call/float2.c -O2 execution test
FAIL: libffi.call/float3.c -O2 execution test
FAIL: libffi.call/float4.c -O2 execution test
FAIL: libffi.call/many.c -O2 execution test
FAIL: libffi.call/nested_struct.c -O2 execution test
FAIL: libffi.call/nested_struct1.c -O2 execution test
FAIL: libffi.call/nested_struct4.c -O2 execution test
FAIL: libffi.call/nested_struct6.c -O2 execution test
FAIL: libffi.call/problem1.c -O2 output pattern test, is 1.05708e-314 0 1.05708e-314 3.95253e-323 0 0: 1.05708e-314 0 1.05708e-314
FAIL: libffi.call/return_dbl.c -O2 execution test
FAIL: libffi.call/return_dbl1.c -O2 execution test
FAIL: libffi.call/return_dbl2.c -O2 execution test
FAIL: libffi.call/return_fl.c -O2 execution test
FAIL: libffi.call/return_fl1.c -O2 execution test
FAIL: libffi.call/return_fl2.c -O2 execution test
FAIL: libffi.call/return_fl3.c -O2 execution test
FAIL: libffi.call/return_ldl.c -O2 execution test
FAIL: libffi.call/struct1.c -O2 execution test
FAIL: libffi.call/struct2.c -O2 execution test
FAIL: libffi.call/struct6.c -O2 execution test
FAIL: libffi.call/struct7.c -O2 execution test
FAIL: libffi.call/closure_fn1.c -O3 output pattern test, is 0 0 0 0 127 0 0 8 9 10 11 12 13 19 21 1 3: 234
FAIL: libffi.call/closure_fn2.c -O3 output pattern test, is 0 0 0 0 127 0 0 8 9 10 11 12 13 19 21 1 3: 234
FAIL: libffi.call/closure_fn3.c -O3 output pattern test, is 0 0 0 0 0 0 0 0 9 10 11 12 13 19 21 1 3: 99
FAIL: libffi.call/closure_fn6.c -O3 output pattern test, is 1 2 3 4 127 0 0 0 9 10 11 12 13 19 21 1 3: 236
FAIL: libffi.call/cls_16byte.c -O3 output pattern test, is 7 0 9 1 0 3: 8 0 12
FAIL: libffi.call/cls_18byte.c -O3 output pattern test, is 1.0578e-314 127 126 1.0578e-314 3.95253e-323 125 124 0: 1.0578e-314 252 250 1.0578e-314
FAIL: libffi.call/cls_19byte.c -O3 output pattern test, is 1.06062e-314 127 126 1.06062e-314 120 0 125 124 2.59029e-319 119: 1.06062e-314 252 250 1.06065e-314 239
FAIL: libffi.call/cls_20byte.c -O3 output pattern test, is 1.05782e-314 0 3 3.95253e-323 0 7: 1.05782e-314 0 10
FAIL: libffi.call/cls_20byte1.c -O3 output pattern test, is 1 0 1.05797e-314 4 0 0: 5 0 1.05797e-314
FAIL: libffi.call/cls_24byte.c -O3 output pattern test, is 1.05854e-314 0 6 5 3.95253e-323 0 3 7 2.62112e-319 5 7 9 8 6 1 9: 8 11 17 25
FAIL: libffi.call/cls_64byte.c -O3 output pattern test, is 13 13 11 20 6 12 12 18
FAIL: libffi.call/cls_9byte1.c -O3 output pattern test, is 7 1.05772e-314 1 1.05772e-314: 8 2.11544e-314
FAIL: libffi.call/cls_9byte2.c -O3 output pattern test, is 1.05977e-314 8 0 9: 1.05977e-314 17
FAIL: libffi.call/cls_align_double.c -O3 output pattern test, is 12 0 127 1 0 13: 13 0 140
FAIL: libffi.call/cls_double.c -O3 output pattern test, is nan: nan
FAIL: libffi.call/cls_float.c -O3 output pattern test, is nan: nan
FAIL: libffi.call/float.c -O3 execution test
FAIL: libffi.call/float1.c -O3 execution test
FAIL: libffi.call/float2.c -O3 execution test
FAIL: libffi.call/float3.c -O3 execution test
FAIL: libffi.call/float4.c -O3 execution test
FAIL: libffi.call/many.c -O3 execution test
FAIL: libffi.call/nested_struct.c -O3 execution test
FAIL: libffi.call/nested_struct1.c -O3 execution test
FAIL: libffi.call/nested_struct4.c -O3 execution test
FAIL: libffi.call/nested_struct6.c -O3 execution test
FAIL: libffi.call/problem1.c -O3 output pattern test, is 1.05843e-314 0 1.05843e-314 3.95253e-323 0 0: 1.05843e-314 0 1.05843e-314
FAIL: libffi.call/return_dbl.c -O3 execution test
FAIL: libffi.call/return_dbl1.c -O3 execution test
FAIL: libffi.call/return_dbl2.c -O3 execution test
FAIL: libffi.call/return_fl.c -O3 execution test
FAIL: libffi.call/return_fl1.c -O3 execution test
FAIL: libffi.call/return_fl2.c -O3 execution test
FAIL: libffi.call/return_fl3.c -O3 execution test
FAIL: libffi.call/return_ldl.c -O3 execution test
FAIL: libffi.call/struct1.c -O3 execution test
FAIL: libffi.call/struct2.c -O3 execution test
FAIL: libffi.call/struct6.c -O3 execution test
FAIL: libffi.call/struct7.c -O3 execution test
FAIL: libffi.call/closure_fn1.c -Os output pattern test, is 0 0 0 0 127 0 0 8 9 10 11 12 13 19 21 1 3: 234
FAIL: libffi.call/closure_fn2.c -Os output pattern test, is 0 0 0 0 127 0 0 8 9 10 11 12 13 19 21 1 3: 234
FAIL: libffi.call/closure_fn3.c -Os output pattern test, is 0 0 0 0 0 0 0 0 9 10 11 12 13 19 21 1 3: 99
FAIL: libffi.call/closure_fn6.c -Os output pattern test, is 1 2 3 4 127 0 0 0 9 10 11 12 13 19 21 1 3: 236
FAIL: libffi.call/cls_16byte.c -Os output pattern test, is 7 0 9 1 0 3: 8 0 12
FAIL: libffi.call/cls_18byte.c -Os output pattern test, is 1.05701e-314 127 126 1.05701e-314 3.95253e-323 125 124 0: 1.05701e-314 252 250 1.05701e-314
FAIL: libffi.call/cls_19byte.c -Os output pattern test, is 1.05844e-314 127 126 1.05844e-314 120 0 125 124 2.59029e-319 119: 1.05844e-314 252 250 1.05846e-314 239
FAIL: libffi.call/cls_20byte.c -Os output pattern test, is 1.05801e-314 0 3 3.95253e-323 0 7: 1.05801e-314 0 10
FAIL: libffi.call/cls_20byte1.c -Os output pattern test, is 1 0 1.05849e-314 4 0 0: 5 0 1.05849e-314
FAIL: libffi.call/cls_24byte.c -Os output pattern test, is 1.05974e-314 0 6 5 3.95253e-323 0 3 7 2.62112e-319 5 7 9 8 6 1 9: 8 11 17 25
FAIL: libffi.call/cls_64byte.c -Os output pattern test, is 13 13 11 20 6 12 12 18
FAIL: libffi.call/cls_9byte1.c -Os output pattern test, is 7 1.05852e-314 1 1.05852e-314: 8 2.11705e-314
FAIL: libffi.call/cls_9byte2.c -Os output pattern test, is 1.05963e-314 8 0 9: 1.05963e-314 17
FAIL: libffi.call/cls_align_double.c -Os output pattern test, is 12 0 127 1 0 13: 13 0 140
FAIL: libffi.call/cls_double.c -Os output pattern test, is nan: nan
FAIL: libffi.call/cls_float.c -Os output pattern test, is nan: nan
FAIL: libffi.call/float.c -Os execution test
FAIL: libffi.call/float1.c -Os execution test
FAIL: libffi.call/float2.c -Os execution test
FAIL: libffi.call/float3.c -Os execution test
FAIL: libffi.call/float4.c -Os execution test
FAIL: libffi.call/many.c -Os execution test
FAIL: libffi.call/nested_struct.c -Os execution test
FAIL: libffi.call/nested_struct1.c -Os execution test
FAIL: libffi.call/nested_struct4.c -Os execution test
FAIL: libffi.call/nested_struct6.c -Os execution test
FAIL: libffi.call/problem1.c -Os output pattern test, is 1.05837e-314 0 1.05837e-314 3.95253e-323 0 0: 1.05837e-314 0 1.05837e-314
FAIL: libffi.call/return_dbl.c -Os execution test
FAIL: libffi.call/return_dbl1.c -Os execution test
FAIL: libffi.call/return_dbl2.c -Os execution test
FAIL: libffi.call/return_fl.c -Os execution test
FAIL: libffi.call/return_fl1.c -Os execution test
FAIL: libffi.call/return_fl2.c -Os execution test
FAIL: libffi.call/return_fl3.c -Os execution test
FAIL: libffi.call/return_ldl.c -Os execution test
FAIL: libffi.call/struct1.c -Os execution test
FAIL: libffi.call/struct2.c -Os execution test
FAIL: libffi.call/struct6.c -Os execution test
FAIL: libffi.call/struct7.c -Os execution test
FAIL: libffi.call/closure_fn1.c -O2 -fomit-frame-pointer output pattern test, is 0 0 0 0 127 0 0 8 9 10 11 12 13 19 21 1 3: 234
FAIL: libffi.call/closure_fn2.c -O2 -fomit-frame-pointer output pattern test, is 0 0 0 0 127 0 0 8 9 10 11 12 13 19 21 1 3: 234
FAIL: libffi.call/closure_fn3.c -O2 -fomit-frame-pointer output pattern test, is 0 0 0 0 0 0 0 0 9 10 11 12 13 19 21 1 3: 99
FAIL: libffi.call/closure_fn6.c -O2 -fomit-frame-pointer output pattern test, is 1 2 3 4 127 0 0 0 9 10 11 12 13 19 21 1 3: 236
FAIL: libffi.call/cls_16byte.c -O2 -fomit-frame-pointer output pattern test, is 7 0 9 1 0 3: 8 0 12
FAIL: libffi.call/cls_18byte.c -O2 -fomit-frame-pointer output pattern test, is 1.05975e-314 127 126 1.05975e-314 3.95253e-323 125 124 0: 1.05975e-314 252 250 1.05975e-314
FAIL: libffi.call/cls_19byte.c -O2 -fomit-frame-pointer output pattern test, is 1.05979e-314 127 126 1.05979e-314 120 0 125 124 2.59029e-319 119: 1.05979e-314 252 250 1.05982e-314 239
FAIL: libffi.call/cls_20byte.c -O2 -fomit-frame-pointer output pattern test, is 1.05938e-314 0 3 3.95253e-323 0 7: 1.05938e-314 0 10
FAIL: libffi.call/cls_20byte1.c -O2 -fomit-frame-pointer output pattern test, is 1 0 1.06008e-314 4 0 0: 5 0 1.06008e-314
FAIL: libffi.call/cls_24byte.c -O2 -fomit-frame-pointer output pattern test, is 1.05753e-314 0 6 5 3.95253e-323 0 3 7 2.62112e-319 5 7 9 8 6 1 9: 8 11 17 25
FAIL: libffi.call/cls_64byte.c -O2 -fomit-frame-pointer output pattern test, is 13 13 11 20 6 12 12 18
FAIL: libffi.call/cls_9byte1.c -O2 -fomit-frame-pointer output pattern test, is 7 1.05818e-314 1 1.05818e-314: 8 2.11636e-314
FAIL: libffi.call/cls_9byte2.c -O2 -fomit-frame-pointer output pattern test, is 1.05814e-314 8 0 9: 1.05814e-314 17
FAIL: libffi.call/cls_align_double.c -O2 -fomit-frame-pointer output pattern test, is 12 0 127 1 0 13: 13 0 140
FAIL: libffi.call/cls_double.c -O2 -fomit-frame-pointer output pattern test, is nan: nan
FAIL: libffi.call/cls_float.c -O2 -fomit-frame-pointer output pattern test, is nan: nan
FAIL: libffi.call/float.c -O2 -fomit-frame-pointer execution test
FAIL: libffi.call/float1.c -O2 -fomit-frame-pointer execution test
FAIL: libffi.call/float2.c -O2 -fomit-frame-pointer execution test
FAIL: libffi.call/float3.c -O2 -fomit-frame-pointer execution test
FAIL: libffi.call/float4.c -O2 -fomit-frame-pointer execution test
FAIL: libffi.call/many.c -O2 -fomit-frame-pointer execution test
FAIL: libffi.call/nested_struct.c -O2 -fomit-frame-pointer execution test
FAIL: libffi.call/nested_struct1.c -O2 -fomit-frame-pointer execution test
FAIL: libffi.call/nested_struct4.c -O2 -fomit-frame-pointer execution test
FAIL: libffi.call/nested_struct6.c -O2 -fomit-frame-pointer execution test
FAIL: libffi.call/problem1.c -O2 -fomit-frame-pointer output pattern test, is 1.05715e-314 0 1.05715e-314 3.95253e-323 0 0: 1.05715e-314 0 1.05715e-314
FAIL: libffi.call/return_dbl.c -O2 -fomit-frame-pointer execution test
FAIL: libffi.call/return_dbl1.c -O2 -fomit-frame-pointer execution test
FAIL: libffi.call/return_dbl2.c -O2 -fomit-frame-pointer execution test
FAIL: libffi.call/return_fl.c -O2 -fomit-frame-pointer execution test
FAIL: libffi.call/return_fl1.c -O2 -fomit-frame-pointer execution test
FAIL: libffi.call/return_fl2.c -O2 -fomit-frame-pointer execution test
FAIL: libffi.call/return_fl3.c -O2 -fomit-frame-pointer execution test
FAIL: libffi.call/return_ldl.c -O2 -fomit-frame-pointer execution test
FAIL: libffi.call/struct1.c -O2 -fomit-frame-pointer execution test
FAIL: libffi.call/struct2.c -O2 -fomit-frame-pointer execution test
FAIL: libffi.call/struct6.c -O2 -fomit-frame-pointer execution test
FAIL: libffi.call/struct7.c -O2 -fomit-frame-pointer execution test
FAIL: libffi.special/unwindtest.cc  -shared-libgcc -lstdc++ execution test
FAIL: libffi.special/unwindtest.cc  -shared-libgcc -lstdc++ execution test
FAIL: libffi.special/unwindtest.cc  -shared-libgcc -lstdc++ execution test
FAIL: libffi.special/unwindtest.cc  -shared-libgcc -lstdc++ execution test

		=== libffi Summary for unix ===

# of expected passes		1166
# of unexpected failures	199
# of unsupported tests		10

Running target unix/-mabi=64
FAIL: libffi.call/closure_fn1.c -O0 -W -Wall output pattern test, is 0 0 0 0 127 0 0 8 9 10 11 12 13 19 21 1 3: 234
FAIL: libffi.call/closure_fn2.c -O0 -W -Wall output pattern test, is 0 0 0 0 127 0 0 8 9 10 11 12 13 19 21 1 3: 234
FAIL: libffi.call/closure_fn3.c -O0 -W -Wall output pattern test, is 0 0 0 0 0 0 0 0 9 10 11 12 13 19 21 1 3: 99
FAIL: libffi.call/closure_fn6.c -O0 -W -Wall output pattern test, is 1 2 3 4 127 0 0 0 9 10 11 12 13 19 21 1 3: 236
FAIL: libffi.call/cls_16byte.c -O0 -W -Wall output pattern test, is 7 0 9 1 0 3: 8 0 12
FAIL: libffi.call/cls_18byte.c -O0 -W -Wall output pattern test, is 5.4323e-312 127 126 5.4323e-312 3.95253e-323 125 124 4.94066e-324: 5.4323e-312 252 250 5.4323e-312
FAIL: libffi.call/cls_19byte.c -O0 -W -Wall output pattern test, is 5.43228e-312 127 126 5.43228e-312 120 0 125 124 0 119: 5.43228e-312 252 250 5.43228e-312 239
FAIL: libffi.call/cls_20byte.c -O0 -W -Wall output pattern test, is 5.4323e-312 0 3 3.95253e-323 0 7: 5.4323e-312 0 10
FAIL: libffi.call/cls_20byte1.c -O0 -W -Wall output pattern test, is 1 0 5.43228e-312 4 0 4.94066e-324: 5 0 5.43228e-312
FAIL: libffi.call/cls_24byte.c -O0 -W -Wall output pattern test, is 5.43229e-312 0 6 5 3.95253e-323 0 3 7 4.94066e-324 5 7 9 8 6 1 9: 8 11 17 25
FAIL: libffi.call/cls_64byte.c -O0 -W -Wall output pattern test, is 13 13 11 20 6 12 12 18
FAIL: libffi.call/cls_9byte1.c -O0 -W -Wall output pattern test, is 7 5.43231e-312 1 5.43231e-312: 8 1.08646e-311
FAIL: libffi.call/cls_9byte2.c -O0 -W -Wall output pattern test, is 5.4323e-312 8 0 9: 5.4323e-312 17
FAIL: libffi.call/cls_align_double.c -O0 -W -Wall output pattern test, is 12 0 127 1 0 13: 13 0 140
FAIL: libffi.call/cls_double.c -O0 -W -Wall output pattern test, is nan: nan
FAIL: libffi.call/cls_float.c -O0 -W -Wall output pattern test, is nan: nan
FAIL: libffi.call/float.c -O0 -W -Wall execution test
FAIL: libffi.call/float1.c -O0 -W -Wall execution test
FAIL: libffi.call/float2.c -O0 -W -Wall execution test
FAIL: libffi.call/float3.c -O0 -W -Wall execution test
FAIL: libffi.call/float4.c -O0 -W -Wall execution test
FAIL: libffi.call/many.c -O0 -W -Wall execution test
FAIL: libffi.call/nested_struct.c -O0 -W -Wall execution test
FAIL: libffi.call/nested_struct1.c -O0 -W -Wall execution test
FAIL: libffi.call/nested_struct4.c -O0 -W -Wall execution test
FAIL: libffi.call/nested_struct6.c -O0 -W -Wall execution test
FAIL: libffi.call/problem1.c -O0 -W -Wall output pattern test, is 5.4323e-312 0 5.4323e-312 3.95253e-323 0 4.94066e-324: 5.4323e-312 0 5.4323e-312
FAIL: libffi.call/return_dbl.c -O0 -W -Wall execution test
FAIL: libffi.call/return_dbl1.c -O0 -W -Wall execution test
FAIL: libffi.call/return_dbl2.c -O0 -W -Wall execution test
FAIL: libffi.call/return_fl.c -O0 -W -Wall execution test
FAIL: libffi.call/return_fl1.c -O0 -W -Wall execution test
FAIL: libffi.call/return_fl2.c -O0 -W -Wall execution test
FAIL: libffi.call/return_fl3.c -O0 -W -Wall execution test
FAIL: libffi.call/return_ldl.c -O0 -W -Wall execution test
FAIL: libffi.call/struct1.c -O0 -W -Wall execution test
FAIL: libffi.call/struct2.c -O0 -W -Wall execution test
FAIL: libffi.call/struct6.c -O0 -W -Wall execution test
FAIL: libffi.call/struct7.c -O0 -W -Wall execution test
FAIL: libffi.call/closure_fn1.c -O2 output pattern test, is 0 0 0 0 127 0 0 8 9 10 11 12 13 19 21 1 3: 234
FAIL: libffi.call/closure_fn2.c -O2 output pattern test, is 0 0 0 0 127 0 0 8 9 10 11 12 13 19 21 1 3: 234
FAIL: libffi.call/closure_fn3.c -O2 output pattern test, is 0 0 0 0 0 0 0 0 9 10 11 12 13 19 21 1 3: 99
FAIL: libffi.call/closure_fn6.c -O2 output pattern test, is 1 2 3 4 127 0 0 0 9 10 11 12 13 19 21 1 3: 236
FAIL: libffi.call/cls_16byte.c -O2 output pattern test, is 7 0 9 1 0 3: 8 0 12
FAIL: libffi.call/cls_18byte.c -O2 output pattern test, is 5.43229e-312 127 126 5.43229e-312 3.95253e-323 125 124 4.94066e-324: 5.43229e-312 252 250 5.43229e-312
FAIL: libffi.call/cls_19byte.c -O2 output pattern test, is 5.43228e-312 127 126 5.43228e-312 120 0 125 124 0 119: 5.43228e-312 252 250 5.43228e-312 239
FAIL: libffi.call/cls_20byte.c -O2 output pattern test, is 5.43231e-312 0 3 3.95253e-323 0 7: 5.43231e-312 0 10
FAIL: libffi.call/cls_20byte1.c -O2 output pattern test, is 1 0 5.4323e-312 4 0 4.94066e-324: 5 0 5.4323e-312
FAIL: libffi.call/cls_24byte.c -O2 output pattern test, is 5.43231e-312 0 6 5 3.95253e-323 0 3 7 4.94066e-324 5 7 9 8 6 1 9: 8 11 17 25
FAIL: libffi.call/cls_64byte.c -O2 output pattern test, is 13 13 11 20 6 12 12 18
FAIL: libffi.call/cls_9byte1.c -O2 output pattern test, is 7 5.43227e-312 1 5.43227e-312: 8 1.08645e-311
FAIL: libffi.call/cls_9byte2.c -O2 output pattern test, is 5.43228e-312 8 0 9: 5.43228e-312 17
FAIL: libffi.call/cls_align_double.c -O2 output pattern test, is 12 0 127 1 0 13: 13 0 140
FAIL: libffi.call/cls_double.c -O2 output pattern test, is nan: nan
FAIL: libffi.call/cls_float.c -O2 output pattern test, is nan: nan
FAIL: libffi.call/float.c -O2 execution test
FAIL: libffi.call/float1.c -O2 execution test
FAIL: libffi.call/float2.c -O2 execution test
FAIL: libffi.call/float3.c -O2 execution test
FAIL: libffi.call/float4.c -O2 execution test
FAIL: libffi.call/many.c -O2 execution test
FAIL: libffi.call/nested_struct.c -O2 execution test
FAIL: libffi.call/nested_struct1.c -O2 execution test
FAIL: libffi.call/nested_struct4.c -O2 execution test
FAIL: libffi.call/nested_struct6.c -O2 execution test
FAIL: libffi.call/problem1.c -O2 output pattern test, is 5.43231e-312 0 5.43231e-312 3.95253e-323 0 4.94066e-324: 5.43231e-312 0 5.43231e-312
FAIL: libffi.call/return_dbl.c -O2 execution test
FAIL: libffi.call/return_dbl1.c -O2 execution test
FAIL: libffi.call/return_dbl2.c -O2 execution test
FAIL: libffi.call/return_fl.c -O2 execution test
FAIL: libffi.call/return_fl1.c -O2 execution test
FAIL: libffi.call/return_fl2.c -O2 execution test
FAIL: libffi.call/return_fl3.c -O2 execution test
FAIL: libffi.call/return_ldl.c -O2 execution test
FAIL: libffi.call/struct1.c -O2 execution test
FAIL: libffi.call/struct2.c -O2 execution test
FAIL: libffi.call/struct6.c -O2 execution test
FAIL: libffi.call/struct7.c -O2 execution test
FAIL: libffi.call/closure_fn1.c -O3 output pattern test, is 0 0 0 0 127 0 0 8 9 10 11 12 13 19 21 1 3: 234
FAIL: libffi.call/closure_fn2.c -O3 output pattern test, is 0 0 0 0 127 0 0 8 9 10 11 12 13 19 21 1 3: 234
FAIL: libffi.call/closure_fn3.c -O3 output pattern test, is 0 0 0 0 0 0 0 0 9 10 11 12 13 19 21 1 3: 99
FAIL: libffi.call/closure_fn6.c -O3 output pattern test, is 1 2 3 4 127 0 0 0 9 10 11 12 13 19 21 1 3: 236
FAIL: libffi.call/cls_16byte.c -O3 output pattern test, is 7 0 9 1 0 3: 8 0 12
FAIL: libffi.call/cls_18byte.c -O3 output pattern test, is 5.43228e-312 127 126 5.43228e-312 3.95253e-323 125 124 4.94066e-324: 5.43228e-312 252 250 5.43228e-312
FAIL: libffi.call/cls_19byte.c -O3 output pattern test, is 5.43227e-312 127 126 5.43227e-312 120 0 125 124 0 119: 5.43227e-312 252 250 5.43227e-312 239
FAIL: libffi.call/cls_20byte.c -O3 output pattern test, is 5.43227e-312 0 3 3.95253e-323 0 7: 5.43227e-312 0 10
FAIL: libffi.call/cls_20byte1.c -O3 output pattern test, is 1 0 5.43228e-312 4 0 4.94066e-324: 5 0 5.43228e-312
FAIL: libffi.call/cls_24byte.c -O3 output pattern test, is 5.43228e-312 0 6 5 3.95253e-323 0 3 7 4.94066e-324 5 7 9 8 6 1 9: 8 11 17 25
FAIL: libffi.call/cls_64byte.c -O3 output pattern test, is 13 13 11 20 6 12 12 18
FAIL: libffi.call/cls_9byte1.c -O3 output pattern test, is 7 5.4323e-312 1 5.4323e-312: 8 1.08646e-311
FAIL: libffi.call/cls_9byte2.c -O3 output pattern test, is 5.4323e-312 8 0 9: 5.4323e-312 17
FAIL: libffi.call/cls_align_double.c -O3 output pattern test, is 12 0 127 1 0 13: 13 0 140
FAIL: libffi.call/cls_double.c -O3 output pattern test, is nan: nan
FAIL: libffi.call/cls_float.c -O3 output pattern test, is nan: nan
FAIL: libffi.call/float.c -O3 execution test
FAIL: libffi.call/float1.c -O3 execution test
FAIL: libffi.call/float2.c -O3 execution test
FAIL: libffi.call/float3.c -O3 execution test
FAIL: libffi.call/float4.c -O3 execution test
FAIL: libffi.call/many.c -O3 execution test
FAIL: libffi.call/nested_struct.c -O3 execution test
FAIL: libffi.call/nested_struct1.c -O3 execution test
FAIL: libffi.call/nested_struct4.c -O3 execution test
FAIL: libffi.call/nested_struct6.c -O3 execution test
FAIL: libffi.call/problem1.c -O3 output pattern test, is 5.43227e-312 0 5.43227e-312 3.95253e-323 0 4.94066e-324: 5.43227e-312 0 5.43227e-312
FAIL: libffi.call/return_dbl.c -O3 execution test
FAIL: libffi.call/return_dbl1.c -O3 execution test
FAIL: libffi.call/return_dbl2.c -O3 execution test
FAIL: libffi.call/return_fl.c -O3 execution test
FAIL: libffi.call/return_fl1.c -O3 execution test
FAIL: libffi.call/return_fl2.c -O3 execution test
FAIL: libffi.call/return_fl3.c -O3 execution test
FAIL: libffi.call/return_ldl.c -O3 execution test
FAIL: libffi.call/struct1.c -O3 execution test
FAIL: libffi.call/struct2.c -O3 execution test
FAIL: libffi.call/struct6.c -O3 execution test
FAIL: libffi.call/struct7.c -O3 execution test
FAIL: libffi.call/closure_fn1.c -Os output pattern test, is 0 0 0 0 127 0 0 8 9 10 11 12 13 19 21 1 3: 234
FAIL: libffi.call/closure_fn2.c -Os output pattern test, is 0 0 0 0 127 0 0 8 9 10 11 12 13 19 21 1 3: 234
FAIL: libffi.call/closure_fn3.c -Os output pattern test, is 0 0 0 0 0 0 0 0 9 10 11 12 13 19 21 1 3: 99
FAIL: libffi.call/closure_fn6.c -Os output pattern test, is 1 2 3 4 127 0 0 0 9 10 11 12 13 19 21 1 3: 236
FAIL: libffi.call/cls_16byte.c -Os output pattern test, is 7 0 9 1 0 3: 8 0 12
FAIL: libffi.call/cls_18byte.c -Os output pattern test, is 5.43228e-312 127 126 5.43228e-312 3.95253e-323 125 124 4.94066e-324: 5.43228e-312 252 250 5.43228e-312
FAIL: libffi.call/cls_19byte.c -Os output pattern test, is 5.43229e-312 127 126 5.43229e-312 120 0 125 124 0 119: 5.43229e-312 252 250 5.43229e-312 239
FAIL: libffi.call/cls_20byte.c -Os output pattern test, is 5.4323e-312 0 3 3.95253e-323 0 7: 5.4323e-312 0 10
FAIL: libffi.call/cls_20byte1.c -Os output pattern test, is 1 0 5.4323e-312 4 0 4.94066e-324: 5 0 5.4323e-312
FAIL: libffi.call/cls_24byte.c -Os output pattern test, is 5.43229e-312 0 6 5 3.95253e-323 0 3 7 4.94066e-324 5 7 9 8 6 1 9: 8 11 17 25
FAIL: libffi.call/cls_64byte.c -Os output pattern test, is 13 13 11 20 6 12 12 18
FAIL: libffi.call/cls_9byte1.c -Os output pattern test, is 7 5.43229e-312 1 5.43229e-312: 8 1.08646e-311
FAIL: libffi.call/cls_9byte2.c -Os output pattern test, is 5.43229e-312 8 0 9: 5.43229e-312 17
FAIL: libffi.call/cls_align_double.c -Os output pattern test, is 12 0 127 1 0 13: 13 0 140
FAIL: libffi.call/cls_double.c -Os output pattern test, is nan: nan
FAIL: libffi.call/cls_float.c -Os output pattern test, is nan: nan
FAIL: libffi.call/float.c -Os execution test
FAIL: libffi.call/float1.c -Os execution test
FAIL: libffi.call/float2.c -Os execution test
FAIL: libffi.call/float3.c -Os execution test
FAIL: libffi.call/float4.c -Os execution test
FAIL: libffi.call/many.c -Os execution test
FAIL: libffi.call/nested_struct.c -Os execution test
FAIL: libffi.call/nested_struct1.c -Os execution test
FAIL: libffi.call/nested_struct4.c -Os execution test
FAIL: libffi.call/nested_struct6.c -Os execution test
FAIL: libffi.call/problem1.c -Os output pattern test, is 5.4323e-312 0 5.4323e-312 3.95253e-323 0 4.94066e-324: 5.4323e-312 0 5.4323e-312
FAIL: libffi.call/return_dbl.c -Os execution test
FAIL: libffi.call/return_dbl1.c -Os execution test
FAIL: libffi.call/return_dbl2.c -Os execution test
FAIL: libffi.call/return_fl.c -Os execution test
FAIL: libffi.call/return_fl1.c -Os execution test
FAIL: libffi.call/return_fl2.c -Os execution test
FAIL: libffi.call/return_fl3.c -Os execution test
FAIL: libffi.call/return_ldl.c -Os execution test
FAIL: libffi.call/struct1.c -Os execution test
FAIL: libffi.call/struct2.c -Os execution test
FAIL: libffi.call/struct6.c -Os execution test
FAIL: libffi.call/struct7.c -Os execution test
FAIL: libffi.call/closure_fn1.c -O2 -fomit-frame-pointer output pattern test, is 0 0 0 0 127 0 0 8 9 10 11 12 13 19 21 1 3: 234
FAIL: libffi.call/closure_fn2.c -O2 -fomit-frame-pointer output pattern test, is 0 0 0 0 127 0 0 8 9 10 11 12 13 19 21 1 3: 234
FAIL: libffi.call/closure_fn3.c -O2 -fomit-frame-pointer output pattern test, is 0 0 0 0 0 0 0 0 9 10 11 12 13 19 21 1 3: 99
FAIL: libffi.call/closure_fn6.c -O2 -fomit-frame-pointer output pattern test, is 1 2 3 4 127 0 0 0 9 10 11 12 13 19 21 1 3: 236
FAIL: libffi.call/cls_16byte.c -O2 -fomit-frame-pointer output pattern test, is 7 0 9 1 0 3: 8 0 12
FAIL: libffi.call/cls_18byte.c -O2 -fomit-frame-pointer output pattern test, is 5.4323e-312 127 126 5.4323e-312 3.95253e-323 125 124 4.94066e-324: 5.4323e-312 252 250 5.4323e-312
FAIL: libffi.call/cls_19byte.c -O2 -fomit-frame-pointer output pattern test, is 5.43228e-312 127 126 5.43228e-312 120 0 125 124 0 119: 5.43228e-312 252 250 5.43228e-312 239
FAIL: libffi.call/cls_20byte.c -O2 -fomit-frame-pointer output pattern test, is 5.43228e-312 0 3 3.95253e-323 0 7: 5.43228e-312 0 10
FAIL: libffi.call/cls_20byte1.c -O2 -fomit-frame-pointer output pattern test, is 1 0 5.43228e-312 4 0 4.94066e-324: 5 0 5.43228e-312
FAIL: libffi.call/cls_24byte.c -O2 -fomit-frame-pointer output pattern test, is 5.43231e-312 0 6 5 3.95253e-323 0 3 7 4.94066e-324 5 7 9 8 6 1 9: 8 11 17 25
FAIL: libffi.call/cls_64byte.c -O2 -fomit-frame-pointer output pattern test, is 13 13 11 20 6 12 12 18
FAIL: libffi.call/cls_9byte1.c -O2 -fomit-frame-pointer output pattern test, is 7 5.43228e-312 1 5.43228e-312: 8 1.08646e-311
FAIL: libffi.call/cls_9byte2.c -O2 -fomit-frame-pointer output pattern test, is 5.43227e-312 8 0 9: 5.43227e-312 17
FAIL: libffi.call/cls_align_double.c -O2 -fomit-frame-pointer output pattern test, is 12 0 127 1 0 13: 13 0 140
FAIL: libffi.call/cls_double.c -O2 -fomit-frame-pointer output pattern test, is nan: nan
FAIL: libffi.call/cls_float.c -O2 -fomit-frame-pointer output pattern test, is nan: nan
FAIL: libffi.call/float.c -O2 -fomit-frame-pointer execution test
FAIL: libffi.call/float1.c -O2 -fomit-frame-pointer execution test
FAIL: libffi.call/float2.c -O2 -fomit-frame-pointer execution test
FAIL: libffi.call/float3.c -O2 -fomit-frame-pointer execution test
FAIL: libffi.call/float4.c -O2 -fomit-frame-pointer execution test
FAIL: libffi.call/many.c -O2 -fomit-frame-pointer execution test
FAIL: libffi.call/nested_struct.c -O2 -fomit-frame-pointer execution test
FAIL: libffi.call/nested_struct1.c -O2 -fomit-frame-pointer execution test
FAIL: libffi.call/nested_struct4.c -O2 -fomit-frame-pointer execution test
FAIL: libffi.call/nested_struct6.c -O2 -fomit-frame-pointer execution test
FAIL: libffi.call/problem1.c -O2 -fomit-frame-pointer output pattern test, is 5.43229e-312 0 5.43229e-312 3.95253e-323 0 4.94066e-324: 5.43229e-312 0 5.43229e-312
FAIL: libffi.call/return_dbl.c -O2 -fomit-frame-pointer execution test
FAIL: libffi.call/return_dbl1.c -O2 -fomit-frame-pointer execution test
FAIL: libffi.call/return_dbl2.c -O2 -fomit-frame-pointer execution test
FAIL: libffi.call/return_fl.c -O2 -fomit-frame-pointer execution test
FAIL: libffi.call/return_fl1.c -O2 -fomit-frame-pointer execution test
FAIL: libffi.call/return_fl2.c -O2 -fomit-frame-pointer execution test
FAIL: libffi.call/return_fl3.c -O2 -fomit-frame-pointer execution test
FAIL: libffi.call/return_ldl.c -O2 -fomit-frame-pointer execution test
FAIL: libffi.call/struct1.c -O2 -fomit-frame-pointer execution test
FAIL: libffi.call/struct2.c -O2 -fomit-frame-pointer execution test
FAIL: libffi.call/struct6.c -O2 -fomit-frame-pointer execution test
FAIL: libffi.call/struct7.c -O2 -fomit-frame-pointer execution test
FAIL: libffi.special/unwindtest.cc  -shared-libgcc -lstdc++ execution test
FAIL: libffi.special/unwindtest.cc  -shared-libgcc -lstdc++ execution test
FAIL: libffi.special/unwindtest.cc  -shared-libgcc -lstdc++ execution test
FAIL: libffi.special/unwindtest.cc  -shared-libgcc -lstdc++ execution test

		=== libffi Summary for unix/-mabi=64 ===

# of expected passes		1166
# of unexpected failures	199
# of unsupported tests		10

		=== libffi Summary ===

# of expected passes		2332
# of unexpected failures	398
# of unsupported tests		20
		=== libgomp tests ===


Running target unix
WARNING: program timed out.
FAIL: libgomp.c/appendix-a/a.18.1.c execution test
FAIL: libgomp.c/copyin-1.c execution test
FAIL: libgomp.c/copyin-2.c execution test
FAIL: libgomp.c/copyin-3.c execution test
FAIL: libgomp.c/icv-2.c execution test
FAIL: libgomp.c/lock-3.c execution test
FAIL: libgomp.c/nqueens-1.c execution test
WARNING: program timed out.
FAIL: libgomp.c/sort-1.c execution test
FAIL: libgomp.c++/copyin-1.C  -O0  execution test
FAIL: libgomp.c++/copyin-1.C  -O1  execution test
FAIL: libgomp.c++/copyin-1.C  -O2  execution test
FAIL: libgomp.c++/copyin-1.C  -O3 -fomit-frame-pointer  execution test
FAIL: libgomp.c++/copyin-1.C  -O3 -fomit-frame-pointer -funroll-loops  execution test
FAIL: libgomp.c++/copyin-1.C  -O3 -fomit-frame-pointer -funroll-all-loops -finline-functions  execution test
FAIL: libgomp.c++/copyin-1.C  -O3 -g  (test for excess errors)
UNRESOLVED: libgomp.c++/copyin-1.C  -O3 -g  compilation failed to produce executable
FAIL: libgomp.c++/copyin-1.C  -Os  execution test
FAIL: libgomp.c++/copyin-2.C  -O0  execution test
FAIL: libgomp.c++/copyin-2.C  -O1  execution test
FAIL: libgomp.c++/copyin-2.C  -O2  execution test
FAIL: libgomp.c++/copyin-2.C  -O3 -fomit-frame-pointer  execution test
FAIL: libgomp.c++/copyin-2.C  -O3 -fomit-frame-pointer -funroll-loops  execution test
FAIL: libgomp.c++/copyin-2.C  -O3 -fomit-frame-pointer -funroll-all-loops -finline-functions  execution test
FAIL: libgomp.c++/copyin-2.C  -O3 -g  (test for excess errors)
UNRESOLVED: libgomp.c++/copyin-2.C  -O3 -g  compilation failed to produce executable
FAIL: libgomp.c++/copyin-2.C  -Os  execution test
FAIL: libgomp.c++/ctor-10.C  -O0  execution test
FAIL: libgomp.c++/ctor-10.C  -O1  execution test
FAIL: libgomp.c++/ctor-10.C  -O2  execution test
FAIL: libgomp.c++/ctor-10.C  -O3 -fomit-frame-pointer  execution test
FAIL: libgomp.c++/ctor-10.C  -O3 -fomit-frame-pointer -funroll-loops  execution test
FAIL: libgomp.c++/ctor-10.C  -O3 -fomit-frame-pointer -funroll-all-loops -finline-functions  execution test
FAIL: libgomp.c++/ctor-10.C  -O3 -g  (test for excess errors)
UNRESOLVED: libgomp.c++/ctor-10.C  -O3 -g  compilation failed to produce executable
FAIL: libgomp.c++/ctor-10.C  -Os  execution test
FAIL: libgomp.c++/ctor-5.C  -O3 -g  (test for excess errors)
UNRESOLVED: libgomp.c++/ctor-5.C  -O3 -g  compilation failed to produce executable
FAIL: libgomp.c++/ctor-8.C  -O0  execution test
FAIL: libgomp.c++/ctor-8.C  -O1  execution test
FAIL: libgomp.c++/ctor-8.C  -O2  execution test
FAIL: libgomp.c++/ctor-8.C  -O3 -fomit-frame-pointer  execution test
FAIL: libgomp.c++/ctor-8.C  -O3 -fomit-frame-pointer -funroll-loops  execution test
FAIL: libgomp.c++/ctor-8.C  -O3 -fomit-frame-pointer -funroll-all-loops -finline-functions  execution test
FAIL: libgomp.c++/ctor-8.C  -O3 -g  (test for excess errors)
UNRESOLVED: libgomp.c++/ctor-8.C  -O3 -g  compilation failed to produce executable
FAIL: libgomp.c++/ctor-8.C  -Os  execution test
FAIL: libgomp.c++/ctor-9.C  -O0  execution test
FAIL: libgomp.c++/ctor-9.C  -O1  execution test
FAIL: libgomp.c++/ctor-9.C  -O2  execution test
FAIL: libgomp.c++/ctor-9.C  -O3 -g  (test for excess errors)
UNRESOLVED: libgomp.c++/ctor-9.C  -O3 -g  compilation failed to produce executable
FAIL: libgomp.c++/ctor-9.C  -Os  execution test
FAIL: libgomp.c++/pr24455.C  -O3 -g  (test for excess errors)
UNRESOLVED: libgomp.c++/pr24455.C  -O3 -g  compilation failed to produce executable
FAIL: libgomp.fortran/allocatable1.f90  -O0  (test for excess errors)
UNRESOLVED: libgomp.fortran/allocatable1.f90  -O0  compilation failed to produce executable
FAIL: libgomp.fortran/allocatable1.f90  -O1  (test for excess errors)
UNRESOLVED: libgomp.fortran/allocatable1.f90  -O1  compilation failed to produce executable
FAIL: libgomp.fortran/allocatable1.f90  -O2  (test for excess errors)
UNRESOLVED: libgomp.fortran/allocatable1.f90  -O2  compilation failed to produce executable
FAIL: libgomp.fortran/allocatable1.f90  -O3 -fomit-frame-pointer  (test for excess errors)
UNRESOLVED: libgomp.fortran/allocatable1.f90  -O3 -fomit-frame-pointer  compilation failed to produce executable
FAIL: libgomp.fortran/allocatable1.f90  -O3 -fomit-frame-pointer -funroll-loops  (test for excess errors)
UNRESOLVED: libgomp.fortran/allocatable1.f90  -O3 -fomit-frame-pointer -funroll-loops  compilation failed to produce executable
FAIL: libgomp.fortran/allocatable1.f90  -O3 -fomit-frame-pointer -funroll-all-loops -finline-functions  (test for excess errors)
UNRESOLVED: libgomp.fortran/allocatable1.f90  -O3 -fomit-frame-pointer -funroll-all-loops -finline-functions  compilation failed to produce executable
FAIL: libgomp.fortran/allocatable1.f90  -O3 -g  (test for excess errors)
UNRESOLVED: libgomp.fortran/allocatable1.f90  -O3 -g  compilation failed to produce executable
FAIL: libgomp.fortran/allocatable1.f90  -Os  (test for excess errors)
UNRESOLVED: libgomp.fortran/allocatable1.f90  -Os  compilation failed to produce executable
FAIL: libgomp.fortran/allocatable2.f90  -O0  (test for excess errors)
UNRESOLVED: libgomp.fortran/allocatable2.f90  -O0  compilation failed to produce executable
FAIL: libgomp.fortran/allocatable2.f90  -O1  (test for excess errors)
UNRESOLVED: libgomp.fortran/allocatable2.f90  -O1  compilation failed to produce executable
FAIL: libgomp.fortran/allocatable2.f90  -O2  (test for excess errors)
UNRESOLVED: libgomp.fortran/allocatable2.f90  -O2  compilation failed to produce executable
FAIL: libgomp.fortran/allocatable2.f90  -O3 -fomit-frame-pointer  (test for excess errors)
UNRESOLVED: libgomp.fortran/allocatable2.f90  -O3 -fomit-frame-pointer  compilation failed to produce executable
FAIL: libgomp.fortran/allocatable2.f90  -O3 -fomit-frame-pointer -funroll-loops  (test for excess errors)
UNRESOLVED: libgomp.fortran/allocatable2.f90  -O3 -fomit-frame-pointer -funroll-loops  compilation failed to produce executable
FAIL: libgomp.fortran/allocatable2.f90  -O3 -fomit-frame-pointer -funroll-all-loops -finline-functions  (test for excess errors)
UNRESOLVED: libgomp.fortran/allocatable2.f90  -O3 -fomit-frame-pointer -funroll-all-loops -finline-functions  compilation failed to produce executable
FAIL: libgomp.fortran/allocatable2.f90  -O3 -g  (test for excess errors)
UNRESOLVED: libgomp.fortran/allocatable2.f90  -O3 -g  compilation failed to produce executable
FAIL: libgomp.fortran/allocatable2.f90  -Os  (test for excess errors)
UNRESOLVED: libgomp.fortran/allocatable2.f90  -Os  compilation failed to produce executable
FAIL: libgomp.fortran/allocatable3.f90  -O0  (test for excess errors)
UNRESOLVED: libgomp.fortran/allocatable3.f90  -O0  compilation failed to produce executable
FAIL: libgomp.fortran/allocatable3.f90  -O1  (test for excess errors)
UNRESOLVED: libgomp.fortran/allocatable3.f90  -O1  compilation failed to produce executable
FAIL: libgomp.fortran/allocatable3.f90  -O2  (test for excess errors)
UNRESOLVED: libgomp.fortran/allocatable3.f90  -O2  compilation failed to produce executable
FAIL: libgomp.fortran/allocatable3.f90  -O3 -fomit-frame-pointer  (test for excess errors)
UNRESOLVED: libgomp.fortran/allocatable3.f90  -O3 -fomit-frame-pointer  compilation failed to produce executable
FAIL: libgomp.fortran/allocatable3.f90  -O3 -fomit-frame-pointer -funroll-loops  (test for excess errors)
UNRESOLVED: libgomp.fortran/allocatable3.f90  -O3 -fomit-frame-pointer -funroll-loops  compilation failed to produce executable
FAIL: libgomp.fortran/allocatable3.f90  -O3 -fomit-frame-pointer -funroll-all-loops -finline-functions  (test for excess errors)
UNRESOLVED: libgomp.fortran/allocatable3.f90  -O3 -fomit-frame-pointer -funroll-all-loops -finline-functions  compilation failed to produce executable
FAIL: libgomp.fortran/allocatable3.f90  -O3 -g  (test for excess errors)
UNRESOLVED: libgomp.fortran/allocatable3.f90  -O3 -g  compilation failed to produce executable
FAIL: libgomp.fortran/allocatable3.f90  -Os  (test for excess errors)
UNRESOLVED: libgomp.fortran/allocatable3.f90  -Os  compilation failed to produce executable
FAIL: libgomp.fortran/allocatable4.f90  -O0  (test for excess errors)
UNRESOLVED: libgomp.fortran/allocatable4.f90  -O0  compilation failed to produce executable
FAIL: libgomp.fortran/allocatable4.f90  -O1  (test for excess errors)
UNRESOLVED: libgomp.fortran/allocatable4.f90  -O1  compilation failed to produce executable
FAIL: libgomp.fortran/allocatable4.f90  -O2  (test for excess errors)
UNRESOLVED: libgomp.fortran/allocatable4.f90  -O2  compilation failed to produce executable
FAIL: libgomp.fortran/allocatable4.f90  -O3 -fomit-frame-pointer  (test for excess errors)
UNRESOLVED: libgomp.fortran/allocatable4.f90  -O3 -fomit-frame-pointer  compilation failed to produce executable
FAIL: libgomp.fortran/allocatable4.f90  -O3 -fomit-frame-pointer -funroll-loops  (test for excess errors)
UNRESOLVED: libgomp.fortran/allocatable4.f90  -O3 -fomit-frame-pointer -funroll-loops  compilation failed to produce executable
FAIL: libgomp.fortran/allocatable4.f90  -O3 -fomit-frame-pointer -funroll-all-loops -finline-functions  (test for excess errors)
UNRESOLVED: libgomp.fortran/allocatable4.f90  -O3 -fomit-frame-pointer -funroll-all-loops -finline-functions  compilation failed to produce executable
FAIL: libgomp.fortran/allocatable4.f90  -O3 -g  (test for excess errors)
UNRESOLVED: libgomp.fortran/allocatable4.f90  -O3 -g  compilation failed to produce executable
FAIL: libgomp.fortran/allocatable4.f90  -Os  (test for excess errors)
UNRESOLVED: libgomp.fortran/allocatable4.f90  -Os  compilation failed to produce executable
WARNING: program timed out.
FAIL: libgomp.fortran/appendix-a/a.18.1.f90  -O3 -fomit-frame-pointer -funroll-loops  execution test
FAIL: libgomp.fortran/appendix-a/a.22.7.f90  -O0  execution test
FAIL: libgomp.fortran/appendix-a/a.22.7.f90  -O2  execution test
FAIL: libgomp.fortran/appendix-a/a.22.7.f90  -O3 -fomit-frame-pointer  execution test
FAIL: libgomp.fortran/appendix-a/a.22.7.f90  -O3 -fomit-frame-pointer -funroll-loops  execution test
FAIL: libgomp.fortran/appendix-a/a.22.7.f90  -O3 -fomit-frame-pointer -funroll-all-loops -finline-functions  execution test
FAIL: libgomp.fortran/appendix-a/a.22.7.f90  -O3 -g  (test for excess errors)
UNRESOLVED: libgomp.fortran/appendix-a/a.22.7.f90  -O3 -g  compilation failed to produce executable
FAIL: libgomp.fortran/appendix-a/a.22.7.f90  -Os  execution test
FAIL: libgomp.fortran/appendix-a/a.22.8.f90  -O0  execution test
FAIL: libgomp.fortran/appendix-a/a.22.8.f90  -O1  execution test
FAIL: libgomp.fortran/appendix-a/a.22.8.f90  -O2  execution test
FAIL: libgomp.fortran/appendix-a/a.22.8.f90  -O3 -fomit-frame-pointer  execution test
FAIL: libgomp.fortran/appendix-a/a.22.8.f90  -O3 -fomit-frame-pointer -funroll-loops  execution test
FAIL: libgomp.fortran/appendix-a/a.22.8.f90  -O3 -fomit-frame-pointer -funroll-all-loops -finline-functions  execution test
FAIL: libgomp.fortran/appendix-a/a.22.8.f90  -O3 -g  (test for excess errors)
UNRESOLVED: libgomp.fortran/appendix-a/a.22.8.f90  -O3 -g  compilation failed to produce executable
FAIL: libgomp.fortran/appendix-a/a.22.8.f90  -Os  execution test
FAIL: libgomp.fortran/crayptr2.f90  -O0  execution test
FAIL: libgomp.fortran/crayptr2.f90  -O1  execution test
FAIL: libgomp.fortran/crayptr2.f90  -O2  execution test
FAIL: libgomp.fortran/crayptr2.f90  -O3 -fomit-frame-pointer  execution test
FAIL: libgomp.fortran/crayptr2.f90  -O3 -fomit-frame-pointer -funroll-loops  execution test
FAIL: libgomp.fortran/crayptr2.f90  -O3 -fomit-frame-pointer -funroll-all-loops -finline-functions  execution test
FAIL: libgomp.fortran/crayptr2.f90  -O3 -g  (test for excess errors)
UNRESOLVED: libgomp.fortran/crayptr2.f90  -O3 -g  compilation failed to produce executable
FAIL: libgomp.fortran/crayptr2.f90  -Os  execution test
FAIL: libgomp.fortran/omp_parse2.f90  -O1  execution test
FAIL: libgomp.fortran/omp_parse3.f90  -O0  execution test
FAIL: libgomp.fortran/omp_parse3.f90  -O1  execution test
FAIL: libgomp.fortran/omp_parse3.f90  -O2  execution test
FAIL: libgomp.fortran/omp_parse3.f90  -O3 -fomit-frame-pointer  execution test
FAIL: libgomp.fortran/omp_parse3.f90  -O3 -fomit-frame-pointer -funroll-loops  execution test
FAIL: libgomp.fortran/omp_parse3.f90  -O3 -fomit-frame-pointer -funroll-all-loops -finline-functions  execution test
FAIL: libgomp.fortran/omp_parse3.f90  -O3 -g  (test for excess errors)
UNRESOLVED: libgomp.fortran/omp_parse3.f90  -O3 -g  compilation failed to produce executable
FAIL: libgomp.fortran/omp_parse3.f90  -Os  execution test
FAIL: libgomp.fortran/pr25162.f  -O0  execution test
FAIL: libgomp.fortran/pr25162.f  -O1  execution test
FAIL: libgomp.fortran/pr25162.f  -O2  execution test
FAIL: libgomp.fortran/pr25162.f  -O3 -fomit-frame-pointer  execution test
FAIL: libgomp.fortran/pr25162.f  -O3 -fomit-frame-pointer -funroll-loops  execution test
FAIL: libgomp.fortran/pr25162.f  -O3 -fomit-frame-pointer -funroll-all-loops -finline-functions  execution test
FAIL: libgomp.fortran/pr25162.f  -O3 -g  (test for excess errors)
UNRESOLVED: libgomp.fortran/pr25162.f  -O3 -g  compilation failed to produce executable
FAIL: libgomp.fortran/pr25162.f  -Os  execution test
FAIL: libgomp.fortran/pr32550.f90  -O0  execution test
FAIL: libgomp.fortran/pr32550.f90  -O1  execution test
FAIL: libgomp.fortran/pr32550.f90  -O2  execution test
FAIL: libgomp.fortran/pr32550.f90  -O3 -fomit-frame-pointer  execution test
FAIL: libgomp.fortran/pr32550.f90  -O3 -fomit-frame-pointer -funroll-loops  execution test
FAIL: libgomp.fortran/pr32550.f90  -O3 -fomit-frame-pointer -funroll-all-loops -finline-functions  execution test
FAIL: libgomp.fortran/pr32550.f90  -O3 -g  (test for excess errors)
UNRESOLVED: libgomp.fortran/pr32550.f90  -O3 -g  compilation failed to produce executable
FAIL: libgomp.fortran/pr32550.f90  -Os  execution test
WARNING: program timed out.
FAIL: libgomp.fortran/strassen.f90  -O  execution test
FAIL: libgomp.fortran/task2.f90  -O  (test for excess errors)
UNRESOLVED: libgomp.fortran/task2.f90  -O  compilation failed to produce executable
FAIL: libgomp.fortran/threadprivate1.f90  -O0  execution test
FAIL: libgomp.fortran/threadprivate1.f90  -O1  execution test
FAIL: libgomp.fortran/threadprivate1.f90  -O2  execution test
FAIL: libgomp.fortran/threadprivate1.f90  -O3 -fomit-frame-pointer  execution test
FAIL: libgomp.fortran/threadprivate1.f90  -O3 -fomit-frame-pointer -funroll-loops  execution test
FAIL: libgomp.fortran/threadprivate1.f90  -O3 -fomit-frame-pointer -funroll-all-loops -finline-functions  execution test
FAIL: libgomp.fortran/threadprivate1.f90  -O3 -g  (test for excess errors)
UNRESOLVED: libgomp.fortran/threadprivate1.f90  -O3 -g  compilation failed to produce executable
FAIL: libgomp.fortran/threadprivate1.f90  -Os  execution test
FAIL: libgomp.fortran/threadprivate2.f90  -O0  execution test
FAIL: libgomp.fortran/threadprivate2.f90  -O1  execution test
FAIL: libgomp.fortran/threadprivate2.f90  -O2  execution test
FAIL: libgomp.fortran/threadprivate2.f90  -O3 -fomit-frame-pointer  execution test
FAIL: libgomp.fortran/threadprivate2.f90  -O3 -fomit-frame-pointer -funroll-loops  execution test
FAIL: libgomp.fortran/threadprivate2.f90  -O3 -fomit-frame-pointer -funroll-all-loops -finline-functions  execution test
FAIL: libgomp.fortran/threadprivate2.f90  -O3 -g  (test for excess errors)
UNRESOLVED: libgomp.fortran/threadprivate2.f90  -O3 -g  compilation failed to produce executable
FAIL: libgomp.fortran/threadprivate2.f90  -Os  execution test
FAIL: libgomp.fortran/threadprivate3.f90  -O0  execution test
FAIL: libgomp.fortran/threadprivate3.f90  -O1  execution test
FAIL: libgomp.fortran/threadprivate3.f90  -O2  execution test
FAIL: libgomp.fortran/threadprivate3.f90  -O3 -fomit-frame-pointer  execution test
FAIL: libgomp.fortran/threadprivate3.f90  -O3 -fomit-frame-pointer -funroll-loops  execution test
FAIL: libgomp.fortran/threadprivate3.f90  -O3 -fomit-frame-pointer -funroll-all-loops -finline-functions  execution test
FAIL: libgomp.fortran/threadprivate3.f90  -O3 -g  (test for excess errors)
UNRESOLVED: libgomp.fortran/threadprivate3.f90  -O3 -g  compilation failed to produce executable
FAIL: libgomp.fortran/threadprivate3.f90  -Os  execution test
FAIL: libgomp.fortran/vla1.f90  -O0  (test for excess errors)
UNRESOLVED: libgomp.fortran/vla1.f90  -O0  compilation failed to produce executable
FAIL: libgomp.fortran/vla1.f90  -O1  (test for excess errors)
UNRESOLVED: libgomp.fortran/vla1.f90  -O1  compilation failed to produce executable
FAIL: libgomp.fortran/vla1.f90  -O2  (test for excess errors)
UNRESOLVED: libgomp.fortran/vla1.f90  -O2  compilation failed to produce executable
FAIL: libgomp.fortran/vla1.f90  -O3 -fomit-frame-pointer  (test for excess errors)
UNRESOLVED: libgomp.fortran/vla1.f90  -O3 -fomit-frame-pointer  compilation failed to produce executable
FAIL: libgomp.fortran/vla1.f90  -O3 -fomit-frame-pointer -funroll-loops  (test for excess errors)
UNRESOLVED: libgomp.fortran/vla1.f90  -O3 -fomit-frame-pointer -funroll-loops  compilation failed to produce executable
FAIL: libgomp.fortran/vla1.f90  -O3 -fomit-frame-pointer -funroll-all-loops -finline-functions  (test for excess errors)
UNRESOLVED: libgomp.fortran/vla1.f90  -O3 -fomit-frame-pointer -funroll-all-loops -finline-functions  compilation failed to produce executable
FAIL: libgomp.fortran/vla1.f90  -O3 -g  (test for excess errors)
UNRESOLVED: libgomp.fortran/vla1.f90  -O3 -g  compilation failed to produce executable
FAIL: libgomp.fortran/vla1.f90  -Os  (test for excess errors)
UNRESOLVED: libgomp.fortran/vla1.f90  -Os  compilation failed to produce executable
FAIL: libgomp.fortran/vla2.f90  -O0  (test for excess errors)
UNRESOLVED: libgomp.fortran/vla2.f90  -O0  compilation failed to produce executable
FAIL: libgomp.fortran/vla2.f90  -O1  (test for excess errors)
UNRESOLVED: libgomp.fortran/vla2.f90  -O1  compilation failed to produce executable
FAIL: libgomp.fortran/vla2.f90  -O2  (test for excess errors)
UNRESOLVED: libgomp.fortran/vla2.f90  -O2  compilation failed to produce executable
FAIL: libgomp.fortran/vla2.f90  -O3 -fomit-frame-pointer  (test for excess errors)
UNRESOLVED: libgomp.fortran/vla2.f90  -O3 -fomit-frame-pointer  compilation failed to produce executable
FAIL: libgomp.fortran/vla2.f90  -O3 -fomit-frame-pointer -funroll-loops  (test for excess errors)
UNRESOLVED: libgomp.fortran/vla2.f90  -O3 -fomit-frame-pointer -funroll-loops  compilation failed to produce executable
FAIL: libgomp.fortran/vla2.f90  -O3 -fomit-frame-pointer -funroll-all-loops -finline-functions  (test for excess errors)
UNRESOLVED: libgomp.fortran/vla2.f90  -O3 -fomit-frame-pointer -funroll-all-loops -finline-functions  compilation failed to produce executable
FAIL: libgomp.fortran/vla2.f90  -O3 -g  (test for excess errors)
UNRESOLVED: libgomp.fortran/vla2.f90  -O3 -g  compilation failed to produce executable
FAIL: libgomp.fortran/vla2.f90  -Os  (test for excess errors)
UNRESOLVED: libgomp.fortran/vla2.f90  -Os  compilation failed to produce executable
FAIL: libgomp.fortran/vla3.f90  -O0  (test for excess errors)
UNRESOLVED: libgomp.fortran/vla3.f90  -O0  compilation failed to produce executable
FAIL: libgomp.fortran/vla3.f90  -O1  (test for excess errors)
UNRESOLVED: libgomp.fortran/vla3.f90  -O1  compilation failed to produce executable
FAIL: libgomp.fortran/vla3.f90  -O2  (test for excess errors)
UNRESOLVED: libgomp.fortran/vla3.f90  -O2  compilation failed to produce executable
FAIL: libgomp.fortran/vla3.f90  -O3 -fomit-frame-pointer  (test for excess errors)
UNRESOLVED: libgomp.fortran/vla3.f90  -O3 -fomit-frame-pointer  compilation failed to produce executable
FAIL: libgomp.fortran/vla3.f90  -O3 -fomit-frame-pointer -funroll-loops  (test for excess errors)
UNRESOLVED: libgomp.fortran/vla3.f90  -O3 -fomit-frame-pointer -funroll-loops  compilation failed to produce executable
FAIL: libgomp.fortran/vla3.f90  -O3 -fomit-frame-pointer -funroll-all-loops -finline-functions  (test for excess errors)
UNRESOLVED: libgomp.fortran/vla3.f90  -O3 -fomit-frame-pointer -funroll-all-loops -finline-functions  compilation failed to produce executable
FAIL: libgomp.fortran/vla3.f90  -O3 -g  (test for excess errors)
UNRESOLVED: libgomp.fortran/vla3.f90  -O3 -g  compilation failed to produce executable
FAIL: libgomp.fortran/vla3.f90  -Os  (test for excess errors)
UNRESOLVED: libgomp.fortran/vla3.f90  -Os  compilation failed to produce executable
FAIL: libgomp.fortran/vla4.f90  -O0   (test for warnings, line 97)
FAIL: libgomp.fortran/vla4.f90  -O0  (test for excess errors)
UNRESOLVED: libgomp.fortran/vla4.f90  -O0  compilation failed to produce executable
FAIL: libgomp.fortran/vla4.f90  -O1   (test for warnings, line 97)
FAIL: libgomp.fortran/vla4.f90  -O1  (test for excess errors)
UNRESOLVED: libgomp.fortran/vla4.f90  -O1  compilation failed to produce executable
FAIL: libgomp.fortran/vla4.f90  -O2   (test for warnings, line 97)
FAIL: libgomp.fortran/vla4.f90  -O2  (test for excess errors)
UNRESOLVED: libgomp.fortran/vla4.f90  -O2  compilation failed to produce executable
FAIL: libgomp.fortran/vla4.f90  -O3 -fomit-frame-pointer   (test for warnings, line 97)
FAIL: libgomp.fortran/vla4.f90  -O3 -fomit-frame-pointer  (test for excess errors)
UNRESOLVED: libgomp.fortran/vla4.f90  -O3 -fomit-frame-pointer  compilation failed to produce executable
FAIL: libgomp.fortran/vla4.f90  -O3 -fomit-frame-pointer -funroll-loops   (test for warnings, line 97)
FAIL: libgomp.fortran/vla4.f90  -O3 -fomit-frame-pointer -funroll-loops  (test for excess errors)
UNRESOLVED: libgomp.fortran/vla4.f90  -O3 -fomit-frame-pointer -funroll-loops  compilation failed to produce executable
FAIL: libgomp.fortran/vla4.f90  -O3 -fomit-frame-pointer -funroll-all-loops -finline-functions   (test for warnings, line 97)
FAIL: libgomp.fortran/vla4.f90  -O3 -fomit-frame-pointer -funroll-all-loops -finline-functions  (test for excess errors)
UNRESOLVED: libgomp.fortran/vla4.f90  -O3 -fomit-frame-pointer -funroll-all-loops -finline-functions  compilation failed to produce executable
FAIL: libgomp.fortran/vla4.f90  -O3 -g   (test for warnings, line 97)
FAIL: libgomp.fortran/vla4.f90  -O3 -g  (test for excess errors)
UNRESOLVED: libgomp.fortran/vla4.f90  -O3 -g  compilation failed to produce executable
FAIL: libgomp.fortran/vla4.f90  -Os   (test for warnings, line 97)
FAIL: libgomp.fortran/vla4.f90  -Os  (test for excess errors)
UNRESOLVED: libgomp.fortran/vla4.f90  -Os  compilation failed to produce executable
FAIL: libgomp.fortran/vla5.f90  -O0   (test for warnings, line 69)
FAIL: libgomp.fortran/vla5.f90  -O0  (test for excess errors)
UNRESOLVED: libgomp.fortran/vla5.f90  -O0  compilation failed to produce executable
FAIL: libgomp.fortran/vla5.f90  -O1   (test for warnings, line 69)
FAIL: libgomp.fortran/vla5.f90  -O1  (test for excess errors)
UNRESOLVED: libgomp.fortran/vla5.f90  -O1  compilation failed to produce executable
FAIL: libgomp.fortran/vla5.f90  -O2   (test for warnings, line 69)
FAIL: libgomp.fortran/vla5.f90  -O2  (test for excess errors)
UNRESOLVED: libgomp.fortran/vla5.f90  -O2  compilation failed to produce executable
FAIL: libgomp.fortran/vla5.f90  -O3 -fomit-frame-pointer   (test for warnings, line 69)
FAIL: libgomp.fortran/vla5.f90  -O3 -fomit-frame-pointer  (test for excess errors)
UNRESOLVED: libgomp.fortran/vla5.f90  -O3 -fomit-frame-pointer  compilation failed to produce executable
FAIL: libgomp.fortran/vla5.f90  -O3 -fomit-frame-pointer -funroll-loops   (test for warnings, line 69)
FAIL: libgomp.fortran/vla5.f90  -O3 -fomit-frame-pointer -funroll-loops  (test for excess errors)
UNRESOLVED: libgomp.fortran/vla5.f90  -O3 -fomit-frame-pointer -funroll-loops  compilation failed to produce executable
FAIL: libgomp.fortran/vla5.f90  -O3 -fomit-frame-pointer -funroll-all-loops -finline-functions   (test for warnings, line 69)
FAIL: libgomp.fortran/vla5.f90  -O3 -fomit-frame-pointer -funroll-all-loops -finline-functions  (test for excess errors)
UNRESOLVED: libgomp.fortran/vla5.f90  -O3 -fomit-frame-pointer -funroll-all-loops -finline-functions  compilation failed to produce executable
FAIL: libgomp.fortran/vla5.f90  -O3 -g   (test for warnings, line 69)
FAIL: libgomp.fortran/vla5.f90  -O3 -g  (test for excess errors)
UNRESOLVED: libgomp.fortran/vla5.f90  -O3 -g  compilation failed to produce executable
FAIL: libgomp.fortran/vla5.f90  -Os   (test for warnings, line 69)
FAIL: libgomp.fortran/vla5.f90  -Os  (test for excess errors)
UNRESOLVED: libgomp.fortran/vla5.f90  -Os  compilation failed to produce executable
FAIL: libgomp.fortran/vla6.f90  -O0  (test for excess errors)
UNRESOLVED: libgomp.fortran/vla6.f90  -O0  compilation failed to produce executable
FAIL: libgomp.fortran/vla6.f90  -O1  (test for excess errors)
UNRESOLVED: libgomp.fortran/vla6.f90  -O1  compilation failed to produce executable
FAIL: libgomp.fortran/vla6.f90  -O2  (test for excess errors)
UNRESOLVED: libgomp.fortran/vla6.f90  -O2  compilation failed to produce executable
FAIL: libgomp.fortran/vla6.f90  -O3 -fomit-frame-pointer  (test for excess errors)
UNRESOLVED: libgomp.fortran/vla6.f90  -O3 -fomit-frame-pointer  compilation failed to produce executable
FAIL: libgomp.fortran/vla6.f90  -O3 -fomit-frame-pointer -funroll-loops  (test for excess errors)
UNRESOLVED: libgomp.fortran/vla6.f90  -O3 -fomit-frame-pointer -funroll-loops  compilation failed to produce executable
FAIL: libgomp.fortran/vla6.f90  -O3 -fomit-frame-pointer -funroll-all-loops -finline-functions  (test for excess errors)
UNRESOLVED: libgomp.fortran/vla6.f90  -O3 -fomit-frame-pointer -funroll-all-loops -finline-functions  compilation failed to produce executable
FAIL: libgomp.fortran/vla6.f90  -O3 -g  (test for excess errors)
UNRESOLVED: libgomp.fortran/vla6.f90  -O3 -g  compilation failed to produce executable
FAIL: libgomp.fortran/vla6.f90  -Os  (test for excess errors)
UNRESOLVED: libgomp.fortran/vla6.f90  -Os  compilation failed to produce executable

		=== libgomp Summary for unix ===

# of expected passes		2012
# of unexpected failures	218
# of unresolved testcases	97

Running target unix/-mabi=64
WARNING: program timed out.
FAIL: libgomp.c/appendix-a/a.18.1.c execution test
FAIL: libgomp.c/copyin-1.c execution test
FAIL: libgomp.c/copyin-2.c execution test
FAIL: libgomp.c/copyin-3.c execution test
FAIL: libgomp.c/icv-2.c execution test
FAIL: libgomp.c/lock-3.c execution test
FAIL: libgomp.c/nqueens-1.c execution test
FAIL: libgomp.c/pr24455.c execution test
FAIL: libgomp.c++/copyin-1.C  -O0  execution test
FAIL: libgomp.c++/copyin-1.C  -O1  execution test
FAIL: libgomp.c++/copyin-1.C  -O2  execution test
FAIL: libgomp.c++/copyin-1.C  -O3 -fomit-frame-pointer  execution test
FAIL: libgomp.c++/copyin-1.C  -O3 -fomit-frame-pointer -funroll-loops  execution test
FAIL: libgomp.c++/copyin-1.C  -O3 -fomit-frame-pointer -funroll-all-loops -finline-functions  execution test
FAIL: libgomp.c++/copyin-1.C  -O3 -g  (test for excess errors)
UNRESOLVED: libgomp.c++/copyin-1.C  -O3 -g  compilation failed to produce executable
FAIL: libgomp.c++/copyin-1.C  -Os  execution test
FAIL: libgomp.c++/copyin-2.C  -O0  execution test
FAIL: libgomp.c++/copyin-2.C  -O1  execution test
FAIL: libgomp.c++/copyin-2.C  -O2  execution test
FAIL: libgomp.c++/copyin-2.C  -O3 -fomit-frame-pointer  execution test
FAIL: libgomp.c++/copyin-2.C  -O3 -fomit-frame-pointer -funroll-loops  execution test
FAIL: libgomp.c++/copyin-2.C  -O3 -fomit-frame-pointer -funroll-all-loops -finline-functions  execution test
FAIL: libgomp.c++/copyin-2.C  -O3 -g  (test for excess errors)
UNRESOLVED: libgomp.c++/copyin-2.C  -O3 -g  compilation failed to produce executable
FAIL: libgomp.c++/copyin-2.C  -Os  execution test
FAIL: libgomp.c++/ctor-10.C  -O0  execution test
FAIL: libgomp.c++/ctor-10.C  -O1  execution test
FAIL: libgomp.c++/ctor-10.C  -O2  execution test
FAIL: libgomp.c++/ctor-10.C  -O3 -fomit-frame-pointer  execution test
FAIL: libgomp.c++/ctor-10.C  -O3 -fomit-frame-pointer -funroll-loops  execution test
FAIL: libgomp.c++/ctor-10.C  -O3 -fomit-frame-pointer -funroll-all-loops -finline-functions  execution test
FAIL: libgomp.c++/ctor-10.C  -O3 -g  (test for excess errors)
UNRESOLVED: libgomp.c++/ctor-10.C  -O3 -g  compilation failed to produce executable
FAIL: libgomp.c++/ctor-10.C  -Os  execution test
FAIL: libgomp.c++/ctor-5.C  -O0  execution test
FAIL: libgomp.c++/ctor-5.C  -O1  execution test
FAIL: libgomp.c++/ctor-5.C  -O2  execution test
FAIL: libgomp.c++/ctor-5.C  -O3 -fomit-frame-pointer  execution test
FAIL: libgomp.c++/ctor-5.C  -O3 -fomit-frame-pointer -funroll-loops  execution test
FAIL: libgomp.c++/ctor-5.C  -O3 -fomit-frame-pointer -funroll-all-loops -finline-functions  execution test
FAIL: libgomp.c++/ctor-5.C  -O3 -g  (test for excess errors)
UNRESOLVED: libgomp.c++/ctor-5.C  -O3 -g  compilation failed to produce executable
FAIL: libgomp.c++/ctor-5.C  -Os  execution test
FAIL: libgomp.c++/ctor-8.C  -O0  execution test
FAIL: libgomp.c++/ctor-8.C  -O1  execution test
FAIL: libgomp.c++/ctor-8.C  -O2  execution test
FAIL: libgomp.c++/ctor-8.C  -O3 -fomit-frame-pointer  execution test
FAIL: libgomp.c++/ctor-8.C  -O3 -fomit-frame-pointer -funroll-loops  execution test
FAIL: libgomp.c++/ctor-8.C  -O3 -fomit-frame-pointer -funroll-all-loops -finline-functions  execution test
FAIL: libgomp.c++/ctor-8.C  -O3 -g  (test for excess errors)
UNRESOLVED: libgomp.c++/ctor-8.C  -O3 -g  compilation failed to produce executable
FAIL: libgomp.c++/ctor-8.C  -Os  execution test
FAIL: libgomp.c++/ctor-9.C  -O0  execution test
FAIL: libgomp.c++/ctor-9.C  -O1  execution test
FAIL: libgomp.c++/ctor-9.C  -O2  execution test
FAIL: libgomp.c++/ctor-9.C  -O3 -g  (test for excess errors)
UNRESOLVED: libgomp.c++/ctor-9.C  -O3 -g  compilation failed to produce executable
FAIL: libgomp.c++/ctor-9.C  -Os  execution test
FAIL: libgomp.c++/pr24455.C  -O0  execution test
FAIL: libgomp.c++/pr24455.C  -O1  execution test
FAIL: libgomp.c++/pr24455.C  -O2  execution test
FAIL: libgomp.c++/pr24455.C  -O3 -fomit-frame-pointer  execution test
FAIL: libgomp.c++/pr24455.C  -O3 -fomit-frame-pointer -funroll-loops  execution test
FAIL: libgomp.c++/pr24455.C  -O3 -fomit-frame-pointer -funroll-all-loops -finline-functions  execution test
FAIL: libgomp.c++/pr24455.C  -O3 -g  (test for excess errors)
UNRESOLVED: libgomp.c++/pr24455.C  -O3 -g  compilation failed to produce executable
FAIL: libgomp.c++/pr24455.C  -Os  execution test
FAIL: libgomp.fortran/allocatable1.f90  -O0  (test for excess errors)
UNRESOLVED: libgomp.fortran/allocatable1.f90  -O0  compilation failed to produce executable
FAIL: libgomp.fortran/allocatable1.f90  -O1  (test for excess errors)
UNRESOLVED: libgomp.fortran/allocatable1.f90  -O1  compilation failed to produce executable
FAIL: libgomp.fortran/allocatable1.f90  -O2  (test for excess errors)
UNRESOLVED: libgomp.fortran/allocatable1.f90  -O2  compilation failed to produce executable
FAIL: libgomp.fortran/allocatable1.f90  -O3 -fomit-frame-pointer  (test for excess errors)
UNRESOLVED: libgomp.fortran/allocatable1.f90  -O3 -fomit-frame-pointer  compilation failed to produce executable
FAIL: libgomp.fortran/allocatable1.f90  -O3 -fomit-frame-pointer -funroll-loops  (test for excess errors)
UNRESOLVED: libgomp.fortran/allocatable1.f90  -O3 -fomit-frame-pointer -funroll-loops  compilation failed to produce executable
FAIL: libgomp.fortran/allocatable1.f90  -O3 -fomit-frame-pointer -funroll-all-loops -finline-functions  (test for excess errors)
UNRESOLVED: libgomp.fortran/allocatable1.f90  -O3 -fomit-frame-pointer -funroll-all-loops -finline-functions  compilation failed to produce executable
FAIL: libgomp.fortran/allocatable1.f90  -O3 -g  (test for excess errors)
UNRESOLVED: libgomp.fortran/allocatable1.f90  -O3 -g  compilation failed to produce executable
FAIL: libgomp.fortran/allocatable1.f90  -Os  (test for excess errors)
UNRESOLVED: libgomp.fortran/allocatable1.f90  -Os  compilation failed to produce executable
FAIL: libgomp.fortran/allocatable2.f90  -O0  (test for excess errors)
UNRESOLVED: libgomp.fortran/allocatable2.f90  -O0  compilation failed to produce executable
FAIL: libgomp.fortran/allocatable2.f90  -O1  (test for excess errors)
UNRESOLVED: libgomp.fortran/allocatable2.f90  -O1  compilation failed to produce executable
FAIL: libgomp.fortran/allocatable2.f90  -O2  (test for excess errors)
UNRESOLVED: libgomp.fortran/allocatable2.f90  -O2  compilation failed to produce executable
FAIL: libgomp.fortran/allocatable2.f90  -O3 -fomit-frame-pointer  (test for excess errors)
UNRESOLVED: libgomp.fortran/allocatable2.f90  -O3 -fomit-frame-pointer  compilation failed to produce executable
FAIL: libgomp.fortran/allocatable2.f90  -O3 -fomit-frame-pointer -funroll-loops  (test for excess errors)
UNRESOLVED: libgomp.fortran/allocatable2.f90  -O3 -fomit-frame-pointer -funroll-loops  compilation failed to produce executable
FAIL: libgomp.fortran/allocatable2.f90  -O3 -fomit-frame-pointer -funroll-all-loops -finline-functions  (test for excess errors)
UNRESOLVED: libgomp.fortran/allocatable2.f90  -O3 -fomit-frame-pointer -funroll-all-loops -finline-functions  compilation failed to produce executable
FAIL: libgomp.fortran/allocatable2.f90  -O3 -g  (test for excess errors)
UNRESOLVED: libgomp.fortran/allocatable2.f90  -O3 -g  compilation failed to produce executable
FAIL: libgomp.fortran/allocatable2.f90  -Os  (test for excess errors)
UNRESOLVED: libgomp.fortran/allocatable2.f90  -Os  compilation failed to produce executable
FAIL: libgomp.fortran/allocatable3.f90  -O0  (test for excess errors)
UNRESOLVED: libgomp.fortran/allocatable3.f90  -O0  compilation failed to produce executable
FAIL: libgomp.fortran/allocatable3.f90  -O1  (test for excess errors)
UNRESOLVED: libgomp.fortran/allocatable3.f90  -O1  compilation failed to produce executable
FAIL: libgomp.fortran/allocatable3.f90  -O2  (test for excess errors)
UNRESOLVED: libgomp.fortran/allocatable3.f90  -O2  compilation failed to produce executable
FAIL: libgomp.fortran/allocatable3.f90  -O3 -fomit-frame-pointer  (test for excess errors)
UNRESOLVED: libgomp.fortran/allocatable3.f90  -O3 -fomit-frame-pointer  compilation failed to produce executable
FAIL: libgomp.fortran/allocatable3.f90  -O3 -fomit-frame-pointer -funroll-loops  (test for excess errors)
UNRESOLVED: libgomp.fortran/allocatable3.f90  -O3 -fomit-frame-pointer -funroll-loops  compilation failed to produce executable
FAIL: libgomp.fortran/allocatable3.f90  -O3 -fomit-frame-pointer -funroll-all-loops -finline-functions  (test for excess errors)
UNRESOLVED: libgomp.fortran/allocatable3.f90  -O3 -fomit-frame-pointer -funroll-all-loops -finline-functions  compilation failed to produce executable
FAIL: libgomp.fortran/allocatable3.f90  -O3 -g  (test for excess errors)
UNRESOLVED: libgomp.fortran/allocatable3.f90  -O3 -g  compilation failed to produce executable
FAIL: libgomp.fortran/allocatable3.f90  -Os  (test for excess errors)
UNRESOLVED: libgomp.fortran/allocatable3.f90  -Os  compilation failed to produce executable
FAIL: libgomp.fortran/allocatable4.f90  -O0  (test for excess errors)
UNRESOLVED: libgomp.fortran/allocatable4.f90  -O0  compilation failed to produce executable
FAIL: libgomp.fortran/allocatable4.f90  -O1  (test for excess errors)
UNRESOLVED: libgomp.fortran/allocatable4.f90  -O1  compilation failed to produce executable
FAIL: libgomp.fortran/allocatable4.f90  -O2  (test for excess errors)
UNRESOLVED: libgomp.fortran/allocatable4.f90  -O2  compilation failed to produce executable
FAIL: libgomp.fortran/allocatable4.f90  -O3 -fomit-frame-pointer  (test for excess errors)
UNRESOLVED: libgomp.fortran/allocatable4.f90  -O3 -fomit-frame-pointer  compilation failed to produce executable
FAIL: libgomp.fortran/allocatable4.f90  -O3 -fomit-frame-pointer -funroll-loops  (test for excess errors)
UNRESOLVED: libgomp.fortran/allocatable4.f90  -O3 -fomit-frame-pointer -funroll-loops  compilation failed to produce executable
FAIL: libgomp.fortran/allocatable4.f90  -O3 -fomit-frame-pointer -funroll-all-loops -finline-functions  (test for excess errors)
UNRESOLVED: libgomp.fortran/allocatable4.f90  -O3 -fomit-frame-pointer -funroll-all-loops -finline-functions  compilation failed to produce executable
FAIL: libgomp.fortran/allocatable4.f90  -O3 -g  (test for excess errors)
UNRESOLVED: libgomp.fortran/allocatable4.f90  -O3 -g  compilation failed to produce executable
FAIL: libgomp.fortran/allocatable4.f90  -Os  (test for excess errors)
UNRESOLVED: libgomp.fortran/allocatable4.f90  -Os  compilation failed to produce executable
WARNING: program timed out.
FAIL: libgomp.fortran/appendix-a/a.18.1.f90  -O3 -fomit-frame-pointer -funroll-loops  execution test
FAIL: libgomp.fortran/appendix-a/a.22.7.f90  -O0  execution test
FAIL: libgomp.fortran/appendix-a/a.22.7.f90  -O1  execution test
FAIL: libgomp.fortran/appendix-a/a.22.7.f90  -O3 -fomit-frame-pointer -funroll-all-loops -finline-functions  execution test
FAIL: libgomp.fortran/appendix-a/a.22.7.f90  -O3 -g  (test for excess errors)
UNRESOLVED: libgomp.fortran/appendix-a/a.22.7.f90  -O3 -g  compilation failed to produce executable
FAIL: libgomp.fortran/appendix-a/a.22.7.f90  -Os  execution test
FAIL: libgomp.fortran/appendix-a/a.22.8.f90  -O0  execution test
FAIL: libgomp.fortran/appendix-a/a.22.8.f90  -O3 -fomit-frame-pointer  execution test
FAIL: libgomp.fortran/appendix-a/a.22.8.f90  -O3 -fomit-frame-pointer -funroll-loops  execution test
FAIL: libgomp.fortran/appendix-a/a.22.8.f90  -O3 -fomit-frame-pointer -funroll-all-loops -finline-functions  execution test
FAIL: libgomp.fortran/appendix-a/a.22.8.f90  -O3 -g  (test for excess errors)
UNRESOLVED: libgomp.fortran/appendix-a/a.22.8.f90  -O3 -g  compilation failed to produce executable
FAIL: libgomp.fortran/appendix-a/a.22.8.f90  -Os  execution test
FAIL: libgomp.fortran/crayptr2.f90  -O0  execution test
FAIL: libgomp.fortran/crayptr2.f90  -O1  execution test
FAIL: libgomp.fortran/crayptr2.f90  -O2  execution test
FAIL: libgomp.fortran/crayptr2.f90  -O3 -fomit-frame-pointer  execution test
FAIL: libgomp.fortran/crayptr2.f90  -O3 -fomit-frame-pointer -funroll-loops  execution test
FAIL: libgomp.fortran/crayptr2.f90  -O3 -fomit-frame-pointer -funroll-all-loops -finline-functions  execution test
FAIL: libgomp.fortran/crayptr2.f90  -O3 -g  (test for excess errors)
UNRESOLVED: libgomp.fortran/crayptr2.f90  -O3 -g  compilation failed to produce executable
FAIL: libgomp.fortran/crayptr2.f90  -Os  execution test
FAIL: libgomp.fortran/omp_parse1.f90  -O0  execution test
FAIL: libgomp.fortran/omp_parse1.f90  -O1  execution test
FAIL: libgomp.fortran/omp_parse1.f90  -Os  execution test
FAIL: libgomp.fortran/omp_parse3.f90  -O0  execution test
FAIL: libgomp.fortran/omp_parse3.f90  -O1  execution test
FAIL: libgomp.fortran/omp_parse3.f90  -O2  execution test
FAIL: libgomp.fortran/omp_parse3.f90  -O3 -fomit-frame-pointer  execution test
FAIL: libgomp.fortran/omp_parse3.f90  -O3 -fomit-frame-pointer -funroll-loops  execution test
FAIL: libgomp.fortran/omp_parse3.f90  -O3 -fomit-frame-pointer -funroll-all-loops -finline-functions  execution test
FAIL: libgomp.fortran/omp_parse3.f90  -O3 -g  (test for excess errors)
UNRESOLVED: libgomp.fortran/omp_parse3.f90  -O3 -g  compilation failed to produce executable
FAIL: libgomp.fortran/omp_parse3.f90  -Os  execution test
FAIL: libgomp.fortran/pr25162.f  -O2  execution test
FAIL: libgomp.fortran/pr25162.f  -O3 -fomit-frame-pointer  execution test
FAIL: libgomp.fortran/pr25162.f  -O3 -fomit-frame-pointer -funroll-loops  execution test
FAIL: libgomp.fortran/pr25162.f  -O3 -fomit-frame-pointer -funroll-all-loops -finline-functions  execution test
FAIL: libgomp.fortran/pr25162.f  -O3 -g  (test for excess errors)
UNRESOLVED: libgomp.fortran/pr25162.f  -O3 -g  compilation failed to produce executable
FAIL: libgomp.fortran/pr25162.f  -Os  execution test
FAIL: libgomp.fortran/pr32550.f90  -O0  execution test
FAIL: libgomp.fortran/pr32550.f90  -O1  execution test
FAIL: libgomp.fortran/pr32550.f90  -O2  execution test
FAIL: libgomp.fortran/pr32550.f90  -O3 -fomit-frame-pointer  execution test
FAIL: libgomp.fortran/pr32550.f90  -O3 -fomit-frame-pointer -funroll-loops  execution test
FAIL: libgomp.fortran/pr32550.f90  -O3 -fomit-frame-pointer -funroll-all-loops -finline-functions  execution test
FAIL: libgomp.fortran/pr32550.f90  -O3 -g  (test for excess errors)
UNRESOLVED: libgomp.fortran/pr32550.f90  -O3 -g  compilation failed to produce executable
FAIL: libgomp.fortran/pr32550.f90  -Os  execution test
WARNING: program timed out.
FAIL: libgomp.fortran/strassen.f90  -O  execution test
FAIL: libgomp.fortran/task2.f90  -O  (test for excess errors)
UNRESOLVED: libgomp.fortran/task2.f90  -O  compilation failed to produce executable
FAIL: libgomp.fortran/threadprivate1.f90  -O0  execution test
FAIL: libgomp.fortran/threadprivate1.f90  -O1  execution test
FAIL: libgomp.fortran/threadprivate1.f90  -O2  execution test
FAIL: libgomp.fortran/threadprivate1.f90  -O3 -fomit-frame-pointer  execution test
FAIL: libgomp.fortran/threadprivate1.f90  -O3 -fomit-frame-pointer -funroll-loops  execution test
FAIL: libgomp.fortran/threadprivate1.f90  -O3 -fomit-frame-pointer -funroll-all-loops -finline-functions  execution test
FAIL: libgomp.fortran/threadprivate1.f90  -O3 -g  (test for excess errors)
UNRESOLVED: libgomp.fortran/threadprivate1.f90  -O3 -g  compilation failed to produce executable
FAIL: libgomp.fortran/threadprivate1.f90  -Os  execution test
FAIL: libgomp.fortran/threadprivate2.f90  -O0  execution test
FAIL: libgomp.fortran/threadprivate2.f90  -O1  execution test
FAIL: libgomp.fortran/threadprivate2.f90  -O2  execution test
FAIL: libgomp.fortran/threadprivate2.f90  -O3 -fomit-frame-pointer  execution test
FAIL: libgomp.fortran/threadprivate2.f90  -O3 -fomit-frame-pointer -funroll-loops  execution test
FAIL: libgomp.fortran/threadprivate2.f90  -O3 -fomit-frame-pointer -funroll-all-loops -finline-functions  execution test
FAIL: libgomp.fortran/threadprivate2.f90  -O3 -g  (test for excess errors)
UNRESOLVED: libgomp.fortran/threadprivate2.f90  -O3 -g  compilation failed to produce executable
FAIL: libgomp.fortran/threadprivate2.f90  -Os  execution test
FAIL: libgomp.fortran/threadprivate3.f90  -O0  execution test
FAIL: libgomp.fortran/threadprivate3.f90  -O1  execution test
FAIL: libgomp.fortran/threadprivate3.f90  -O2  execution test
FAIL: libgomp.fortran/threadprivate3.f90  -O3 -fomit-frame-pointer  execution test
FAIL: libgomp.fortran/threadprivate3.f90  -O3 -fomit-frame-pointer -funroll-loops  execution test
FAIL: libgomp.fortran/threadprivate3.f90  -O3 -fomit-frame-pointer -funroll-all-loops -finline-functions  execution test
FAIL: libgomp.fortran/threadprivate3.f90  -O3 -g  (test for excess errors)
UNRESOLVED: libgomp.fortran/threadprivate3.f90  -O3 -g  compilation failed to produce executable
FAIL: libgomp.fortran/threadprivate3.f90  -Os  execution test
FAIL: libgomp.fortran/vla1.f90  -O0  (test for excess errors)
UNRESOLVED: libgomp.fortran/vla1.f90  -O0  compilation failed to produce executable
FAIL: libgomp.fortran/vla1.f90  -O1  (test for excess errors)
UNRESOLVED: libgomp.fortran/vla1.f90  -O1  compilation failed to produce executable
FAIL: libgomp.fortran/vla1.f90  -O2  (test for excess errors)
UNRESOLVED: libgomp.fortran/vla1.f90  -O2  compilation failed to produce executable
FAIL: libgomp.fortran/vla1.f90  -O3 -fomit-frame-pointer  (test for excess errors)
UNRESOLVED: libgomp.fortran/vla1.f90  -O3 -fomit-frame-pointer  compilation failed to produce executable
FAIL: libgomp.fortran/vla1.f90  -O3 -fomit-frame-pointer -funroll-loops  (test for excess errors)
UNRESOLVED: libgomp.fortran/vla1.f90  -O3 -fomit-frame-pointer -funroll-loops  compilation failed to produce executable
FAIL: libgomp.fortran/vla1.f90  -O3 -fomit-frame-pointer -funroll-all-loops -finline-functions  (test for excess errors)
UNRESOLVED: libgomp.fortran/vla1.f90  -O3 -fomit-frame-pointer -funroll-all-loops -finline-functions  compilation failed to produce executable
FAIL: libgomp.fortran/vla1.f90  -O3 -g  (test for excess errors)
UNRESOLVED: libgomp.fortran/vla1.f90  -O3 -g  compilation failed to produce executable
FAIL: libgomp.fortran/vla1.f90  -Os  (test for excess errors)
UNRESOLVED: libgomp.fortran/vla1.f90  -Os  compilation failed to produce executable
FAIL: libgomp.fortran/vla2.f90  -O0  (test for excess errors)
UNRESOLVED: libgomp.fortran/vla2.f90  -O0  compilation failed to produce executable
FAIL: libgomp.fortran/vla2.f90  -O1  (test for excess errors)
UNRESOLVED: libgomp.fortran/vla2.f90  -O1  compilation failed to produce executable
FAIL: libgomp.fortran/vla2.f90  -O2  (test for excess errors)
UNRESOLVED: libgomp.fortran/vla2.f90  -O2  compilation failed to produce executable
FAIL: libgomp.fortran/vla2.f90  -O3 -fomit-frame-pointer  (test for excess errors)
UNRESOLVED: libgomp.fortran/vla2.f90  -O3 -fomit-frame-pointer  compilation failed to produce executable
FAIL: libgomp.fortran/vla2.f90  -O3 -fomit-frame-pointer -funroll-loops  (test for excess errors)
UNRESOLVED: libgomp.fortran/vla2.f90  -O3 -fomit-frame-pointer -funroll-loops  compilation failed to produce executable
FAIL: libgomp.fortran/vla2.f90  -O3 -fomit-frame-pointer -funroll-all-loops -finline-functions  (test for excess errors)
UNRESOLVED: libgomp.fortran/vla2.f90  -O3 -fomit-frame-pointer -funroll-all-loops -finline-functions  compilation failed to produce executable
FAIL: libgomp.fortran/vla2.f90  -O3 -g  (test for excess errors)
UNRESOLVED: libgomp.fortran/vla2.f90  -O3 -g  compilation failed to produce executable
FAIL: libgomp.fortran/vla2.f90  -Os  (test for excess errors)
UNRESOLVED: libgomp.fortran/vla2.f90  -Os  compilation failed to produce executable
FAIL: libgomp.fortran/vla3.f90  -O0  (test for excess errors)
UNRESOLVED: libgomp.fortran/vla3.f90  -O0  compilation failed to produce executable
FAIL: libgomp.fortran/vla3.f90  -O1  (test for excess errors)
UNRESOLVED: libgomp.fortran/vla3.f90  -O1  compilation failed to produce executable
FAIL: libgomp.fortran/vla3.f90  -O2  (test for excess errors)
UNRESOLVED: libgomp.fortran/vla3.f90  -O2  compilation failed to produce executable
FAIL: libgomp.fortran/vla3.f90  -O3 -fomit-frame-pointer  (test for excess errors)
UNRESOLVED: libgomp.fortran/vla3.f90  -O3 -fomit-frame-pointer  compilation failed to produce executable
FAIL: libgomp.fortran/vla3.f90  -O3 -fomit-frame-pointer -funroll-loops  (test for excess errors)
UNRESOLVED: libgomp.fortran/vla3.f90  -O3 -fomit-frame-pointer -funroll-loops  compilation failed to produce executable
FAIL: libgomp.fortran/vla3.f90  -O3 -fomit-frame-pointer -funroll-all-loops -finline-functions  (test for excess errors)
UNRESOLVED: libgomp.fortran/vla3.f90  -O3 -fomit-frame-pointer -funroll-all-loops -finline-functions  compilation failed to produce executable
FAIL: libgomp.fortran/vla3.f90  -O3 -g  (test for excess errors)
UNRESOLVED: libgomp.fortran/vla3.f90  -O3 -g  compilation failed to produce executable
FAIL: libgomp.fortran/vla3.f90  -Os  (test for excess errors)
UNRESOLVED: libgomp.fortran/vla3.f90  -Os  compilation failed to produce executable
FAIL: libgomp.fortran/vla4.f90  -O0   (test for warnings, line 97)
FAIL: libgomp.fortran/vla4.f90  -O0  (test for excess errors)
UNRESOLVED: libgomp.fortran/vla4.f90  -O0  compilation failed to produce executable
FAIL: libgomp.fortran/vla4.f90  -O1   (test for warnings, line 97)
FAIL: libgomp.fortran/vla4.f90  -O1  (test for excess errors)
UNRESOLVED: libgomp.fortran/vla4.f90  -O1  compilation failed to produce executable
FAIL: libgomp.fortran/vla4.f90  -O2   (test for warnings, line 97)
FAIL: libgomp.fortran/vla4.f90  -O2  (test for excess errors)
UNRESOLVED: libgomp.fortran/vla4.f90  -O2  compilation failed to produce executable
FAIL: libgomp.fortran/vla4.f90  -O3 -fomit-frame-pointer   (test for warnings, line 97)
FAIL: libgomp.fortran/vla4.f90  -O3 -fomit-frame-pointer  (test for excess errors)
UNRESOLVED: libgomp.fortran/vla4.f90  -O3 -fomit-frame-pointer  compilation failed to produce executable
FAIL: libgomp.fortran/vla4.f90  -O3 -fomit-frame-pointer -funroll-loops   (test for warnings, line 97)
FAIL: libgomp.fortran/vla4.f90  -O3 -fomit-frame-pointer -funroll-loops  (test for excess errors)
UNRESOLVED: libgomp.fortran/vla4.f90  -O3 -fomit-frame-pointer -funroll-loops  compilation failed to produce executable
FAIL: libgomp.fortran/vla4.f90  -O3 -fomit-frame-pointer -funroll-all-loops -finline-functions   (test for warnings, line 97)
FAIL: libgomp.fortran/vla4.f90  -O3 -fomit-frame-pointer -funroll-all-loops -finline-functions  (test for excess errors)
UNRESOLVED: libgomp.fortran/vla4.f90  -O3 -fomit-frame-pointer -funroll-all-loops -finline-functions  compilation failed to produce executable
FAIL: libgomp.fortran/vla4.f90  -O3 -g   (test for warnings, line 97)
FAIL: libgomp.fortran/vla4.f90  -O3 -g  (test for excess errors)
UNRESOLVED: libgomp.fortran/vla4.f90  -O3 -g  compilation failed to produce executable
FAIL: libgomp.fortran/vla4.f90  -Os   (test for warnings, line 97)
FAIL: libgomp.fortran/vla4.f90  -Os  (test for excess errors)
UNRESOLVED: libgomp.fortran/vla4.f90  -Os  compilation failed to produce executable
FAIL: libgomp.fortran/vla5.f90  -O0   (test for warnings, line 69)
FAIL: libgomp.fortran/vla5.f90  -O0  (test for excess errors)
UNRESOLVED: libgomp.fortran/vla5.f90  -O0  compilation failed to produce executable
FAIL: libgomp.fortran/vla5.f90  -O1   (test for warnings, line 69)
FAIL: libgomp.fortran/vla5.f90  -O1  (test for excess errors)
UNRESOLVED: libgomp.fortran/vla5.f90  -O1  compilation failed to produce executable
FAIL: libgomp.fortran/vla5.f90  -O2   (test for warnings, line 69)
FAIL: libgomp.fortran/vla5.f90  -O2  (test for excess errors)
UNRESOLVED: libgomp.fortran/vla5.f90  -O2  compilation failed to produce executable
FAIL: libgomp.fortran/vla5.f90  -O3 -fomit-frame-pointer   (test for warnings, line 69)
FAIL: libgomp.fortran/vla5.f90  -O3 -fomit-frame-pointer  (test for excess errors)
UNRESOLVED: libgomp.fortran/vla5.f90  -O3 -fomit-frame-pointer  compilation failed to produce executable
FAIL: libgomp.fortran/vla5.f90  -O3 -fomit-frame-pointer -funroll-loops   (test for warnings, line 69)
FAIL: libgomp.fortran/vla5.f90  -O3 -fomit-frame-pointer -funroll-loops  (test for excess errors)
UNRESOLVED: libgomp.fortran/vla5.f90  -O3 -fomit-frame-pointer -funroll-loops  compilation failed to produce executable
FAIL: libgomp.fortran/vla5.f90  -O3 -fomit-frame-pointer -funroll-all-loops -finline-functions   (test for warnings, line 69)
FAIL: libgomp.fortran/vla5.f90  -O3 -fomit-frame-pointer -funroll-all-loops -finline-functions  (test for excess errors)
UNRESOLVED: libgomp.fortran/vla5.f90  -O3 -fomit-frame-pointer -funroll-all-loops -finline-functions  compilation failed to produce executable
FAIL: libgomp.fortran/vla5.f90  -O3 -g   (test for warnings, line 69)
FAIL: libgomp.fortran/vla5.f90  -O3 -g  (test for excess errors)
UNRESOLVED: libgomp.fortran/vla5.f90  -O3 -g  compilation failed to produce executable
FAIL: libgomp.fortran/vla5.f90  -Os   (test for warnings, line 69)
FAIL: libgomp.fortran/vla5.f90  -Os  (test for excess errors)
UNRESOLVED: libgomp.fortran/vla5.f90  -Os  compilation failed to produce executable
FAIL: libgomp.fortran/vla6.f90  -O0  (test for excess errors)
UNRESOLVED: libgomp.fortran/vla6.f90  -O0  compilation failed to produce executable
FAIL: libgomp.fortran/vla6.f90  -O1  (test for excess errors)
UNRESOLVED: libgomp.fortran/vla6.f90  -O1  compilation failed to produce executable
FAIL: libgomp.fortran/vla6.f90  -O2  (test for excess errors)
UNRESOLVED: libgomp.fortran/vla6.f90  -O2  compilation failed to produce executable
FAIL: libgomp.fortran/vla6.f90  -O3 -fomit-frame-pointer  (test for excess errors)
UNRESOLVED: libgomp.fortran/vla6.f90  -O3 -fomit-frame-pointer  compilation failed to produce executable
FAIL: libgomp.fortran/vla6.f90  -O3 -fomit-frame-pointer -funroll-loops  (test for excess errors)
UNRESOLVED: libgomp.fortran/vla6.f90  -O3 -fomit-frame-pointer -funroll-loops  compilation failed to produce executable
FAIL: libgomp.fortran/vla6.f90  -O3 -fomit-frame-pointer -funroll-all-loops -finline-functions  (test for excess errors)
UNRESOLVED: libgomp.fortran/vla6.f90  -O3 -fomit-frame-pointer -funroll-all-loops -finline-functions  compilation failed to produce executable
FAIL: libgomp.fortran/vla6.f90  -O3 -g  (test for excess errors)
UNRESOLVED: libgomp.fortran/vla6.f90  -O3 -g  compilation failed to produce executable
FAIL: libgomp.fortran/vla6.f90  -Os  (test for excess errors)
UNRESOLVED: libgomp.fortran/vla6.f90  -Os  compilation failed to produce executable

		=== libgomp Summary for unix/-mabi=64 ===

# of expected passes		2002
# of unexpected failures	228
# of unresolved testcases	97

		=== libgomp Summary ===

# of expected passes		4014
# of unexpected failures	446
# of unresolved testcases	194
		=== libjava tests ===


Running target unix
FAIL: calls output
FAIL: InvokeReturn output - source compiled test
FAIL: InvokeReturn -findirect-dispatch output - source compiled test
FAIL: InvokeReturn -O3 output - source compiled test
FAIL: InvokeReturn -O3 -findirect-dispatch output - source compiled test
FAIL: PR18699 execution - source compiled test

		=== libjava Summary for unix ===

# of expected passes		2565
# of unexpected failures	6
# of untested testcases		1

Running target unix/-mabi=64
FAIL: calls output
FAIL: InvokeReturn output - source compiled test
FAIL: InvokeReturn -findirect-dispatch output - source compiled test
FAIL: InvokeReturn -O3 output - source compiled test
FAIL: InvokeReturn -O3 -findirect-dispatch output - source compiled test
FAIL: PR18699 execution - source compiled test
WARNING: program timed out.
FAIL: PR18699 -findirect-dispatch execution - source compiled test
FAIL: PR18699 -O3 execution - source compiled test
FAIL: PR18699 -O3 -findirect-dispatch execution - source compiled test

		=== libjava Summary for unix/-mabi=64 ===

# of expected passes		2559
# of unexpected failures	9
# of untested testcases		4

		=== libjava Summary ===

# of expected passes		5124
# of unexpected failures	15
# of untested testcases		5
		=== libmudflap tests ===


Running target unix
FAIL: libmudflap.c/fail17-frag.c (-static) (test for excess errors)
WARNING: libmudflap.c/fail17-frag.c (-static) compilation failed to produce executable
FAIL: libmudflap.c/fail23-frag.c (-static) (test for excess errors)
WARNING: libmudflap.c/fail23-frag.c (-static) compilation failed to produce executable
FAIL: libmudflap.c/fail25-frag.c (-static) (test for excess errors)
WARNING: libmudflap.c/fail25-frag.c (-static) compilation failed to produce executable
FAIL: libmudflap.c/fail4-frag.c (-static) (test for excess errors)
WARNING: libmudflap.c/fail4-frag.c (-static) compilation failed to produce executable
FAIL: libmudflap.c/fail5-frag.c (-static) (test for excess errors)
WARNING: libmudflap.c/fail5-frag.c (-static) compilation failed to produce executable
FAIL: libmudflap.c/fail6-frag.c (-static) (test for excess errors)
WARNING: libmudflap.c/fail6-frag.c (-static) compilation failed to produce executable
FAIL: libmudflap.c/fail7-frag.c (-static) (test for excess errors)
WARNING: libmudflap.c/fail7-frag.c (-static) compilation failed to produce executable
FAIL: libmudflap.c/fail8-frag.c (-static) (test for excess errors)
WARNING: libmudflap.c/fail8-frag.c (-static) compilation failed to produce executable
FAIL: libmudflap.c/fail9-frag.c (-static) (test for excess errors)
WARNING: libmudflap.c/fail9-frag.c (-static) compilation failed to produce executable
FAIL: libmudflap.c/heap-scalestress.c (-static) (test for excess errors)
WARNING: libmudflap.c/heap-scalestress.c (-static) compilation failed to produce executable
FAIL: libmudflap.c/hook-allocstuff.c (-static) (test for excess errors)
WARNING: libmudflap.c/hook-allocstuff.c (-static) compilation failed to produce executable
FAIL: libmudflap.c/pass-stratcliff.c (-static) (test for excess errors)
WARNING: libmudflap.c/pass-stratcliff.c (-static) compilation failed to produce executable
FAIL: libmudflap.c/pass30-frag.c (-static) (test for excess errors)
WARNING: libmudflap.c/pass30-frag.c (-static) compilation failed to produce executable
FAIL: libmudflap.c/pass30-frag.c (-static) (test for excess errors)
WARNING: libmudflap.c/pass30-frag.c (-static) compilation failed to produce executable
FAIL: libmudflap.c/pass4-frag.c (-static) (test for excess errors)
WARNING: libmudflap.c/pass4-frag.c (-static) compilation failed to produce executable
FAIL: libmudflap.c/pass4-frag.c (-static) (test for excess errors)
WARNING: libmudflap.c/pass4-frag.c (-static) compilation failed to produce executable
FAIL: libmudflap.c/pass45-frag.c (-static) (test for excess errors)
WARNING: libmudflap.c/pass45-frag.c (-static) compilation failed to produce executable
FAIL: libmudflap.c/pass45-frag.c (-static) (test for excess errors)
WARNING: libmudflap.c/pass45-frag.c (-static) compilation failed to produce executable
FAIL: libmudflap.c/pass46-frag.c (-static) (test for excess errors)
WARNING: libmudflap.c/pass46-frag.c (-static) compilation failed to produce executable
FAIL: libmudflap.c/pass46-frag.c (-static) (test for excess errors)
WARNING: libmudflap.c/pass46-frag.c (-static) compilation failed to produce executable
FAIL: libmudflap.c/pass47-frag.c (-static) (test for excess errors)
WARNING: libmudflap.c/pass47-frag.c (-static) compilation failed to produce executable
FAIL: libmudflap.c/pass47-frag.c (-static) (test for excess errors)
WARNING: libmudflap.c/pass47-frag.c (-static) compilation failed to produce executable
FAIL: libmudflap.c/pass49-frag.c (-static) (test for excess errors)
WARNING: libmudflap.c/pass49-frag.c (-static) compilation failed to produce executable
FAIL: libmudflap.c/pass49-frag.c (-static) (test for excess errors)
WARNING: libmudflap.c/pass49-frag.c (-static) compilation failed to produce executable
FAIL: libmudflap.c/pass5-frag.c (-static) (test for excess errors)
WARNING: libmudflap.c/pass5-frag.c (-static) compilation failed to produce executable
FAIL: libmudflap.c/pass5-frag.c (-static) (test for excess errors)
WARNING: libmudflap.c/pass5-frag.c (-static) compilation failed to produce executable
FAIL: libmudflap.c/pass51-frag.c (-static) (test for excess errors)
WARNING: libmudflap.c/pass51-frag.c (-static) compilation failed to produce executable
FAIL: libmudflap.c/pass51-frag.c (-static) (test for excess errors)
WARNING: libmudflap.c/pass51-frag.c (-static) compilation failed to produce executable
FAIL: libmudflap.c/pass52-frag.c (-static) (test for excess errors)
WARNING: libmudflap.c/pass52-frag.c (-static) compilation failed to produce executable
FAIL: libmudflap.c/pass52-frag.c (-static) (test for excess errors)
WARNING: libmudflap.c/pass52-frag.c (-static) compilation failed to produce executable
FAIL: libmudflap.c/pass6-frag.c (-static) (test for excess errors)
WARNING: libmudflap.c/pass6-frag.c (-static) compilation failed to produce executable
FAIL: libmudflap.c/pass6-frag.c (-static) (test for excess errors)
WARNING: libmudflap.c/pass6-frag.c (-static) compilation failed to produce executable
FAIL: libmudflap.c/pass7-frag.c (-static) (test for excess errors)
WARNING: libmudflap.c/pass7-frag.c (-static) compilation failed to produce executable
FAIL: libmudflap.c/pass7-frag.c (-static) (test for excess errors)
WARNING: libmudflap.c/pass7-frag.c (-static) compilation failed to produce executable
FAIL: libmudflap.c/pass8-frag.c (-static) (test for excess errors)
WARNING: libmudflap.c/pass8-frag.c (-static) compilation failed to produce executable
FAIL: libmudflap.c/pass8-frag.c (-static) (test for excess errors)
WARNING: libmudflap.c/pass8-frag.c (-static) compilation failed to produce executable
FAIL: libmudflap.c/pass9-frag.c (-static) (test for excess errors)
WARNING: libmudflap.c/pass9-frag.c (-static) compilation failed to produce executable
FAIL: libmudflap.c/pass9-frag.c (-static) (test for excess errors)
WARNING: libmudflap.c/pass9-frag.c (-static) compilation failed to produce executable
FAIL: libmudflap.c++/pass41-frag.cxx execution test
FAIL: libmudflap.c++/fail24-frag.cxx (-static) (test for excess errors)
WARNING: libmudflap.c++/fail24-frag.cxx (-static) compilation failed to produce executable
FAIL: libmudflap.c++/pass31-frag.cxx (-static) (test for excess errors)
WARNING: libmudflap.c++/pass31-frag.cxx (-static) compilation failed to produce executable
FAIL: libmudflap.c++/pass41-frag.cxx (-static) execution test
FAIL: libmudflap.c++/pass41-frag.cxx (-O2) execution test
FAIL: libmudflap.c++/pass41-frag.cxx (-O3) execution test
FAIL: libmudflap.cth/pass37-frag.c (-static -DSTATIC) (test for excess errors)
FAIL: libmudflap.cth/pass39-frag.c (-static -DSTATIC) (test for excess errors)
FAIL: libmudflap.cth/pass40-frag.c (-static -DSTATIC) (test for excess errors)
FAIL: libmudflap.cth/pass59-frag.c (-static -DSTATIC) (test for excess errors)

		=== libmudflap Summary for unix ===

# of expected passes		1790
# of unexpected failures	48

Running target unix/-mabi=64
FAIL: libmudflap.c/fail17-frag.c (-static) (test for excess errors)
WARNING: libmudflap.c/fail17-frag.c (-static) compilation failed to produce executable
FAIL: libmudflap.c/fail23-frag.c (-static) (test for excess errors)
WARNING: libmudflap.c/fail23-frag.c (-static) compilation failed to produce executable
FAIL: libmudflap.c/fail25-frag.c (-static) (test for excess errors)
WARNING: libmudflap.c/fail25-frag.c (-static) compilation failed to produce executable
FAIL: libmudflap.c/fail4-frag.c (-static) (test for excess errors)
WARNING: libmudflap.c/fail4-frag.c (-static) compilation failed to produce executable
FAIL: libmudflap.c/fail5-frag.c (-static) (test for excess errors)
WARNING: libmudflap.c/fail5-frag.c (-static) compilation failed to produce executable
FAIL: libmudflap.c/fail6-frag.c (-static) (test for excess errors)
WARNING: libmudflap.c/fail6-frag.c (-static) compilation failed to produce executable
FAIL: libmudflap.c/fail7-frag.c (-static) (test for excess errors)
WARNING: libmudflap.c/fail7-frag.c (-static) compilation failed to produce executable
FAIL: libmudflap.c/fail8-frag.c (-static) (test for excess errors)
WARNING: libmudflap.c/fail8-frag.c (-static) compilation failed to produce executable
FAIL: libmudflap.c/fail9-frag.c (-static) (test for excess errors)
WARNING: libmudflap.c/fail9-frag.c (-static) compilation failed to produce executable
FAIL: libmudflap.c/heap-scalestress.c (-static) (test for excess errors)
WARNING: libmudflap.c/heap-scalestress.c (-static) compilation failed to produce executable
FAIL: libmudflap.c/hook-allocstuff.c (-static) (test for excess errors)
WARNING: libmudflap.c/hook-allocstuff.c (-static) compilation failed to produce executable
FAIL: libmudflap.c/pass-stratcliff.c (-static) (test for excess errors)
WARNING: libmudflap.c/pass-stratcliff.c (-static) compilation failed to produce executable
FAIL: libmudflap.c/pass30-frag.c (-static) (test for excess errors)
WARNING: libmudflap.c/pass30-frag.c (-static) compilation failed to produce executable
FAIL: libmudflap.c/pass30-frag.c (-static) (test for excess errors)
WARNING: libmudflap.c/pass30-frag.c (-static) compilation failed to produce executable
FAIL: libmudflap.c/pass4-frag.c (-static) (test for excess errors)
WARNING: libmudflap.c/pass4-frag.c (-static) compilation failed to produce executable
FAIL: libmudflap.c/pass4-frag.c (-static) (test for excess errors)
WARNING: libmudflap.c/pass4-frag.c (-static) compilation failed to produce executable
FAIL: libmudflap.c/pass45-frag.c (-static) (test for excess errors)
WARNING: libmudflap.c/pass45-frag.c (-static) compilation failed to produce executable
FAIL: libmudflap.c/pass45-frag.c (-static) (test for excess errors)
WARNING: libmudflap.c/pass45-frag.c (-static) compilation failed to produce executable
FAIL: libmudflap.c/pass46-frag.c (-static) (test for excess errors)
WARNING: libmudflap.c/pass46-frag.c (-static) compilation failed to produce executable
FAIL: libmudflap.c/pass46-frag.c (-static) (test for excess errors)
WARNING: libmudflap.c/pass46-frag.c (-static) compilation failed to produce executable
FAIL: libmudflap.c/pass47-frag.c (-static) (test for excess errors)
WARNING: libmudflap.c/pass47-frag.c (-static) compilation failed to produce executable
FAIL: libmudflap.c/pass47-frag.c (-static) (test for excess errors)
WARNING: libmudflap.c/pass47-frag.c (-static) compilation failed to produce executable
FAIL: libmudflap.c/pass49-frag.c (-static) (test for excess errors)
WARNING: libmudflap.c/pass49-frag.c (-static) compilation failed to produce executable
FAIL: libmudflap.c/pass49-frag.c (-static) (test for excess errors)
WARNING: libmudflap.c/pass49-frag.c (-static) compilation failed to produce executable
FAIL: libmudflap.c/pass5-frag.c (-static) (test for excess errors)
WARNING: libmudflap.c/pass5-frag.c (-static) compilation failed to produce executable
FAIL: libmudflap.c/pass5-frag.c (-static) (test for excess errors)
WARNING: libmudflap.c/pass5-frag.c (-static) compilation failed to produce executable
FAIL: libmudflap.c/pass51-frag.c (-static) (test for excess errors)
WARNING: libmudflap.c/pass51-frag.c (-static) compilation failed to produce executable
FAIL: libmudflap.c/pass51-frag.c (-static) (test for excess errors)
WARNING: libmudflap.c/pass51-frag.c (-static) compilation failed to produce executable
FAIL: libmudflap.c/pass52-frag.c (-static) (test for excess errors)
WARNING: libmudflap.c/pass52-frag.c (-static) compilation failed to produce executable
FAIL: libmudflap.c/pass52-frag.c (-static) (test for excess errors)
WARNING: libmudflap.c/pass52-frag.c (-static) compilation failed to produce executable
FAIL: libmudflap.c/pass6-frag.c (-static) (test for excess errors)
WARNING: libmudflap.c/pass6-frag.c (-static) compilation failed to produce executable
FAIL: libmudflap.c/pass6-frag.c (-static) (test for excess errors)
WARNING: libmudflap.c/pass6-frag.c (-static) compilation failed to produce executable
FAIL: libmudflap.c/pass7-frag.c (-static) (test for excess errors)
WARNING: libmudflap.c/pass7-frag.c (-static) compilation failed to produce executable
FAIL: libmudflap.c/pass7-frag.c (-static) (test for excess errors)
WARNING: libmudflap.c/pass7-frag.c (-static) compilation failed to produce executable
FAIL: libmudflap.c/pass8-frag.c (-static) (test for excess errors)
WARNING: libmudflap.c/pass8-frag.c (-static) compilation failed to produce executable
FAIL: libmudflap.c/pass8-frag.c (-static) (test for excess errors)
WARNING: libmudflap.c/pass8-frag.c (-static) compilation failed to produce executable
FAIL: libmudflap.c/pass9-frag.c (-static) (test for excess errors)
WARNING: libmudflap.c/pass9-frag.c (-static) compilation failed to produce executable
FAIL: libmudflap.c/pass9-frag.c (-static) (test for excess errors)
WARNING: libmudflap.c/pass9-frag.c (-static) compilation failed to produce executable
FAIL: libmudflap.c++/pass41-frag.cxx execution test
FAIL: libmudflap.c++/fail24-frag.cxx (-static) (test for excess errors)
WARNING: libmudflap.c++/fail24-frag.cxx (-static) compilation failed to produce executable
FAIL: libmudflap.c++/pass31-frag.cxx (-static) (test for excess errors)
WARNING: libmudflap.c++/pass31-frag.cxx (-static) compilation failed to produce executable
FAIL: libmudflap.c++/pass41-frag.cxx (-static) execution test
FAIL: libmudflap.c++/pass41-frag.cxx (-O2) execution test
FAIL: libmudflap.c++/pass41-frag.cxx (-O3) execution test
FAIL: libmudflap.cth/pass37-frag.c (-static -DSTATIC) (test for excess errors)
FAIL: libmudflap.cth/pass39-frag.c (-static -DSTATIC) (test for excess errors)
FAIL: libmudflap.cth/pass40-frag.c (-static -DSTATIC) (test for excess errors)
FAIL: libmudflap.cth/pass59-frag.c (-static -DSTATIC) (test for excess errors)

		=== libmudflap Summary for unix/-mabi=64 ===

# of expected passes		1790
# of unexpected failures	48

		=== libmudflap Summary ===

# of expected passes		3580
# of unexpected failures	96
		=== libstdc++ tests ===


Running target unix
FAIL: abi_check
XPASS: 26_numerics/headers/cmath/c99_classification_macros_c.cc (test for excess errors)

		=== libstdc++ Summary for unix ===

# of expected passes		5734
# of unexpected successes	1
# of unexpected failures	1
# of expected failures		74
# of unsupported tests		328

Running target unix/-mabi=64
FAIL: abi_check
XPASS: 26_numerics/headers/cmath/c99_classification_macros_c.cc (test for excess errors)

		=== libstdc++ Summary for unix/-mabi=64 ===

# of expected passes		5734
# of unexpected successes	1
# of unexpected failures	1
# of expected failures		74
# of unsupported tests		328

		=== libstdc++ Summary ===

# of expected passes		11468
# of unexpected failures	2
# of unexpected successes	2
# of expected failures		148
# of unsupported tests		656

Compiler version: 4.4.0 20081210 (experimental) [trunk revision 142638] (GCC) 
Platform: mips64octeon-unknown-linux-gnu
configure flags: --target=mips64octeon-unknown-linux-gnu --prefix=/mnt/src/gcc-clean/mips64octeon-unknown-linux-gnu/../install-mips64octeon-unknown-linux-gnu --disable-fixed-point --build=mips64octeon-unknown-linux-gnu



More information about the Gcc-testresults mailing list