Results for 4.4.0 20081210 (experimental) [trunk revision 142635] (GCC) testsuite on hppa2.0w-hp-hpux11.11

John David Anglin dave@hiauly3.hia.nrc.ca
Thu Dec 11 03:55:00 GMT 2008


LAST_UPDATED: Wed Dec 10 03:22:40 UTC 2008 (revision 142635)

		=== acats tests ===
FAIL:	c954a01

		=== acats Summary ===
# of expected passes		2314
# of unexpected failures	1
Native configuration is hppa2.0w-hp-hpux11.11

		=== g++ tests ===


Running target unix

		=== g++ Summary ===

# of expected passes		17563
# of expected failures		137
# of unsupported tests		240
/test/gnu/gcc/objdir/gcc/testsuite/g++/../../g++  version 4.4.0 20081210 (experimental) [trunk revision 142635] (GCC) 

		=== gcc tests ===


Running target unix
WARNING: program timed out.
FAIL: gcc.dg/20020425-1.c (test for excess errors)
FAIL: gcc.dg/pr35729.c scan-rtl-dump-times loop2_invariant "Decided to move invariant" 0

		=== gcc Summary ===

# of expected passes		47421
# of unexpected failures	2
# of expected failures		126
# of unsupported tests		635
/test/gnu/gcc/objdir/gcc/xgcc  version 4.4.0 20081210 (experimental) [trunk revision 142635] (GCC) 

		=== gfortran tests ===


Running target unix
FAIL: gfortran.dg/nint_2.f90  -O0  execution test

		=== gfortran Summary ===

# of expected passes		27902
# of unexpected failures	1
# of expected failures		10
# of unsupported tests		269
/test/gnu/gcc/objdir/gcc/testsuite/gfortran/../../gfortran  version 4.4.0 20081210 (experimental) [trunk revision 142635] (GCC) 

		=== gnat tests ===


Running target unix

		=== gnat Summary ===

# of expected passes		603
# of expected failures		6
		=== obj-c++ tests ===


Running target unix
XPASS: obj-c++.dg/bitfield-1.mm  (test for warnings, line 26)
WARNING: obj-c++.dg/lookup-2.mm compilation failed to produce executable
WARNING: obj-c++.dg/try-catch-2.mm compilation failed to produce executable
WARNING: obj-c++.dg/try-catch-9.mm compilation failed to produce executable

		=== obj-c++ Summary ===

# of expected passes		435
# of unexpected successes	1
# of expected failures		10
# of unsupported tests		14
/test/gnu/gcc/objdir/gcc/testsuite/obj-c++/../../g++  version 4.4.0 20081210 (experimental) [trunk revision 142635] (GCC) 

		=== objc tests ===


Running target unix

		=== objc Summary ===

# of expected passes		1808
# of expected failures		7
# of unsupported tests		27
/test/gnu/gcc/objdir/gcc/xgcc  version 4.4.0 20081210 (experimental) [trunk revision 142635] (GCC) 

		=== libffi tests ===


Running target unix

		=== libffi Summary ===

# of expected passes		1389
# of unsupported tests		10
		=== libgomp tests ===


Running target unix
FAIL: libgomp.fortran/crayptr2.f90  -O3 -fomit-frame-pointer -funroll-loops  execution test
FAIL: libgomp.fortran/threadprivate1.f90  -O0  execution test
FAIL: libgomp.fortran/threadprivate3.f90  -Os  execution test

		=== libgomp Summary ===

# of expected passes		2306
# of unexpected failures	3
# of unsupported tests		9
		=== libjava tests ===


Running target unix
FAIL: getallthreads run
FAIL: LargeFile execution - source compiled test
FAIL: LargeFile -findirect-dispatch execution - source compiled test
FAIL: LargeFile -O3 execution - source compiled test
FAIL: LargeFile -O3 -findirect-dispatch execution - source compiled test
FAIL: PR27908 execution - source compiled test
FAIL: PR27908 -O3 execution - source compiled test
FAIL: Thread_Monitor -O3 -findirect-dispatch execution - source compiled test
FAIL: Thread_Wait_2 -findirect-dispatch execution - source compiled test
FAIL: Thread_Wait_2 -O3 -findirect-dispatch execution - source compiled test
FAIL: Thread_Wait_Interrupt execution - source compiled test

		=== libjava Summary ===

# of expected passes		2553
# of unexpected failures	11
# of untested testcases		11
		=== libstdc++ tests ===


Running target unix

		=== libstdc++ Summary ===

# of expected passes		5397
# of expected failures		67
# of unsupported tests		499

Compiler version: 4.4.0 20081210 (experimental) [trunk revision 142635] (GCC) 
Platform: hppa2.0w-hp-hpux11.11
configure flags: --with-gnu-as --with-as=/opt/gnu/bin/as --enable-shared --disable-nls --with-local-prefix=/opt/gnu --prefix=/opt/gnu/gcc/gcc-4.4.0 --enable-debug=no --enable-threads=posix --with-mpfr=/opt/gnu/gcc/gcc-4.4.0 --with-gmp=/opt/gnu/gcc/gcc-4.4.0 --disable-libmudflap --enable-languages=c,c++,objc,obj-c++,fortran,java,ada



More information about the Gcc-testresults mailing list