Results for 4.4.0 20081210 (experimental) [trunk revision 142662] (GCC) testsuite on x86_64-unknown-linux-gnu

H.J. Lu Intel64 hjl@gnu-33.sc.intel.com
Thu Dec 11 03:09:00 GMT 2008


LAST_UPDATED: Wed Dec 10 22:45:11 UTC 2008 (revision 142662)

Native configuration is x86_64-unknown-linux-gnu

		=== gcc tests ===


Running target emx-avx-sim/-m32
FAIL: gcc.c-torture/compile/limits-exprparen.c  -O0  (test for excess errors)
FAIL: gcc.c-torture/compile/limits-exprparen.c  -O1  (test for excess errors)
FAIL: gcc.c-torture/compile/limits-exprparen.c  -O2  (test for excess errors)
FAIL: gcc.c-torture/compile/limits-exprparen.c  -O3 -fomit-frame-pointer  (test for excess errors)
FAIL: gcc.c-torture/compile/limits-exprparen.c  -O3 -g  (test for excess errors)
FAIL: gcc.c-torture/compile/limits-exprparen.c  -Os  (test for excess errors)
FAIL: gcc.dg/20020122-2.c (test for excess errors)
FAIL: gcc.dg/pr30286.c execution test
FAIL: gcc.dg/torture/stackalign/builtin-apply-4.c  -O0  execution test
FAIL: gcc.dg/torture/stackalign/builtin-apply-4.c  -O1  execution test
FAIL: gcc.dg/torture/stackalign/builtin-apply-4.c  -O2  execution test
FAIL: gcc.dg/torture/stackalign/builtin-apply-4.c  -O3 -fomit-frame-pointer  execution test
FAIL: gcc.dg/torture/stackalign/builtin-apply-4.c  -O3 -g  execution test
FAIL: gcc.dg/torture/stackalign/builtin-apply-4.c  -Os  execution test
FAIL: gcc.dg/torture/stackalign/builtin-apply-4.c  -O0  execution test
FAIL: gcc.dg/torture/stackalign/builtin-apply-4.c  -O1  execution test
FAIL: gcc.dg/torture/stackalign/builtin-apply-4.c  -O2  execution test
FAIL: gcc.dg/torture/stackalign/builtin-apply-4.c  -O3 -fomit-frame-pointer  execution test
FAIL: gcc.dg/torture/stackalign/builtin-apply-4.c  -O3 -g  execution test
FAIL: gcc.dg/torture/stackalign/builtin-apply-4.c  -Os  execution test
FAIL: gcc.dg/torture/stackalign/builtin-apply-4.c  -O0  execution test
FAIL: gcc.dg/torture/stackalign/builtin-apply-4.c  -O1  execution test
FAIL: gcc.dg/torture/stackalign/builtin-apply-4.c  -O2  execution test
FAIL: gcc.dg/torture/stackalign/builtin-apply-4.c  -O3 -fomit-frame-pointer  execution test
FAIL: gcc.dg/torture/stackalign/builtin-apply-4.c  -O3 -g  execution test
FAIL: gcc.dg/torture/stackalign/builtin-apply-4.c  -Os  execution test
FAIL: gcc.dg/torture/stackalign/builtin-apply-4.c  -O0  execution test
FAIL: gcc.dg/torture/stackalign/builtin-apply-4.c  -O1  execution test
FAIL: gcc.dg/torture/stackalign/builtin-apply-4.c  -O2  execution test
FAIL: gcc.dg/torture/stackalign/builtin-apply-4.c  -O3 -fomit-frame-pointer  execution test
FAIL: gcc.dg/torture/stackalign/builtin-apply-4.c  -O3 -g  execution test
FAIL: gcc.dg/torture/stackalign/builtin-apply-4.c  -Os  execution test
FAIL: gcc.dg/tree-ssa/loop-28.c (test for excess errors)
FAIL: gcc.dg/tree-ssa/loop-28.c scan-tree-dump-times final_cleanup "MEM" 65: dump file does not exist
FAIL: gcc.dg/tree-ssa/loop-28.c scan-tree-dump-times aprefetch "i_.*= i_[0-9]*;" 0: dump file does not exist
FAIL: gcc.dg/tree-ssa/prefetch-3.c (test for excess errors)
FAIL: gcc.dg/tree-ssa/prefetch-3.c scan-tree-dump-times aprefetch "unroll factor 4" 1: dump file does not exist
FAIL: gcc.dg/tree-ssa/prefetch-4.c (test for excess errors)
FAIL: gcc.dg/tree-ssa/prefetch-4.c scan-tree-dump-times final_cleanup "prefetch" 0: dump file does not exist
FAIL: gcc.dg/tree-ssa/prefetch-5.c (test for excess errors)
FAIL: gcc.dg/tree-ssa/prefetch-5.c scan-tree-dump-times aprefetch "Issued prefetch" 2: dump file does not exist
FAIL: gcc.dg/tree-ssa/prefetch-5.c scan-tree-dump-times aprefetch "Not prefetching" 1: dump file does not exist
FAIL: gcc.dg/tree-ssa/prefetch-6.c (test for excess errors)
FAIL: gcc.dg/tree-ssa/prefetch-6.c scan-tree-dump-times aprefetch "Issued prefetch" 5: dump file does not exist
FAIL: gcc.dg/tree-ssa/prefetch-6.c scan-tree-dump-times aprefetch "Issued nontemporal prefetch" 3: dump file does not exist
ERROR: gcc.dg/tree-ssa/prefetch-6.c: error executing dg-final: couldn't open "prefetch-6.s": no such file or directory
UNRESOLVED: gcc.dg/tree-ssa/prefetch-6.c: error executing dg-final: couldn't open "prefetch-6.s": no such file or directory
FAIL: gcc.dg/tree-ssa/prefetch-7.c (test for excess errors)
FAIL: gcc.dg/tree-ssa/prefetch-7.c scan-tree-dump-times aprefetch "Issued prefetch" 5: dump file does not exist
FAIL: gcc.dg/tree-ssa/prefetch-7.c scan-tree-dump-times aprefetch "Issued nontemporal prefetch" 3: dump file does not exist
FAIL: gcc.dg/tree-ssa/prefetch-7.c scan-tree-dump-times aprefetch "nontemporal store" 2: dump file does not exist
FAIL: gcc.dg/tree-ssa/prefetch-7.c scan-tree-dump-times final_cleanup "builtin_prefetch" 8: dump file does not exist
FAIL: gcc.dg/tree-ssa/prefetch-7.c scan-tree-dump-times final_cleanup "={nt}" 2: dump file does not exist
FAIL: gcc.dg/tree-ssa/prefetch-7.c scan-tree-dump-times final_cleanup "__builtin_ia32_mfence" 2: dump file does not exist
ERROR: gcc.dg/tree-ssa/prefetch-7.c: error executing dg-final: couldn't open "prefetch-7.s": no such file or directory
UNRESOLVED: gcc.dg/tree-ssa/prefetch-7.c: error executing dg-final: couldn't open "prefetch-7.s": no such file or directory
FAIL: gcc.dg/tree-ssa/update-unroll-1.c (test for excess errors)
FAIL: gcc.dg/tree-ssa/update-unroll-1.c scan-tree-dump-not aprefetch "Invalid sum": dump file does not exist
FAIL: gcc.dg/tree-ssa/update-unroll-1.c scan-tree-dump-not aprefetch "SUCC: 7 .100.0%": dump file does not exist
FAIL: gcc.misc-tests/i386-pf-none-1.c scan-assembler-not fetch
FAIL: gcc.misc-tests/i386-pf-none-1.c scan-assembler-not fetch
FAIL: gcc.misc-tests/i386-pf-none-1.c scan-assembler-not fetch
FAIL: gcc.misc-tests/i386-pf-none-1.c scan-assembler-not fetch
FAIL: gcc.misc-tests/i386-pf-none-1.c scan-assembler-not fetch
FAIL: gcc.misc-tests/i386-pf-none-1.c scan-assembler-not fetch
FAIL: gcc.misc-tests/i386-pf-none-1.c scan-assembler-not fetch
FAIL: gcc.misc-tests/i386-pf-none-1.c scan-assembler-not fetch
FAIL: gcc.misc-tests/i386-pf-none-1.c scan-assembler-not fetch
FAIL: gcc.misc-tests/i386-pf-none-1.c scan-assembler-not fetch
FAIL: gcc.misc-tests/i386-pf-none-1.c scan-assembler-not fetch
FAIL: gcc.misc-tests/i386-pf-none-1.c scan-assembler-not fetch
FAIL: gcc.misc-tests/i386-pf-none-1.c scan-assembler-not fetch
FAIL: gcc.misc-tests/i386-pf-none-1.c scan-assembler-not fetch
FAIL: gcc.misc-tests/i386-pf-3dnow-1.c  -march=c3  (test for excess errors)
ERROR: gcc.misc-tests/i386-pf-3dnow-1.c: error executing dg-final: couldn't open "i386-pf-3dnow-1.s": no such file or directory
UNRESOLVED: gcc.misc-tests/i386-pf-3dnow-1.c: error executing dg-final: couldn't open "i386-pf-3dnow-1.s": no such file or directory
FAIL: gcc.misc-tests/i386-pf-3dnow-1.c  -march=k6-2  (test for excess errors)
ERROR: gcc.misc-tests/i386-pf-3dnow-1.c: error executing dg-final: couldn't open "i386-pf-3dnow-1.s": no such file or directory
UNRESOLVED: gcc.misc-tests/i386-pf-3dnow-1.c: error executing dg-final: couldn't open "i386-pf-3dnow-1.s": no such file or directory
FAIL: gcc.misc-tests/i386-pf-3dnow-1.c  -march=k6-3  (test for excess errors)
ERROR: gcc.misc-tests/i386-pf-3dnow-1.c: error executing dg-final: couldn't open "i386-pf-3dnow-1.s": no such file or directory
UNRESOLVED: gcc.misc-tests/i386-pf-3dnow-1.c: error executing dg-final: couldn't open "i386-pf-3dnow-1.s": no such file or directory
FAIL: gcc.misc-tests/i386-pf-athlon-1.c  -march=athlon  (test for excess errors)
ERROR: gcc.misc-tests/i386-pf-athlon-1.c: error executing dg-final: couldn't open "i386-pf-athlon-1.s": no such file or directory
UNRESOLVED: gcc.misc-tests/i386-pf-athlon-1.c: error executing dg-final: couldn't open "i386-pf-athlon-1.s": no such file or directory
FAIL: gcc.misc-tests/i386-pf-athlon-1.c  -march=athlon-4  (test for excess errors)
ERROR: gcc.misc-tests/i386-pf-athlon-1.c: error executing dg-final: couldn't open "i386-pf-athlon-1.s": no such file or directory
UNRESOLVED: gcc.misc-tests/i386-pf-athlon-1.c: error executing dg-final: couldn't open "i386-pf-athlon-1.s": no such file or directory
FAIL: gcc.target/i386/vect-args.c -m3dnow  (test for excess errors)
FAIL: gcc.target/i386/vect-args.c -m3dnow -O (test for excess errors)
FAIL: gcc.target/i386/3dnow-1.c (test for excess errors)
FAIL: gcc.target/i386/3dnow-2.c (test for excess errors)
FAIL: gcc.target/i386/3dnowA-1.c (test for excess errors)
FAIL: gcc.target/i386/3dnowA-2.c (test for excess errors)
FAIL: gcc.target/i386/cadd.c (test for excess errors)
ERROR: gcc.target/i386/cadd.c: error executing dg-final: couldn't open "cadd.s": no such file or directory
UNRESOLVED: gcc.target/i386/cadd.c: error executing dg-final: couldn't open "cadd.s": no such file or directory
FAIL: gcc.target/i386/cmov1.c (test for excess errors)
ERROR: gcc.target/i386/cmov1.c: error executing dg-final: couldn't open "cmov1.s": no such file or directory
UNRESOLVED: gcc.target/i386/cmov1.c: error executing dg-final: couldn't open "cmov1.s": no such file or directory
FAIL: gcc.target/i386/cmov2.c (test for excess errors)
ERROR: gcc.target/i386/cmov2.c: error executing dg-final: couldn't open "cmov2.s": no such file or directory
UNRESOLVED: gcc.target/i386/cmov2.c: error executing dg-final: couldn't open "cmov2.s": no such file or directory
FAIL: gcc.target/i386/cmov3.c (test for excess errors)
ERROR: gcc.target/i386/cmov3.c: error executing dg-final: couldn't open "cmov3.s": no such file or directory
UNRESOLVED: gcc.target/i386/cmov3.c: error executing dg-final: couldn't open "cmov3.s": no such file or directory
FAIL: gcc.target/i386/cmov4.c (test for excess errors)
ERROR: gcc.target/i386/cmov4.c: error executing dg-final: couldn't open "cmov4.s": no such file or directory
UNRESOLVED: gcc.target/i386/cmov4.c: error executing dg-final: couldn't open "cmov4.s": no such file or directory
FAIL: gcc.target/i386/cmov5.c (test for excess errors)
ERROR: gcc.target/i386/cmov5.c: error executing dg-final: couldn't open "cmov5.s": no such file or directory
UNRESOLVED: gcc.target/i386/cmov5.c: error executing dg-final: couldn't open "cmov5.s": no such file or directory
FAIL: gcc.target/i386/cmov6.c (test for excess errors)
ERROR: gcc.target/i386/cmov6.c: error executing dg-final: couldn't open "cmov6.s": no such file or directory
UNRESOLVED: gcc.target/i386/cmov6.c: error executing dg-final: couldn't open "cmov6.s": no such file or directory
FAIL: gcc.target/i386/cmov7.c (test for excess errors)
ERROR: gcc.target/i386/cmov7.c: error executing dg-final: couldn't open "cmov7.s": no such file or directory
UNRESOLVED: gcc.target/i386/cmov7.c: error executing dg-final: couldn't open "cmov7.s": no such file or directory
FAIL: gcc.target/i386/cvt-1.c (test for excess errors)
ERROR: gcc.target/i386/cvt-1.c: error executing dg-final: couldn't open "cvt-1.s": no such file or directory
UNRESOLVED: gcc.target/i386/cvt-1.c: error executing dg-final: couldn't open "cvt-1.s": no such file or directory
FAIL: gcc.target/i386/defines-1.c (test for excess errors)
FAIL: gcc.target/i386/fpcvt-1.c (test for excess errors)
ERROR: gcc.target/i386/fpcvt-1.c: error executing dg-final: couldn't open "fpcvt-1.s": no such file or directory
UNRESOLVED: gcc.target/i386/fpcvt-1.c: error executing dg-final: couldn't open "fpcvt-1.s": no such file or directory
FAIL: gcc.target/i386/fpcvt-2.c (test for excess errors)
ERROR: gcc.target/i386/fpcvt-2.c: error executing dg-final: couldn't open "fpcvt-2.s": no such file or directory
UNRESOLVED: gcc.target/i386/fpcvt-2.c: error executing dg-final: couldn't open "fpcvt-2.s": no such file or directory
FAIL: gcc.target/i386/fpcvt-3.c (test for excess errors)
ERROR: gcc.target/i386/fpcvt-3.c: error executing dg-final: couldn't open "fpcvt-3.s": no such file or directory
UNRESOLVED: gcc.target/i386/fpcvt-3.c: error executing dg-final: couldn't open "fpcvt-3.s": no such file or directory
FAIL: gcc.target/i386/fpcvt-4.c (test for excess errors)
ERROR: gcc.target/i386/fpcvt-4.c: error executing dg-final: couldn't open "fpcvt-4.s": no such file or directory
UNRESOLVED: gcc.target/i386/fpcvt-4.c: error executing dg-final: couldn't open "fpcvt-4.s": no such file or directory
FAIL: gcc.target/i386/funcspec-1.c scan-assembler fsubs[ \\t]
FAIL: gcc.target/i386/funcspec-10.c scan-assembler-not cmov
FAIL: gcc.target/i386/funcspec-5.c (test for excess errors)
FAIL: gcc.target/i386/funcspec-7.c (test for excess errors)
ERROR: gcc.target/i386/funcspec-7.c: error executing dg-final: couldn't open "funcspec-7.s": no such file or directory
UNRESOLVED: gcc.target/i386/funcspec-7.c: error executing dg-final: couldn't open "funcspec-7.s": no such file or directory
FAIL: gcc.target/i386/funcspec-8.c  (test for errors, line 27)
FAIL: gcc.target/i386/funcspec-8.c  (test for errors, line 46)
FAIL: gcc.target/i386/funcspec-8.c  (test for errors, line 65)
FAIL: gcc.target/i386/funcspec-8.c  (test for errors, line 84)
FAIL: gcc.target/i386/funcspec-8.c  (test for errors, line 103)
FAIL: gcc.target/i386/funcspec-8.c  (test for errors, line 122)
FAIL: gcc.target/i386/funcspec-8.c  (test for errors, line 141)
FAIL: gcc.target/i386/funcspec-8.c  (test for errors, line 160)
FAIL: gcc.target/i386/funcspec-8.c (test for excess errors)
FAIL: gcc.target/i386/funcspec-9.c (test for excess errors)
ERROR: gcc.target/i386/funcspec-9.c: error executing dg-final: couldn't open "funcspec-9.s": no such file or directory
UNRESOLVED: gcc.target/i386/funcspec-9.c: error executing dg-final: couldn't open "funcspec-9.s": no such file or directory
FAIL: gcc.target/i386/isa-10.c (test for excess errors)
WARNING: gcc.target/i386/isa-10.c compilation failed to produce executable
FAIL: gcc.target/i386/isa-11.c (test for excess errors)
WARNING: gcc.target/i386/isa-11.c compilation failed to produce executable
FAIL: gcc.target/i386/isa-12.c execution test
FAIL: gcc.target/i386/isa-13.c execution test
FAIL: gcc.target/i386/isa-14.c execution test
FAIL: gcc.target/i386/isa-2.c (test for excess errors)
WARNING: gcc.target/i386/isa-2.c compilation failed to produce executable
FAIL: gcc.target/i386/isa-3.c (test for excess errors)
WARNING: gcc.target/i386/isa-3.c compilation failed to produce executable
FAIL: gcc.target/i386/isa-4.c (test for excess errors)
WARNING: gcc.target/i386/isa-4.c compilation failed to produce executable
FAIL: gcc.target/i386/isa-5.c (test for excess errors)
WARNING: gcc.target/i386/isa-5.c compilation failed to produce executable
FAIL: gcc.target/i386/isa-6.c (test for excess errors)
WARNING: gcc.target/i386/isa-6.c compilation failed to produce executable
FAIL: gcc.target/i386/isa-7.c (test for excess errors)
WARNING: gcc.target/i386/isa-7.c compilation failed to produce executable
FAIL: gcc.target/i386/isa-8.c (test for excess errors)
WARNING: gcc.target/i386/isa-8.c compilation failed to produce executable
FAIL: gcc.target/i386/isa-9.c (test for excess errors)
WARNING: gcc.target/i386/isa-9.c compilation failed to produce executable
FAIL: gcc.target/i386/minmax-1.c (test for excess errors)
ERROR: gcc.target/i386/minmax-1.c: error executing dg-final: couldn't open "minmax-1.s": no such file or directory
UNRESOLVED: gcc.target/i386/minmax-1.c: error executing dg-final: couldn't open "minmax-1.s": no such file or directory
FAIL: gcc.target/i386/mmx-3.c (test for excess errors)
FAIL: gcc.target/i386/mul.c (test for excess errors)
ERROR: gcc.target/i386/mul.c: error executing dg-final: couldn't open "mul.s": no such file or directory
UNRESOLVED: gcc.target/i386/mul.c: error executing dg-final: couldn't open "mul.s": no such file or directory
FAIL: gcc.target/i386/opt-1.c (test for excess errors)
ERROR: gcc.target/i386/opt-1.c: error executing dg-final: couldn't open "opt-1.s": no such file or directory
UNRESOLVED: gcc.target/i386/opt-1.c: error executing dg-final: couldn't open "opt-1.s": no such file or directory
FAIL: gcc.target/i386/opt-2.c (test for excess errors)
ERROR: gcc.target/i386/opt-2.c: error executing dg-final: couldn't open "opt-2.s": no such file or directory
UNRESOLVED: gcc.target/i386/opt-2.c: error executing dg-final: couldn't open "opt-2.s": no such file or directory
FAIL: gcc.target/i386/parity-1.c scan-assembler setnp
FAIL: gcc.target/i386/parity-2.c scan-assembler setnp
FAIL: gcc.target/i386/sse-12.c (test for excess errors)
FAIL: gcc.target/i386/sse-13.c (test for excess errors)
FAIL: gcc.target/i386/sse-14.c (test for excess errors)
FAIL: gcc.target/i386/sse-21.c scan-assembler-not fisttp
FAIL: gcc.target/i386/sse-22.c (test for excess errors)
FAIL: gcc.target/i386/sse-23.c (test for excess errors)
FAIL: gcc.target/i386/sse-5.c  (test for warnings, line 7)
FAIL: gcc.target/i386/ssefn-1.c scan-assembler-not movsd
FAIL: gcc.target/i386/ssefn-1.c scan-assembler-not mulsd
FAIL: gcc.target/i386/ssefp-1.c (test for excess errors)
ERROR: gcc.target/i386/ssefp-1.c: error executing dg-final: couldn't open "ssefp-1.s": no such file or directory
UNRESOLVED: gcc.target/i386/ssefp-1.c: error executing dg-final: couldn't open "ssefp-1.s": no such file or directory
FAIL: gcc.target/i386/ssefp-2.c (test for excess errors)
ERROR: gcc.target/i386/ssefp-2.c: error executing dg-final: couldn't open "ssefp-2.s": no such file or directory
UNRESOLVED: gcc.target/i386/ssefp-2.c: error executing dg-final: couldn't open "ssefp-2.s": no such file or directory
FAIL: gcc.target/i386/sseregparm-2.c  (test for errors, line 7)
FAIL: gcc.target/i386/sseregparm-2.c  (test for errors, line 8)
FAIL: gcc.target/i386/sseregparm-8.c  (test for errors, line 13)
FAIL: gcc.target/i386/sseregparm-8.c  (test for errors, line 14)
FAIL: gcc.target/i386/sseregparm-8.c  (test for errors, line 15)
FAIL: gcc.target/i386/sseregparm-8.c  (test for errors, line 16)
FAIL: gcc.target/i386/ssetype-1.c (test for excess errors)
ERROR: gcc.target/i386/ssetype-1.c: error executing dg-final: couldn't open "ssetype-1.s": no such file or directory
UNRESOLVED: gcc.target/i386/ssetype-1.c: error executing dg-final: couldn't open "ssetype-1.s": no such file or directory
FAIL: gcc.target/i386/ssetype-2.c (test for excess errors)
ERROR: gcc.target/i386/ssetype-2.c: error executing dg-final: couldn't open "ssetype-2.s": no such file or directory
UNRESOLVED: gcc.target/i386/ssetype-2.c: error executing dg-final: couldn't open "ssetype-2.s": no such file or directory
FAIL: gcc.target/i386/ssetype-3.c (test for excess errors)
ERROR: gcc.target/i386/ssetype-3.c: error executing dg-final: couldn't open "ssetype-3.s": no such file or directory
UNRESOLVED: gcc.target/i386/ssetype-3.c: error executing dg-final: couldn't open "ssetype-3.s": no such file or directory
FAIL: gcc.target/i386/ssetype-4.c (test for excess errors)
ERROR: gcc.target/i386/ssetype-4.c: error executing dg-final: couldn't open "ssetype-4.s": no such file or directory
UNRESOLVED: gcc.target/i386/ssetype-4.c: error executing dg-final: couldn't open "ssetype-4.s": no such file or directory
FAIL: gcc.target/i386/ssetype-5.c (test for excess errors)
ERROR: gcc.target/i386/ssetype-5.c: error executing dg-final: couldn't open "ssetype-5.s": no such file or directory
UNRESOLVED: gcc.target/i386/ssetype-5.c: error executing dg-final: couldn't open "ssetype-5.s": no such file or directory
FAIL: gcc.target/i386/vecinit-1.c scan-assembler-not xor
FAIL: gcc.target/i386/vecinit-2.c scan-assembler-not xor
FAIL: gcc.target/i386/xchg-1.c (test for excess errors)
ERROR: gcc.target/i386/xchg-1.c: error executing dg-final: couldn't open "xchg-1.s": no such file or directory
UNRESOLVED: gcc.target/i386/xchg-1.c: error executing dg-final: couldn't open "xchg-1.s": no such file or directory
FAIL: gcc.target/i386/xorps-sse.c scan-assembler xorps[ \\t]

		=== gcc Summary for emx-avx-sim/-m32 ===


Running target emx-avx-sim
FAIL: gcc.c-torture/compile/limits-exprparen.c  -O0  (test for excess errors)
FAIL: gcc.c-torture/compile/limits-exprparen.c  -O1  (test for excess errors)
FAIL: gcc.c-torture/compile/limits-exprparen.c  -O2  (test for excess errors)
FAIL: gcc.c-torture/compile/limits-exprparen.c  -O3 -fomit-frame-pointer  (test for excess errors)
FAIL: gcc.c-torture/compile/limits-exprparen.c  -O3 -g  (test for excess errors)
FAIL: gcc.c-torture/compile/limits-exprparen.c  -Os  (test for excess errors)
FAIL: gcc.dg/tree-prof/bb-reorg.c compilation,  -fprofile-use -D_PROFILE_USE
UNRESOLVED: gcc.dg/tree-prof/bb-reorg.c execution,    -fprofile-use -D_PROFILE_USE
FAIL: gcc.dg/tree-prof/pr34999.c compilation,  -fprofile-use -D_PROFILE_USE
UNRESOLVED: gcc.dg/tree-prof/pr34999.c execution,    -fprofile-use -D_PROFILE_USE
FAIL: gcc.target/i386/vect-args.c -m3dnow  (test for excess errors)
FAIL: gcc.target/i386/vect-args.c -m3dnow -O (test for excess errors)
FAIL: gcc.target/i386/3dnow-1.c (test for excess errors)
FAIL: gcc.target/i386/3dnow-2.c (test for excess errors)
FAIL: gcc.target/i386/3dnowA-1.c (test for excess errors)
FAIL: gcc.target/i386/3dnowA-2.c (test for excess errors)
FAIL: gcc.target/i386/amd64-abi-1.c  (test for errors, line 5)
FAIL: gcc.target/i386/amd64-abi-3.c scan-assembler subq[\\\\t ]*\\\\\$88,[\\\\t ]*%rsp
FAIL: gcc.target/i386/amd64-abi-3.c scan-assembler-not subq[\\\\t ]*\\\\\$216,[\\\\t ]*%rsp
FAIL: gcc.target/i386/cadd.c (test for excess errors)
ERROR: gcc.target/i386/cadd.c: error executing dg-final: couldn't open "cadd.s": no such file or directory
UNRESOLVED: gcc.target/i386/cadd.c: error executing dg-final: couldn't open "cadd.s": no such file or directory
FAIL: gcc.target/i386/cmov1.c (test for excess errors)
ERROR: gcc.target/i386/cmov1.c: error executing dg-final: couldn't open "cmov1.s": no such file or directory
UNRESOLVED: gcc.target/i386/cmov1.c: error executing dg-final: couldn't open "cmov1.s": no such file or directory
FAIL: gcc.target/i386/cmov2.c (test for excess errors)
ERROR: gcc.target/i386/cmov2.c: error executing dg-final: couldn't open "cmov2.s": no such file or directory
UNRESOLVED: gcc.target/i386/cmov2.c: error executing dg-final: couldn't open "cmov2.s": no such file or directory
FAIL: gcc.target/i386/cmov3.c (test for excess errors)
ERROR: gcc.target/i386/cmov3.c: error executing dg-final: couldn't open "cmov3.s": no such file or directory
UNRESOLVED: gcc.target/i386/cmov3.c: error executing dg-final: couldn't open "cmov3.s": no such file or directory
FAIL: gcc.target/i386/cmov4.c (test for excess errors)
ERROR: gcc.target/i386/cmov4.c: error executing dg-final: couldn't open "cmov4.s": no such file or directory
UNRESOLVED: gcc.target/i386/cmov4.c: error executing dg-final: couldn't open "cmov4.s": no such file or directory
FAIL: gcc.target/i386/cmov5.c (test for excess errors)
ERROR: gcc.target/i386/cmov5.c: error executing dg-final: couldn't open "cmov5.s": no such file or directory
UNRESOLVED: gcc.target/i386/cmov5.c: error executing dg-final: couldn't open "cmov5.s": no such file or directory
FAIL: gcc.target/i386/cmov6.c (test for excess errors)
ERROR: gcc.target/i386/cmov6.c: error executing dg-final: couldn't open "cmov6.s": no such file or directory
UNRESOLVED: gcc.target/i386/cmov6.c: error executing dg-final: couldn't open "cmov6.s": no such file or directory
FAIL: gcc.target/i386/cmov7.c (test for excess errors)
ERROR: gcc.target/i386/cmov7.c: error executing dg-final: couldn't open "cmov7.s": no such file or directory
UNRESOLVED: gcc.target/i386/cmov7.c: error executing dg-final: couldn't open "cmov7.s": no such file or directory
FAIL: gcc.target/i386/cvt-1.c (test for excess errors)
ERROR: gcc.target/i386/cvt-1.c: error executing dg-final: couldn't open "cvt-1.s": no such file or directory
UNRESOLVED: gcc.target/i386/cvt-1.c: error executing dg-final: couldn't open "cvt-1.s": no such file or directory
FAIL: gcc.target/i386/defines-1.c (test for excess errors)
FAIL: gcc.target/i386/fpcvt-1.c (test for excess errors)
ERROR: gcc.target/i386/fpcvt-1.c: error executing dg-final: couldn't open "fpcvt-1.s": no such file or directory
UNRESOLVED: gcc.target/i386/fpcvt-1.c: error executing dg-final: couldn't open "fpcvt-1.s": no such file or directory
FAIL: gcc.target/i386/fpcvt-2.c (test for excess errors)
ERROR: gcc.target/i386/fpcvt-2.c: error executing dg-final: couldn't open "fpcvt-2.s": no such file or directory
UNRESOLVED: gcc.target/i386/fpcvt-2.c: error executing dg-final: couldn't open "fpcvt-2.s": no such file or directory
FAIL: gcc.target/i386/fpcvt-3.c (test for excess errors)
ERROR: gcc.target/i386/fpcvt-3.c: error executing dg-final: couldn't open "fpcvt-3.s": no such file or directory
UNRESOLVED: gcc.target/i386/fpcvt-3.c: error executing dg-final: couldn't open "fpcvt-3.s": no such file or directory
FAIL: gcc.target/i386/fpcvt-4.c (test for excess errors)
ERROR: gcc.target/i386/fpcvt-4.c: error executing dg-final: couldn't open "fpcvt-4.s": no such file or directory
UNRESOLVED: gcc.target/i386/fpcvt-4.c: error executing dg-final: couldn't open "fpcvt-4.s": no such file or directory
FAIL: gcc.target/i386/funcspec-2.c (test for excess errors)
ERROR: gcc.target/i386/funcspec-2.c: error executing dg-final: couldn't open "funcspec-2.s": no such file or directory
UNRESOLVED: gcc.target/i386/funcspec-2.c: error executing dg-final: couldn't open "funcspec-2.s": no such file or directory
FAIL: gcc.target/i386/funcspec-3.c (test for excess errors)
ERROR: gcc.target/i386/funcspec-3.c: error executing dg-final: couldn't open "funcspec-3.s": no such file or directory
UNRESOLVED: gcc.target/i386/funcspec-3.c: error executing dg-final: couldn't open "funcspec-3.s": no such file or directory
FAIL: gcc.target/i386/funcspec-6.c (test for excess errors)
FAIL: gcc.target/i386/funcspec-7.c (test for excess errors)
ERROR: gcc.target/i386/funcspec-7.c: error executing dg-final: couldn't open "funcspec-7.s": no such file or directory
UNRESOLVED: gcc.target/i386/funcspec-7.c: error executing dg-final: couldn't open "funcspec-7.s": no such file or directory
FAIL: gcc.target/i386/funcspec-8.c  (test for errors, line 27)
FAIL: gcc.target/i386/funcspec-8.c  (test for errors, line 46)
FAIL: gcc.target/i386/funcspec-8.c  (test for errors, line 65)
FAIL: gcc.target/i386/funcspec-8.c  (test for errors, line 84)
FAIL: gcc.target/i386/funcspec-8.c  (test for errors, line 103)
FAIL: gcc.target/i386/funcspec-8.c  (test for errors, line 122)
FAIL: gcc.target/i386/funcspec-8.c  (test for errors, line 141)
FAIL: gcc.target/i386/funcspec-8.c  (test for errors, line 160)
FAIL: gcc.target/i386/funcspec-8.c (test for excess errors)
FAIL: gcc.target/i386/funcspec-9.c (test for excess errors)
ERROR: gcc.target/i386/funcspec-9.c: error executing dg-final: couldn't open "funcspec-9.s": no such file or directory
UNRESOLVED: gcc.target/i386/funcspec-9.c: error executing dg-final: couldn't open "funcspec-9.s": no such file or directory
FAIL: gcc.target/i386/isa-10.c (test for excess errors)
WARNING: gcc.target/i386/isa-10.c compilation failed to produce executable
FAIL: gcc.target/i386/isa-11.c (test for excess errors)
WARNING: gcc.target/i386/isa-11.c compilation failed to produce executable
FAIL: gcc.target/i386/isa-12.c execution test
FAIL: gcc.target/i386/isa-13.c execution test
FAIL: gcc.target/i386/isa-14.c execution test
FAIL: gcc.target/i386/isa-2.c (test for excess errors)
WARNING: gcc.target/i386/isa-2.c compilation failed to produce executable
FAIL: gcc.target/i386/isa-3.c (test for excess errors)
WARNING: gcc.target/i386/isa-3.c compilation failed to produce executable
FAIL: gcc.target/i386/isa-4.c (test for excess errors)
WARNING: gcc.target/i386/isa-4.c compilation failed to produce executable
FAIL: gcc.target/i386/isa-5.c (test for excess errors)
WARNING: gcc.target/i386/isa-5.c compilation failed to produce executable
FAIL: gcc.target/i386/isa-6.c (test for excess errors)
WARNING: gcc.target/i386/isa-6.c compilation failed to produce executable
FAIL: gcc.target/i386/isa-7.c (test for excess errors)
WARNING: gcc.target/i386/isa-7.c compilation failed to produce executable
FAIL: gcc.target/i386/isa-8.c (test for excess errors)
WARNING: gcc.target/i386/isa-8.c compilation failed to produce executable
FAIL: gcc.target/i386/isa-9.c (test for excess errors)
WARNING: gcc.target/i386/isa-9.c compilation failed to produce executable
FAIL: gcc.target/i386/minmax-1.c (test for excess errors)
ERROR: gcc.target/i386/minmax-1.c: error executing dg-final: couldn't open "minmax-1.s": no such file or directory
UNRESOLVED: gcc.target/i386/minmax-1.c: error executing dg-final: couldn't open "minmax-1.s": no such file or directory
FAIL: gcc.target/i386/mmx-3.c (test for excess errors)
FAIL: gcc.target/i386/mul.c (test for excess errors)
ERROR: gcc.target/i386/mul.c: error executing dg-final: couldn't open "mul.s": no such file or directory
UNRESOLVED: gcc.target/i386/mul.c: error executing dg-final: couldn't open "mul.s": no such file or directory
FAIL: gcc.target/i386/opt-1.c (test for excess errors)
ERROR: gcc.target/i386/opt-1.c: error executing dg-final: couldn't open "opt-1.s": no such file or directory
UNRESOLVED: gcc.target/i386/opt-1.c: error executing dg-final: couldn't open "opt-1.s": no such file or directory
FAIL: gcc.target/i386/opt-2.c (test for excess errors)
ERROR: gcc.target/i386/opt-2.c: error executing dg-final: couldn't open "opt-2.s": no such file or directory
UNRESOLVED: gcc.target/i386/opt-2.c: error executing dg-final: couldn't open "opt-2.s": no such file or directory
FAIL: gcc.target/i386/parity-1.c scan-assembler setnp
FAIL: gcc.target/i386/parity-2.c scan-assembler setnp
FAIL: gcc.target/i386/pr33524.c (test for excess errors)
ERROR: gcc.target/i386/pr33524.c: error executing dg-final: couldn't open "pr33524.s": no such file or directory
UNRESOLVED: gcc.target/i386/pr33524.c: error executing dg-final: couldn't open "pr33524.s": no such file or directory
FAIL: gcc.target/i386/pr34256.c scan-assembler-times mov 2
FAIL: gcc.target/i386/sse-12.c (test for excess errors)
FAIL: gcc.target/i386/sse-13.c (test for excess errors)
FAIL: gcc.target/i386/sse-14.c (test for excess errors)
FAIL: gcc.target/i386/sse-21.c scan-assembler-not fisttp
FAIL: gcc.target/i386/sse-22.c (test for excess errors)
FAIL: gcc.target/i386/sse-23.c (test for excess errors)
FAIL: gcc.target/i386/sse5-fma-vector.c (test for excess errors)
ERROR: gcc.target/i386/sse5-fma-vector.c: error executing dg-final: couldn't open "sse5-fma-vector.s": no such file or directory
UNRESOLVED: gcc.target/i386/sse5-fma-vector.c: error executing dg-final: couldn't open "sse5-fma-vector.s": no such file or directory
FAIL: gcc.target/i386/sse5-fma.c (test for excess errors)
ERROR: gcc.target/i386/sse5-fma.c: error executing dg-final: couldn't open "sse5-fma.s": no such file or directory
UNRESOLVED: gcc.target/i386/sse5-fma.c: error executing dg-final: couldn't open "sse5-fma.s": no such file or directory
FAIL: gcc.target/i386/sse5-ima-vector.c (test for excess errors)
ERROR: gcc.target/i386/sse5-ima-vector.c: error executing dg-final: couldn't open "sse5-ima-vector.s": no such file or directory
UNRESOLVED: gcc.target/i386/sse5-ima-vector.c: error executing dg-final: couldn't open "sse5-ima-vector.s": no such file or directory
FAIL: gcc.target/i386/sse5-imul32widen-vector.c (test for excess errors)
ERROR: gcc.target/i386/sse5-imul32widen-vector.c: error executing dg-final: couldn't open "sse5-imul32widen-vector.s": no such file or directory
UNRESOLVED: gcc.target/i386/sse5-imul32widen-vector.c: error executing dg-final: couldn't open "sse5-imul32widen-vector.s": no such file or directory
FAIL: gcc.target/i386/sse5-imul64-vector.c (test for excess errors)
ERROR: gcc.target/i386/sse5-imul64-vector.c: error executing dg-final: couldn't open "sse5-imul64-vector.s": no such file or directory
UNRESOLVED: gcc.target/i386/sse5-imul64-vector.c: error executing dg-final: couldn't open "sse5-imul64-vector.s": no such file or directory
FAIL: gcc.target/i386/sse5-pcmov.c (test for excess errors)
ERROR: gcc.target/i386/sse5-pcmov.c: error executing dg-final: couldn't open "sse5-pcmov.s": no such file or directory
UNRESOLVED: gcc.target/i386/sse5-pcmov.c: error executing dg-final: couldn't open "sse5-pcmov.s": no such file or directory
FAIL: gcc.target/i386/sse5-pcmov2.c (test for excess errors)
ERROR: gcc.target/i386/sse5-pcmov2.c: error executing dg-final: couldn't open "sse5-pcmov2.s": no such file or directory
UNRESOLVED: gcc.target/i386/sse5-pcmov2.c: error executing dg-final: couldn't open "sse5-pcmov2.s": no such file or directory
FAIL: gcc.target/i386/sse5-rotate1-vector.c (test for excess errors)
ERROR: gcc.target/i386/sse5-rotate1-vector.c: error executing dg-final: couldn't open "sse5-rotate1-vector.s": no such file or directory
UNRESOLVED: gcc.target/i386/sse5-rotate1-vector.c: error executing dg-final: couldn't open "sse5-rotate1-vector.s": no such file or directory
FAIL: gcc.target/i386/sse5-rotate2-vector.c (test for excess errors)
ERROR: gcc.target/i386/sse5-rotate2-vector.c: error executing dg-final: couldn't open "sse5-rotate2-vector.s": no such file or directory
UNRESOLVED: gcc.target/i386/sse5-rotate2-vector.c: error executing dg-final: couldn't open "sse5-rotate2-vector.s": no such file or directory
FAIL: gcc.target/i386/sse5-rotate3-vector.c (test for excess errors)
ERROR: gcc.target/i386/sse5-rotate3-vector.c: error executing dg-final: couldn't open "sse5-rotate3-vector.s": no such file or directory
UNRESOLVED: gcc.target/i386/sse5-rotate3-vector.c: error executing dg-final: couldn't open "sse5-rotate3-vector.s": no such file or directory
FAIL: gcc.target/i386/sse5-shift1-vector.c (test for excess errors)
ERROR: gcc.target/i386/sse5-shift1-vector.c: error executing dg-final: couldn't open "sse5-shift1-vector.s": no such file or directory
UNRESOLVED: gcc.target/i386/sse5-shift1-vector.c: error executing dg-final: couldn't open "sse5-shift1-vector.s": no such file or directory
FAIL: gcc.target/i386/sse5-shift2-vector.c (test for excess errors)
ERROR: gcc.target/i386/sse5-shift2-vector.c: error executing dg-final: couldn't open "sse5-shift2-vector.s": no such file or directory
UNRESOLVED: gcc.target/i386/sse5-shift2-vector.c: error executing dg-final: couldn't open "sse5-shift2-vector.s": no such file or directory
FAIL: gcc.target/i386/sse5-shift3-vector.c (test for excess errors)
ERROR: gcc.target/i386/sse5-shift3-vector.c: error executing dg-final: couldn't open "sse5-shift3-vector.s": no such file or directory
UNRESOLVED: gcc.target/i386/sse5-shift3-vector.c: error executing dg-final: couldn't open "sse5-shift3-vector.s": no such file or directory
FAIL: gcc.target/i386/ssefp-1.c (test for excess errors)
ERROR: gcc.target/i386/ssefp-1.c: error executing dg-final: couldn't open "ssefp-1.s": no such file or directory
UNRESOLVED: gcc.target/i386/ssefp-1.c: error executing dg-final: couldn't open "ssefp-1.s": no such file or directory
FAIL: gcc.target/i386/ssefp-2.c (test for excess errors)
ERROR: gcc.target/i386/ssefp-2.c: error executing dg-final: couldn't open "ssefp-2.s": no such file or directory
UNRESOLVED: gcc.target/i386/ssefp-2.c: error executing dg-final: couldn't open "ssefp-2.s": no such file or directory
FAIL: gcc.target/i386/ssetype-1.c (test for excess errors)
ERROR: gcc.target/i386/ssetype-1.c: error executing dg-final: couldn't open "ssetype-1.s": no such file or directory
UNRESOLVED: gcc.target/i386/ssetype-1.c: error executing dg-final: couldn't open "ssetype-1.s": no such file or directory
FAIL: gcc.target/i386/ssetype-2.c (test for excess errors)
ERROR: gcc.target/i386/ssetype-2.c: error executing dg-final: couldn't open "ssetype-2.s": no such file or directory
UNRESOLVED: gcc.target/i386/ssetype-2.c: error executing dg-final: couldn't open "ssetype-2.s": no such file or directory
FAIL: gcc.target/i386/ssetype-3.c (test for excess errors)
ERROR: gcc.target/i386/ssetype-3.c: error executing dg-final: couldn't open "ssetype-3.s": no such file or directory
UNRESOLVED: gcc.target/i386/ssetype-3.c: error executing dg-final: couldn't open "ssetype-3.s": no such file or directory
FAIL: gcc.target/i386/ssetype-4.c (test for excess errors)
ERROR: gcc.target/i386/ssetype-4.c: error executing dg-final: couldn't open "ssetype-4.s": no such file or directory
UNRESOLVED: gcc.target/i386/ssetype-4.c: error executing dg-final: couldn't open "ssetype-4.s": no such file or directory
FAIL: gcc.target/i386/ssetype-5.c (test for excess errors)
ERROR: gcc.target/i386/ssetype-5.c: error executing dg-final: couldn't open "ssetype-5.s": no such file or directory
UNRESOLVED: gcc.target/i386/ssetype-5.c: error executing dg-final: couldn't open "ssetype-5.s": no such file or directory
FAIL: gcc.target/i386/vecinit-1.c scan-assembler-not xor
FAIL: gcc.target/i386/vecinit-2.c scan-assembler-not xor
FAIL: gcc.target/i386/xchg-1.c (test for excess errors)
ERROR: gcc.target/i386/xchg-1.c: error executing dg-final: couldn't open "xchg-1.s": no such file or directory
UNRESOLVED: gcc.target/i386/xchg-1.c: error executing dg-final: couldn't open "xchg-1.s": no such file or directory
FAIL: gcc.target/i386/xorps-sse.c scan-assembler xorps[ \\t]

		=== gcc Summary for emx-avx-sim ===


		=== gcc Summary ===

# of expected passes		111031
# of unexpected failures	251
# of expected failures		368
# of unresolved testcases	79
# of unsupported tests		1157
/export/build/gnu/gcc-avx/build-x86_64-linux/gcc/xgcc  version 4.4.0 20081210 (experimental) [trunk revision 142662] (GCC) 

		=== gfortran tests ===


Running target emx-avx-sim/-m32

		=== gfortran Summary for emx-avx-sim/-m32 ===

# of expected passes		3978

Running target emx-avx-sim

		=== gfortran Summary for emx-avx-sim ===

# of expected passes		3978

		=== gfortran Summary ===

# of expected passes		57839
# of expected failures		20
# of unsupported tests		139
/export/build/gnu/gcc-avx/build-x86_64-linux/gcc/testsuite/gfortran/../../gfortran  version 4.4.0 20081210 (experimental) [trunk revision 142662] (GCC) 

		=== g++ tests ===


Running target emx-avx-sim/-m32
FAIL: g++.dg/other/i386-2.C (test for excess errors)
FAIL: g++.dg/other/i386-3.C (test for excess errors)
FAIL: g++.dg/other/i386-5.C (test for excess errors)
FAIL: g++.dg/other/i386-6.C (test for excess errors)

		=== g++ Summary for emx-avx-sim/-m32 ===

# of expected passes		6813
# of expected failures		28
# of unsupported tests		10

Running target emx-avx-sim
FAIL: g++.dg/other/i386-2.C (test for excess errors)
FAIL: g++.dg/other/i386-3.C (test for excess errors)
FAIL: g++.dg/other/i386-5.C (test for excess errors)
FAIL: g++.dg/other/i386-6.C (test for excess errors)

		=== g++ Summary for emx-avx-sim ===

# of expected passes		6766
# of expected failures		28
# of unsupported tests		20

		=== g++ Summary ===

# of expected passes		38277
# of unexpected failures	8
# of expected failures		270
# of unsupported tests		344
/export/build/gnu/gcc-avx/build-x86_64-linux/gcc/testsuite/g++/../../g++  version 4.4.0 20081210 (experimental) [trunk revision 142662] (GCC) 

		=== objc tests ===


Running target emx-avx-sim/-m32

		=== objc Summary for emx-avx-sim/-m32 ===

# of expected passes		2

Running target emx-avx-sim

		=== objc Summary for emx-avx-sim ===

# of expected passes		2

		=== objc Summary ===

# of expected passes		3628
# of expected failures		14
# of unsupported tests		48
/export/build/gnu/gcc-avx/build-x86_64-linux/gcc/xgcc  version 4.4.0 20081210 (experimental) [trunk revision 142662] (GCC) 

		=== libffi tests ===


Running target emx-avx-sim/-m32

		=== libffi Summary for emx-avx-sim/-m32 ===

# of expected passes		24

Running target emx-avx-sim

		=== libffi Summary for emx-avx-sim ===

# of expected passes		24

		=== libffi Summary ===

# of expected passes		2778
# of unsupported tests		20
		=== libgomp tests ===


Running target emx-avx-sim/-m32

		=== libgomp Summary for emx-avx-sim/-m32 ===

# of expected passes		1399

Running target emx-avx-sim

		=== libgomp Summary for emx-avx-sim ===

# of expected passes		1399

		=== libgomp Summary ===

# of expected passes		4654
		=== libjava tests ===


Running target emx-avx-sim/-m32

		=== libjava Summary for emx-avx-sim/-m32 ===


Running target emx-avx-sim

		=== libjava Summary for emx-avx-sim ===


		=== libjava Summary ===

# of expected passes		5148
		=== libmudflap tests ===


Running target emx-avx-sim/-m32
FAIL: externs-12 execution 
FAIL: externs-21 execution 
FAIL: externs-12 execution -static
FAIL: externs-21 execution -static
FAIL: externs-12 execution -O2
FAIL: externs-21 execution -O2
FAIL: externs-12 execution -O3
FAIL: externs-21 execution -O3
FAIL: libmudflap.c++/pass41-frag.cxx execution test
FAIL: libmudflap.c++/pass41-frag.cxx (-static) execution test
FAIL: libmudflap.c++/pass41-frag.cxx (-O2) execution test
FAIL: libmudflap.c++/pass41-frag.cxx (-O3) execution test
FAIL: ctors-12 execution 
FAIL: ctors-21 execution 
FAIL: ctors-12 execution -static
FAIL: ctors-21 execution -static
FAIL: ctors-12 execution -O2
FAIL: ctors-21 execution -O2
FAIL: ctors-12 execution -O3
FAIL: ctors-21 execution -O3
FAIL: libmudflap.cth/pass39-frag.c (rerun 17) execution test
FAIL: libmudflap.cth/pass39-frag.c (rerun 17) output pattern test
WARNING: program timed out.
FAIL: libmudflap.cth/pass40-frag.c execution test
FAIL: libmudflap.cth/pass40-frag.c output pattern test
WARNING: program timed out.
FAIL: libmudflap.cth/pass40-frag.c (-static -DSTATIC) execution test
FAIL: libmudflap.cth/pass40-frag.c (-static -DSTATIC) output pattern test
WARNING: program timed out.
FAIL: libmudflap.cth/pass37-frag.c (-O2) (rerun 18) execution test
WARNING: program timed out.
FAIL: libmudflap.cth/pass40-frag.c (-O2) execution test
FAIL: libmudflap.cth/pass40-frag.c (-O2) output pattern test
WARNING: program timed out.
FAIL: libmudflap.cth/pass40-frag.c (-O3) execution test
FAIL: libmudflap.cth/pass40-frag.c (-O3) output pattern test

		=== libmudflap Summary for emx-avx-sim/-m32 ===

# of expected passes		341
# of unexpected failures	11

Running target emx-avx-sim
FAIL: libmudflap.c/pass14-frag.c (-static) execution test
FAIL: libmudflap.c/pass24-frag.c (-static) execution test
FAIL: libmudflap.c/pass38-frag.c (-static) execution test
FAIL: libmudflap.c/pass52-frag.c (-static) execution test
FAIL: libmudflap.c++/pass41-frag.cxx execution test
FAIL: libmudflap.c++/pass41-frag.cxx (-static) execution test
FAIL: libmudflap.c++/pass41-frag.cxx (-O2) execution test
FAIL: libmudflap.c++/pass41-frag.cxx (-O3) execution test
WARNING: program timed out.
FAIL: libmudflap.cth/pass40-frag.c execution test
FAIL: libmudflap.cth/pass40-frag.c output pattern test
FAIL: libmudflap.cth/pass37-frag.c (-static -DSTATIC) (rerun 1) execution test
FAIL: libmudflap.cth/pass37-frag.c (-static -DSTATIC) (rerun 1) output pattern test
FAIL: libmudflap.cth/pass39-frag.c (-static -DSTATIC) (rerun 13) execution test
FAIL: libmudflap.cth/pass39-frag.c (-static -DSTATIC) (rerun 13) output pattern test
FAIL: libmudflap.cth/pass39-frag.c (-static -DSTATIC) (rerun 19) execution test
FAIL: libmudflap.cth/pass39-frag.c (-static -DSTATIC) (rerun 19) output pattern test
WARNING: program timed out.
FAIL: libmudflap.cth/pass40-frag.c (-static -DSTATIC) execution test
FAIL: libmudflap.cth/pass40-frag.c (-static -DSTATIC) output pattern test
WARNING: program timed out.
FAIL: libmudflap.cth/pass40-frag.c (-O2) execution test
FAIL: libmudflap.cth/pass40-frag.c (-O2) output pattern test
WARNING: program timed out.
FAIL: libmudflap.cth/pass40-frag.c (-O3) execution test
FAIL: libmudflap.cth/pass40-frag.c (-O3) output pattern test

		=== libmudflap Summary for emx-avx-sim ===

# of expected passes		338
# of unexpected failures	14

		=== libmudflap Summary ===

# of expected passes		3735
# of unexpected failures	53
		=== libstdc++ tests ===


Running target emx-avx-sim/-m32
FAIL: 21_strings/basic_string/cons/char/1.cc execution test
FAIL: 21_strings/basic_string/cons/wchar_t/1.cc execution test
FAIL: 21_strings/basic_string/init-list.cc execution test
FAIL: 21_strings/basic_string/insert/char/1.cc execution test
FAIL: 21_strings/basic_string/insert/wchar_t/1.cc execution test
FAIL: 22_locale/locale/cons/12438.cc execution test
FAIL: 23_containers/map/init-list.cc execution test
FAIL: 23_containers/multimap/init-list.cc execution test
FAIL: 23_containers/multiset/init-list.cc execution test
FAIL: 23_containers/set/init-list.cc execution test
FAIL: 23_containers/unordered_map/init-list.cc execution test
FAIL: 23_containers/unordered_multimap/init-list.cc execution test
FAIL: 23_containers/unordered_multiset/init-list.cc execution test
FAIL: 23_containers/unordered_set/init-list.cc execution test
XPASS: 26_numerics/headers/cmath/c99_classification_macros_c.cc (test for excess errors)
FAIL: 26_numerics/valarray/init-list.cc execution test
FAIL: 27_io/ios_base/storage/1.cc execution test
FAIL: 27_io/ios_base/storage/2.cc execution test
FAIL: 27_io/ios_base/storage/3.cc execution test
FAIL: 28_regex/init-list.cc execution test
FAIL: ext/vstring/init-list.cc execution test
WARNING: program timed out.
FAIL: thread/pthread7-rope.cc execution test

		=== libstdc++ Summary for emx-avx-sim/-m32 ===

# of expected passes		6343
# of unexpected failures	21
# of unexpected successes	1
# of expected failures		74
# of unsupported tests		13

Running target emx-avx-sim
FAIL: 21_strings/basic_string/cons/char/1.cc execution test
FAIL: 21_strings/basic_string/cons/wchar_t/1.cc execution test
FAIL: 21_strings/basic_string/init-list.cc execution test
FAIL: 21_strings/basic_string/insert/char/1.cc execution test
FAIL: 21_strings/basic_string/insert/wchar_t/1.cc execution test
FAIL: 22_locale/locale/cons/12438.cc execution test
FAIL: 23_containers/map/init-list.cc execution test
FAIL: 23_containers/multimap/init-list.cc execution test
FAIL: 23_containers/multiset/init-list.cc execution test
FAIL: 23_containers/set/init-list.cc execution test
FAIL: 23_containers/unordered_map/init-list.cc execution test
FAIL: 23_containers/unordered_multimap/init-list.cc execution test
FAIL: 23_containers/unordered_multiset/init-list.cc execution test
FAIL: 23_containers/unordered_set/init-list.cc execution test
XPASS: 26_numerics/headers/cmath/c99_classification_macros_c.cc (test for excess errors)
FAIL: 26_numerics/valarray/init-list.cc execution test
FAIL: 27_io/ios_base/storage/1.cc execution test
FAIL: 27_io/ios_base/storage/2.cc execution test
FAIL: 27_io/ios_base/storage/3.cc execution test
FAIL: 28_regex/init-list.cc execution test
FAIL: ext/vstring/init-list.cc execution test
WARNING: program timed out.
FAIL: thread/pthread7-rope.cc execution test

		=== libstdc++ Summary for emx-avx-sim ===

# of expected passes		6349
# of unexpected failures	21
# of unexpected successes	1
# of expected failures		74
# of unsupported tests		10

		=== libstdc++ Summary ===

# of expected passes		12694
# of unexpected failures	42
# of unexpected successes	2
# of expected failures		148
# of unsupported tests		23

Compiler version: 4.4.0 20081210 (experimental) [trunk revision 142662] (GCC) 
Platform: x86_64-unknown-linux-gnu
configure flags: --enable-clocale=gnu --with-system-zlib --enable-checking=assert --with-demangler-in-ld --enable-shared --enable-threads=posix --enable-haifa --prefix=/usr/gcc-4.4 --with-local-prefix=/usr/local



More information about the Gcc-testresults mailing list