Results for 4.4.0 20081210 (experimental) (GCC) testsuite on x86_64-unknown-linux-gnu

Toon Moene toon@moene.org
Wed Dec 10 07:30:00 GMT 2008


LAST_UPDATED: Wed Dec 10 06:30:58 UTC 2008 (revision 142638)

		=== acats tests ===
FAIL:	c94001c
FAIL:	c954a01

		=== acats Summary ===
# of expected passes		2313
# of unexpected failures	2
Native configuration is x86_64-unknown-linux-gnu

		=== gcc tests ===


Running target unix
FAIL: gcc.dg/tree-prof/bb-reorg.c compilation,  -fprofile-use -D_PROFILE_USE
UNRESOLVED: gcc.dg/tree-prof/bb-reorg.c execution,    -fprofile-use -D_PROFILE_USE
FAIL: gcc.dg/tree-prof/pr34999.c compilation,  -fprofile-use -D_PROFILE_USE
UNRESOLVED: gcc.dg/tree-prof/pr34999.c execution,    -fprofile-use -D_PROFILE_USE
FAIL: gcc.dg/vect/vect-67.c scan-tree-dump-times vect "vectorized 1 loops" 1
FAIL: gcc.dg/vect/no-scevccp-outer-13.c scan-tree-dump-times vect "OUTER LOOP VECTORIZED." 1
FAIL: gcc.dg/vect/no-scevccp-outer-7.c scan-tree-dump-times vect "OUTER LOOP VECTORIZED." 1
FAIL: gcc.target/i386/pr34256.c scan-assembler-times mov 2

		=== gcc Summary ===

# of expected passes		54595
# of unexpected failures	6
# of expected failures		184
# of unresolved testcases	2
# of unsupported tests		1167
/home/toon/compilers/obj-t/gcc/xgcc  version 4.4.0 20081210 (experimental) (GCC) 

		=== gfortran tests ===


Running target unix

		=== gfortran Summary ===

# of expected passes		28977
# of expected failures		10
# of unsupported tests		42
/home/toon/compilers/obj-t/gcc/testsuite/gfortran/../../gfortran  version 4.4.0 20081210 (experimental) (GCC) 

		=== g++ tests ===


Running target unix

		=== g++ Summary ===

# of expected passes		18983
# of expected failures		135
# of unsupported tests		247
/home/toon/compilers/obj-t/gcc/testsuite/g++/../../g++  version 4.4.0 20081210 (experimental) (GCC) 

		=== gnat tests ===


Running target unix

		=== gnat Summary ===

# of expected passes		602
# of expected failures		6
		=== objc tests ===


Running target unix

		=== objc Summary ===

# of expected passes		1814
# of expected failures		7
# of unsupported tests		24
/home/toon/compilers/obj-t/gcc/xgcc  version 4.4.0 20081210 (experimental) (GCC) 

		=== libffi tests ===


Running target unix

		=== libffi Summary ===

# of expected passes		1389
# of unsupported tests		10
		=== libgomp tests ===


Running target unix

		=== libgomp Summary ===

# of expected passes		2327
		=== libjava tests ===


Running target unix

		=== libjava Summary ===

# of expected passes		2574
		=== libmudflap tests ===


Running target unix
FAIL: libmudflap.c++/pass41-frag.cxx execution test
FAIL: libmudflap.c++/pass41-frag.cxx (-static) execution test
FAIL: libmudflap.c++/pass41-frag.cxx (-O2) execution test
FAIL: libmudflap.c++/pass41-frag.cxx (-O3) execution test

		=== libmudflap Summary ===

# of expected passes		1890
# of unexpected failures	4
		=== libstdc++ tests ===


Running target unix
FAIL: abi_check
XPASS: 26_numerics/headers/cmath/c99_classification_macros_c.cc (test for excess errors)

		=== libstdc++ Summary ===

# of expected passes		5734
# of unexpected failures	1
# of unexpected successes	1
# of expected failures		74
# of unsupported tests		328

Compiler version: 4.4.0 20081210 (experimental) (GCC) 
Platform: x86_64-unknown-linux-gnu
configure flags: --enable-checking=release --prefix=/usr/snp --disable-multilib --disable-nls --enable-languages=all,ada



More information about the Gcc-testresults mailing list